Back to Multiple platform build/check report for BioC 3.22:   simplified   long
ABCDEFGHIJKL[M]NOPQRSTUVWXYZ

This page was generated on 2025-10-18 12:03 -0400 (Sat, 18 Oct 2025).

HostnameOSArch (*)R versionInstalled pkgs
nebbiolo2Linux (Ubuntu 24.04.3 LTS)x86_644.5.1 Patched (2025-08-23 r88802) -- "Great Square Root" 4887
lconwaymacOS 12.7.6 Montereyx86_644.5.1 Patched (2025-09-10 r88807) -- "Great Square Root" 4677
kjohnson3macOS 13.7.7 Venturaarm644.5.1 Patched (2025-09-10 r88807) -- "Great Square Root" 4622
taishanLinux (openEuler 24.03 LTS)aarch644.5.0 (2025-04-11) -- "How About a Twenty-Six" 4632
Click on any hostname to see more info about the system (e.g. compilers)      (*) as reported by 'uname -p', except on Windows and Mac OS X

Package 1229/2353HostnameOS / ArchINSTALLBUILDCHECKBUILD BIN
MesKit 1.19.0  (landing page)
Mengni Liu
Snapshot Date: 2025-10-17 13:45 -0400 (Fri, 17 Oct 2025)
git_url: https://git.bioconductor.org/packages/MesKit
git_branch: devel
git_last_commit: 70ad035
git_last_commit_date: 2025-04-15 12:05:40 -0400 (Tue, 15 Apr 2025)
nebbiolo2Linux (Ubuntu 24.04.3 LTS) / x86_64  OK    OK    WARNINGS  UNNEEDED, same version is already published
lconwaymacOS 12.7.6 Monterey / x86_64  OK    OK    WARNINGS    OK  UNNEEDED, same version is already published
kjohnson3macOS 13.7.7 Ventura / arm64  OK    OK    WARNINGS    OK  UNNEEDED, same version is already published
taishanLinux (openEuler 24.03 LTS) / aarch64  OK    OK    WARNINGS  


CHECK results for MesKit on nebbiolo2

To the developers/maintainers of the MesKit package:
- Allow up to 24 hours (and sometimes 48 hours) for your latest push to git@git.bioconductor.org:packages/MesKit.git to reflect on this report. See Troubleshooting Build Report for more information.
- Use the following Renviron settings to reproduce errors and warnings.
- If 'R CMD check' started to fail recently on the Linux builder(s) over a missing dependency, add the missing dependency to 'Suggests:' in your DESCRIPTION file. See Renviron.bioc for more information.

raw results


Summary

Package: MesKit
Version: 1.19.0
Command: /home/biocbuild/bbs-3.22-bioc/R/bin/R CMD check --install=check:MesKit.install-out.txt --library=/home/biocbuild/bbs-3.22-bioc/R/site-library --timings MesKit_1.19.0.tar.gz
StartedAt: 2025-10-18 01:34:03 -0400 (Sat, 18 Oct 2025)
EndedAt: 2025-10-18 01:43:38 -0400 (Sat, 18 Oct 2025)
EllapsedTime: 575.4 seconds
RetCode: 0
Status:   WARNINGS  
CheckDir: MesKit.Rcheck
Warnings: 1

Command output

##############################################################################
##############################################################################
###
### Running command:
###
###   /home/biocbuild/bbs-3.22-bioc/R/bin/R CMD check --install=check:MesKit.install-out.txt --library=/home/biocbuild/bbs-3.22-bioc/R/site-library --timings MesKit_1.19.0.tar.gz
###
##############################################################################
##############################################################################


* using log directory ‘/home/biocbuild/bbs-3.22-bioc/meat/MesKit.Rcheck’
* using R version 4.5.1 Patched (2025-08-23 r88802)
* using platform: x86_64-pc-linux-gnu
* R was compiled by
    gcc (Ubuntu 13.3.0-6ubuntu2~24.04) 13.3.0
    GNU Fortran (Ubuntu 13.3.0-6ubuntu2~24.04) 13.3.0
* running under: Ubuntu 24.04.3 LTS
* using session charset: UTF-8
* checking for file ‘MesKit/DESCRIPTION’ ... OK
* checking extension type ... Package
* this is package ‘MesKit’ version ‘1.19.0’
* package encoding: UTF-8
* checking package namespace information ... OK
* checking package dependencies ... OK
* checking if this is a source package ... OK
* checking if there is a namespace ... OK
* checking for hidden files and directories ... OK
* checking for portable file names ... OK
* checking for sufficient/correct file permissions ... OK
* checking whether package ‘MesKit’ can be installed ... WARNING
Found the following significant warnings:
  Warning: replacing previous import ‘ape::degree’ by ‘circlize::degree’ when loading ‘MesKit’
  Warning: replacing previous import ‘ape::where’ by ‘dplyr::where’ when loading ‘MesKit’
See ‘/home/biocbuild/bbs-3.22-bioc/meat/MesKit.Rcheck/00install.out’ for details.
* checking installed package size ... INFO
  installed size is  6.0Mb
  sub-directories of 1Mb or more:
    extdata   4.9Mb
* checking package directory ... OK
* checking ‘build’ directory ... OK
* checking DESCRIPTION meta-information ... OK
* checking top-level files ... NOTE
File
  LICENSE
is not mentioned in the DESCRIPTION file.
* checking for left-over files ... OK
* checking index information ... OK
* checking package subdirectories ... OK
* checking code files for non-ASCII characters ... OK
* checking R files for syntax errors ... OK
* checking whether the package can be loaded ... OK
* checking whether the package can be loaded with stated dependencies ... OK
* checking whether the package can be unloaded cleanly ... OK
* checking whether the namespace can be loaded with stated dependencies ... OK
* checking whether the namespace can be unloaded cleanly ... OK
* checking loading without being on the library search path ... OK
* checking dependencies in R code ... OK
* checking S3 generic/method consistency ... OK
* checking replacement functions ... OK
* checking foreign function calls ... OK
* checking R code for possible problems ... NOTE
calJSI : processJSI: no visible binding for global variable ‘CCF’
cna2gene: no visible global function definition for ‘genes’
cna2gene: no visible binding for global variable ‘org.Hs.eg.db’
cna2gene: no visible binding for global variable ‘seqnames’
cna2gene: no visible binding for global variable ‘Chromosome’
cna2gene: no visible binding for global variable ‘Hugo_Symbol’
cna2gene: no visible binding for global variable ‘Start_Position’
cna2gene: no visible binding for global variable ‘End_Position’
cna2gene: no visible binding for global variable ‘i.End_Position’
cna2gene: no visible binding for global variable ‘i.Start_Position’
cna2gene: no visible binding for global variable ‘Patient_ID’
cna2gene: no visible binding for global variable ‘Tumor_Sample_Barcode’
cna2gene: no visible binding for global variable ‘seg_id’
cna2gene: no visible binding for global variable ‘overlap_width’
copyNumberFilter: no visible binding for global variable ‘Patient_ID’
drawVAFCombine: no visible binding for global variable ‘V’
drawVAFCombineVline: no visible binding for global variable ‘V’
fitSignatures : processFitSig: no visible binding for global variable
  ‘Branch’
fitSignatures : processFitSig: no visible binding for global variable
  ‘Original’
fitSignatures : processFitSig: no visible binding for global variable
  ‘Reconstructed’
mutCluster : processVafcluster_sample: no visible binding for global
  variable ‘cluster’
plotCNA: no visible binding for global variable ‘Cytoband’
plotCNA: no visible binding for global variable ‘Cytoband_pos’
plotCNA: no visible binding for global variable ‘gene_id’
plotCNA: no visible binding for global variable ‘gene_pos’
plotCNA: no visible binding for global variable ‘Hugo_Symbol’
plotTree: no visible binding for global variable ‘is.match’
plotTree: no visible binding for global variable ‘x’
plotTree: no visible binding for global variable ‘y’
plotTree: no visible binding for global variable ‘xend’
plotTree: no visible binding for global variable ‘yend’
Undefined global functions or variables:
  Branch CCF Chromosome Cytoband Cytoband_pos End_Position Hugo_Symbol
  Original Patient_ID Reconstructed Start_Position Tumor_Sample_Barcode
  V cluster gene_id gene_pos genes i.End_Position i.Start_Position
  is.match org.Hs.eg.db overlap_width seg_id seqnames x xend y yend
* checking Rd files ... OK
* checking Rd metadata ... OK
* checking Rd cross-references ... OK
* checking for missing documentation entries ... OK
* checking for code/documentation mismatches ... OK
* checking Rd \usage sections ... OK
* checking Rd contents ... OK
* checking for unstated dependencies in examples ... OK
* checking files in ‘vignettes’ ... OK
* checking examples ... OK
Examples with CPU (user + system) or elapsed time > 5s
                       user system elapsed
cna2gene             21.931  0.753  22.525
calFst               14.695  0.241  14.898
getPhyloTreeTsbLabel 13.753  0.099  13.805
mutHeatmap           13.471  0.005  13.407
getPhyloTreePatient  13.023  0.088  13.062
getPhyloTree         12.952  0.118  13.022
getMutBranches       12.901  0.085  12.920
plotMutSigProfile    12.786  0.112  12.849
getPhyloTreeRef      12.834  0.029  12.817
getCCFMatrix         12.689  0.146  12.790
getBranchType        12.479  0.105  12.538
getBootstrapValue    12.524  0.043  12.511
getBinaryMatrix      12.278  0.133  12.362
getTree              12.198  0.015  12.152
getTreeMethod        12.197  0.002  12.131
calJSI               10.749  0.170  10.866
compareCCF           10.305  0.177  10.435
calNeiDist           10.380  0.065  10.383
compareTree          10.074  0.102  10.131
ccfAUC                9.983  0.132  10.052
mutCluster            9.575  0.033   9.548
testNeutral           9.266  0.038   9.241
mutTrunkBranch        8.782  0.062   8.788
fitSignatures         8.624  0.037   8.629
triMatrix             8.285  0.052   8.298
plotPhyloTree         8.110  0.074   8.146
plotMutProfile        8.073  0.029   8.048
classifyMut           7.337  0.095   7.383
getNonSyn_vc          6.786  0.047   6.785
readMaf               6.758  0.049   6.739
getMafRef             6.699  0.002   6.659
getMafData            6.666  0.014   6.646
subMaf                6.613  0.044   6.610
getMafPatient         6.584  0.024   6.571
mathScore             6.557  0.002   6.489
getSampleInfo         6.417  0.003   6.378
* checking for unstated dependencies in vignettes ... OK
* checking package vignettes ... OK
* checking re-building of vignette outputs ... OK
* checking PDF version of manual ... OK
* DONE

Status: 1 WARNING, 2 NOTEs
See
  ‘/home/biocbuild/bbs-3.22-bioc/meat/MesKit.Rcheck/00check.log’
for details.


Installation output

MesKit.Rcheck/00install.out

##############################################################################
##############################################################################
###
### Running command:
###
###   /home/biocbuild/bbs-3.22-bioc/R/bin/R CMD INSTALL MesKit
###
##############################################################################
##############################################################################


* installing to library ‘/home/biocbuild/bbs-3.22-bioc/R/site-library’
* installing *source* package ‘MesKit’ ...
** this is package ‘MesKit’ version ‘1.19.0’
** using staged installation
** R
** inst
** byte-compile and prepare package for lazy loading
Warning: replacing previous import ‘ape::degree’ by ‘circlize::degree’ when loading ‘MesKit’
Warning: replacing previous import ‘ape::where’ by ‘dplyr::where’ when loading ‘MesKit’
** help
*** installing help indices
** building package indices
** installing vignettes
** testing if installed package can be loaded from temporary location
Warning: replacing previous import ‘ape::degree’ by ‘circlize::degree’ when loading ‘MesKit’
Warning: replacing previous import ‘ape::where’ by ‘dplyr::where’ when loading ‘MesKit’
** testing if installed package can be loaded from final location
Warning: replacing previous import ‘ape::degree’ by ‘circlize::degree’ when loading ‘MesKit’
Warning: replacing previous import ‘ape::where’ by ‘dplyr::where’ when loading ‘MesKit’
** testing if installed package keeps a record of temporary installation path
* DONE (MesKit)

Tests output


Example timings

MesKit.Rcheck/MesKit-Ex.timings

nameusersystemelapsed
calFst14.695 0.24114.898
calJSI10.749 0.17010.866
calNeiDist10.380 0.06510.383
ccfAUC 9.983 0.13210.052
classifyMut7.3370.0957.383
cna2gene21.931 0.75322.525
compareCCF10.305 0.17710.435
compareTree10.074 0.10210.131
fitSignatures8.6240.0378.629
getBinaryMatrix12.278 0.13312.362
getBootstrapValue12.524 0.04312.511
getBranchType12.479 0.10512.538
getCCFMatrix12.689 0.14612.790
getMafData6.6660.0146.646
getMafPatient6.5840.0246.571
getMafRef6.6990.0026.659
getMutBranches12.901 0.08512.920
getNonSyn_vc6.7860.0476.785
getPhyloTree12.952 0.11813.022
getPhyloTreePatient13.023 0.08813.062
getPhyloTreeRef12.834 0.02912.817
getPhyloTreeTsbLabel13.753 0.09913.805
getSampleInfo6.4170.0036.378
getTree12.198 0.01512.152
getTreeMethod12.197 0.00212.131
mathScore6.5570.0026.489
mutCluster9.5750.0339.548
mutHeatmap13.471 0.00513.407
mutTrunkBranch8.7820.0628.788
plotCNA3.3050.0023.214
plotMutProfile8.0730.0298.048
plotMutSigProfile12.786 0.11212.849
plotPhyloTree8.1100.0748.146
readMaf6.7580.0496.739
readSegment0.4560.0070.391
runMesKit000
subMaf6.6130.0446.610
testNeutral9.2660.0389.241
triMatrix8.2850.0528.298