| Back to Multiple platform build/check report for BioC 3.22: simplified long |
|
This page was generated on 2025-08-15 12:06 -0400 (Fri, 15 Aug 2025).
| Hostname | OS | Arch (*) | R version | Installed pkgs |
|---|---|---|---|---|
| nebbiolo2 | Linux (Ubuntu 24.04.3 LTS) | x86_64 | 4.5.1 (2025-06-13) -- "Great Square Root" | 4818 |
| palomino8 | Windows Server 2022 Datacenter | x64 | 4.5.1 (2025-06-13 ucrt) -- "Great Square Root" | 4554 |
| lconway | macOS 12.7.1 Monterey | x86_64 | 4.5.1 (2025-06-13) -- "Great Square Root" | 4595 |
| kjohnson3 | macOS 13.7.7 Ventura | arm64 | 4.5.1 Patched (2025-06-14 r88325) -- "Great Square Root" | 4537 |
| taishan | Linux (openEuler 24.03 LTS) | aarch64 | 4.5.0 (2025-04-11) -- "How About a Twenty-Six" | 4535 |
| Click on any hostname to see more info about the system (e.g. compilers) (*) as reported by 'uname -p', except on Windows and Mac OS X | ||||
| Package 935/2317 | Hostname | OS / Arch | INSTALL | BUILD | CHECK | BUILD BIN | ||||||||
| GWENA 1.19.0 (landing page) Gwenaƫlle Lemoine
| nebbiolo2 | Linux (Ubuntu 24.04.3 LTS) / x86_64 | OK | OK | WARNINGS | |||||||||
| palomino8 | Windows Server 2022 Datacenter / x64 | OK | OK | WARNINGS | OK | |||||||||
| lconway | macOS 12.7.1 Monterey / x86_64 | OK | OK | WARNINGS | OK | |||||||||
| kjohnson3 | macOS 13.7.7 Ventura / arm64 | OK | OK | WARNINGS | OK | |||||||||
| taishan | Linux (openEuler 24.03 LTS) / aarch64 | OK | OK | WARNINGS | ||||||||||
|
To the developers/maintainers of the GWENA package: - Allow up to 24 hours (and sometimes 48 hours) for your latest push to git@git.bioconductor.org:packages/GWENA.git to reflect on this report. See Troubleshooting Build Report for more information. - Use the following Renviron settings to reproduce errors and warnings. - If 'R CMD check' started to fail recently on the Linux builder(s) over a missing dependency, add the missing dependency to 'Suggests:' in your DESCRIPTION file. See Renviron.bioc for more information. |
| Package: GWENA |
| Version: 1.19.0 |
| Command: F:\biocbuild\bbs-3.22-bioc\R\bin\R.exe CMD check --no-multiarch --install=check:GWENA.install-out.txt --library=F:\biocbuild\bbs-3.22-bioc\R\library --no-vignettes --timings GWENA_1.19.0.tar.gz |
| StartedAt: 2025-08-15 04:01:27 -0400 (Fri, 15 Aug 2025) |
| EndedAt: 2025-08-15 04:11:30 -0400 (Fri, 15 Aug 2025) |
| EllapsedTime: 602.3 seconds |
| RetCode: 0 |
| Status: WARNINGS |
| CheckDir: GWENA.Rcheck |
| Warnings: 2 |
##############################################################################
##############################################################################
###
### Running command:
###
### F:\biocbuild\bbs-3.22-bioc\R\bin\R.exe CMD check --no-multiarch --install=check:GWENA.install-out.txt --library=F:\biocbuild\bbs-3.22-bioc\R\library --no-vignettes --timings GWENA_1.19.0.tar.gz
###
##############################################################################
##############################################################################
* using log directory 'F:/biocbuild/bbs-3.22-bioc/meat/GWENA.Rcheck'
* using R version 4.5.1 (2025-06-13 ucrt)
* using platform: x86_64-w64-mingw32
* R was compiled by
gcc.exe (GCC) 14.2.0
GNU Fortran (GCC) 14.2.0
* running under: Windows Server 2022 x64 (build 20348)
* using session charset: UTF-8
* using option '--no-vignettes'
* checking for file 'GWENA/DESCRIPTION' ... OK
* this is package 'GWENA' version '1.19.0'
* package encoding: UTF-8
* checking package namespace information ... OK
* checking package dependencies ... OK
* checking if this is a source package ... OK
* checking if there is a namespace ... OK
* checking for hidden files and directories ... OK
* checking for portable file names ... OK
* checking whether package 'GWENA' can be installed ... WARNING
Found the following significant warnings:
Warning: bad markup (extra space?) at compare_conditions.Rd:91:72
Warning: bad markup (extra space?) at compare_conditions.Rd:96:77
Warning: bad markup (extra space?) at compare_conditions.Rd:98:74
Warning: bad markup (extra space?) at compare_conditions.Rd:100:69
See 'F:/biocbuild/bbs-3.22-bioc/meat/GWENA.Rcheck/00install.out' for details.
* checking installed package size ... OK
* checking package directory ... OK
* checking 'build' directory ... OK
* checking DESCRIPTION meta-information ...Warning: bad markup (extra space?) at compare_conditions.Rd:91:72
Warning: bad markup (extra space?) at compare_conditions.Rd:96:77
Warning: bad markup (extra space?) at compare_conditions.Rd:98:74
Warning: bad markup (extra space?) at compare_conditions.Rd:100:69
OK
* checking top-level files ... OK
* checking for left-over files ... OK
* checking index information ... OK
* checking package subdirectories ... NOTE
Problems with news in 'NEWS.md':
No news entries found.
* checking code files for non-ASCII characters ... OK
* checking R files for syntax errors ... OK
* checking whether the package can be loaded ... OK
* checking whether the package can be loaded with stated dependencies ... OK
* checking whether the package can be unloaded cleanly ... OK
* checking whether the namespace can be loaded with stated dependencies ... OK
* checking whether the namespace can be unloaded cleanly ... OK
* checking dependencies in R code ... OK
* checking S3 generic/method consistency ... OK
* checking replacement functions ... OK
* checking foreign function calls ... OK
* checking R code for possible problems ... OK
* checking Rd files ... WARNING
prepare_Rd: bad markup (extra space?) at compare_conditions.Rd:91:72
prepare_Rd: bad markup (extra space?) at compare_conditions.Rd:96:77
prepare_Rd: bad markup (extra space?) at compare_conditions.Rd:98:74
prepare_Rd: bad markup (extra space?) at compare_conditions.Rd:100:69
* checking Rd metadata ... OK
* checking Rd cross-references ...Warning: bad markup (extra space?) at compare_conditions.Rd:91:72
Warning: bad markup (extra space?) at compare_conditions.Rd:96:77
Warning: bad markup (extra space?) at compare_conditions.Rd:98:74
Warning: bad markup (extra space?) at compare_conditions.Rd:100:69
NOTE
Found the following Rd file(s) with Rd \link{} targets missing package
anchors:
build_net.Rd: adjacency.fromSimilarity
get_fit.cor.Rd: pickSoftThreshold.fromSimilarity
get_fit.expr.Rd: pickSoftThreshold.fromSimilarity
plot_module.Rd: igraph.plotting
Please provide package anchors for all Rd \link{} targets not in the
package itself and the base packages.
* checking for missing documentation entries ... OK
* checking for code/documentation mismatches ... OK
* checking Rd \usage sections ... OK
* checking Rd contents ... OK
* checking for unstated dependencies in examples ... OK
* checking contents of 'data' directory ... OK
* checking data for non-ASCII characters ... OK
* checking LazyData ... OK
* checking data for ASCII and uncompressed saves ... OK
* checking files in 'vignettes' ... OK
* checking examples ... OK
Examples with CPU (user + system) or elapsed time > 5s
user system elapsed
z_summary 15.46 0.08 17.31
compare_conditions 9.72 0.07 10.89
plot_enrichment 1.59 0.19 9.83
bio_enrich 0.41 0.03 10.93
* checking for unstated dependencies in 'tests' ... OK
* checking tests ...
Running 'testthat.R'
OK
* checking for unstated dependencies in vignettes ... OK
* checking package vignettes ... OK
* checking running R code from vignettes ... SKIPPED
* checking re-building of vignette outputs ... SKIPPED
* checking PDF version of manual ... OK
* DONE
Status: 2 WARNINGs, 2 NOTEs
See
'F:/biocbuild/bbs-3.22-bioc/meat/GWENA.Rcheck/00check.log'
for details.
GWENA.Rcheck/00install.out
############################################################################## ############################################################################## ### ### Running command: ### ### F:\biocbuild\bbs-3.22-bioc\R\bin\R.exe CMD INSTALL GWENA ### ############################################################################## ############################################################################## * installing to library 'F:/biocbuild/bbs-3.22-bioc/R/library' * installing *source* package 'GWENA' ... ** this is package 'GWENA' version '1.19.0' ** using staged installation ** R ** data *** moving datasets to lazyload DB ** inst ** byte-compile and prepare package for lazy loading ** help Warning: bad markup (extra space?) at compare_conditions.Rd:91:72 Warning: bad markup (extra space?) at compare_conditions.Rd:96:77 Warning: bad markup (extra space?) at compare_conditions.Rd:98:74 Warning: bad markup (extra space?) at compare_conditions.Rd:100:69 *** installing help indices ** building package indices ** installing vignettes ** testing if installed package can be loaded from temporary location ** testing if installed package can be loaded from final location ** testing if installed package keeps a record of temporary installation path * DONE (GWENA)
GWENA.Rcheck/tests/testthat.Rout
R version 4.5.1 (2025-06-13 ucrt) -- "Great Square Root"
Copyright (C) 2025 The R Foundation for Statistical Computing
Platform: x86_64-w64-mingw32/x64
R is free software and comes with ABSOLUTELY NO WARRANTY.
You are welcome to redistribute it under certain conditions.
Type 'license()' or 'licence()' for distribution details.
R is a collaborative project with many contributors.
Type 'contributors()' for more information and
'citation()' on how to cite R or R packages in publications.
Type 'demo()' for some demos, 'help()' for on-line help, or
'help.start()' for an HTML browser interface to help.
Type 'q()' to quit R.
> library(testthat)
> library(GWENA)
>
> test_check("GWENA")
[ FAIL 0 | WARN 0 | SKIP 0 | PASS 278 ]
>
> proc.time()
user system elapsed
373.09 8.59 291.60
GWENA.Rcheck/GWENA-Ex.timings
| name | user | system | elapsed | |
| associate_phenotype | 0.03 | 0.00 | 0.04 | |
| bio_enrich | 0.41 | 0.03 | 10.93 | |
| build_graph_from_sq_mat | 0.10 | 0.00 | 0.09 | |
| build_net | 3.18 | 0.00 | 3.19 | |
| compare_conditions | 9.72 | 0.07 | 10.89 | |
| detect_modules | 1.71 | 0.03 | 1.74 | |
| filter_RNA_seq | 0 | 0 | 0 | |
| filter_low_var | 0 | 0 | 0 | |
| get_fit.cor | 0.89 | 0.00 | 0.89 | |
| get_fit.expr | 0.76 | 0.01 | 0.78 | |
| get_hub_degree | 0.07 | 0.00 | 0.06 | |
| get_hub_genes | 0 | 0 | 0 | |
| get_hub_high_co | 0 | 0 | 0 | |
| get_hub_kleinberg | 0.12 | 0.00 | 0.13 | |
| get_sub_clusters | 2.00 | 0.05 | 2.04 | |
| is_data_expr | 0 | 0 | 0 | |
| is_gost | 0.05 | 0.00 | 2.39 | |
| is_module | 0 | 0 | 0 | |
| is_network | 0 | 0 | 0 | |
| join_gost | 0.04 | 0.00 | 1.49 | |
| plot_comparison_stats | 0.30 | 0.00 | 0.29 | |
| plot_enrichment | 1.59 | 0.19 | 9.83 | |
| plot_expression_profiles | 3.02 | 0.06 | 3.11 | |
| plot_module | 0.14 | 0.00 | 0.14 | |
| plot_modules_merge | 2.06 | 0.06 | 2.13 | |
| plot_modules_phenotype | 0.57 | 0.02 | 0.58 | |
| z_summary | 15.46 | 0.08 | 17.31 | |