| Back to Multiple platform build/check report for BioC 3.22: simplified long |
|
This page was generated on 2025-08-15 12:06 -0400 (Fri, 15 Aug 2025).
| Hostname | OS | Arch (*) | R version | Installed pkgs |
|---|---|---|---|---|
| nebbiolo2 | Linux (Ubuntu 24.04.3 LTS) | x86_64 | 4.5.1 (2025-06-13) -- "Great Square Root" | 4818 |
| palomino8 | Windows Server 2022 Datacenter | x64 | 4.5.1 (2025-06-13 ucrt) -- "Great Square Root" | 4554 |
| lconway | macOS 12.7.1 Monterey | x86_64 | 4.5.1 (2025-06-13) -- "Great Square Root" | 4595 |
| kjohnson3 | macOS 13.7.7 Ventura | arm64 | 4.5.1 Patched (2025-06-14 r88325) -- "Great Square Root" | 4537 |
| taishan | Linux (openEuler 24.03 LTS) | aarch64 | 4.5.0 (2025-04-11) -- "How About a Twenty-Six" | 4535 |
| Click on any hostname to see more info about the system (e.g. compilers) (*) as reported by 'uname -p', except on Windows and Mac OS X | ||||
| Package 888/2317 | Hostname | OS / Arch | INSTALL | BUILD | CHECK | BUILD BIN | ||||||||
| GOexpress 1.43.0 (landing page) Kevin Rue-Albrecht
| nebbiolo2 | Linux (Ubuntu 24.04.3 LTS) / x86_64 | OK | OK | WARNINGS | |||||||||
| palomino8 | Windows Server 2022 Datacenter / x64 | OK | OK | WARNINGS | OK | |||||||||
| lconway | macOS 12.7.1 Monterey / x86_64 | OK | OK | WARNINGS | OK | |||||||||
| kjohnson3 | macOS 13.7.7 Ventura / arm64 | OK | OK | WARNINGS | OK | |||||||||
| taishan | Linux (openEuler 24.03 LTS) / aarch64 | OK | OK | WARNINGS | ||||||||||
|
To the developers/maintainers of the GOexpress package: - Allow up to 24 hours (and sometimes 48 hours) for your latest push to git@git.bioconductor.org:packages/GOexpress.git to reflect on this report. See Troubleshooting Build Report for more information. - Use the following Renviron settings to reproduce errors and warnings. - If 'R CMD check' started to fail recently on the Linux builder(s) over a missing dependency, add the missing dependency to 'Suggests:' in your DESCRIPTION file. See Renviron.bioc for more information. |
| Package: GOexpress |
| Version: 1.43.0 |
| Command: F:\biocbuild\bbs-3.22-bioc\R\bin\R.exe CMD check --no-multiarch --install=check:GOexpress.install-out.txt --library=F:\biocbuild\bbs-3.22-bioc\R\library --no-vignettes --timings GOexpress_1.43.0.tar.gz |
| StartedAt: 2025-08-15 03:50:06 -0400 (Fri, 15 Aug 2025) |
| EndedAt: 2025-08-15 03:52:49 -0400 (Fri, 15 Aug 2025) |
| EllapsedTime: 163.3 seconds |
| RetCode: 0 |
| Status: WARNINGS |
| CheckDir: GOexpress.Rcheck |
| Warnings: 1 |
##############################################################################
##############################################################################
###
### Running command:
###
### F:\biocbuild\bbs-3.22-bioc\R\bin\R.exe CMD check --no-multiarch --install=check:GOexpress.install-out.txt --library=F:\biocbuild\bbs-3.22-bioc\R\library --no-vignettes --timings GOexpress_1.43.0.tar.gz
###
##############################################################################
##############################################################################
* using log directory 'F:/biocbuild/bbs-3.22-bioc/meat/GOexpress.Rcheck'
* using R version 4.5.1 (2025-06-13 ucrt)
* using platform: x86_64-w64-mingw32
* R was compiled by
gcc.exe (GCC) 14.2.0
GNU Fortran (GCC) 14.2.0
* running under: Windows Server 2022 x64 (build 20348)
* using session charset: UTF-8
* using option '--no-vignettes'
* checking for file 'GOexpress/DESCRIPTION' ... OK
* this is package 'GOexpress' version '1.43.0'
* checking package namespace information ... OK
* checking package dependencies ... OK
* checking if this is a source package ... OK
* checking if there is a namespace ... OK
* checking for hidden files and directories ... NOTE
Found the following hidden files and directories:
.travis.yml
These were most likely included in error. See section 'Package
structure' in the 'Writing R Extensions' manual.
* checking for portable file names ... OK
* checking whether package 'GOexpress' can be installed ... WARNING
Found the following significant warnings:
Note: possible error in 'getBM(attributes = microarray.header, ': unused argument (curl = curlHandle)
Note: possible error in 'getBM(attributes = "ensembl_gene_id", ': unused argument (curl = curl)
See 'F:/biocbuild/bbs-3.22-bioc/meat/GOexpress.Rcheck/00install.out' for details.
Information on the location(s) of code generating the 'Note's can be
obtained by re-running with environment variable R_KEEP_PKG_SOURCE set
to 'yes'.
* checking installed package size ... OK
* checking package directory ... OK
* checking 'build' directory ... OK
* checking DESCRIPTION meta-information ... OK
* checking top-level files ... OK
* checking for left-over files ... OK
* checking index information ... OK
* checking package subdirectories ... OK
* checking code files for non-ASCII characters ... OK
* checking R files for syntax errors ... OK
* checking whether the package can be loaded ... OK
* checking whether the package can be loaded with stated dependencies ... OK
* checking whether the package can be unloaded cleanly ... OK
* checking whether the namespace can be loaded with stated dependencies ... OK
* checking whether the namespace can be unloaded cleanly ... OK
* checking dependencies in R code ... OK
* checking S3 generic/method consistency ... OK
* checking replacement functions ... OK
* checking foreign function calls ... OK
* checking R code for possible problems ... NOTE
GO_analyse: no visible binding for global variable 'microarray2dataset'
GO_analyse: no visible binding for global variable 'prefix2dataset'
mart_from_ensembl: no visible binding for global variable
'prefix2dataset'
microarray2dataset.build: possible error in getBM(attributes =
microarray.header, mart = mart.loop, curl = curlHandle): unused
argument (curl = curlHandle)
sampleEnsemblGeneId: possible error in getBM(attributes =
"ensembl_gene_id", mart = mart.loop, curl = curl): unused argument
(curl = curl)
Undefined global functions or variables:
microarray2dataset prefix2dataset
* checking Rd files ... NOTE
checkRd: (-1) AlvMac_GOgenes.Rd:22-23: Lost braces in \itemize; \value handles \item{}{} directly
checkRd: (-1) AlvMac_GOgenes.Rd:24: Lost braces in \itemize; \value handles \item{}{} directly
checkRd: (-1) AlvMac_allGO.Rd:23: Lost braces in \itemize; \value handles \item{}{} directly
checkRd: (-1) AlvMac_allGO.Rd:24: Lost braces in \itemize; \value handles \item{}{} directly
checkRd: (-1) AlvMac_allGO.Rd:25-27: Lost braces in \itemize; \value handles \item{}{} directly
checkRd: (-1) AlvMac_allgenes.Rd:23: Lost braces in \itemize; \value handles \item{}{} directly
checkRd: (-1) AlvMac_allgenes.Rd:24: Lost braces in \itemize; \value handles \item{}{} directly
checkRd: (-1) AlvMac_allgenes.Rd:25: Lost braces in \itemize; \value handles \item{}{} directly
checkRd: (-1) hist_scores.Rd:11: Lost braces; missing escapes or markup?
11 | variable of the {GO_analyse()} function.
| ^
* checking Rd metadata ... OK
* checking Rd cross-references ... OK
* checking for missing documentation entries ... OK
* checking for code/documentation mismatches ... OK
* checking Rd \usage sections ... OK
* checking Rd contents ... OK
* checking for unstated dependencies in examples ... OK
* checking contents of 'data' directory ... OK
* checking data for non-ASCII characters ... OK
* checking LazyData ... OK
* checking data for ASCII and uncompressed saves ... OK
* checking sizes of PDF files under 'inst/doc' ... OK
* checking files in 'vignettes' ... OK
* checking examples ... OK
* checking for unstated dependencies in vignettes ... OK
* checking package vignettes ... OK
* checking running R code from vignettes ... SKIPPED
* checking re-building of vignette outputs ... SKIPPED
* checking PDF version of manual ... OK
* DONE
Status: 1 WARNING, 3 NOTEs
See
'F:/biocbuild/bbs-3.22-bioc/meat/GOexpress.Rcheck/00check.log'
for details.
GOexpress.Rcheck/00install.out
############################################################################## ############################################################################## ### ### Running command: ### ### F:\biocbuild\bbs-3.22-bioc\R\bin\R.exe CMD INSTALL GOexpress ### ############################################################################## ############################################################################## * installing to library 'F:/biocbuild/bbs-3.22-bioc/R/library' * installing *source* package 'GOexpress' ... ** this is package 'GOexpress' version '1.43.0' ** using staged installation ** R ** data *** moving datasets to lazyload DB ** inst ** byte-compile and prepare package for lazy loading Note: possible error in 'getBM(attributes = microarray.header, ': unused argument (curl = curlHandle) Note: possible error in 'getBM(attributes = "ensembl_gene_id", ': unused argument (curl = curl) ** help *** installing help indices ** building package indices ** installing vignettes ** testing if installed package can be loaded from temporary location ** testing if installed package can be loaded from final location ** testing if installed package keeps a record of temporary installation path * DONE (GOexpress)
GOexpress.Rcheck/GOexpress-Ex.timings
| name | user | system | elapsed | |
| AlvMac | 0.09 | 0.00 | 0.09 | |
| AlvMac_GOgenes | 0.66 | 0.01 | 0.67 | |
| AlvMac_allGO | 0.03 | 0.00 | 0.03 | |
| AlvMac_allgenes | 0.01 | 0.00 | 0.01 | |
| AlvMac_results | 0.17 | 0.02 | 0.19 | |
| AlvMac_results.pVal | 2.47 | 1.26 | 3.75 | |
| GO_analyse | 3.14 | 0.10 | 3.24 | |
| GOexpress-package | 0.02 | 0.01 | 0.03 | |
| cluster_GO | 0.14 | 0.03 | 0.17 | |
| expression_plot | 2.89 | 0.07 | 2.95 | |
| expression_plot_symbol | 0.95 | 0.04 | 1.02 | |
| expression_profiles | 0.83 | 0.02 | 0.84 | |
| expression_profiles_symbol | 0.74 | 0.03 | 0.77 | |
| heatmap_GO | 0.42 | 0.02 | 0.44 | |
| hist_scores | 0.20 | 0.01 | 0.21 | |
| list_genes | 0.08 | 0.02 | 0.10 | |
| microarray2dataset | 0.02 | 0.01 | 0.03 | |
| pValue_GO | 0 | 0 | 0 | |
| plot_design | 0.18 | 0.00 | 0.19 | |
| prefix2dataset | 0.00 | 0.02 | 0.01 | |
| quantiles_scores | 0.16 | 0.03 | 0.19 | |
| rerank | 0.75 | 0.03 | 0.78 | |
| subEset | 0.03 | 0.00 | 0.03 | |
| subset_scores | 0.13 | 0.01 | 0.14 | |
| table_genes | 0.09 | 0.02 | 0.11 | |