Back to Multiple platform build/check report for BioC 3.22:   simplified   long
AB[C]DEFGHIJKLMNOPQRSTUVWXYZ

This page was generated on 2025-10-18 12:04 -0400 (Sat, 18 Oct 2025).

HostnameOSArch (*)R versionInstalled pkgs
nebbiolo2Linux (Ubuntu 24.04.3 LTS)x86_644.5.1 Patched (2025-08-23 r88802) -- "Great Square Root" 4887
lconwaymacOS 12.7.6 Montereyx86_644.5.1 Patched (2025-09-10 r88807) -- "Great Square Root" 4677
kjohnson3macOS 13.7.7 Venturaarm644.5.1 Patched (2025-09-10 r88807) -- "Great Square Root" 4622
taishanLinux (openEuler 24.03 LTS)aarch644.5.0 (2025-04-11) -- "How About a Twenty-Six" 4632
Click on any hostname to see more info about the system (e.g. compilers)      (*) as reported by 'uname -p', except on Windows and Mac OS X

Package 360/2353HostnameOS / ArchINSTALLBUILDCHECKBUILD BIN
ChromSCape 1.19.1  (landing page)
Pacome Prompsy
Snapshot Date: 2025-10-17 13:45 -0400 (Fri, 17 Oct 2025)
git_url: https://git.bioconductor.org/packages/ChromSCape
git_branch: devel
git_last_commit: a4985c2
git_last_commit_date: 2025-08-01 10:39:23 -0400 (Fri, 01 Aug 2025)
nebbiolo2Linux (Ubuntu 24.04.3 LTS) / x86_64  OK    OK    WARNINGS  UNNEEDED, same version is already published
lconwaymacOS 12.7.6 Monterey / x86_64  OK    OK    WARNINGS    OK  UNNEEDED, same version is already published
kjohnson3macOS 13.7.7 Ventura / arm64  OK    OK    WARNINGS    OK  UNNEEDED, same version is already published
taishanLinux (openEuler 24.03 LTS) / aarch64  OK    OK    WARNINGS  


CHECK results for ChromSCape on lconway

To the developers/maintainers of the ChromSCape package:
- Allow up to 24 hours (and sometimes 48 hours) for your latest push to git@git.bioconductor.org:packages/ChromSCape.git to reflect on this report. See Troubleshooting Build Report for more information.
- Use the following Renviron settings to reproduce errors and warnings.
- If 'R CMD check' started to fail recently on the Linux builder(s) over a missing dependency, add the missing dependency to 'Suggests:' in your DESCRIPTION file. See Renviron.bioc for more information.

raw results


Summary

Package: ChromSCape
Version: 1.19.1
Command: /Library/Frameworks/R.framework/Resources/bin/R CMD check --install=check:ChromSCape.install-out.txt --library=/Library/Frameworks/R.framework/Resources/library --no-vignettes --timings ChromSCape_1.19.1.tar.gz
StartedAt: 2025-10-17 20:57:18 -0400 (Fri, 17 Oct 2025)
EndedAt: 2025-10-17 21:12:58 -0400 (Fri, 17 Oct 2025)
EllapsedTime: 940.0 seconds
RetCode: 0
Status:   WARNINGS  
CheckDir: ChromSCape.Rcheck
Warnings: 1

Command output

##############################################################################
##############################################################################
###
### Running command:
###
###   /Library/Frameworks/R.framework/Resources/bin/R CMD check --install=check:ChromSCape.install-out.txt --library=/Library/Frameworks/R.framework/Resources/library --no-vignettes --timings ChromSCape_1.19.1.tar.gz
###
##############################################################################
##############################################################################


* using log directory ‘/Users/biocbuild/bbs-3.22-bioc/meat/ChromSCape.Rcheck’
* using R version 4.5.1 Patched (2025-09-10 r88807)
* using platform: x86_64-apple-darwin20
* R was compiled by
    Apple clang version 14.0.0 (clang-1400.0.29.202)
    GNU Fortran (GCC) 14.2.0
* running under: macOS Monterey 12.7.6
* using session charset: UTF-8
* using option ‘--no-vignettes’
* checking for file ‘ChromSCape/DESCRIPTION’ ... OK
* this is package ‘ChromSCape’ version ‘1.19.1’
* package encoding: UTF-8
* checking package namespace information ... OK
* checking package dependencies ... INFO
Imports includes 51 non-default packages.
Importing from so many packages makes the package vulnerable to any of
them becoming unavailable.  Move as many as possible to Suggests and
use conditionally.
* checking if this is a source package ... OK
* checking if there is a namespace ... OK
* checking for hidden files and directories ... NOTE
Found the following hidden files and directories:
  .BBSoptions
These were most likely included in error. See section ‘Package
structure’ in the ‘Writing R Extensions’ manual.
* checking for portable file names ... OK
* checking for sufficient/correct file permissions ... OK
* checking whether package ‘ChromSCape’ can be installed ... OK
* used C++ compiler: ‘Apple clang version 14.0.0 (clang-1400.0.29.202)’
* used SDK: ‘MacOSX11.3.1.sdk’
* checking installed package size ... OK
* checking package directory ... OK
* checking ‘build’ directory ... OK
* checking DESCRIPTION meta-information ... OK
* checking top-level files ... OK
* checking for left-over files ... OK
* checking index information ... OK
* checking package subdirectories ... OK
* checking code files for non-ASCII characters ... OK
* checking R files for syntax errors ... OK
* checking whether the package can be loaded ... OK
* checking whether the package can be loaded with stated dependencies ... OK
* checking whether the package can be unloaded cleanly ... OK
* checking whether the namespace can be loaded with stated dependencies ... OK
* checking whether the namespace can be unloaded cleanly ... OK
* checking whether startup messages can be suppressed ... OK
* checking dependencies in R code ... WARNING
'loadNamespace' or 'requireNamespace' call not declared from: ‘flexdashboard’
* checking S3 generic/method consistency ... OK
* checking replacement functions ... OK
* checking foreign function calls ... OK
* checking R code for possible problems ... NOTE
bams_to_matrix_indexes: no visible binding for global variable
  ‘files_dir_list’
enrich_TF_ChEA3_genes: no visible binding for global variable
  ‘CheA3_TF_nTargets’
filter_correlated_cell_scExp: no visible binding for global variable
  ‘run_tsne’
generate_analysis: no visible global function definition for ‘head’
generate_analysis: no visible binding for global variable ‘k’
generate_analysis: no visible binding for global variable
  ‘clusterConsensus’
get_most_variable_cyto: no visible binding for global variable
  ‘cytoBand’
get_most_variable_cyto: no visible binding for global variable
  ‘Fri_cyto’
num_cell_after_QC_filt_scExp: no visible binding for global variable
  ‘sample_id’
num_cell_after_QC_filt_scExp: no visible binding for global variable
  ‘total_counts’
num_cell_scExp: no visible binding for global variable ‘sample_id’
num_cell_scExp: no visible binding for global variable ‘total_counts’
plot_correlation_PCA_scExp: no visible binding for global variable
  ‘Component’
plot_coverage_BigWig: no visible binding for global variable ‘molecule’
plot_coverage_BigWig: no visible binding for global variable
  ‘orientation’
plot_coverage_BigWig: no visible binding for global variable ‘Gene’
plot_gain_or_loss_barplots: no visible binding for global variable
  ‘Gain_or_Loss’
plot_gain_or_loss_barplots: no visible binding for global variable
  ‘ncells’
plot_gain_or_loss_barplots: no visible binding for global variable
  ‘cytoBand’
plot_most_contributing_features: no visible binding for global variable
  ‘genes’
plot_percent_active_feature_scExp: no visible binding for global
  variable ‘group’
plot_percent_active_feature_scExp: no visible binding for global
  variable ‘percent_active’
plot_pie_most_contributing_chr: no visible binding for global variable
  ‘absolute_value’
plot_reduced_dim_scExp: no visible binding for global variable ‘V1’
plot_reduced_dim_scExp: no visible binding for global variable ‘V2’
plot_reduced_dim_scExp: no visible binding for global variable
  ‘cluster’
plot_top_TF_scExp: no visible binding for global variable ‘TF’
rebin_helper: no visible binding for global variable ‘new_row’
rebin_helper: no visible binding for global variable ‘origin_value’
rebin_matrix: no visible binding for global variable ‘group’
subset_bam_call_peaks: no visible binding for global variable
  ‘merged_bam’
Undefined global functions or variables:
  CheA3_TF_nTargets Component Fri_cyto Gain_or_Loss Gene TF V1 V2
  absolute_value cluster clusterConsensus cytoBand files_dir_list genes
  group head k merged_bam molecule ncells new_row orientation
  origin_value percent_active run_tsne sample_id total_counts
Consider adding
  importFrom("utils", "head")
to your NAMESPACE file.
* checking Rd files ... OK
* checking Rd metadata ... OK
* checking Rd cross-references ... OK
* checking for missing documentation entries ... OK
* checking for code/documentation mismatches ... OK
* checking Rd \usage sections ... OK
* checking Rd contents ... OK
* checking for unstated dependencies in examples ... OK
* checking contents of ‘data’ directory ... OK
* checking data for non-ASCII characters ... OK
* checking data for ASCII and uncompressed saves ... OK
* checking line endings in C/C++/Fortran sources/headers ... OK
* checking compiled code ... NOTE
Note: information on .o files is not available
* checking files in ‘vignettes’ ... OK
* checking examples ... OK
Examples with CPU (user + system) or elapsed time > 5s
                                        user system elapsed
get_pathway_mat_scExp                 89.094  9.810  99.800
plot_gain_or_loss_barplots            59.360  0.634  60.345
calculate_CNA                         29.705  1.809  31.713
plot_reduced_dim_scExp_CNA            28.840  0.319  29.318
calculate_logRatio_CNA                27.713  0.868  28.751
calculate_gain_or_loss                27.659  0.664  28.495
calculate_cyto_mat                    26.936  0.834  27.972
get_most_variable_cyto                26.368  0.300  26.841
get_cyto_features                     23.533  0.218  23.910
num_cell_after_cor_filt_scExp         13.288  0.223  13.598
preprocessing_filtering_and_reduction 10.465  0.207  10.718
filter_correlated_cell_scExp          10.536  0.124  10.737
import_scExp                           8.686  1.251  10.015
rebin_matrix                           8.383  0.072  26.274
create_scDataset_raw                   7.333  0.586   8.003
CompareWilcox                          7.099  0.543   7.094
differential_activation                6.207  0.090   6.362
CompareedgeRGLM                        5.471  0.378   5.889
enrich_TF_ChEA3_scExp                  1.230  0.095   5.295
* checking for unstated dependencies in ‘tests’ ... OK
* checking tests ...
  Running ‘testthat.R’
 OK
* checking for unstated dependencies in vignettes ... OK
* checking package vignettes ... OK
* checking running R code from vignettes ... SKIPPED
* checking re-building of vignette outputs ... SKIPPED
* checking PDF version of manual ... OK
* DONE

Status: 1 WARNING, 3 NOTEs
See
  ‘/Users/biocbuild/bbs-3.22-bioc/meat/ChromSCape.Rcheck/00check.log’
for details.


Installation output

ChromSCape.Rcheck/00install.out

##############################################################################
##############################################################################
###
### Running command:
###
###   /Library/Frameworks/R.framework/Resources/bin/R CMD INSTALL ChromSCape
###
##############################################################################
##############################################################################


* installing to library ‘/Library/Frameworks/R.framework/Versions/4.5-x86_64/Resources/library’
* installing *source* package ‘ChromSCape’ ...
** this is package ‘ChromSCape’ version ‘1.19.1’
** using staged installation
** libs
using C++ compiler: ‘Apple clang version 14.0.0 (clang-1400.0.29.202)’
using SDK: ‘MacOSX11.3.1.sdk’
clang++ -arch x86_64 -std=gnu++17 -I"/Library/Frameworks/R.framework/Resources/include" -DNDEBUG  -I'/Library/Frameworks/R.framework/Versions/4.5-x86_64/Resources/library/Rcpp/include' -I/opt/R/x86_64/include    -fPIC  -falign-functions=64 -Wall -g -O2   -c RcppExports.cpp -o RcppExports.o
clang++ -arch x86_64 -std=gnu++17 -I"/Library/Frameworks/R.framework/Resources/include" -DNDEBUG  -I'/Library/Frameworks/R.framework/Versions/4.5-x86_64/Resources/library/Rcpp/include' -I/opt/R/x86_64/include    -fPIC  -falign-functions=64 -Wall -g -O2   -c as_dist.cpp -o as_dist.o
clang++ -arch x86_64 -std=gnu++17 -dynamiclib -Wl,-headerpad_max_install_names -undefined dynamic_lookup -L/Library/Frameworks/R.framework/Resources/lib -L/opt/R/x86_64/lib -o ChromSCape.so RcppExports.o as_dist.o -F/Library/Frameworks/R.framework/.. -framework R
installing to /Library/Frameworks/R.framework/Versions/4.5-x86_64/Resources/library/00LOCK-ChromSCape/00new/ChromSCape/libs
** R
** data
** inst
** byte-compile and prepare package for lazy loading
** help
*** installing help indices
** building package indices
** installing vignettes
** testing if installed package can be loaded from temporary location
** checking absolute paths in shared objects and dynamic libraries
** testing if installed package can be loaded from final location
** testing if installed package keeps a record of temporary installation path
* DONE (ChromSCape)

Tests output

ChromSCape.Rcheck/tests/testthat.Rout


R version 4.5.1 Patched (2025-09-10 r88807) -- "Great Square Root"
Copyright (C) 2025 The R Foundation for Statistical Computing
Platform: x86_64-apple-darwin20

R is free software and comes with ABSOLUTELY NO WARRANTY.
You are welcome to redistribute it under certain conditions.
Type 'license()' or 'licence()' for distribution details.

R is a collaborative project with many contributors.
Type 'contributors()' for more information and
'citation()' on how to cite R or R packages in publications.

Type 'demo()' for some demos, 'help()' for on-line help, or
'help.start()' for an HTML browser interface to help.
Type 'q()' to quit R.

> library(testthat)
> library(ChromSCape)
> 
> test_check("ChromSCape")
[ FAIL 0 | WARN 2 | SKIP 0 | PASS 11 ]

[ FAIL 0 | WARN 2 | SKIP 0 | PASS 11 ]
> 
> proc.time()
   user  system elapsed 
 42.657   3.532  46.449 

Example timings

ChromSCape.Rcheck/ChromSCape-Ex.timings

nameusersystemelapsed
CheA3_TF_nTargets0.0070.0020.010
CompareWilcox7.0990.5437.094
CompareedgeRGLM5.4710.3785.889
annotToCol21.1620.0581.230
calculate_CNA29.705 1.80931.713
calculate_cyto_mat26.936 0.83427.972
calculate_gain_or_loss27.659 0.66428.495
calculate_logRatio_CNA27.713 0.86828.751
choose_cluster_scExp3.5870.6764.346
colors_scExp0.3200.0070.328
consensus_clustering_scExp3.0820.5843.714
correlation_and_hierarchical_clust_scExp0.4150.0110.428
create_project_folder0.0010.0030.004
create_scDataset_raw7.3330.5868.003
create_scExp0.5720.0100.586
define_feature0.1590.0050.164
detect_samples1.0860.1021.219
differential_activation6.2070.0906.362
differential_analysis_scExp3.3580.0443.429
enrich_TF_ChEA3_genes0.6010.1761.983
enrich_TF_ChEA3_scExp1.2300.0955.295
exclude_features_scExp0.5180.0080.532
feature_annotation_scExp1.5190.1441.717
filter_correlated_cell_scExp10.536 0.12410.737
filter_scExp0.6360.0090.648
find_clusters_louvain_scExp0.4010.0130.416
find_top_features0.4230.0150.442
gene_set_enrichment_analysis_scExp0.2850.0080.298
generate_analysis0.0000.0000.001
generate_coverage_tracks000
generate_report0.0000.0010.000
getExperimentNames0.3300.0090.340
getMainExperiment0.3840.0090.396
get_cyto_features23.533 0.21823.910
get_genomic_coordinates0.4930.0060.504
get_most_variable_cyto26.368 0.30026.841
get_pathway_mat_scExp89.094 9.81099.800
has_genomic_coordinates0.6920.0160.712
import_scExp 8.686 1.25110.015
inter_correlation_scExp0.4300.0340.466
intra_correlation_scExp0.4330.0230.457
launchApp000
normalize_scExp0.4760.0290.508
num_cell_after_QC_filt_scExp0.4610.0060.468
num_cell_after_cor_filt_scExp13.288 0.22313.598
num_cell_before_cor_filt_scExp0.2810.0140.300
num_cell_in_cluster_scExp0.5230.0180.551
num_cell_scExp0.3880.0050.395
plot_cluster_consensus_scExp1.3050.0241.342
plot_correlation_PCA_scExp1.4000.0591.464
plot_coverage_BigWig0.2840.0190.307
plot_differential_summary_scExp0.3050.0140.324
plot_differential_volcano_scExp0.3820.0140.398
plot_distribution_scExp0.5470.0080.559
plot_gain_or_loss_barplots59.360 0.63460.345
plot_heatmap_scExp0.3910.0180.414
plot_inter_correlation_scExp0.7430.0170.769
plot_intra_correlation_scExp0.7450.0200.770
plot_most_contributing_features0.5310.0160.551
plot_percent_active_feature_scExp0.6030.0210.629
plot_pie_most_contributing_chr0.3780.0140.396
plot_reduced_dim_scExp1.9100.0341.964
plot_reduced_dim_scExp_CNA28.840 0.31929.318
plot_top_TF_scExp0.7710.0140.790
plot_violin_feature_scExp0.7640.0340.802
preprocess_CPM0.4590.0260.487
preprocess_RPKM0.4710.0220.494
preprocess_TFIDF0.4370.0260.464
preprocess_TPM0.4910.1450.646
preprocess_feature_size_only0.4390.0230.464
preprocessing_filtering_and_reduction10.465 0.20710.718
read_sparse_matrix0.0000.0010.001
rebin_matrix 8.383 0.07226.274
reduce_dims_scExp1.8850.0441.935
scExp1.2570.0451.348
subsample_scExp0.6360.0380.676
subset_bam_call_peaks0.0010.0010.001
summary_DA0.2990.0150.315
swapAltExp_sameColData0.3960.0140.412
table_enriched_genes_scExp0.2800.0120.294
wrapper_Signac_FeatureMatrix000