Back to Multiple platform build/check report for BioC 3.22:   simplified   long
AB[C]DEFGHIJKLMNOPQRSTUVWXYZ

This page was generated on 2025-10-25 12:03 -0400 (Sat, 25 Oct 2025).

HostnameOSArch (*)R versionInstalled pkgs
nebbiolo2Linux (Ubuntu 24.04.3 LTS)x86_644.5.1 Patched (2025-08-23 r88802) -- "Great Square Root" 4901
lconwaymacOS 12.7.6 Montereyx86_644.5.1 Patched (2025-09-10 r88807) -- "Great Square Root" 4691
kjohnson3macOS 13.7.7 Venturaarm644.5.1 Patched (2025-09-10 r88807) -- "Great Square Root" 4637
taishanLinux (openEuler 24.03 LTS)aarch644.5.0 (2025-04-11) -- "How About a Twenty-Six" 4658
Click on any hostname to see more info about the system (e.g. compilers)      (*) as reported by 'uname -p', except on Windows and Mac OS X

Package 289/2361HostnameOS / ArchINSTALLBUILDCHECKBUILD BIN
CatsCradle 1.3.2  (landing page)
Michael Shapiro
Snapshot Date: 2025-10-24 13:45 -0400 (Fri, 24 Oct 2025)
git_url: https://git.bioconductor.org/packages/CatsCradle
git_branch: devel
git_last_commit: 082a1e2
git_last_commit_date: 2025-10-23 16:39:15 -0400 (Thu, 23 Oct 2025)
nebbiolo2Linux (Ubuntu 24.04.3 LTS) / x86_64  OK    OK    WARNINGS  YES
lconwaymacOS 12.7.6 Monterey / x86_64  OK    OK    WARNINGS    OK  YES
kjohnson3macOS 13.7.7 Ventura / arm64  OK    OK    WARNINGS    OK  YES
taishanLinux (openEuler 24.03 LTS) / aarch64  OK    NA    NA  


CHECK results for CatsCradle on nebbiolo2

To the developers/maintainers of the CatsCradle package:
- Allow up to 24 hours (and sometimes 48 hours) for your latest push to git@git.bioconductor.org:packages/CatsCradle.git to reflect on this report. See Troubleshooting Build Report for more information.
- Use the following Renviron settings to reproduce errors and warnings.
- If 'R CMD check' started to fail recently on the Linux builder(s) over a missing dependency, add the missing dependency to 'Suggests:' in your DESCRIPTION file. See Renviron.bioc for more information.

raw results


Summary

Package: CatsCradle
Version: 1.3.2
Command: /home/biocbuild/bbs-3.22-bioc/R/bin/R CMD check --install=check:CatsCradle.install-out.txt --library=/home/biocbuild/bbs-3.22-bioc/R/site-library --timings CatsCradle_1.3.2.tar.gz
StartedAt: 2025-10-24 21:54:01 -0400 (Fri, 24 Oct 2025)
EndedAt: 2025-10-24 22:11:59 -0400 (Fri, 24 Oct 2025)
EllapsedTime: 1078.2 seconds
RetCode: 0
Status:   WARNINGS  
CheckDir: CatsCradle.Rcheck
Warnings: 1

Command output

##############################################################################
##############################################################################
###
### Running command:
###
###   /home/biocbuild/bbs-3.22-bioc/R/bin/R CMD check --install=check:CatsCradle.install-out.txt --library=/home/biocbuild/bbs-3.22-bioc/R/site-library --timings CatsCradle_1.3.2.tar.gz
###
##############################################################################
##############################################################################


* using log directory ‘/home/biocbuild/bbs-3.22-bioc/meat/CatsCradle.Rcheck’
* using R version 4.5.1 Patched (2025-08-23 r88802)
* using platform: x86_64-pc-linux-gnu
* R was compiled by
    gcc (Ubuntu 13.3.0-6ubuntu2~24.04) 13.3.0
    GNU Fortran (Ubuntu 13.3.0-6ubuntu2~24.04) 13.3.0
* running under: Ubuntu 24.04.3 LTS
* using session charset: UTF-8
* checking for file ‘CatsCradle/DESCRIPTION’ ... OK
* this is package ‘CatsCradle’ version ‘1.3.2’
* package encoding: UTF-8
* checking package namespace information ... OK
* checking package dependencies ... INFO
Imports includes 21 non-default packages.
Importing from so many packages makes the package vulnerable to any of
them becoming unavailable.  Move as many as possible to Suggests and
use conditionally.
* checking if this is a source package ... OK
* checking if there is a namespace ... OK
* checking for hidden files and directories ... OK
* checking for portable file names ... OK
* checking for sufficient/correct file permissions ... OK
* checking whether package ‘CatsCradle’ can be installed ... OK
* checking installed package size ... OK
* checking package directory ... OK
* checking ‘build’ directory ... OK
* checking DESCRIPTION meta-information ... OK
* checking top-level files ... OK
* checking for left-over files ... OK
* checking index information ... OK
* checking package subdirectories ... OK
* checking code files for non-ASCII characters ... OK
* checking R files for syntax errors ... OK
* checking whether the package can be loaded ... OK
* checking whether the package can be loaded with stated dependencies ... OK
* checking whether the package can be unloaded cleanly ... OK
* checking whether the namespace can be loaded with stated dependencies ... OK
* checking whether the namespace can be unloaded cleanly ... OK
* checking loading without being on the library search path ... OK
* checking dependencies in R code ... OK
* checking S3 generic/method consistency ... OK
* checking replacement functions ... OK
* checking foreign function calls ... OK
* checking R code for possible problems ... NOTE
edgeLengthPlot: no visible binding for global variable ‘cellTypePair’
edgeLengthPlot: no visible binding for global variable ‘cutoff’
make.getExample : getExample: no visible binding for global variable
  ‘seuratGenes’
make.getExample : getExample: no visible binding for global variable
  ‘seuratCells’
make.getExample : getExample: no visible binding for global variable
  ‘xeniumCells’
make.getExample : getExample: no visible binding for global variable
  ‘moransI’
make.getExample : getExample: no visible binding for global variable
  ‘moransILigandReceptor’
make.getExample : getExample: no visible binding for global variable
  ‘humanLRN’
make.getExample : getExample: no visible binding for global variable
  ‘mouseLRN’
meanGeneClusterOnCellUMAP: no visible binding for global variable
  ‘UMAP_1’
meanGeneClusterOnCellUMAP: no visible binding for global variable
  ‘UMAP_2’
plotLRDotplot: no visible binding for global variable ‘sender’
plotLRDotplot: no visible binding for global variable ‘negLog10PValue’
plotLRDotplot: no visible binding for global variable ‘receiver’
Undefined global functions or variables:
  UMAP_1 UMAP_2 cellTypePair cutoff humanLRN moransI
  moransILigandReceptor mouseLRN negLog10PValue receiver sender
  seuratCells seuratGenes xeniumCells
* checking Rd files ... OK
* checking Rd metadata ... OK
* checking Rd cross-references ... OK
* checking for missing documentation entries ... OK
* checking for code/documentation mismatches ... OK
* checking Rd \usage sections ... OK
* checking Rd contents ... OK
* checking for unstated dependencies in examples ... OK
* checking contents of ‘data’ directory ... OK
* checking data for non-ASCII characters ... OK
* checking data for ASCII and uncompressed saves ... WARNING
  Warning: large data file saved inefficiently:
                             size ASCII compress
  ligandReceptorResults.rda 1.5Mb FALSE     none
* checking files in ‘vignettes’ ... OK
* checking examples ... OK
Examples with CPU (user + system) or elapsed time > 5s
                                      user system elapsed
annotateGeneAsVector                45.364  0.867  46.234
computeNBHDVsCTObject               18.254  0.131  18.387
randomiseNodeIndices                15.662  0.024  15.691
getObjectSubsetClusteringPValue     13.156  0.080  13.241
transposeObject                     10.867  0.103  10.971
aggregateGeneExpression             10.383  0.242  10.562
computeGraphEmbedding                9.529  0.009   9.541
predictAnnotation                    8.490  0.095   8.586
predictAnnotationAllGenes            8.295  0.008   8.305
predictGeneAnnotationImpl            7.310  0.127   7.438
runGeometricClusteringTrials         6.731  0.035   6.767
getNearbyGenes                       6.675  0.013   6.690
medianComplementPValue               6.494  0.015   6.510
getAverageExpressionMatrix           6.324  0.019   6.344
getAverageExpressionDF               6.257  0.030   6.288
symmetryCheckNN                      6.151  0.003   6.156
meanZPerCluster                      5.984  0.068   6.055
geneSetsVsGeneClustersPValueMatrix   5.911  0.061   5.972
meanGeneClusterOnCellUMAP            5.905  0.056   5.964
getGeneClusterAveragesPerCell        5.895  0.060   5.956
getGeneNeighbors                     5.869  0.051   5.921
getClusterOrder                      5.851  0.032   5.884
meanZPerClusterOnUMAP                5.795  0.003   5.801
getObjectSubsetClusteringStatistics  5.776  0.014   5.792
desymmetriseNN                       5.679  0.063   5.744
combinatorialSpheres                 5.682  0.036   5.720
getNearestNeighbourLists             5.704  0.004   5.710
tagRowAndColNames                    5.556  0.010   5.567
symmetriseNN                         5.295  0.010   5.306
* checking for unstated dependencies in vignettes ... OK
* checking package vignettes ... OK
* checking re-building of vignette outputs ... OK
* checking PDF version of manual ... OK
* DONE

Status: 1 WARNING, 1 NOTE
See
  ‘/home/biocbuild/bbs-3.22-bioc/meat/CatsCradle.Rcheck/00check.log’
for details.


Installation output

CatsCradle.Rcheck/00install.out

##############################################################################
##############################################################################
###
### Running command:
###
###   /home/biocbuild/bbs-3.22-bioc/R/bin/R CMD INSTALL CatsCradle
###
##############################################################################
##############################################################################


* installing to library ‘/home/biocbuild/bbs-3.22-bioc/R/site-library’
* installing *source* package ‘CatsCradle’ ...
** this is package ‘CatsCradle’ version ‘1.3.2’
** using staged installation
** R
** data
** inst
** byte-compile and prepare package for lazy loading
** help
*** installing help indices
** building package indices
** installing vignettes
** testing if installed package can be loaded from temporary location
** testing if installed package can be loaded from final location
** testing if installed package keeps a record of temporary installation path
* DONE (CatsCradle)

Tests output


Example timings

CatsCradle.Rcheck/CatsCradle-Ex.timings

nameusersystemelapsed
aggregateGeneExpression10.383 0.24210.562
annotateGeneAsVector45.364 0.86746.234
annotateGenesByGeneSet1.5210.2021.723
cellTypesPerCellTypeGraphFromCellMatrix0.1850.0030.188
collapseExtendedNBHDs2.4500.0002.377
combinatorialSpheres5.6820.0365.720
computeCellTypesPerCellTypeMatrix0.1100.0210.132
computeEdgeGraph0.1580.0210.147
computeEdgeObject0.7880.0120.800
computeGraphEmbedding9.5290.0099.541
computeNBHDByCTMatrix0.0970.0030.100
computeNBHDVsCTObject18.254 0.13118.387
computeNeighbourEnrichment0.1290.0000.130
computeNeighboursDelaunay0.0920.0010.093
computeNeighboursEuclidean1.0050.0020.614
cullEdges0.5150.0390.554
desymmetriseNN5.6790.0635.744
directedHausdorfDistance0.0010.0000.001
edgeCutoffsByClustering0.3760.0020.379
edgeCutoffsByPercentile0.2720.0020.274
edgeCutoffsByWatershed0.3090.0000.310
edgeCutoffsByZScore0.3270.0010.328
edgeLengthPlot0.3320.0000.332
edgeLengthsAndCellTypePairs0.3370.0020.338
exampleObjects0.0000.0000.001
geneSetsVsGeneClustersPValueMatrix5.9110.0615.972
getAverageExpressionDF6.2570.0306.288
getAverageExpressionMatrix6.3240.0196.344
getClusterOrder5.8510.0325.884
getExtendedNBHDs0.9780.0250.823
getFeatureZScores0.2150.0110.225
getGeneClusterAveragesPerCell5.8950.0605.956
getGeneNeighbors5.8690.0515.921
getLigandReceptorNetwork0.0170.0000.016
getLigandReceptorPairsInPanel0.0840.0000.083
getNearbyGenes6.6750.0136.690
getNearestNeighbourLists5.7040.0045.710
getObjectSubsetClusteringPValue13.156 0.08013.241
getObjectSubsetClusteringStatistics5.7760.0145.792
make.getExample0.0910.0000.092
makeLRInteractionHeatmap0.1070.0030.111
makeSummedLRInteractionHeatmap0.0880.0020.112
meanGeneClusterOnCellUMAP5.9050.0565.964
meanZPerCluster5.9840.0686.055
meanZPerClusterOnUMAP5.7950.0035.801
medianComplementDistance0.0010.0000.001
medianComplementPValue6.4940.0156.510
nbhdsAsEdgesToNbhdsAsList0.7210.0310.751
neighbourhoodDiameter0.7350.0130.747
performLigandReceptorAnalysis0.9260.1551.080
performLigandReceptorAnalysisPermutation0.8240.1350.959
plotLRDotplot1.5030.0061.509
predictAnnotation8.4900.0958.586
predictAnnotationAllGenes8.2950.0088.305
predictGeneAnnotationImpl7.3100.1277.438
randomiseNodeIndices15.662 0.02415.691
runGeometricClusteringTrials6.7310.0356.767
runMoransI1.0530.0151.067
sankeyFromMatrix0.0040.0000.003
symmetriseNN5.2950.0105.306
symmetryCheckNN6.1510.0036.156
tagRowAndColNames5.5560.0105.567
transposeObject10.867 0.10310.971