Back to Long Tests report for BioC 3.21 |
This page was generated on 2025-10-11 23:55 -0400 (Sat, 11 Oct 2025).
Hostname | OS | Arch (*) | R version | Installed pkgs |
---|---|---|---|---|
nebbiolo1 | Linux (Ubuntu 24.04.3 LTS) | x86_64 | 4.5.1 (2025-06-13) -- "Great Square Root" | 4833 |
merida1 | macOS 12.7.5 Monterey | x86_64 | 4.5.1 RC (2025-06-05 r88288) -- "Great Square Root" | 4614 |
Click on any hostname to see more info about the system (e.g. compilers) (*) as reported by 'uname -p', except on Windows and Mac OS X |
Package 7/30 | Hostname | OS / Arch | CHECK | |||||||
biodbHmdb 1.14.0 (landing page) Pierrick Roger
| nebbiolo1 | Linux (Ubuntu 24.04.3 LTS) / x86_64 | ERROR | |||||||
merida1 | macOS 12.7.5 Monterey / x86_64 | ERROR | ||||||||
To the developers/maintainers of the biodbHmdb package: - Use the following Renviron settings to reproduce errors and warnings. - If 'R CMD check' started to fail recently on the Linux builder(s) over a missing dependency, add the missing dependency to 'Suggests:' in your DESCRIPTION file. See Renviron.bioc for more information. |
Package: biodbHmdb |
Version: 1.14.0 |
Command: /home/biocbuild/bbs-3.21-bioc/R/bin/R CMD check --test-dir=longtests --no-stop-on-test-error --no-codoc --no-examples --no-manual --ignore-vignettes --check-subdirs=no biodbHmdb_1.14.0.tar.gz |
StartedAt: 2025-10-11 16:01:49 -0400 (Sat, 11 Oct 2025) |
EndedAt: 2025-10-11 16:02:56 -0400 (Sat, 11 Oct 2025) |
EllapsedTime: 66.1 seconds |
RetCode: 1 |
Status: ERROR |
CheckDir: biodbHmdb.Rcheck |
Warnings: NA |
biodbHmdb.Rcheck/tests/testthat.Rout.fail
R version 4.5.1 (2025-06-13) -- "Great Square Root" Copyright (C) 2025 The R Foundation for Statistical Computing Platform: x86_64-pc-linux-gnu R is free software and comes with ABSOLUTELY NO WARRANTY. You are welcome to redistribute it under certain conditions. Type 'license()' or 'licence()' for distribution details. R is a collaborative project with many contributors. Type 'contributors()' for more information and 'citation()' on how to cite R or R packages in publications. Type 'demo()' for some demos, 'help()' for on-line help, or 'help.start()' for an HTML browser interface to help. Type 'q()' to quit R. > # Script needed to run testthat automatically from ‘R CMD check’. See > # testthat::test_dir documentation. > library(testthat) > library(biodbHmdb) > Sys.setenv(TESTTHAT_REPORTER="summary") > Sys.setenv(BIODB_LOG_DST="console") > test_check("biodbHmdb") biodb.INFO [2025-10-11 16:02:52.910][biodb::testContext] biodb.INFO [2025-10-11 16:02:52.912][biodb::testContext] ******************************************************************************** biodb.INFO [2025-10-11 16:02:52.913][biodb::testContext] Test context - Generic long tests biodb.INFO [2025-10-11 16:02:52.914][biodb::testContext] ******************************************************************************** biodb.INFO [2025-10-11 16:02:52.915][biodb::testContext] biodb.INFO [2025-10-11 16:02:52.921][private$loadBiodbPkgsDefinitions] Loading definitions from package biodb version 1.16.1. biodb.DEBUG[2025-10-11 16:02:52.923][self$loadDefinitions] Load definitions from file "/home/biocbuild/bbs-3.21-bioc/R/site-library/biodb/definitions.yml". biodb.DEBUG[2025-10-11 16:02:52.930][notifyObservers] Notify observers for notifyNewObservers. biodb.DEBUG[2025-10-11 16:02:52.931][self$getConfig()$define] Define config key allow.huge.downloads. biodb.DEBUG[2025-10-11 16:02:52.932][self$set] Set key allow.huge.downloads to TRUE. biodb.DEBUG[2025-10-11 16:02:52.933][notifyObservers] Notify observers for notifyCfgUpdate. biodb.DEBUG[2025-10-11 16:02:52.934][FUN] Trying to call function notifyCfgUpdate on observer BiodbConfig. biodb.DEBUG[2025-10-11 16:02:52.935][FUN] Functions in observer BiodbConfig: [21]: ".__enclos_env__, clone, terminate, notifyNewObservers, define, getAssocEnvVar, listKeys, print, disable, enable, reset, set, get, isEnabled, isDefined, hasKey, getDefaultValue, getDescription, getTitle, getKeys, initialize". biodb.DEBUG[2025-10-11 16:02:52.936][self$getConfig()$define] Define config key autoload.extra.pkgs. biodb.DEBUG[2025-10-11 16:02:52.953][self$set] Set key autoload.extra.pkgs to TRUE. biodb.DEBUG[2025-10-11 16:02:52.954][notifyObservers] Notify observers for notifyCfgUpdate. biodb.DEBUG[2025-10-11 16:02:52.955][FUN] Trying to call function notifyCfgUpdate on observer BiodbConfig. biodb.DEBUG[2025-10-11 16:02:52.956][FUN] Functions in observer BiodbConfig: [21]: ".__enclos_env__, clone, terminate, notifyNewObservers, define, getAssocEnvVar, listKeys, print, disable, enable, reset, set, get, isEnabled, isDefined, hasKey, getDefaultValue, getDescription, getTitle, getKeys, initialize". biodb.DEBUG[2025-10-11 16:02:52.957][self$getConfig()$define] Define config key cache.all.requests. biodb.DEBUG[2025-10-11 16:02:52.958][self$set] Set key cache.all.requests to TRUE. biodb.DEBUG[2025-10-11 16:02:52.958][notifyObservers] Notify observers for notifyCfgUpdate. biodb.DEBUG[2025-10-11 16:02:52.959][FUN] Trying to call function notifyCfgUpdate on observer BiodbConfig. biodb.DEBUG[2025-10-11 16:02:52.960][FUN] Functions in observer BiodbConfig: [21]: ".__enclos_env__, clone, terminate, notifyNewObservers, define, getAssocEnvVar, listKeys, print, disable, enable, reset, set, get, isEnabled, isDefined, hasKey, getDefaultValue, getDescription, getTitle, getKeys, initialize". biodb.DEBUG[2025-10-11 16:02:52.969][self$getConfig()$define] Define config key cache.directory. biodb.DEBUG[2025-10-11 16:02:52.970][self$getConfig()$define] Define config key cache.read.only. biodb.DEBUG[2025-10-11 16:02:52.971][self$set] Set key cache.read.only to FALSE. biodb.DEBUG[2025-10-11 16:02:52.972][notifyObservers] Notify observers for notifyCfgUpdate. biodb.DEBUG[2025-10-11 16:02:52.973][FUN] Trying to call function notifyCfgUpdate on observer BiodbConfig. biodb.DEBUG[2025-10-11 16:02:52.974][FUN] Functions in observer BiodbConfig: [21]: ".__enclos_env__, clone, terminate, notifyNewObservers, define, getAssocEnvVar, listKeys, print, disable, enable, reset, set, get, isEnabled, isDefined, hasKey, getDefaultValue, getDescription, getTitle, getKeys, initialize". biodb.DEBUG[2025-10-11 16:02:52.975][self$getConfig()$define] Define config key cache.subfolders. biodb.DEBUG[2025-10-11 16:02:52.976][self$getConfig()$define] Define config key cache.system. biodb.DEBUG[2025-10-11 16:02:52.977][self$set] Set key cache.system to TRUE. biodb.DEBUG[2025-10-11 16:02:52.977][notifyObservers] Notify observers for notifyCfgUpdate. biodb.DEBUG[2025-10-11 16:02:52.978][FUN] Trying to call function notifyCfgUpdate on observer BiodbConfig. biodb.DEBUG[2025-10-11 16:02:52.979][FUN] Functions in observer BiodbConfig: [21]: ".__enclos_env__, clone, terminate, notifyNewObservers, define, getAssocEnvVar, listKeys, print, disable, enable, reset, set, get, isEnabled, isDefined, hasKey, getDefaultValue, getDescription, getTitle, getKeys, initialize". biodb.DEBUG[2025-10-11 16:02:52.980][self$getConfig()$define] Define config key use.cache.for.local.db. biodb.DEBUG[2025-10-11 16:02:52.981][self$set] Set key use.cache.for.local.db to FALSE. biodb.DEBUG[2025-10-11 16:02:52.982][notifyObservers] Notify observers for notifyCfgUpdate. biodb.DEBUG[2025-10-11 16:02:52.983][FUN] Trying to call function notifyCfgUpdate on observer BiodbConfig. biodb.DEBUG[2025-10-11 16:02:52.984][FUN] Functions in observer BiodbConfig: [21]: ".__enclos_env__, clone, terminate, notifyNewObservers, define, getAssocEnvVar, listKeys, print, disable, enable, reset, set, get, isEnabled, isDefined, hasKey, getDefaultValue, getDescription, getTitle, getKeys, initialize". biodb.DEBUG[2025-10-11 16:02:52.985][self$getConfig()$define] Define config key dwnld.chunk.size. biodb.DEBUG[2025-10-11 16:02:52.985][self$getConfig()$define] Define config key dwnld.timeout. biodb.DEBUG[2025-10-11 16:02:52.986][self$set] Set key dwnld.timeout to 3600. biodb.DEBUG[2025-10-11 16:02:52.987][notifyObservers] Notify observers for notifyCfgUpdate. biodb.DEBUG[2025-10-11 16:02:52.988][FUN] Trying to call function notifyCfgUpdate on observer BiodbConfig. biodb.DEBUG[2025-10-11 16:02:52.989][FUN] Functions in observer BiodbConfig: [21]: ".__enclos_env__, clone, terminate, notifyNewObservers, define, getAssocEnvVar, listKeys, print, disable, enable, reset, set, get, isEnabled, isDefined, hasKey, getDefaultValue, getDescription, getTitle, getKeys, initialize". biodb.DEBUG[2025-10-11 16:02:52.990][self$getConfig()$define] Define config key compute.fields. biodb.DEBUG[2025-10-11 16:02:52.991][self$set] Set key compute.fields to TRUE. biodb.DEBUG[2025-10-11 16:02:52.992][notifyObservers] Notify observers for notifyCfgUpdate. biodb.DEBUG[2025-10-11 16:02:52.993][FUN] Trying to call function notifyCfgUpdate on observer BiodbConfig. biodb.DEBUG[2025-10-11 16:02:52.993][FUN] Functions in observer BiodbConfig: [21]: ".__enclos_env__, clone, terminate, notifyNewObservers, define, getAssocEnvVar, listKeys, print, disable, enable, reset, set, get, isEnabled, isDefined, hasKey, getDefaultValue, getDescription, getTitle, getKeys, initialize". biodb.DEBUG[2025-10-11 16:02:52.994][self$getConfig()$define] Define config key factory.cache. biodb.DEBUG[2025-10-11 16:02:52.995][self$getConfig()$define] Define config key force.locale. biodb.DEBUG[2025-10-11 16:02:52.996][self$set] Set key force.locale to TRUE. biodb.DEBUG[2025-10-11 16:02:52.997][notifyObservers] Notify observers for notifyCfgUpdate. biodb.DEBUG[2025-10-11 16:02:52.998][FUN] Trying to call function notifyCfgUpdate on observer BiodbConfig. biodb.DEBUG[2025-10-11 16:02:52.999][FUN] Functions in observer BiodbConfig: [21]: ".__enclos_env__, clone, terminate, notifyNewObservers, define, getAssocEnvVar, listKeys, print, disable, enable, reset, set, get, isEnabled, isDefined, hasKey, getDefaultValue, getDescription, getTitle, getKeys, initialize". biodb.DEBUG[2025-10-11 16:02:53.000][self$getConfig()$define] Define config key longterm.cache.subfolder. biodb.DEBUG[2025-10-11 16:02:53.001][self$getConfig()$define] Define config key msg.caution.lvl. biodb.DEBUG[2025-10-11 16:02:53.001][self$getConfig()$define] Define config key msg.debug.lvl. biodb.DEBUG[2025-10-11 16:02:53.002][self$getConfig()$define] Define config key msg.info.lvl. biodb.DEBUG[2025-10-11 16:02:53.003][self$getConfig()$define] Define config key multival.field.sep. biodb.DEBUG[2025-10-11 16:02:53.004][self$set] Set key multival.field.sep to ";". biodb.DEBUG[2025-10-11 16:02:53.005][notifyObservers] Notify observers for notifyCfgUpdate. biodb.DEBUG[2025-10-11 16:02:53.006][FUN] Trying to call function notifyCfgUpdate on observer BiodbConfig. biodb.DEBUG[2025-10-11 16:02:53.007][FUN] Functions in observer BiodbConfig: [21]: ".__enclos_env__, clone, terminate, notifyNewObservers, define, getAssocEnvVar, listKeys, print, disable, enable, reset, set, get, isEnabled, isDefined, hasKey, getDefaultValue, getDescription, getTitle, getKeys, initialize". biodb.DEBUG[2025-10-11 16:02:53.008][self$getConfig()$define] Define config key intra.field.name.sep. biodb.DEBUG[2025-10-11 16:02:53.009][self$set] Set key intra.field.name.sep to ".". biodb.DEBUG[2025-10-11 16:02:53.010][notifyObservers] Notify observers for notifyCfgUpdate. biodb.DEBUG[2025-10-11 16:02:53.010][FUN] Trying to call function notifyCfgUpdate on observer BiodbConfig. biodb.DEBUG[2025-10-11 16:02:53.011][FUN] Functions in observer BiodbConfig: [21]: ".__enclos_env__, clone, terminate, notifyNewObservers, define, getAssocEnvVar, listKeys, print, disable, enable, reset, set, get, isEnabled, isDefined, hasKey, getDefaultValue, getDescription, getTitle, getKeys, initialize". biodb.DEBUG[2025-10-11 16:02:53.012][self$getConfig()$define] Define config key entries.sep. biodb.DEBUG[2025-10-11 16:02:53.013][self$set] Set key entries.sep to "|". biodb.DEBUG[2025-10-11 16:02:53.014][notifyObservers] Notify observers for notifyCfgUpdate. biodb.DEBUG[2025-10-11 16:02:53.015][FUN] Trying to call function notifyCfgUpdate on observer BiodbConfig. biodb.DEBUG[2025-10-11 16:02:53.016][FUN] Functions in observer BiodbConfig: [21]: ".__enclos_env__, clone, terminate, notifyNewObservers, define, getAssocEnvVar, listKeys, print, disable, enable, reset, set, get, isEnabled, isDefined, hasKey, getDefaultValue, getDescription, getTitle, getKeys, initialize". biodb.DEBUG[2025-10-11 16:02:53.017][self$getConfig()$define] Define config key offline. biodb.DEBUG[2025-10-11 16:02:53.017][self$set] Set key offline to FALSE. biodb.DEBUG[2025-10-11 16:02:53.018][notifyObservers] Notify observers for notifyCfgUpdate. biodb.DEBUG[2025-10-11 16:02:53.019][FUN] Trying to call function notifyCfgUpdate on observer BiodbConfig. biodb.DEBUG[2025-10-11 16:02:53.020][FUN] Functions in observer BiodbConfig: [21]: ".__enclos_env__, clone, terminate, notifyNewObservers, define, getAssocEnvVar, listKeys, print, disable, enable, reset, set, get, isEnabled, isDefined, hasKey, getDefaultValue, getDescription, getTitle, getKeys, initialize". biodb.DEBUG[2025-10-11 16:02:53.021][self$getConfig()$define] Define config key persistent.cache.impl. biodb.DEBUG[2025-10-11 16:02:53.022][self$getConfig()$define] Define config key proton.mass. biodb.DEBUG[2025-10-11 16:02:53.023][self$set] Set key proton.mass to 1.0072765. biodb.DEBUG[2025-10-11 16:02:53.024][notifyObservers] Notify observers for notifyCfgUpdate. biodb.DEBUG[2025-10-11 16:02:53.024][FUN] Trying to call function notifyCfgUpdate on observer BiodbConfig. biodb.DEBUG[2025-10-11 16:02:53.025][FUN] Functions in observer BiodbConfig: [21]: ".__enclos_env__, clone, terminate, notifyNewObservers, define, getAssocEnvVar, listKeys, print, disable, enable, reset, set, get, isEnabled, isDefined, hasKey, getDefaultValue, getDescription, getTitle, getKeys, initialize". biodb.DEBUG[2025-10-11 16:02:53.026][self$getConfig()$define] Define config key shortterm.cache.subfolder. biodb.DEBUG[2025-10-11 16:02:53.027][self$getConfig()$define] Define config key svn.binary.path. biodb.DEBUG[2025-10-11 16:02:53.032][self$set] Set key svn.binary.path to "". biodb.DEBUG[2025-10-11 16:02:53.032][notifyObservers] Notify observers for notifyCfgUpdate. biodb.DEBUG[2025-10-11 16:02:53.033][FUN] Trying to call function notifyCfgUpdate on observer BiodbConfig. biodb.DEBUG[2025-10-11 16:02:53.034][FUN] Functions in observer BiodbConfig: [21]: ".__enclos_env__, clone, terminate, notifyNewObservers, define, getAssocEnvVar, listKeys, print, disable, enable, reset, set, get, isEnabled, isDefined, hasKey, getDefaultValue, getDescription, getTitle, getKeys, initialize". biodb.DEBUG[2025-10-11 16:02:53.035][self$getConfig()$define] Define config key test.functions. biodb.DEBUG[2025-10-11 16:02:53.036][self$getConfig()$define] Define config key useragent. biodb.DEBUG[2025-10-11 16:02:53.037][self$set] Set key useragent to "R Bioconductor biodb library.". biodb.DEBUG[2025-10-11 16:02:53.038][notifyObservers] Notify observers for notifyCfgUpdate. biodb.DEBUG[2025-10-11 16:02:53.039][FUN] Trying to call function notifyCfgUpdate on observer BiodbConfig. biodb.DEBUG[2025-10-11 16:02:53.039][FUN] Functions in observer BiodbConfig: [21]: ".__enclos_env__, clone, terminate, notifyNewObservers, define, getAssocEnvVar, listKeys, print, disable, enable, reset, set, get, isEnabled, isDefined, hasKey, getDefaultValue, getDescription, getTitle, getKeys, initialize". biodb.DEBUG[2025-10-11 16:02:53.043][self$getDbsInfo()$define] Define connector comp.csv.file. biodb.DEBUG[2025-10-11 16:02:53.073][self$setPropertyValue] Setting property "compound.db" to "TRUE". biodb.DEBUG[2025-10-11 16:02:53.088][self$setPropertyValue] Setting property "description" to "A connector to handle a compound database stored inside a CSV file. It is possible to choose the separator for the CSV file, as well as match the column names with the biodb entry fields.". biodb.DEBUG[2025-10-11 16:02:53.089][self$setPropertyValue] Setting property "disabled" to "FALSE". biodb.DEBUG[2025-10-11 16:02:53.090][self$setPropertyValue] Setting property "disabling.reason" to "". biodb.DEBUG[2025-10-11 16:02:53.091][self$setPropertyValue] Setting property "downloadable" to "FALSE". biodb.DEBUG[2025-10-11 16:02:53.092][self$setPropertyValue] Setting property "dwnld.ext" to "NA". biodb.DEBUG[2025-10-11 16:02:53.093][self$setPropertyValue] Setting property "editable" to "TRUE". biodb.DEBUG[2025-10-11 16:02:53.094][self$setPropertyValue] Setting property "entry.content.encoding" to "NA". biodb.DEBUG[2025-10-11 16:02:53.095][self$setPropertyValue] Setting property "entry.content.type" to "tsv". biodb.DEBUG[2025-10-11 16:02:53.095][self$setPropertyValue] Setting property "matching.fields" to "c("peak.mztheo", "peak.mzexp")". biodb.DEBUG[2025-10-11 16:02:53.096][self$setPropertyValue] Setting property "mass.db" to "FALSE". biodb.DEBUG[2025-10-11 16:02:53.097][self$setPropertyValue] Setting property "name" to "Compound CSV File". biodb.DEBUG[2025-10-11 16:02:53.098][self$setPropertyValue] Setting property "package" to "biodb". biodb.DEBUG[2025-10-11 16:02:53.099][self$setPropertyValue] Setting property "parsing.expr" to "<NULL>". biodb.DEBUG[2025-10-11 16:02:53.100][self$setPropertyValue] Setting property "remote" to "FALSE". biodb.DEBUG[2025-10-11 16:02:53.101][self$setPropertyValue] Setting property "searchable.fields" to "name". biodb.DEBUG[2025-10-11 16:02:53.101][self$setPropertyValue] Setting property "searchable.fields" to "monoisotopic.mass". biodb.DEBUG[2025-10-11 16:02:53.101][self$setPropertyValue] Setting property "searchable.fields" to "molecular.mass". biodb.DEBUG[2025-10-11 16:02:53.101][self$setPropertyValue] Setting property "searchable.fields" to "average.mass". biodb.DEBUG[2025-10-11 16:02:53.101][self$setPropertyValue] Setting property "searchable.fields" to "nominal.mass". biodb.DEBUG[2025-10-11 16:02:53.102][self$setPropertyValue] Setting property "scheduler.n" to "1". biodb.DEBUG[2025-10-11 16:02:53.103][self$setPropertyValue] Notifying observers about frequency change. biodb.DEBUG[2025-10-11 16:02:53.104][notifyObservers] Notify observers for notifyConnSchedulerFrequencyUpdated. biodb.DEBUG[2025-10-11 16:02:53.105][self$setPropertyValue] Setting property "scheduler.t" to "1". biodb.DEBUG[2025-10-11 16:02:53.106][self$setPropertyValue] Notifying observers about frequency change. biodb.DEBUG[2025-10-11 16:02:53.107][notifyObservers] Notify observers for notifyConnSchedulerFrequencyUpdated. biodb.DEBUG[2025-10-11 16:02:53.107][self$setPropertyValue] Setting property "token" to "NA". biodb.DEBUG[2025-10-11 16:02:53.108][self$setPropertyValue] Setting property "urls" to "<NULL>". biodb.DEBUG[2025-10-11 16:02:53.109][self$setPropertyValue] Notifying observers about URLs change. biodb.DEBUG[2025-10-11 16:02:53.110][notifyObservers] Notify observers for notifyConnUrlsUpdated. biodb.DEBUG[2025-10-11 16:02:53.111][self$setPropertyValue] Setting property "writable" to "TRUE". biodb.DEBUG[2025-10-11 16:02:53.112][self$setPropertyValue] Setting property "xml.ns" to "<NULL>". biodb.DEBUG[2025-10-11 16:02:53.113][self$getDbsInfo()$define] Define connector comp.sqlite. biodb.DEBUG[2025-10-11 16:02:53.115][self$setPropertyValue] Setting property "compound.db" to "TRUE". biodb.DEBUG[2025-10-11 16:02:53.116][self$setPropertyValue] Setting property "description" to "A connector to handle a compound database stored inside an SQLite file.". biodb.DEBUG[2025-10-11 16:02:53.117][self$setPropertyValue] Setting property "disabled" to "FALSE". biodb.DEBUG[2025-10-11 16:02:53.118][self$setPropertyValue] Setting property "disabling.reason" to "". biodb.DEBUG[2025-10-11 16:02:53.119][self$setPropertyValue] Setting property "downloadable" to "FALSE". biodb.DEBUG[2025-10-11 16:02:53.119][self$setPropertyValue] Setting property "dwnld.ext" to "NA". biodb.DEBUG[2025-10-11 16:02:53.120][self$setPropertyValue] Setting property "editable" to "TRUE". biodb.DEBUG[2025-10-11 16:02:53.126][self$setPropertyValue] Setting property "entry.content.encoding" to "NA". biodb.DEBUG[2025-10-11 16:02:53.127][self$setPropertyValue] Setting property "entry.content.type" to "list". biodb.DEBUG[2025-10-11 16:02:53.128][self$setPropertyValue] Setting property "matching.fields" to "c("peak.mztheo", "peak.mzexp")". biodb.DEBUG[2025-10-11 16:02:53.129][self$setPropertyValue] Setting property "mass.db" to "FALSE". biodb.DEBUG[2025-10-11 16:02:53.130][self$setPropertyValue] Setting property "name" to "Compound SQLite". biodb.DEBUG[2025-10-11 16:02:53.130][self$setPropertyValue] Setting property "package" to "biodb". biodb.DEBUG[2025-10-11 16:02:53.131][self$setPropertyValue] Setting property "parsing.expr" to "<NULL>". biodb.DEBUG[2025-10-11 16:02:53.132][self$setPropertyValue] Setting property "remote" to "FALSE". biodb.DEBUG[2025-10-11 16:02:53.133][self$setPropertyValue] Setting property "searchable.fields" to "name". biodb.DEBUG[2025-10-11 16:02:53.133][self$setPropertyValue] Setting property "searchable.fields" to "monoisotopic.mass". biodb.DEBUG[2025-10-11 16:02:53.133][self$setPropertyValue] Setting property "searchable.fields" to "molecular.mass". biodb.DEBUG[2025-10-11 16:02:53.133][self$setPropertyValue] Setting property "searchable.fields" to "average.mass". biodb.DEBUG[2025-10-11 16:02:53.133][self$setPropertyValue] Setting property "searchable.fields" to "nominal.mass". biodb.DEBUG[2025-10-11 16:02:53.134][self$setPropertyValue] Setting property "scheduler.n" to "1". biodb.DEBUG[2025-10-11 16:02:53.135][self$setPropertyValue] Notifying observers about frequency change. biodb.DEBUG[2025-10-11 16:02:53.136][notifyObservers] Notify observers for notifyConnSchedulerFrequencyUpdated. biodb.DEBUG[2025-10-11 16:02:53.137][self$setPropertyValue] Setting property "scheduler.t" to "1". biodb.DEBUG[2025-10-11 16:02:53.138][self$setPropertyValue] Notifying observers about frequency change. biodb.DEBUG[2025-10-11 16:02:53.139][notifyObservers] Notify observers for notifyConnSchedulerFrequencyUpdated. biodb.DEBUG[2025-10-11 16:02:53.140][self$setPropertyValue] Setting property "token" to "NA". biodb.DEBUG[2025-10-11 16:02:53.141][self$setPropertyValue] Setting property "urls" to "<NULL>". biodb.DEBUG[2025-10-11 16:02:53.141][self$setPropertyValue] Notifying observers about URLs change. biodb.DEBUG[2025-10-11 16:02:53.142][notifyObservers] Notify observers for notifyConnUrlsUpdated. biodb.DEBUG[2025-10-11 16:02:53.143][self$setPropertyValue] Setting property "writable" to "TRUE". biodb.DEBUG[2025-10-11 16:02:53.144][self$setPropertyValue] Setting property "xml.ns" to "<NULL>". biodb.DEBUG[2025-10-11 16:02:53.145][self$getDbsInfo()$define] Define connector mass.csv.file. biodb.DEBUG[2025-10-11 16:02:53.147][self$setPropertyValue] Setting property "compound.db" to "FALSE". biodb.DEBUG[2025-10-11 16:02:53.148][self$setPropertyValue] Setting property "description" to "A connector to handle a mass spectra database stored inside a CSV file. It is possible to choose the separator for the CSV file, as well as match the column names with the biodb entry fields..". biodb.DEBUG[2025-10-11 16:02:53.149][self$setPropertyValue] Setting property "disabled" to "FALSE". biodb.DEBUG[2025-10-11 16:02:53.150][self$setPropertyValue] Setting property "disabling.reason" to "". biodb.DEBUG[2025-10-11 16:02:53.151][self$setPropertyValue] Setting property "downloadable" to "FALSE". biodb.DEBUG[2025-10-11 16:02:53.152][self$setPropertyValue] Setting property "dwnld.ext" to "NA". biodb.DEBUG[2025-10-11 16:02:53.153][self$setPropertyValue] Setting property "editable" to "TRUE". biodb.DEBUG[2025-10-11 16:02:53.153][self$setPropertyValue] Setting property "entry.content.encoding" to "NA". biodb.DEBUG[2025-10-11 16:02:53.154][self$setPropertyValue] Setting property "entry.content.type" to "tsv". biodb.DEBUG[2025-10-11 16:02:53.155][self$setPropertyValue] Setting property "matching.fields" to "c("peak.mztheo", "peak.mzexp")". biodb.DEBUG[2025-10-11 16:02:53.156][self$setPropertyValue] Setting property "mass.db" to "TRUE". biodb.DEBUG[2025-10-11 16:02:53.157][self$setPropertyValue] Setting property "name" to "Mass spectra CSV File". biodb.DEBUG[2025-10-11 16:02:53.158][self$setPropertyValue] Setting property "package" to "biodb". biodb.DEBUG[2025-10-11 16:02:53.159][self$setPropertyValue] Setting property "parsing.expr" to "<NULL>". biodb.DEBUG[2025-10-11 16:02:53.160][self$setPropertyValue] Setting property "remote" to "FALSE". biodb.DEBUG[2025-10-11 16:02:53.161][self$setPropertyValue] Setting property "searchable.fields" to "<NULL>". biodb.DEBUG[2025-10-11 16:02:53.162][self$setPropertyValue] Setting property "scheduler.n" to "1". biodb.DEBUG[2025-10-11 16:02:53.163][self$setPropertyValue] Notifying observers about frequency change. biodb.DEBUG[2025-10-11 16:02:53.164][notifyObservers] Notify observers for notifyConnSchedulerFrequencyUpdated. biodb.DEBUG[2025-10-11 16:02:53.165][self$setPropertyValue] Setting property "scheduler.t" to "1". biodb.DEBUG[2025-10-11 16:02:53.165][self$setPropertyValue] Notifying observers about frequency change. biodb.DEBUG[2025-10-11 16:02:53.166][notifyObservers] Notify observers for notifyConnSchedulerFrequencyUpdated. biodb.DEBUG[2025-10-11 16:02:53.167][self$setPropertyValue] Setting property "token" to "NA". biodb.DEBUG[2025-10-11 16:02:53.168][self$setPropertyValue] Setting property "urls" to "<NULL>". biodb.DEBUG[2025-10-11 16:02:53.169][self$setPropertyValue] Notifying observers about URLs change. biodb.DEBUG[2025-10-11 16:02:53.170][notifyObservers] Notify observers for notifyConnUrlsUpdated. biodb.DEBUG[2025-10-11 16:02:53.171][self$setPropertyValue] Setting property "writable" to "TRUE". biodb.DEBUG[2025-10-11 16:02:53.172][self$setPropertyValue] Setting property "xml.ns" to "<NULL>". biodb.DEBUG[2025-10-11 16:02:53.173][self$getDbsInfo()$define] Define connector mass.sqlite. biodb.DEBUG[2025-10-11 16:02:53.174][self$setPropertyValue] Setting property "compound.db" to "FALSE". biodb.DEBUG[2025-10-11 16:02:53.175][self$setPropertyValue] Setting property "description" to "A connector to handle a mass spectra database stored inside an SQLite file.". biodb.DEBUG[2025-10-11 16:02:53.176][self$setPropertyValue] Setting property "disabled" to "FALSE". biodb.DEBUG[2025-10-11 16:02:53.177][self$setPropertyValue] Setting property "disabling.reason" to "". biodb.DEBUG[2025-10-11 16:02:53.178][self$setPropertyValue] Setting property "downloadable" to "FALSE". biodb.DEBUG[2025-10-11 16:02:53.179][self$setPropertyValue] Setting property "dwnld.ext" to "NA". biodb.DEBUG[2025-10-11 16:02:53.180][self$setPropertyValue] Setting property "editable" to "TRUE". biodb.DEBUG[2025-10-11 16:02:53.181][self$setPropertyValue] Setting property "entry.content.encoding" to "NA". biodb.DEBUG[2025-10-11 16:02:53.182][self$setPropertyValue] Setting property "entry.content.type" to "list". biodb.DEBUG[2025-10-11 16:02:53.183][self$setPropertyValue] Setting property "matching.fields" to "c("peak.mztheo", "peak.mzexp")". biodb.DEBUG[2025-10-11 16:02:53.184][self$setPropertyValue] Setting property "mass.db" to "TRUE". biodb.DEBUG[2025-10-11 16:02:53.185][self$setPropertyValue] Setting property "name" to "Mass spectra SQLite". biodb.DEBUG[2025-10-11 16:02:53.186][self$setPropertyValue] Setting property "package" to "biodb". biodb.DEBUG[2025-10-11 16:02:53.187][self$setPropertyValue] Setting property "parsing.expr" to "<NULL>". biodb.DEBUG[2025-10-11 16:02:53.188][self$setPropertyValue] Setting property "remote" to "FALSE". biodb.DEBUG[2025-10-11 16:02:53.188][self$setPropertyValue] Setting property "searchable.fields" to "<NULL>". biodb.DEBUG[2025-10-11 16:02:53.189][self$setPropertyValue] Setting property "scheduler.n" to "1". biodb.DEBUG[2025-10-11 16:02:53.190][self$setPropertyValue] Notifying observers about frequency change. biodb.DEBUG[2025-10-11 16:02:53.191][notifyObservers] Notify observers for notifyConnSchedulerFrequencyUpdated. biodb.DEBUG[2025-10-11 16:02:53.192][self$setPropertyValue] Setting property "scheduler.t" to "1". biodb.DEBUG[2025-10-11 16:02:53.193][self$setPropertyValue] Notifying observers about frequency change. biodb.DEBUG[2025-10-11 16:02:53.194][notifyObservers] Notify observers for notifyConnSchedulerFrequencyUpdated. biodb.DEBUG[2025-10-11 16:02:53.195][self$setPropertyValue] Setting property "token" to "NA". biodb.DEBUG[2025-10-11 16:02:53.196][self$setPropertyValue] Setting property "urls" to "<NULL>". biodb.DEBUG[2025-10-11 16:02:53.197][self$setPropertyValue] Notifying observers about URLs change. biodb.DEBUG[2025-10-11 16:02:53.197][notifyObservers] Notify observers for notifyConnUrlsUpdated. biodb.DEBUG[2025-10-11 16:02:53.198][self$setPropertyValue] Setting property "writable" to "TRUE". biodb.DEBUG[2025-10-11 16:02:53.199][self$setPropertyValue] Setting property "xml.ns" to "<NULL>". biodb.DEBUG[2025-10-11 16:02:53.203][notifyObservers] Notify observers for notifyNewObservers. biodb.DEBUG[2025-10-11 16:02:53.204][FUN] Trying to call function notifyNewObservers on observer BiodbConfig. biodb.DEBUG[2025-10-11 16:02:53.205][FUN] Functions in observer BiodbConfig: [21]: ".__enclos_env__, clone, terminate, notifyNewObservers, define, getAssocEnvVar, listKeys, print, disable, enable, reset, set, get, isEnabled, isDefined, hasKey, getDefaultValue, getDescription, getTitle, getKeys, initialize". biodb.DEBUG[2025-10-11 16:02:53.205][notifyObservers] Notify observers for notifyCfgUpdate. biodb.DEBUG[2025-10-11 16:02:53.206][FUN] Trying to call function notifyCfgUpdate on observer BiodbEntryFields. biodb.DEBUG[2025-10-11 16:02:53.207][FUN] Functions in observer BiodbEntryFields: [15]: ".__enclos_env__, clone, terminate, define, print, getDatabaseIdField, getFieldNames, get, getRealName, checkIsDefined, isDefined, formatName, isAlias, notifyCfgUpdate, initialize". biodb.DEBUG[2025-10-11 16:02:53.208][FUN] Trying to call function notifyCfgUpdate on observer BiodbConfig. biodb.DEBUG[2025-10-11 16:02:53.209][FUN] Functions in observer BiodbConfig: [21]: ".__enclos_env__, clone, terminate, notifyNewObservers, define, getAssocEnvVar, listKeys, print, disable, enable, reset, set, get, isEnabled, isDefined, hasKey, getDefaultValue, getDescription, getTitle, getKeys, initialize". biodb.DEBUG[2025-10-11 16:02:53.210][notifyObservers] Notify observers for notifyCfgUpdate. biodb.DEBUG[2025-10-11 16:02:53.210][FUN] Trying to call function notifyCfgUpdate on observer BiodbEntryFields. biodb.DEBUG[2025-10-11 16:02:53.211][FUN] Functions in observer BiodbEntryFields: [15]: ".__enclos_env__, clone, terminate, define, print, getDatabaseIdField, getFieldNames, get, getRealName, checkIsDefined, isDefined, formatName, isAlias, notifyCfgUpdate, initialize". biodb.DEBUG[2025-10-11 16:02:53.212][FUN] Trying to call function notifyCfgUpdate on observer BiodbConfig. biodb.DEBUG[2025-10-11 16:02:53.213][FUN] Functions in observer BiodbConfig: [21]: ".__enclos_env__, clone, terminate, notifyNewObservers, define, getAssocEnvVar, listKeys, print, disable, enable, reset, set, get, isEnabled, isDefined, hasKey, getDefaultValue, getDescription, getTitle, getKeys, initialize". biodb.DEBUG[2025-10-11 16:02:53.214][notifyObservers] Notify observers for notifyCfgUpdate. biodb.DEBUG[2025-10-11 16:02:53.215][FUN] Trying to call function notifyCfgUpdate on observer BiodbEntryFields. biodb.DEBUG[2025-10-11 16:02:53.216][FUN] Functions in observer BiodbEntryFields: [15]: ".__enclos_env__, clone, terminate, define, print, getDatabaseIdField, getFieldNames, get, getRealName, checkIsDefined, isDefined, formatName, isAlias, notifyCfgUpdate, initialize". biodb.DEBUG[2025-10-11 16:02:53.216][FUN] Trying to call function notifyCfgUpdate on observer BiodbConfig. biodb.DEBUG[2025-10-11 16:02:53.217][FUN] Functions in observer BiodbConfig: [21]: ".__enclos_env__, clone, terminate, notifyNewObservers, define, getAssocEnvVar, listKeys, print, disable, enable, reset, set, get, isEnabled, isDefined, hasKey, getDefaultValue, getDescription, getTitle, getKeys, initialize". biodb.DEBUG[2025-10-11 16:02:53.218][notifyObservers] Notify observers for notifyCfgUpdate. biodb.DEBUG[2025-10-11 16:02:53.219][FUN] Trying to call function notifyCfgUpdate on observer BiodbEntryFields. biodb.DEBUG[2025-10-11 16:02:53.220][FUN] Functions in observer BiodbEntryFields: [15]: ".__enclos_env__, clone, terminate, define, print, getDatabaseIdField, getFieldNames, get, getRealName, checkIsDefined, isDefined, formatName, isAlias, notifyCfgUpdate, initialize". biodb.DEBUG[2025-10-11 16:02:53.221][FUN] Trying to call function notifyCfgUpdate on observer BiodbConfig. biodb.DEBUG[2025-10-11 16:02:53.221][FUN] Functions in observer BiodbConfig: [21]: ".__enclos_env__, clone, terminate, notifyNewObservers, define, getAssocEnvVar, listKeys, print, disable, enable, reset, set, get, isEnabled, isDefined, hasKey, getDefaultValue, getDescription, getTitle, getKeys, initialize". biodb.DEBUG[2025-10-11 16:02:53.222][notifyObservers] Notify observers for notifyCfgUpdate. biodb.DEBUG[2025-10-11 16:02:53.223][FUN] Trying to call function notifyCfgUpdate on observer BiodbEntryFields. biodb.DEBUG[2025-10-11 16:02:53.224][FUN] Functions in observer BiodbEntryFields: [15]: ".__enclos_env__, clone, terminate, define, print, getDatabaseIdField, getFieldNames, get, getRealName, checkIsDefined, isDefined, formatName, isAlias, notifyCfgUpdate, initialize". biodb.DEBUG[2025-10-11 16:02:53.225][FUN] Trying to call function notifyCfgUpdate on observer BiodbConfig. biodb.DEBUG[2025-10-11 16:02:53.226][FUN] Functions in observer BiodbConfig: [21]: ".__enclos_env__, clone, terminate, notifyNewObservers, define, getAssocEnvVar, listKeys, print, disable, enable, reset, set, get, isEnabled, isDefined, hasKey, getDefaultValue, getDescription, getTitle, getKeys, initialize". biodb.DEBUG[2025-10-11 16:02:53.226][notifyObservers] Notify observers for notifyCfgUpdate. biodb.DEBUG[2025-10-11 16:02:53.227][FUN] Trying to call function notifyCfgUpdate on observer BiodbEntryFields. biodb.DEBUG[2025-10-11 16:02:53.228][FUN] Functions in observer BiodbEntryFields: [15]: ".__enclos_env__, clone, terminate, define, print, getDatabaseIdField, getFieldNames, get, getRealName, checkIsDefined, isDefined, formatName, isAlias, notifyCfgUpdate, initialize". biodb.DEBUG[2025-10-11 16:02:53.229][FUN] Trying to call function notifyCfgUpdate on observer BiodbConfig. biodb.DEBUG[2025-10-11 16:02:53.230][FUN] Functions in observer BiodbConfig: [21]: ".__enclos_env__, clone, terminate, notifyNewObservers, define, getAssocEnvVar, listKeys, print, disable, enable, reset, set, get, isEnabled, isDefined, hasKey, getDefaultValue, getDescription, getTitle, getKeys, initialize". biodb.DEBUG[2025-10-11 16:02:53.231][notifyObservers] Notify observers for notifyCfgUpdate. biodb.DEBUG[2025-10-11 16:02:53.232][FUN] Trying to call function notifyCfgUpdate on observer BiodbEntryFields. biodb.DEBUG[2025-10-11 16:02:53.232][FUN] Functions in observer BiodbEntryFields: [15]: ".__enclos_env__, clone, terminate, define, print, getDatabaseIdField, getFieldNames, get, getRealName, checkIsDefined, isDefined, formatName, isAlias, notifyCfgUpdate, initialize". biodb.DEBUG[2025-10-11 16:02:53.233][FUN] Trying to call function notifyCfgUpdate on observer BiodbConfig. biodb.DEBUG[2025-10-11 16:02:53.234][FUN] Functions in observer BiodbConfig: [21]: ".__enclos_env__, clone, terminate, notifyNewObservers, define, getAssocEnvVar, listKeys, print, disable, enable, reset, set, get, isEnabled, isDefined, hasKey, getDefaultValue, getDescription, getTitle, getKeys, initialize". biodb.DEBUG[2025-10-11 16:02:53.235][notifyObservers] Notify observers for notifyCfgUpdate. biodb.DEBUG[2025-10-11 16:02:53.236][FUN] Trying to call function notifyCfgUpdate on observer BiodbEntryFields. biodb.DEBUG[2025-10-11 16:02:53.237][FUN] Functions in observer BiodbEntryFields: [15]: ".__enclos_env__, clone, terminate, define, print, getDatabaseIdField, getFieldNames, get, getRealName, checkIsDefined, isDefined, formatName, isAlias, notifyCfgUpdate, initialize". biodb.DEBUG[2025-10-11 16:02:53.237][FUN] Trying to call function notifyCfgUpdate on observer BiodbConfig. biodb.DEBUG[2025-10-11 16:02:53.238][FUN] Functions in observer BiodbConfig: [21]: ".__enclos_env__, clone, terminate, notifyNewObservers, define, getAssocEnvVar, listKeys, print, disable, enable, reset, set, get, isEnabled, isDefined, hasKey, getDefaultValue, getDescription, getTitle, getKeys, initialize". biodb.DEBUG[2025-10-11 16:02:53.239][notifyObservers] Notify observers for notifyCfgUpdate. biodb.DEBUG[2025-10-11 16:02:53.240][FUN] Trying to call function notifyCfgUpdate on observer BiodbEntryFields. biodb.DEBUG[2025-10-11 16:02:53.241][FUN] Functions in observer BiodbEntryFields: [15]: ".__enclos_env__, clone, terminate, define, print, getDatabaseIdField, getFieldNames, get, getRealName, checkIsDefined, isDefined, formatName, isAlias, notifyCfgUpdate, initialize". biodb.DEBUG[2025-10-11 16:02:53.242][FUN] Trying to call function notifyCfgUpdate on observer BiodbConfig. biodb.DEBUG[2025-10-11 16:02:53.243][FUN] Functions in observer BiodbConfig: [21]: ".__enclos_env__, clone, terminate, notifyNewObservers, define, getAssocEnvVar, listKeys, print, disable, enable, reset, set, get, isEnabled, isDefined, hasKey, getDefaultValue, getDescription, getTitle, getKeys, initialize". biodb.DEBUG[2025-10-11 16:02:53.243][notifyObservers] Notify observers for notifyCfgUpdate. biodb.DEBUG[2025-10-11 16:02:53.244][FUN] Trying to call function notifyCfgUpdate on observer BiodbEntryFields. biodb.DEBUG[2025-10-11 16:02:53.245][FUN] Functions in observer BiodbEntryFields: [15]: ".__enclos_env__, clone, terminate, define, print, getDatabaseIdField, getFieldNames, get, getRealName, checkIsDefined, isDefined, formatName, isAlias, notifyCfgUpdate, initialize". biodb.DEBUG[2025-10-11 16:02:53.246][FUN] Trying to call function notifyCfgUpdate on observer BiodbConfig. biodb.DEBUG[2025-10-11 16:02:53.247][FUN] Functions in observer BiodbConfig: [21]: ".__enclos_env__, clone, terminate, notifyNewObservers, define, getAssocEnvVar, listKeys, print, disable, enable, reset, set, get, isEnabled, isDefined, hasKey, getDefaultValue, getDescription, getTitle, getKeys, initialize". biodb.DEBUG[2025-10-11 16:02:53.248][notifyObservers] Notify observers for notifyCfgUpdate. biodb.DEBUG[2025-10-11 16:02:53.248][FUN] Trying to call function notifyCfgUpdate on observer BiodbEntryFields. biodb.DEBUG[2025-10-11 16:02:53.249][FUN] Functions in observer BiodbEntryFields: [15]: ".__enclos_env__, clone, terminate, define, print, getDatabaseIdField, getFieldNames, get, getRealName, checkIsDefined, isDefined, formatName, isAlias, notifyCfgUpdate, initialize". biodb.DEBUG[2025-10-11 16:02:53.250][FUN] Trying to call function notifyCfgUpdate on observer BiodbConfig. biodb.DEBUG[2025-10-11 16:02:53.251][FUN] Functions in observer BiodbConfig: [21]: ".__enclos_env__, clone, terminate, notifyNewObservers, define, getAssocEnvVar, listKeys, print, disable, enable, reset, set, get, isEnabled, isDefined, hasKey, getDefaultValue, getDescription, getTitle, getKeys, initialize". biodb.DEBUG[2025-10-11 16:02:53.252][notifyObservers] Notify observers for notifyCfgUpdate. biodb.DEBUG[2025-10-11 16:02:53.253][FUN] Trying to call function notifyCfgUpdate on observer BiodbEntryFields. biodb.DEBUG[2025-10-11 16:02:53.253][FUN] Functions in observer BiodbEntryFields: [15]: ".__enclos_env__, clone, terminate, define, print, getDatabaseIdField, getFieldNames, get, getRealName, checkIsDefined, isDefined, formatName, isAlias, notifyCfgUpdate, initialize". biodb.DEBUG[2025-10-11 16:02:53.254][FUN] Trying to call function notifyCfgUpdate on observer BiodbConfig. biodb.DEBUG[2025-10-11 16:02:53.255][FUN] Functions in observer BiodbConfig: [21]: ".__enclos_env__, clone, terminate, notifyNewObservers, define, getAssocEnvVar, listKeys, print, disable, enable, reset, set, get, isEnabled, isDefined, hasKey, getDefaultValue, getDescription, getTitle, getKeys, initialize". biodb.DEBUG[2025-10-11 16:02:53.256][notifyObservers] Notify observers for notifyCfgUpdate. biodb.DEBUG[2025-10-11 16:02:53.257][FUN] Trying to call function notifyCfgUpdate on observer BiodbEntryFields. biodb.DEBUG[2025-10-11 16:02:53.258][FUN] Functions in observer BiodbEntryFields: [15]: ".__enclos_env__, clone, terminate, define, print, getDatabaseIdField, getFieldNames, get, getRealName, checkIsDefined, isDefined, formatName, isAlias, notifyCfgUpdate, initialize". biodb.DEBUG[2025-10-11 16:02:53.259][FUN] Trying to call function notifyCfgUpdate on observer BiodbConfig. biodb.DEBUG[2025-10-11 16:02:53.259][FUN] Functions in observer BiodbConfig: [21]: ".__enclos_env__, clone, terminate, notifyNewObservers, define, getAssocEnvVar, listKeys, print, disable, enable, reset, set, get, isEnabled, isDefined, hasKey, getDefaultValue, getDescription, getTitle, getKeys, initialize". biodb.DEBUG[2025-10-11 16:02:53.260][notifyObservers] Notify observers for notifyCfgUpdate. biodb.DEBUG[2025-10-11 16:02:53.261][FUN] Trying to call function notifyCfgUpdate on observer BiodbEntryFields. biodb.DEBUG[2025-10-11 16:02:53.262][FUN] Functions in observer BiodbEntryFields: [15]: ".__enclos_env__, clone, terminate, define, print, getDatabaseIdField, getFieldNames, get, getRealName, checkIsDefined, isDefined, formatName, isAlias, notifyCfgUpdate, initialize". biodb.DEBUG[2025-10-11 16:02:53.263][FUN] Trying to call function notifyCfgUpdate on observer BiodbConfig. biodb.DEBUG[2025-10-11 16:02:53.264][FUN] Functions in observer BiodbConfig: [21]: ".__enclos_env__, clone, terminate, notifyNewObservers, define, getAssocEnvVar, listKeys, print, disable, enable, reset, set, get, isEnabled, isDefined, hasKey, getDefaultValue, getDescription, getTitle, getKeys, initialize". biodb.DEBUG[2025-10-11 16:02:53.264][notifyObservers] Notify observers for notifyCfgUpdate. biodb.DEBUG[2025-10-11 16:02:53.265][FUN] Trying to call function notifyCfgUpdate on observer BiodbEntryFields. biodb.DEBUG[2025-10-11 16:02:53.266][FUN] Functions in observer BiodbEntryFields: [15]: ".__enclos_env__, clone, terminate, define, print, getDatabaseIdField, getFieldNames, get, getRealName, checkIsDefined, isDefined, formatName, isAlias, notifyCfgUpdate, initialize". biodb.DEBUG[2025-10-11 16:02:53.267][FUN] Trying to call function notifyCfgUpdate on observer BiodbConfig. biodb.DEBUG[2025-10-11 16:02:53.268][FUN] Functions in observer BiodbConfig: [21]: ".__enclos_env__, clone, terminate, notifyNewObservers, define, getAssocEnvVar, listKeys, print, disable, enable, reset, set, get, isEnabled, isDefined, hasKey, getDefaultValue, getDescription, getTitle, getKeys, initialize". biodb.DEBUG[2025-10-11 16:02:53.269][notifyObservers] Notify observers for notifyCfgUpdate. biodb.DEBUG[2025-10-11 16:02:53.270][FUN] Trying to call function notifyCfgUpdate on observer BiodbEntryFields. biodb.DEBUG[2025-10-11 16:02:53.270][FUN] Functions in observer BiodbEntryFields: [15]: ".__enclos_env__, clone, terminate, define, print, getDatabaseIdField, getFieldNames, get, getRealName, checkIsDefined, isDefined, formatName, isAlias, notifyCfgUpdate, initialize". biodb.DEBUG[2025-10-11 16:02:53.271][FUN] Trying to call function notifyCfgUpdate on observer BiodbConfig. biodb.DEBUG[2025-10-11 16:02:53.272][FUN] Functions in observer BiodbConfig: [21]: ".__enclos_env__, clone, terminate, notifyNewObservers, define, getAssocEnvVar, listKeys, print, disable, enable, reset, set, get, isEnabled, isDefined, hasKey, getDefaultValue, getDescription, getTitle, getKeys, initialize". biodb.DEBUG[2025-10-11 16:02:53.273][self$getEntryFields()$define] Define field accession. biodb.DEBUG[2025-10-11 16:02:53.277][self$getEntryFields()$define] Define field description. biodb.DEBUG[2025-10-11 16:02:53.279][self$getEntryFields()$define] Define field name. biodb.DEBUG[2025-10-11 16:02:53.284][self$getEntryFields()$define] Define field cas.id. biodb.DEBUG[2025-10-11 16:02:53.285][self$getEntryFields()$define] Define field chebi.id. biodb.DEBUG[2025-10-11 16:02:53.287][self$getEntryFields()$define] Define field chemspider.id. biodb.DEBUG[2025-10-11 16:02:53.288][self$getEntryFields()$define] Define field comp.csv.file.id. biodb.DEBUG[2025-10-11 16:02:53.297][self$getEntryFields()$define] Define field comp.sqlite.id. biodb.DEBUG[2025-10-11 16:02:53.299][self$getEntryFields()$define] Define field expasy.enzyme.id. biodb.DEBUG[2025-10-11 16:02:53.301][self$getEntryFields()$define] Define field hmdb.metabolites.id. biodb.DEBUG[2025-10-11 16:02:53.303][self$getEntryFields()$define] Define field kegg.compound.id. biodb.DEBUG[2025-10-11 16:02:53.304][self$getEntryFields()$define] Define field kegg.genes.id. biodb.DEBUG[2025-10-11 16:02:53.306][self$getEntryFields()$define] Define field mass.csv.file.id. biodb.DEBUG[2025-10-11 16:02:53.307][self$getEntryFields()$define] Define field mass.sqlite.id. biodb.DEBUG[2025-10-11 16:02:53.309][self$getEntryFields()$define] Define field ncbi.gene.id. biodb.DEBUG[2025-10-11 16:02:53.311][self$getEntryFields()$define] Define field ncbi.pubchem.comp.id. biodb.DEBUG[2025-10-11 16:02:53.313][self$getEntryFields()$define] Define field compound.id. biodb.DEBUG[2025-10-11 16:02:53.315][self$getEntryFields()$define] Define field average.mass. biodb.DEBUG[2025-10-11 16:02:53.316][self$getEntryFields()$define] Define field molecular.mass. biodb.DEBUG[2025-10-11 16:02:53.318][self$getEntryFields()$define] Define field monoisotopic.mass. biodb.DEBUG[2025-10-11 16:02:53.319][self$getEntryFields()$define] Define field nominal.mass. biodb.DEBUG[2025-10-11 16:02:53.321][self$getEntryFields()$define] Define field peak.attr. biodb.DEBUG[2025-10-11 16:02:53.322][self$getEntryFields()$define] Define field peak.comp. biodb.DEBUG[2025-10-11 16:02:53.324][self$getEntryFields()$define] Define field peak.error.ppm. biodb.DEBUG[2025-10-11 16:02:53.325][self$getEntryFields()$define] Define field peak.formula. biodb.DEBUG[2025-10-11 16:02:53.327][self$getEntryFields()$define] Define field peak.intensity. biodb.DEBUG[2025-10-11 16:02:53.328][self$getEntryFields()$define] Define field peak.mass. biodb.DEBUG[2025-10-11 16:02:53.330][self$getEntryFields()$define] Define field peak.mztheo. biodb.DEBUG[2025-10-11 16:02:53.331][self$getEntryFields()$define] Define field peak.mzexp. biodb.DEBUG[2025-10-11 16:02:53.333][self$getEntryFields()$define] Define field peak.mz. biodb.DEBUG[2025-10-11 16:02:53.334][self$getEntryFields()$define] Define field peak.relative.intensity. biodb.DEBUG[2025-10-11 16:02:53.336][self$getEntryFields()$define] Define field peaks. biodb.DEBUG[2025-10-11 16:02:53.337][self$getEntryFields()$define] Define field chrom.col.constructor. biodb.DEBUG[2025-10-11 16:02:53.339][self$getEntryFields()$define] Define field chrom.col.diameter. biodb.DEBUG[2025-10-11 16:02:53.340][self$getEntryFields()$define] Define field chrom.col.id. biodb.DEBUG[2025-10-11 16:02:53.342][self$getEntryFields()$define] Define field chrom.col.length. biodb.DEBUG[2025-10-11 16:02:53.343][self$getEntryFields()$define] Define field chrom.col.method.protocol. biodb.DEBUG[2025-10-11 16:02:53.344][self$getEntryFields()$define] Define field chrom.col.name. biodb.DEBUG[2025-10-11 16:02:53.346][self$getEntryFields()$define] Define field chrom.flow.gradient. biodb.DEBUG[2025-10-11 16:02:53.347][self$getEntryFields()$define] Define field chrom.flow.rate. biodb.DEBUG[2025-10-11 16:02:53.349][self$getEntryFields()$define] Define field chrom.rt. biodb.DEBUG[2025-10-11 16:02:53.350][self$getEntryFields()$define] Define field chrom.rt.max. biodb.DEBUG[2025-10-11 16:02:53.352][self$getEntryFields()$define] Define field chrom.rt.min. biodb.DEBUG[2025-10-11 16:02:53.353][self$getEntryFields()$define] Define field chrom.rt.unit. biodb.DEBUG[2025-10-11 16:02:53.355][self$getEntryFields()$define] Define field chrom.solvent. biodb.DEBUG[2025-10-11 16:02:53.356][self$getEntryFields()$define] Define field aa.seq. biodb.DEBUG[2025-10-11 16:02:53.358][self$getEntryFields()$define] Define field aa.seq.length. biodb.DEBUG[2025-10-11 16:02:53.359][self$getEntryFields()$define] Define field aa.seq.location. biodb.DEBUG[2025-10-11 16:02:53.361][self$getEntryFields()$define] Define field nt.seq. biodb.DEBUG[2025-10-11 16:02:53.362][self$getEntryFields()$define] Define field nt.seq.length. biodb.DEBUG[2025-10-11 16:02:53.364][self$getEntryFields()$define] Define field ec. biodb.DEBUG[2025-10-11 16:02:53.365][self$getEntryFields()$define] Define field organism. biodb.DEBUG[2025-10-11 16:02:53.366][self$getEntryFields()$define] Define field pathway.class. biodb.DEBUG[2025-10-11 16:02:53.368][self$getEntryFields()$define] Define field catalytic.activity. biodb.DEBUG[2025-10-11 16:02:53.369][self$getEntryFields()$define] Define field cofactor. biodb.DEBUG[2025-10-11 16:02:53.371][self$getEntryFields()$define] Define field gene.symbol. biodb.DEBUG[2025-10-11 16:02:53.372][self$getEntryFields()$define] Define field charge. biodb.DEBUG[2025-10-11 16:02:53.374][self$getEntryFields()$define] Define field comp.iupac.name.allowed. biodb.DEBUG[2025-10-11 16:02:53.375][self$getEntryFields()$define] Define field comp.iupac.name.cas. biodb.DEBUG[2025-10-11 16:02:53.377][self$getEntryFields()$define] Define field comp.iupac.name.pref. biodb.DEBUG[2025-10-11 16:02:53.378][self$getEntryFields()$define] Define field comp.iupac.name.syst. biodb.DEBUG[2025-10-11 16:02:53.380][self$getEntryFields()$define] Define field comp.iupac.name.trad. biodb.DEBUG[2025-10-11 16:02:53.381][self$getEntryFields()$define] Define field comp.super.class. biodb.DEBUG[2025-10-11 16:02:53.382][self$getEntryFields()$define] Define field equation. biodb.DEBUG[2025-10-11 16:02:53.384][self$getEntryFields()$define] Define field formula. biodb.DEBUG[2025-10-11 16:02:53.385][self$getEntryFields()$define] Define field composition. biodb.DEBUG[2025-10-11 16:02:53.387][self$getEntryFields()$define] Define field inchi. biodb.DEBUG[2025-10-11 16:02:53.388][self$getEntryFields()$define] Define field inchikey. biodb.DEBUG[2025-10-11 16:02:53.390][self$getEntryFields()$define] Define field logp. biodb.DEBUG[2025-10-11 16:02:53.391][self$getEntryFields()$define] Define field ms.level. biodb.DEBUG[2025-10-11 16:02:53.393][self$getEntryFields()$define] Define field ms.mode. biodb.DEBUG[2025-10-11 16:02:53.394][self$getEntryFields()$define] Define field msdev. biodb.DEBUG[2025-10-11 16:02:53.395][self$getEntryFields()$define] Define field msdevtype. biodb.DEBUG[2025-10-11 16:02:53.397][self$getEntryFields()$define] Define field msprecannot. biodb.DEBUG[2025-10-11 16:02:53.398][self$getEntryFields()$define] Define field msprecmz. biodb.DEBUG[2025-10-11 16:02:53.400][self$getEntryFields()$define] Define field mstype. biodb.DEBUG[2025-10-11 16:02:53.401][self$getEntryFields()$define] Define field nb.compounds. biodb.DEBUG[2025-10-11 16:02:53.403][self$getEntryFields()$define] Define field nb.peaks. biodb.DEBUG[2025-10-11 16:02:53.404][self$getEntryFields()$define] Define field products. biodb.DEBUG[2025-10-11 16:02:53.406][self$getEntryFields()$define] Define field smiles. biodb.DEBUG[2025-10-11 16:02:53.407][self$getEntryFields()$define] Define field smiles.canonical. biodb.DEBUG[2025-10-11 16:02:53.408][self$getEntryFields()$define] Define field smiles.isomeric. biodb.DEBUG[2025-10-11 16:02:53.410][self$getEntryFields()$define] Define field substrates. biodb.DEBUG[2025-10-11 16:02:53.417][initialize] Created successfully new BiodbMain instance. biodb.DEBUG[2025-10-11 16:02:53.420][initialize] This is biodb version 1.16.1. biodb.DEBUG[2025-10-11 16:02:53.423][notifyObservers] Notify observers for notifyNewObservers. biodb.DEBUG[2025-10-11 16:02:53.424][FUN] Trying to call function notifyNewObservers on observer BiodbEntryFields. biodb.DEBUG[2025-10-11 16:02:53.425][FUN] Functions in observer BiodbEntryFields: [15]: ".__enclos_env__, clone, terminate, define, print, getDatabaseIdField, getFieldNames, get, getRealName, checkIsDefined, isDefined, formatName, isAlias, notifyCfgUpdate, initialize". biodb.DEBUG[2025-10-11 16:02:53.426][FUN] Trying to call function notifyNewObservers on observer BiodbConfig. biodb.DEBUG[2025-10-11 16:02:53.427][FUN] Functions in observer BiodbConfig: [21]: ".__enclos_env__, clone, terminate, notifyNewObservers, define, getAssocEnvVar, listKeys, print, disable, enable, reset, set, get, isEnabled, isDefined, hasKey, getDefaultValue, getDescription, getTitle, getKeys, initialize". biodb.DEBUG[2025-10-11 16:02:53.432][notifyObservers] Notify observers for notifyCfgUpdate. biodb.DEBUG[2025-10-11 16:02:53.433][FUN] Trying to call function notifyCfgUpdate on observer BiodbTestMsgAck. biodb.DEBUG[2025-10-11 16:02:53.434][FUN] Functions in observer BiodbTestMsgAck: [4]: ".__enclos_env__, clone, notifyProgress, initialize". biodb.DEBUG[2025-10-11 16:02:53.435][FUN] Trying to call function notifyCfgUpdate on observer BiodbEntryFields. biodb.DEBUG[2025-10-11 16:02:53.436][FUN] Functions in observer BiodbEntryFields: [15]: ".__enclos_env__, clone, terminate, define, print, getDatabaseIdField, getFieldNames, get, getRealName, checkIsDefined, isDefined, formatName, isAlias, notifyCfgUpdate, initialize". biodb.DEBUG[2025-10-11 16:02:53.437][FUN] Trying to call function notifyCfgUpdate on observer BiodbConfig. biodb.DEBUG[2025-10-11 16:02:53.438][FUN] Functions in observer BiodbConfig: [21]: ".__enclos_env__, clone, terminate, notifyNewObservers, define, getAssocEnvVar, listKeys, print, disable, enable, reset, set, get, isEnabled, isDefined, hasKey, getDefaultValue, getDescription, getTitle, getKeys, initialize". biodb.DEBUG[2025-10-11 16:02:53.439][notifyObservers] Notify observers for notifyCfgUpdate. biodb.DEBUG[2025-10-11 16:02:53.440][FUN] Trying to call function notifyCfgUpdate on observer BiodbTestMsgAck. biodb.DEBUG[2025-10-11 16:02:53.441][FUN] Functions in observer BiodbTestMsgAck: [4]: ".__enclos_env__, clone, notifyProgress, initialize". biodb.DEBUG[2025-10-11 16:02:53.442][FUN] Trying to call function notifyCfgUpdate on observer BiodbEntryFields. biodb.DEBUG[2025-10-11 16:02:53.442][FUN] Functions in observer BiodbEntryFields: [15]: ".__enclos_env__, clone, terminate, define, print, getDatabaseIdField, getFieldNames, get, getRealName, checkIsDefined, isDefined, formatName, isAlias, notifyCfgUpdate, initialize". biodb.DEBUG[2025-10-11 16:02:53.443][FUN] Trying to call function notifyCfgUpdate on observer BiodbConfig. biodb.DEBUG[2025-10-11 16:02:53.444][FUN] Functions in observer BiodbConfig: [21]: ".__enclos_env__, clone, terminate, notifyNewObservers, define, getAssocEnvVar, listKeys, print, disable, enable, reset, set, get, isEnabled, isDefined, hasKey, getDefaultValue, getDescription, getTitle, getKeys, initialize". biodb.DEBUG[2025-10-11 16:02:53.445][notifyObservers] Notify observers for notifyCfgUpdate. biodb.DEBUG[2025-10-11 16:02:53.446][FUN] Trying to call function notifyCfgUpdate on observer BiodbTestMsgAck. biodb.DEBUG[2025-10-11 16:02:53.447][FUN] Functions in observer BiodbTestMsgAck: [4]: ".__enclos_env__, clone, notifyProgress, initialize". biodb.DEBUG[2025-10-11 16:02:53.448][FUN] Trying to call function notifyCfgUpdate on observer BiodbEntryFields. biodb.DEBUG[2025-10-11 16:02:53.449][FUN] Functions in observer BiodbEntryFields: [15]: ".__enclos_env__, clone, terminate, define, print, getDatabaseIdField, getFieldNames, get, getRealName, checkIsDefined, isDefined, formatName, isAlias, notifyCfgUpdate, initialize". biodb.DEBUG[2025-10-11 16:02:53.450][FUN] Trying to call function notifyCfgUpdate on observer BiodbConfig. biodb.DEBUG[2025-10-11 16:02:53.451][FUN] Functions in observer BiodbConfig: [21]: ".__enclos_env__, clone, terminate, notifyNewObservers, define, getAssocEnvVar, listKeys, print, disable, enable, reset, set, get, isEnabled, isDefined, hasKey, getDefaultValue, getDescription, getTitle, getKeys, initialize". biodb.DEBUG[2025-10-11 16:02:53.452][notifyObservers] Notify observers for notifyCfgUpdate. biodb.DEBUG[2025-10-11 16:02:53.453][FUN] Trying to call function notifyCfgUpdate on observer BiodbTestMsgAck. biodb.DEBUG[2025-10-11 16:02:53.454][FUN] Functions in observer BiodbTestMsgAck: [4]: ".__enclos_env__, clone, notifyProgress, initialize". biodb.DEBUG[2025-10-11 16:02:53.455][FUN] Trying to call function notifyCfgUpdate on observer BiodbEntryFields. biodb.DEBUG[2025-10-11 16:02:53.455][FUN] Functions in observer BiodbEntryFields: [15]: ".__enclos_env__, clone, terminate, define, print, getDatabaseIdField, getFieldNames, get, getRealName, checkIsDefined, isDefined, formatName, isAlias, notifyCfgUpdate, initialize". biodb.DEBUG[2025-10-11 16:02:53.456][FUN] Trying to call function notifyCfgUpdate on observer BiodbConfig. biodb.DEBUG[2025-10-11 16:02:53.457][FUN] Functions in observer BiodbConfig: [21]: ".__enclos_env__, clone, terminate, notifyNewObservers, define, getAssocEnvVar, listKeys, print, disable, enable, reset, set, get, isEnabled, isDefined, hasKey, getDefaultValue, getDescription, getTitle, getKeys, initialize". biodb.DEBUG[2025-10-11 16:02:53.458][notifyObservers] Notify observers for notifyCfgUpdate. biodb.DEBUG[2025-10-11 16:02:53.472][FUN] Trying to call function notifyCfgUpdate on observer BiodbTestMsgAck. biodb.DEBUG[2025-10-11 16:02:53.473][FUN] Functions in observer BiodbTestMsgAck: [4]: ".__enclos_env__, clone, notifyProgress, initialize". biodb.DEBUG[2025-10-11 16:02:53.474][FUN] Trying to call function notifyCfgUpdate on observer BiodbEntryFields. biodb.DEBUG[2025-10-11 16:02:53.475][FUN] Functions in observer BiodbEntryFields: [15]: ".__enclos_env__, clone, terminate, define, print, getDatabaseIdField, getFieldNames, get, getRealName, checkIsDefined, isDefined, formatName, isAlias, notifyCfgUpdate, initialize". biodb.DEBUG[2025-10-11 16:02:53.476][FUN] Trying to call function notifyCfgUpdate on observer BiodbConfig. biodb.DEBUG[2025-10-11 16:02:53.477][FUN] Functions in observer BiodbConfig: [21]: ".__enclos_env__, clone, terminate, notifyNewObservers, define, getAssocEnvVar, listKeys, print, disable, enable, reset, set, get, isEnabled, isDefined, hasKey, getDefaultValue, getDescription, getTitle, getKeys, initialize". biodb.DEBUG[2025-10-11 16:02:53.478][notifyObservers] Notify observers for notifyCfgUpdate. biodb.DEBUG[2025-10-11 16:02:53.478][FUN] Trying to call function notifyCfgUpdate on observer BiodbTestMsgAck. biodb.DEBUG[2025-10-11 16:02:53.479][FUN] Functions in observer BiodbTestMsgAck: [4]: ".__enclos_env__, clone, notifyProgress, initialize". biodb.DEBUG[2025-10-11 16:02:53.480][FUN] Trying to call function notifyCfgUpdate on observer BiodbEntryFields. biodb.DEBUG[2025-10-11 16:02:53.481][FUN] Functions in observer BiodbEntryFields: [15]: ".__enclos_env__, clone, terminate, define, print, getDatabaseIdField, getFieldNames, get, getRealName, checkIsDefined, isDefined, formatName, isAlias, notifyCfgUpdate, initialize". biodb.DEBUG[2025-10-11 16:02:53.482][FUN] Trying to call function notifyCfgUpdate on observer BiodbConfig. biodb.DEBUG[2025-10-11 16:02:53.483][FUN] Functions in observer BiodbConfig: [21]: ".__enclos_env__, clone, terminate, notifyNewObservers, define, getAssocEnvVar, listKeys, print, disable, enable, reset, set, get, isEnabled, isDefined, hasKey, getDefaultValue, getDescription, getTitle, getKeys, initialize". biodb.DEBUG[2025-10-11 16:02:53.484][notifyObservers] Notify observers for notifyCfgUpdate. biodb.DEBUG[2025-10-11 16:02:53.484][FUN] Trying to call function notifyCfgUpdate on observer BiodbTestMsgAck. biodb.DEBUG[2025-10-11 16:02:53.485][FUN] Functions in observer BiodbTestMsgAck: [4]: ".__enclos_env__, clone, notifyProgress, initialize". biodb.DEBUG[2025-10-11 16:02:53.486][FUN] Trying to call function notifyCfgUpdate on observer BiodbEntryFields. biodb.DEBUG[2025-10-11 16:02:53.487][FUN] Functions in observer BiodbEntryFields: [15]: ".__enclos_env__, clone, terminate, define, print, getDatabaseIdField, getFieldNames, get, getRealName, checkIsDefined, isDefined, formatName, isAlias, notifyCfgUpdate, initialize". biodb.DEBUG[2025-10-11 16:02:53.488][FUN] Trying to call function notifyCfgUpdate on observer BiodbConfig. biodb.DEBUG[2025-10-11 16:02:53.489][FUN] Functions in observer BiodbConfig: [21]: ".__enclos_env__, clone, terminate, notifyNewObservers, define, getAssocEnvVar, listKeys, print, disable, enable, reset, set, get, isEnabled, isDefined, hasKey, getDefaultValue, getDescription, getTitle, getKeys, initialize". biodb.DEBUG[2025-10-11 16:02:53.490][notifyObservers] Notify observers for notifyCfgUpdate. biodb.DEBUG[2025-10-11 16:02:53.490][FUN] Trying to call function notifyCfgUpdate on observer BiodbTestMsgAck. biodb.DEBUG[2025-10-11 16:02:53.491][FUN] Functions in observer BiodbTestMsgAck: [4]: ".__enclos_env__, clone, notifyProgress, initialize". biodb.DEBUG[2025-10-11 16:02:53.492][FUN] Trying to call function notifyCfgUpdate on observer BiodbEntryFields. biodb.DEBUG[2025-10-11 16:02:53.493][FUN] Functions in observer BiodbEntryFields: [15]: ".__enclos_env__, clone, terminate, define, print, getDatabaseIdField, getFieldNames, get, getRealName, checkIsDefined, isDefined, formatName, isAlias, notifyCfgUpdate, initialize". biodb.DEBUG[2025-10-11 16:02:53.494][FUN] Trying to call function notifyCfgUpdate on observer BiodbConfig. biodb.DEBUG[2025-10-11 16:02:53.495][FUN] Functions in observer BiodbConfig: [21]: ".__enclos_env__, clone, terminate, notifyNewObservers, define, getAssocEnvVar, listKeys, print, disable, enable, reset, set, get, isEnabled, isDefined, hasKey, getDefaultValue, getDescription, getTitle, getKeys, initialize". biodb.DEBUG[2025-10-11 16:02:53.496][notifyObservers] Notify observers for notifyCfgUpdate. biodb.DEBUG[2025-10-11 16:02:53.496][FUN] Trying to call function notifyCfgUpdate on observer BiodbTestMsgAck. biodb.DEBUG[2025-10-11 16:02:53.497][FUN] Functions in observer BiodbTestMsgAck: [4]: ".__enclos_env__, clone, notifyProgress, initialize". biodb.DEBUG[2025-10-11 16:02:53.498][FUN] Trying to call function notifyCfgUpdate on observer BiodbEntryFields. biodb.DEBUG[2025-10-11 16:02:53.499][FUN] Functions in observer BiodbEntryFields: [15]: ".__enclos_env__, clone, terminate, define, print, getDatabaseIdField, getFieldNames, get, getRealName, checkIsDefined, isDefined, formatName, isAlias, notifyCfgUpdate, initialize". biodb.DEBUG[2025-10-11 16:02:53.500][FUN] Trying to call function notifyCfgUpdate on observer BiodbConfig. biodb.DEBUG[2025-10-11 16:02:53.501][FUN] Functions in observer BiodbConfig: [21]: ".__enclos_env__, clone, terminate, notifyNewObservers, define, getAssocEnvVar, listKeys, print, disable, enable, reset, set, get, isEnabled, isDefined, hasKey, getDefaultValue, getDescription, getTitle, getKeys, initialize". biodb.DEBUG[2025-10-11 16:02:53.501][notifyObservers] Notify observers for notifyCfgUpdate. biodb.DEBUG[2025-10-11 16:02:53.502][FUN] Trying to call function notifyCfgUpdate on observer BiodbTestMsgAck. biodb.DEBUG[2025-10-11 16:02:53.503][FUN] Functions in observer BiodbTestMsgAck: [4]: ".__enclos_env__, clone, notifyProgress, initialize". biodb.DEBUG[2025-10-11 16:02:53.504][FUN] Trying to call function notifyCfgUpdate on observer BiodbEntryFields. biodb.DEBUG[2025-10-11 16:02:53.505][FUN] Functions in observer BiodbEntryFields: [15]: ".__enclos_env__, clone, terminate, define, print, getDatabaseIdField, getFieldNames, get, getRealName, checkIsDefined, isDefined, formatName, isAlias, notifyCfgUpdate, initialize". biodb.DEBUG[2025-10-11 16:02:53.506][FUN] Trying to call function notifyCfgUpdate on observer BiodbConfig. biodb.DEBUG[2025-10-11 16:02:53.507][FUN] Functions in observer BiodbConfig: [21]: ".__enclos_env__, clone, terminate, notifyNewObservers, define, getAssocEnvVar, listKeys, print, disable, enable, reset, set, get, isEnabled, isDefined, hasKey, getDefaultValue, getDescription, getTitle, getKeys, initialize". biodb.DEBUG[2025-10-11 16:02:53.507][notifyObservers] Notify observers for notifyCfgUpdate. biodb.DEBUG[2025-10-11 16:02:53.508][FUN] Trying to call function notifyCfgUpdate on observer BiodbTestMsgAck. biodb.DEBUG[2025-10-11 16:02:53.509][FUN] Functions in observer BiodbTestMsgAck: [4]: ".__enclos_env__, clone, notifyProgress, initialize". biodb.DEBUG[2025-10-11 16:02:53.510][FUN] Trying to call function notifyCfgUpdate on observer BiodbEntryFields. biodb.DEBUG[2025-10-11 16:02:53.511][FUN] Functions in observer BiodbEntryFields: [15]: ".__enclos_env__, clone, terminate, define, print, getDatabaseIdField, getFieldNames, get, getRealName, checkIsDefined, isDefined, formatName, isAlias, notifyCfgUpdate, initialize". biodb.DEBUG[2025-10-11 16:02:53.512][FUN] Trying to call function notifyCfgUpdate on observer BiodbConfig. biodb.DEBUG[2025-10-11 16:02:53.512][FUN] Functions in observer BiodbConfig: [21]: ".__enclos_env__, clone, terminate, notifyNewObservers, define, getAssocEnvVar, listKeys, print, disable, enable, reset, set, get, isEnabled, isDefined, hasKey, getDefaultValue, getDescription, getTitle, getKeys, initialize". biodb.DEBUG[2025-10-11 16:02:53.513][notifyObservers] Notify observers for notifyCfgUpdate. biodb.DEBUG[2025-10-11 16:02:53.514][FUN] Trying to call function notifyCfgUpdate on observer BiodbTestMsgAck. biodb.DEBUG[2025-10-11 16:02:53.515][FUN] Functions in observer BiodbTestMsgAck: [4]: ".__enclos_env__, clone, notifyProgress, initialize". biodb.DEBUG[2025-10-11 16:02:53.516][FUN] Trying to call function notifyCfgUpdate on observer BiodbEntryFields. biodb.DEBUG[2025-10-11 16:02:53.517][FUN] Functions in observer BiodbEntryFields: [15]: ".__enclos_env__, clone, terminate, define, print, getDatabaseIdField, getFieldNames, get, getRealName, checkIsDefined, isDefined, formatName, isAlias, notifyCfgUpdate, initialize". biodb.DEBUG[2025-10-11 16:02:53.517][FUN] Trying to call function notifyCfgUpdate on observer BiodbConfig. biodb.DEBUG[2025-10-11 16:02:53.518][FUN] Functions in observer BiodbConfig: [21]: ".__enclos_env__, clone, terminate, notifyNewObservers, define, getAssocEnvVar, listKeys, print, disable, enable, reset, set, get, isEnabled, isDefined, hasKey, getDefaultValue, getDescription, getTitle, getKeys, initialize". biodb.DEBUG[2025-10-11 16:02:53.519][notifyObservers] Notify observers for notifyCfgUpdate. biodb.DEBUG[2025-10-11 16:02:53.520][FUN] Trying to call function notifyCfgUpdate on observer BiodbTestMsgAck. biodb.DEBUG[2025-10-11 16:02:53.521][FUN] Functions in observer BiodbTestMsgAck: [4]: ".__enclos_env__, clone, notifyProgress, initialize". biodb.DEBUG[2025-10-11 16:02:53.522][FUN] Trying to call function notifyCfgUpdate on observer BiodbEntryFields. biodb.DEBUG[2025-10-11 16:02:53.523][FUN] Functions in observer BiodbEntryFields: [15]: ".__enclos_env__, clone, terminate, define, print, getDatabaseIdField, getFieldNames, get, getRealName, checkIsDefined, isDefined, formatName, isAlias, notifyCfgUpdate, initialize". biodb.DEBUG[2025-10-11 16:02:53.523][FUN] Trying to call function notifyCfgUpdate on observer BiodbConfig. biodb.DEBUG[2025-10-11 16:02:53.524][FUN] Functions in observer BiodbConfig: [21]: ".__enclos_env__, clone, terminate, notifyNewObservers, define, getAssocEnvVar, listKeys, print, disable, enable, reset, set, get, isEnabled, isDefined, hasKey, getDefaultValue, getDescription, getTitle, getKeys, initialize". biodb.DEBUG[2025-10-11 16:02:53.525][notifyObservers] Notify observers for notifyCfgUpdate. biodb.DEBUG[2025-10-11 16:02:53.526][FUN] Trying to call function notifyCfgUpdate on observer BiodbTestMsgAck. biodb.DEBUG[2025-10-11 16:02:53.527][FUN] Functions in observer BiodbTestMsgAck: [4]: ".__enclos_env__, clone, notifyProgress, initialize". biodb.DEBUG[2025-10-11 16:02:53.528][FUN] Trying to call function notifyCfgUpdate on observer BiodbEntryFields. biodb.DEBUG[2025-10-11 16:02:53.528][FUN] Functions in observer BiodbEntryFields: [15]: ".__enclos_env__, clone, terminate, define, print, getDatabaseIdField, getFieldNames, get, getRealName, checkIsDefined, isDefined, formatName, isAlias, notifyCfgUpdate, initialize". biodb.DEBUG[2025-10-11 16:02:53.529][FUN] Trying to call function notifyCfgUpdate on observer BiodbConfig. biodb.DEBUG[2025-10-11 16:02:53.530][FUN] Functions in observer BiodbConfig: [21]: ".__enclos_env__, clone, terminate, notifyNewObservers, define, getAssocEnvVar, listKeys, print, disable, enable, reset, set, get, isEnabled, isDefined, hasKey, getDefaultValue, getDescription, getTitle, getKeys, initialize". biodb.DEBUG[2025-10-11 16:02:53.531][notifyObservers] Notify observers for notifyCfgUpdate. biodb.DEBUG[2025-10-11 16:02:53.532][FUN] Trying to call function notifyCfgUpdate on observer BiodbTestMsgAck. biodb.DEBUG[2025-10-11 16:02:53.533][FUN] Functions in observer BiodbTestMsgAck: [4]: ".__enclos_env__, clone, notifyProgress, initialize". biodb.DEBUG[2025-10-11 16:02:53.533][FUN] Trying to call function notifyCfgUpdate on observer BiodbEntryFields. biodb.DEBUG[2025-10-11 16:02:53.534][FUN] Functions in observer BiodbEntryFields: [15]: ".__enclos_env__, clone, terminate, define, print, getDatabaseIdField, getFieldNames, get, getRealName, checkIsDefined, isDefined, formatName, isAlias, notifyCfgUpdate, initialize". biodb.DEBUG[2025-10-11 16:02:53.535][FUN] Trying to call function notifyCfgUpdate on observer BiodbConfig. biodb.DEBUG[2025-10-11 16:02:53.536][FUN] Functions in observer BiodbConfig: [21]: ".__enclos_env__, clone, terminate, notifyNewObservers, define, getAssocEnvVar, listKeys, print, disable, enable, reset, set, get, isEnabled, isDefined, hasKey, getDefaultValue, getDescription, getTitle, getKeys, initialize". biodb.DEBUG[2025-10-11 16:02:53.537][notifyObservers] Notify observers for notifyCfgUpdate. biodb.DEBUG[2025-10-11 16:02:53.538][FUN] Trying to call function notifyCfgUpdate on observer BiodbTestMsgAck. biodb.DEBUG[2025-10-11 16:02:53.539][FUN] Functions in observer BiodbTestMsgAck: [4]: ".__enclos_env__, clone, notifyProgress, initialize". biodb.DEBUG[2025-10-11 16:02:53.539][FUN] Trying to call function notifyCfgUpdate on observer BiodbEntryFields. biodb.DEBUG[2025-10-11 16:02:53.540][FUN] Functions in observer BiodbEntryFields: [15]: ".__enclos_env__, clone, terminate, define, print, getDatabaseIdField, getFieldNames, get, getRealName, checkIsDefined, isDefined, formatName, isAlias, notifyCfgUpdate, initialize". biodb.DEBUG[2025-10-11 16:02:53.541][FUN] Trying to call function notifyCfgUpdate on observer BiodbConfig. biodb.DEBUG[2025-10-11 16:02:53.542][FUN] Functions in observer BiodbConfig: [21]: ".__enclos_env__, clone, terminate, notifyNewObservers, define, getAssocEnvVar, listKeys, print, disable, enable, reset, set, get, isEnabled, isDefined, hasKey, getDefaultValue, getDescription, getTitle, getKeys, initialize". biodb.WARN [2025-10-11 16:02:53.543][private$checkKey] Key persistent.cache.impl is deprecated. Persistent cache is now handled by the fscache CRAN package. This field is now useless. biodb.WARN [2025-10-11 16:02:53.552][private$checkKey] Key persistent.cache.impl is deprecated. Persistent cache is now handled by the fscache CRAN package. This field is now useless. biodb.DEBUG[2025-10-11 16:02:53.565][biodb$getConfig()$set] Set key persistent.cache.impl to "custom". biodb.DEBUG[2025-10-11 16:02:53.566][notifyObservers] Notify observers for notifyCfgUpdate. biodb.DEBUG[2025-10-11 16:02:53.567][FUN] Trying to call function notifyCfgUpdate on observer BiodbTestMsgAck. biodb.DEBUG[2025-10-11 16:02:53.568][FUN] Functions in observer BiodbTestMsgAck: [4]: ".__enclos_env__, clone, notifyProgress, initialize". biodb.DEBUG[2025-10-11 16:02:53.569][FUN] Trying to call function notifyCfgUpdate on observer BiodbEntryFields. biodb.DEBUG[2025-10-11 16:02:53.570][FUN] Functions in observer BiodbEntryFields: [15]: ".__enclos_env__, clone, terminate, define, print, getDatabaseIdField, getFieldNames, get, getRealName, checkIsDefined, isDefined, formatName, isAlias, notifyCfgUpdate, initialize". biodb.DEBUG[2025-10-11 16:02:53.571][FUN] Trying to call function notifyCfgUpdate on observer BiodbConfig. biodb.DEBUG[2025-10-11 16:02:53.571][FUN] Functions in observer BiodbConfig: [21]: ".__enclos_env__, clone, terminate, notifyNewObservers, define, getAssocEnvVar, listKeys, print, disable, enable, reset, set, get, isEnabled, isDefined, hasKey, getDefaultValue, getDescription, getTitle, getKeys, initialize". biodb.DEBUG[2025-10-11 16:02:53.573][biodb$loadDefinitions] Load definitions from file "/home/biocbuild/bbs-3.21-bioc-longtests/meat/biodbHmdb.Rcheck/biodbHmdb/definitions.yml". biodb.DEBUG[2025-10-11 16:02:53.582][self$getDbsInfo()$define] Define connector hmdb.metabolites. biodb.DEBUG[2025-10-11 16:02:53.584][self$setPropertyValue] Setting property "compound.db" to "TRUE". biodb.DEBUG[2025-10-11 16:02:53.585][self$setPropertyValue] Setting property "description" to "NA". biodb.DEBUG[2025-10-11 16:02:53.586][self$setPropertyValue] Setting property "disabled" to "FALSE". biodb.DEBUG[2025-10-11 16:02:53.587][self$setPropertyValue] Setting property "disabling.reason" to "". biodb.DEBUG[2025-10-11 16:02:53.588][self$setPropertyValue] Setting property "downloadable" to "TRUE". biodb.DEBUG[2025-10-11 16:02:53.589][self$setPropertyValue] Setting property "dwnld.ext" to "zip". biodb.DEBUG[2025-10-11 16:02:53.590][self$setPropertyValue] Setting property "editable" to "FALSE". biodb.DEBUG[2025-10-11 16:02:53.591][self$setPropertyValue] Setting property "entry.content.encoding" to "NA". biodb.DEBUG[2025-10-11 16:02:53.592][self$setPropertyValue] Setting property "entry.content.type" to "xml". biodb.DEBUG[2025-10-11 16:02:53.593][self$setPropertyValue] Setting property "matching.fields" to "c("peak.mztheo", "peak.mzexp")". biodb.DEBUG[2025-10-11 16:02:53.594][self$setPropertyValue] Setting property "mass.db" to "FALSE". biodb.DEBUG[2025-10-11 16:02:53.595][self$setPropertyValue] Setting property "name" to "HMDB Metabolites". biodb.DEBUG[2025-10-11 16:02:53.596][self$setPropertyValue] Setting property "package" to "biodb". biodb.DEBUG[2025-10-11 16:02:53.597][self$setPropertyValue] Setting property "parsing.expr" to "/metabolite/accession". biodb.DEBUG[2025-10-11 16:02:53.597][self$setPropertyValue] Setting property "parsing.expr" to "/metabolite/secondary_accessions/accession". biodb.DEBUG[2025-10-11 16:02:53.597][self$setPropertyValue] Setting property "parsing.expr" to "//average_molecular_weight". biodb.DEBUG[2025-10-11 16:02:53.597][self$setPropertyValue] Setting property "parsing.expr" to "//cas_registry_number". biodb.DEBUG[2025-10-11 16:02:53.597][self$setPropertyValue] Setting property "parsing.expr" to "//chebi_id". biodb.DEBUG[2025-10-11 16:02:53.597][self$setPropertyValue] Setting property "parsing.expr" to "//chemspider_id". biodb.DEBUG[2025-10-11 16:02:53.597][self$setPropertyValue] Setting property "parsing.expr" to "//kegg_id". biodb.DEBUG[2025-10-11 16:02:53.597][self$setPropertyValue] Setting property "parsing.expr" to "//pubchem_compound_id". biodb.DEBUG[2025-10-11 16:02:53.597][self$setPropertyValue] Setting property "parsing.expr" to "//iupac_name". biodb.DEBUG[2025-10-11 16:02:53.597][self$setPropertyValue] Setting property "parsing.expr" to "//traditional_iupac". biodb.DEBUG[2025-10-11 16:02:53.597][self$setPropertyValue] Setting property "parsing.expr" to "/metabolite/chemical_formula". biodb.DEBUG[2025-10-11 16:02:53.597][self$setPropertyValue] Setting property "parsing.expr" to "//inchi". biodb.DEBUG[2025-10-11 16:02:53.597][self$setPropertyValue] Setting property "parsing.expr" to "//inchikey". biodb.DEBUG[2025-10-11 16:02:53.597][self$setPropertyValue] Setting property "parsing.expr" to "//monisotopic_molecular_weight". biodb.DEBUG[2025-10-11 16:02:53.597][self$setPropertyValue] Setting property "parsing.expr" to "/metabolite/name". biodb.DEBUG[2025-10-11 16:02:53.597][self$setPropertyValue] Setting property "parsing.expr" to "/metabolite/description". biodb.DEBUG[2025-10-11 16:02:53.597][self$setPropertyValue] Setting property "parsing.expr" to "//smiles". biodb.DEBUG[2025-10-11 16:02:53.597][self$setPropertyValue] Setting property "parsing.expr" to "//super_class". biodb.DEBUG[2025-10-11 16:02:53.598][self$setPropertyValue] Setting property "remote" to "TRUE". biodb.DEBUG[2025-10-11 16:02:53.599][self$setPropertyValue] Setting property "searchable.fields" to "name". biodb.DEBUG[2025-10-11 16:02:53.599][self$setPropertyValue] Setting property "searchable.fields" to "description". biodb.DEBUG[2025-10-11 16:02:53.599][self$setPropertyValue] Setting property "searchable.fields" to "secondary.accessions". biodb.DEBUG[2025-10-11 16:02:53.600][self$setPropertyValue] Setting property "scheduler.n" to "3". biodb.DEBUG[2025-10-11 16:02:53.601][self$setPropertyValue] Notifying observers about frequency change. biodb.DEBUG[2025-10-11 16:02:53.602][notifyObservers] Notify observers for notifyConnSchedulerFrequencyUpdated. biodb.DEBUG[2025-10-11 16:02:53.603][self$setPropertyValue] Setting property "scheduler.t" to "1". biodb.DEBUG[2025-10-11 16:02:53.603][self$setPropertyValue] Notifying observers about frequency change. biodb.DEBUG[2025-10-11 16:02:53.604][notifyObservers] Notify observers for notifyConnSchedulerFrequencyUpdated. biodb.DEBUG[2025-10-11 16:02:53.605][self$setPropertyValue] Setting property "token" to "NA". biodb.DEBUG[2025-10-11 16:02:53.606][self$setPropertyValue] Setting property "urls" to "http://www.hmdb.ca/". biodb.DEBUG[2025-10-11 16:02:53.606][self$setPropertyValue] Setting property "urls" to "http://www.hmdb.ca/system/downloads/current/hmdb_metabolites.zip". biodb.DEBUG[2025-10-11 16:02:53.607][self$setPropertyValue] Notifying observers about URLs change. biodb.DEBUG[2025-10-11 16:02:53.608][notifyObservers] Notify observers for notifyConnUrlsUpdated. biodb.DEBUG[2025-10-11 16:02:53.609][self$setPropertyValue] Setting property "writable" to "FALSE". biodb.DEBUG[2025-10-11 16:02:53.610][self$setPropertyValue] Setting property "xml.ns" to "<NULL>". biodb.DEBUG[2025-10-11 16:02:53.616][self$getEntryFields()$define] Define field secondary_accessions. biodb.DEBUG[2025-10-11 16:02:53.617][self$getEntryFields()$define] Define field chemspider.id. biodb.DEBUG[2025-10-11 16:02:53.622][self$getEntryFields()$define] Define field hmdb.metabolites.id. biodb.DEBUG[2025-10-11 16:02:53.624][self$getEntryFields()$define] Define field kegg.compound.id. biodb.DEBUG[2025-10-11 16:02:53.625][self$getEntryFields()$define] Define field ncbi.pubchem.comp.id. biodb.DEBUG[2025-10-11 16:02:53.646][initialize] Initialize connector hmdb.metabolites. biodb.DEBUG[2025-10-11 16:02:53.661][biodb$getFactory()$createConn] Creating new connector hmdb.metabolites for database class hmdb.metabolites . biodb.INFO [2025-10-11 16:02:53.668][biodb::testThat] biodb.INFO [2025-10-11 16:02:53.669][biodb::testThat] Running test function test.entry.fields (" Entry fields have a correct value "). biodb.INFO [2025-10-11 16:02:53.670][biodb::testThat] -------------------------------------------------------------------------------- biodb.INFO [2025-10-11 16:02:53.671][biodb::testThat] biodb.TRACE[2025-10-11 16:02:53.674][loadFileContents] Loaded 1 files from cache: [1]: "/home/biocbuild/bbs-3.21-bioc-longtests/meat/biodbHmdb.Rcheck/biodbHmdb/testref/entry-hmdb.metabolites-HMDB0000001-content.xml". biodb.DEBUG[2025-10-11 16:02:53.676][biodb$getFactory()$createEntryFromCo ...] Creating HMDB Metabolites entries from 1 content(s). biodb.DEBUG[2025-10-11 16:02:53.679][biodb$getFactory()$createEntryFromCo ...] Parsing 1 HMDB Metabolites entries. biodb.DEBUG[2025-10-11 16:02:53.687][notifyObservers] Notify observers for notifyProgress. biodb.DEBUG[2025-10-11 16:02:53.688][FUN] Trying to call function notifyProgress on observer BiodbTestMsgAck. biodb.DEBUG[2025-10-11 16:02:53.689][FUN] Functions in observer BiodbTestMsgAck: [4]: ".__enclos_env__, clone, notifyProgress, initialize". biodb.DEBUG[2025-10-11 16:02:53.701][FUN] Trying to call function notifyProgress on observer BiodbEntryFields. biodb.DEBUG[2025-10-11 16:02:53.702][FUN] Functions in observer BiodbEntryFields: [15]: ".__enclos_env__, clone, terminate, define, print, getDatabaseIdField, getFieldNames, get, getRealName, checkIsDefined, isDefined, formatName, isAlias, notifyCfgUpdate, initialize". biodb.DEBUG[2025-10-11 16:02:53.702][FUN] Trying to call function notifyProgress on observer BiodbConfig. biodb.DEBUG[2025-10-11 16:02:53.703][FUN] Functions in observer BiodbConfig: [21]: ".__enclos_env__, clone, terminate, notifyNewObservers, define, getAssocEnvVar, listKeys, print, disable, enable, reset, set, get, isEnabled, isDefined, hasKey, getDefaultValue, getDescription, getTitle, getKeys, initialize". biodb.TRACE[2025-10-11 16:02:53.715][ef$get] Asked field names are: accession. biodb.TRACE[2025-10-11 16:02:53.716][ef$get] Realnames of fields are: accession. biodb.TRACE[2025-10-11 16:02:53.717][ef$get] 1 fields were returned. biodb.TRACE[2025-10-11 16:02:53.718][ef$get] fields variable is a list. biodb.TRACE[2025-10-11 16:02:53.720][self$getBiodb()$getEntryFields()$get] Asked field names are: accession. biodb.TRACE[2025-10-11 16:02:53.732][self$getBiodb()$getEntryFields()$get] Realnames of fields are: accession. biodb.TRACE[2025-10-11 16:02:53.733][self$getBiodb()$getEntryFields()$get] 1 fields were returned. biodb.TRACE[2025-10-11 16:02:53.733][self$getBiodb()$getEntryFields()$get] fields variable is a list. biodb.TRACE[2025-10-11 16:02:53.735][ef$get] Asked field names are: secondary.accessions. biodb.TRACE[2025-10-11 16:02:53.736][ef$get] Realnames of fields are: secondary.accessions. biodb.TRACE[2025-10-11 16:02:53.736][ef$get] 1 fields were returned. biodb.TRACE[2025-10-11 16:02:53.737][ef$get] fields variable is a list. biodb.TRACE[2025-10-11 16:02:53.762][self$getBiodb()$getEntryFields()$get] Asked field names are: secondary.accessions. biodb.TRACE[2025-10-11 16:02:53.763][self$getBiodb()$getEntryFields()$get] Realnames of fields are: secondary.accessions. biodb.TRACE[2025-10-11 16:02:53.764][self$getBiodb()$getEntryFields()$get] 1 fields were returned. biodb.TRACE[2025-10-11 16:02:53.765][self$getBiodb()$getEntryFields()$get] fields variable is a list. biodb.TRACE[2025-10-11 16:02:53.766][ef$get] Asked field names are: average.mass. biodb.TRACE[2025-10-11 16:02:53.767][ef$get] Realnames of fields are: average.mass. biodb.TRACE[2025-10-11 16:02:53.768][ef$get] 1 fields were returned. biodb.TRACE[2025-10-11 16:02:53.769][ef$get] fields variable is a list. biodb.TRACE[2025-10-11 16:02:53.770][self$getBiodb()$getEntryFields()$get] Asked field names are: average.mass. biodb.TRACE[2025-10-11 16:02:53.771][self$getBiodb()$getEntryFields()$get] Realnames of fields are: average.mass. biodb.TRACE[2025-10-11 16:02:53.772][self$getBiodb()$getEntryFields()$get] 1 fields were returned. biodb.TRACE[2025-10-11 16:02:53.773][self$getBiodb()$getEntryFields()$get] fields variable is a list. biodb.TRACE[2025-10-11 16:02:53.774][ef$get] Asked field names are: cas.id. biodb.TRACE[2025-10-11 16:02:53.775][ef$get] Realnames of fields are: cas.id. biodb.TRACE[2025-10-11 16:02:53.776][ef$get] 1 fields were returned. biodb.TRACE[2025-10-11 16:02:53.777][ef$get] fields variable is a list. biodb.TRACE[2025-10-11 16:02:53.778][self$getBiodb()$getEntryFields()$get] Asked field names are: cas.id. biodb.TRACE[2025-10-11 16:02:53.779][self$getBiodb()$getEntryFields()$get] Realnames of fields are: cas.id. biodb.TRACE[2025-10-11 16:02:53.780][self$getBiodb()$getEntryFields()$get] 1 fields were returned. biodb.TRACE[2025-10-11 16:02:53.781][self$getBiodb()$getEntryFields()$get] fields variable is a list. biodb.TRACE[2025-10-11 16:02:53.782][ef$get] Asked field names are: chebi.id. biodb.TRACE[2025-10-11 16:02:53.783][ef$get] Realnames of fields are: chebi.id. biodb.TRACE[2025-10-11 16:02:53.784][ef$get] 1 fields were returned. biodb.TRACE[2025-10-11 16:02:53.785][ef$get] fields variable is a list. biodb.TRACE[2025-10-11 16:02:53.786][self$getBiodb()$getEntryFields()$get] Asked field names are: chebi.id. biodb.TRACE[2025-10-11 16:02:53.796][self$getBiodb()$getEntryFields()$get] Realnames of fields are: chebi.id. biodb.TRACE[2025-10-11 16:02:53.797][self$getBiodb()$getEntryFields()$get] 1 fields were returned. biodb.TRACE[2025-10-11 16:02:53.797][self$getBiodb()$getEntryFields()$get] fields variable is a list. biodb.TRACE[2025-10-11 16:02:53.799][ef$get] Asked field names are: chemspider.id. biodb.TRACE[2025-10-11 16:02:53.799][ef$get] Realnames of fields are: chemspider.id. biodb.TRACE[2025-10-11 16:02:53.800][ef$get] 1 fields were returned. biodb.TRACE[2025-10-11 16:02:53.801][ef$get] fields variable is a list. biodb.TRACE[2025-10-11 16:02:53.803][self$getBiodb()$getEntryFields()$get] Asked field names are: chemspider.id. biodb.TRACE[2025-10-11 16:02:53.804][self$getBiodb()$getEntryFields()$get] Realnames of fields are: chemspider.id. biodb.TRACE[2025-10-11 16:02:53.804][self$getBiodb()$getEntryFields()$get] 1 fields were returned. biodb.TRACE[2025-10-11 16:02:53.805][self$getBiodb()$getEntryFields()$get] fields variable is a list. biodb.TRACE[2025-10-11 16:02:53.806][ef$get] Asked field names are: kegg.compound.id. biodb.TRACE[2025-10-11 16:02:53.807][ef$get] Realnames of fields are: kegg.compound.id. biodb.TRACE[2025-10-11 16:02:53.808][ef$get] 1 fields were returned. biodb.TRACE[2025-10-11 16:02:53.809][ef$get] fields variable is a list. biodb.TRACE[2025-10-11 16:02:53.810][self$getBiodb()$getEntryFields()$get] Asked field names are: kegg.compound.id. biodb.TRACE[2025-10-11 16:02:53.811][self$getBiodb()$getEntryFields()$get] Realnames of fields are: kegg.compound.id. biodb.TRACE[2025-10-11 16:02:53.812][self$getBiodb()$getEntryFields()$get] 1 fields were returned. biodb.TRACE[2025-10-11 16:02:53.813][self$getBiodb()$getEntryFields()$get] fields variable is a list. biodb.TRACE[2025-10-11 16:02:53.814][ef$get] Asked field names are: ncbi.pubchem.comp.id. biodb.TRACE[2025-10-11 16:02:53.815][ef$get] Realnames of fields are: ncbi.pubchem.comp.id. biodb.TRACE[2025-10-11 16:02:53.816][ef$get] 1 fields were returned. biodb.TRACE[2025-10-11 16:02:53.817][ef$get] fields variable is a list. biodb.TRACE[2025-10-11 16:02:53.818][self$getBiodb()$getEntryFields()$get] Asked field names are: ncbi.pubchem.comp.id. biodb.TRACE[2025-10-11 16:02:53.819][self$getBiodb()$getEntryFields()$get] Realnames of fields are: ncbi.pubchem.comp.id. biodb.TRACE[2025-10-11 16:02:53.820][self$getBiodb()$getEntryFields()$get] 1 fields were returned. biodb.TRACE[2025-10-11 16:02:53.821][self$getBiodb()$getEntryFields()$get] fields variable is a list. biodb.TRACE[2025-10-11 16:02:53.822][ef$get] Asked field names are: comp.iupac.name.syst. biodb.TRACE[2025-10-11 16:02:53.823][ef$get] Realnames of fields are: comp.iupac.name.syst. biodb.TRACE[2025-10-11 16:02:53.824][ef$get] 1 fields were returned. biodb.TRACE[2025-10-11 16:02:53.825][ef$get] fields variable is a list. biodb.TRACE[2025-10-11 16:02:53.826][self$getBiodb()$getEntryFields()$get] Asked field names are: comp.iupac.name.syst. biodb.TRACE[2025-10-11 16:02:53.827][self$getBiodb()$getEntryFields()$get] Realnames of fields are: comp.iupac.name.syst. biodb.TRACE[2025-10-11 16:02:53.828][self$getBiodb()$getEntryFields()$get] 1 fields were returned. biodb.TRACE[2025-10-11 16:02:53.829][self$getBiodb()$getEntryFields()$get] fields variable is a list. biodb.TRACE[2025-10-11 16:02:53.830][ef$get] Asked field names are: comp.iupac.name.trad. biodb.TRACE[2025-10-11 16:02:53.831][ef$get] Realnames of fields are: comp.iupac.name.trad. biodb.TRACE[2025-10-11 16:02:53.832][ef$get] 1 fields were returned. biodb.TRACE[2025-10-11 16:02:53.833][ef$get] fields variable is a list. biodb.TRACE[2025-10-11 16:02:53.834][self$getBiodb()$getEntryFields()$get] Asked field names are: comp.iupac.name.trad. biodb.TRACE[2025-10-11 16:02:53.835][self$getBiodb()$getEntryFields()$get] Realnames of fields are: comp.iupac.name.trad. biodb.TRACE[2025-10-11 16:02:53.836][self$getBiodb()$getEntryFields()$get] 1 fields were returned. biodb.TRACE[2025-10-11 16:02:53.837][self$getBiodb()$getEntryFields()$get] fields variable is a list. biodb.TRACE[2025-10-11 16:02:53.838][ef$get] Asked field names are: formula. biodb.TRACE[2025-10-11 16:02:53.839][ef$get] Realnames of fields are: formula. biodb.TRACE[2025-10-11 16:02:53.840][ef$get] 1 fields were returned. biodb.TRACE[2025-10-11 16:02:53.841][ef$get] fields variable is a list. biodb.TRACE[2025-10-11 16:02:53.842][self$getBiodb()$getEntryFields()$get] Asked field names are: formula. biodb.TRACE[2025-10-11 16:02:53.843][self$getBiodb()$getEntryFields()$get] Realnames of fields are: formula. biodb.TRACE[2025-10-11 16:02:53.844][self$getBiodb()$getEntryFields()$get] 1 fields were returned. biodb.TRACE[2025-10-11 16:02:53.844][self$getBiodb()$getEntryFields()$get] fields variable is a list. biodb.TRACE[2025-10-11 16:02:53.846][ef$get] Asked field names are: inchi. biodb.TRACE[2025-10-11 16:02:53.847][ef$get] Realnames of fields are: inchi. biodb.TRACE[2025-10-11 16:02:53.847][ef$get] 1 fields were returned. biodb.TRACE[2025-10-11 16:02:53.848][ef$get] fields variable is a list. biodb.TRACE[2025-10-11 16:02:53.849][self$getBiodb()$getEntryFields()$get] Asked field names are: inchi. biodb.TRACE[2025-10-11 16:02:53.850][self$getBiodb()$getEntryFields()$get] Realnames of fields are: inchi. biodb.TRACE[2025-10-11 16:02:53.851][self$getBiodb()$getEntryFields()$get] 1 fields were returned. biodb.TRACE[2025-10-11 16:02:53.852][self$getBiodb()$getEntryFields()$get] fields variable is a list. biodb.TRACE[2025-10-11 16:02:53.853][ef$get] Asked field names are: inchikey. biodb.TRACE[2025-10-11 16:02:53.854][ef$get] Realnames of fields are: inchikey. biodb.TRACE[2025-10-11 16:02:53.855][ef$get] 1 fields were returned. biodb.TRACE[2025-10-11 16:02:53.856][ef$get] fields variable is a list. biodb.TRACE[2025-10-11 16:02:53.857][self$getBiodb()$getEntryFields()$get] Asked field names are: inchikey. biodb.TRACE[2025-10-11 16:02:53.858][self$getBiodb()$getEntryFields()$get] Realnames of fields are: inchikey. biodb.TRACE[2025-10-11 16:02:53.859][self$getBiodb()$getEntryFields()$get] 1 fields were returned. biodb.TRACE[2025-10-11 16:02:53.860][self$getBiodb()$getEntryFields()$get] fields variable is a list. biodb.TRACE[2025-10-11 16:02:53.861][ef$get] Asked field names are: monoisotopic.mass. biodb.TRACE[2025-10-11 16:02:53.862][ef$get] Realnames of fields are: monoisotopic.mass. biodb.TRACE[2025-10-11 16:02:53.863][ef$get] 1 fields were returned. biodb.TRACE[2025-10-11 16:02:53.864][ef$get] fields variable is a list. biodb.TRACE[2025-10-11 16:02:53.865][self$getBiodb()$getEntryFields()$get] Asked field names are: monoisotopic.mass. biodb.TRACE[2025-10-11 16:02:53.866][self$getBiodb()$getEntryFields()$get] Realnames of fields are: monoisotopic.mass. biodb.TRACE[2025-10-11 16:02:53.867][self$getBiodb()$getEntryFields()$get] 1 fields were returned. biodb.TRACE[2025-10-11 16:02:53.868][self$getBiodb()$getEntryFields()$get] fields variable is a list. biodb.TRACE[2025-10-11 16:02:53.869][ef$get] Asked field names are: name. biodb.TRACE[2025-10-11 16:02:53.870][ef$get] Realnames of fields are: name. biodb.TRACE[2025-10-11 16:02:53.871][ef$get] 1 fields were returned. biodb.TRACE[2025-10-11 16:02:53.872][ef$get] fields variable is a list. biodb.TRACE[2025-10-11 16:02:53.873][self$getBiodb()$getEntryFields()$get] Asked field names are: name. biodb.TRACE[2025-10-11 16:02:53.874][self$getBiodb()$getEntryFields()$get] Realnames of fields are: name. biodb.TRACE[2025-10-11 16:02:53.875][self$getBiodb()$getEntryFields()$get] 1 fields were returned. biodb.TRACE[2025-10-11 16:02:53.876][self$getBiodb()$getEntryFields()$get] fields variable is a list. biodb.TRACE[2025-10-11 16:02:53.877][ef$get] Asked field names are: description. biodb.TRACE[2025-10-11 16:02:53.878][ef$get] Realnames of fields are: description. biodb.TRACE[2025-10-11 16:02:53.878][ef$get] 1 fields were returned. biodb.TRACE[2025-10-11 16:02:53.879][ef$get] fields variable is a list. biodb.TRACE[2025-10-11 16:02:53.880][self$getBiodb()$getEntryFields()$get] Asked field names are: description. biodb.TRACE[2025-10-11 16:02:53.881][self$getBiodb()$getEntryFields()$get] Realnames of fields are: description. biodb.TRACE[2025-10-11 16:02:53.882][self$getBiodb()$getEntryFields()$get] 1 fields were returned. biodb.TRACE[2025-10-11 16:02:53.883][self$getBiodb()$getEntryFields()$get] fields variable is a list. biodb.TRACE[2025-10-11 16:02:53.884][ef$get] Asked field names are: smiles. biodb.TRACE[2025-10-11 16:02:53.885][ef$get] Realnames of fields are: smiles. biodb.TRACE[2025-10-11 16:02:53.886][ef$get] 1 fields were returned. biodb.TRACE[2025-10-11 16:02:53.887][ef$get] fields variable is a list. biodb.TRACE[2025-10-11 16:02:53.888][self$getBiodb()$getEntryFields()$get] Asked field names are: smiles. biodb.TRACE[2025-10-11 16:02:53.889][self$getBiodb()$getEntryFields()$get] Realnames of fields are: smiles. biodb.TRACE[2025-10-11 16:02:53.890][self$getBiodb()$getEntryFields()$get] 1 fields were returned. biodb.TRACE[2025-10-11 16:02:53.891][self$getBiodb()$getEntryFields()$get] fields variable is a list. biodb.TRACE[2025-10-11 16:02:53.892][ef$get] Asked field names are: super.class. biodb.TRACE[2025-10-11 16:02:53.893][ef$get] Realnames of fields are: comp.super.class. biodb.TRACE[2025-10-11 16:02:53.894][ef$get] 1 fields were returned. biodb.TRACE[2025-10-11 16:02:53.895][ef$get] fields variable is a list. biodb.TRACE[2025-10-11 16:02:53.896][self$getBiodb()$getEntryFields()$get] Asked field names are: super.class. biodb.TRACE[2025-10-11 16:02:53.897][self$getBiodb()$getEntryFields()$get] Realnames of fields are: comp.super.class. biodb.TRACE[2025-10-11 16:02:53.898][self$getBiodb()$getEntryFields()$get] 1 fields were returned. biodb.TRACE[2025-10-11 16:02:53.899][self$getBiodb()$getEntryFields()$get] fields variable is a list. biodb.TRACE[2025-10-11 16:02:53.900][self$getBiodb()$getEntryFields()$get] Asked field names are: accession. biodb.TRACE[2025-10-11 16:02:53.901][self$getBiodb()$getEntryFields()$get] Realnames of fields are: accession. biodb.TRACE[2025-10-11 16:02:53.902][self$getBiodb()$getEntryFields()$get] 1 fields were returned. biodb.TRACE[2025-10-11 16:02:53.903][self$getBiodb()$getEntryFields()$get] fields variable is a list. biodb.TRACE[2025-10-11 16:02:53.904][self$getBiodb()$getEntryFields()$get] Asked field names are: accession. biodb.TRACE[2025-10-11 16:02:53.905][self$getBiodb()$getEntryFields()$get] Realnames of fields are: accession. biodb.TRACE[2025-10-11 16:02:53.906][self$getBiodb()$getEntryFields()$get] 1 fields were returned. biodb.TRACE[2025-10-11 16:02:53.907][self$getBiodb()$getEntryFields()$get] fields variable is a list. biodb.TRACE[2025-10-11 16:02:53.907][self$getBiodb()$getEntryFields()$get] Asked field names are: accession. biodb.TRACE[2025-10-11 16:02:53.908][self$getBiodb()$getEntryFields()$get] Realnames of fields are: accession. biodb.TRACE[2025-10-11 16:02:53.909][self$getBiodb()$getEntryFields()$get] 1 fields were returned. biodb.TRACE[2025-10-11 16:02:53.910][self$getBiodb()$getEntryFields()$get] fields variable is a list. biodb.TRACE[2025-10-11 16:02:53.982][self$getBiodb()$getEntryFields()$get] Asked field names are: average.mass. biodb.TRACE[2025-10-11 16:02:53.983][self$getBiodb()$getEntryFields()$get] Realnames of fields are: average.mass. biodb.TRACE[2025-10-11 16:02:53.984][self$getBiodb()$getEntryFields()$get] 1 fields were returned. biodb.TRACE[2025-10-11 16:02:53.985][self$getBiodb()$getEntryFields()$get] fields variable is a list. biodb.TRACE[2025-10-11 16:02:53.986][self$getBiodb()$getEntryFields()$get] Asked field names are: average.mass. biodb.TRACE[2025-10-11 16:02:53.987][self$getBiodb()$getEntryFields()$get] Realnames of fields are: average.mass. biodb.TRACE[2025-10-11 16:02:53.988][self$getBiodb()$getEntryFields()$get] 1 fields were returned. biodb.TRACE[2025-10-11 16:02:53.989][self$getBiodb()$getEntryFields()$get] fields variable is a list. biodb.TRACE[2025-10-11 16:02:53.990][self$getBiodb()$getEntryFields()$get] Asked field names are: average.mass. biodb.TRACE[2025-10-11 16:02:53.991][self$getBiodb()$getEntryFields()$get] Realnames of fields are: average.mass. biodb.TRACE[2025-10-11 16:02:53.992][self$getBiodb()$getEntryFields()$get] 1 fields were returned. biodb.TRACE[2025-10-11 16:02:53.993][self$getBiodb()$getEntryFields()$get] fields variable is a list. biodb.TRACE[2025-10-11 16:02:53.994][self$getBiodb()$getEntryFields()$get] Asked field names are: cas.id. biodb.TRACE[2025-10-11 16:02:53.995][self$getBiodb()$getEntryFields()$get] Realnames of fields are: cas.id. biodb.TRACE[2025-10-11 16:02:53.996][self$getBiodb()$getEntryFields()$get] 1 fields were returned. biodb.TRACE[2025-10-11 16:02:53.997][self$getBiodb()$getEntryFields()$get] fields variable is a list. biodb.TRACE[2025-10-11 16:02:53.997][self$getBiodb()$getEntryFields()$get] Asked field names are: cas.id. biodb.TRACE[2025-10-11 16:02:53.999][self$getBiodb()$getEntryFields()$get] Realnames of fields are: cas.id. biodb.TRACE[2025-10-11 16:02:53.999][self$getBiodb()$getEntryFields()$get] 1 fields were returned. biodb.TRACE[2025-10-11 16:02:54.000][self$getBiodb()$getEntryFields()$get] fields variable is a list. biodb.TRACE[2025-10-11 16:02:54.001][self$getBiodb()$getEntryFields()$get] Asked field names are: cas.id. biodb.TRACE[2025-10-11 16:02:54.002][self$getBiodb()$getEntryFields()$get] Realnames of fields are: cas.id. biodb.TRACE[2025-10-11 16:02:54.003][self$getBiodb()$getEntryFields()$get] 1 fields were returned. biodb.TRACE[2025-10-11 16:02:54.004][self$getBiodb()$getEntryFields()$get] fields variable is a list. biodb.TRACE[2025-10-11 16:02:54.005][self$getBiodb()$getEntryFields()$get] Asked field names are: chebi.id. biodb.TRACE[2025-10-11 16:02:54.006][self$getBiodb()$getEntryFields()$get] Realnames of fields are: chebi.id. biodb.TRACE[2025-10-11 16:02:54.007][self$getBiodb()$getEntryFields()$get] 1 fields were returned. biodb.TRACE[2025-10-11 16:02:54.008][self$getBiodb()$getEntryFields()$get] fields variable is a list. biodb.TRACE[2025-10-11 16:02:54.009][self$getBiodb()$getEntryFields()$get] Asked field names are: chebi.id. biodb.TRACE[2025-10-11 16:02:54.010][self$getBiodb()$getEntryFields()$get] Realnames of fields are: chebi.id. biodb.TRACE[2025-10-11 16:02:54.011][self$getBiodb()$getEntryFields()$get] 1 fields were returned. biodb.TRACE[2025-10-11 16:02:54.012][self$getBiodb()$getEntryFields()$get] fields variable is a list. biodb.TRACE[2025-10-11 16:02:54.012][self$getBiodb()$getEntryFields()$get] Asked field names are: chebi.id. biodb.TRACE[2025-10-11 16:02:54.013][self$getBiodb()$getEntryFields()$get] Realnames of fields are: chebi.id. biodb.TRACE[2025-10-11 16:02:54.014][self$getBiodb()$getEntryFields()$get] 1 fields were returned. biodb.TRACE[2025-10-11 16:02:54.015][self$getBiodb()$getEntryFields()$get] fields variable is a list. biodb.TRACE[2025-10-11 16:02:54.016][self$getBiodb()$getEntryFields()$get] Asked field names are: chemspider.id. biodb.TRACE[2025-10-11 16:02:54.017][self$getBiodb()$getEntryFields()$get] Realnames of fields are: chemspider.id. biodb.TRACE[2025-10-11 16:02:54.018][self$getBiodb()$getEntryFields()$get] 1 fields were returned. biodb.TRACE[2025-10-11 16:02:54.019][self$getBiodb()$getEntryFields()$get] fields variable is a list. biodb.TRACE[2025-10-11 16:02:54.020][self$getBiodb()$getEntryFields()$get] Asked field names are: chemspider.id. biodb.TRACE[2025-10-11 16:02:54.021][self$getBiodb()$getEntryFields()$get] Realnames of fields are: chemspider.id. biodb.TRACE[2025-10-11 16:02:54.022][self$getBiodb()$getEntryFields()$get] 1 fields were returned. biodb.TRACE[2025-10-11 16:02:54.023][self$getBiodb()$getEntryFields()$get] fields variable is a list. biodb.TRACE[2025-10-11 16:02:54.024][self$getBiodb()$getEntryFields()$get] Asked field names are: chemspider.id. biodb.TRACE[2025-10-11 16:02:54.025][self$getBiodb()$getEntryFields()$get] Realnames of fields are: chemspider.id. biodb.TRACE[2025-10-11 16:02:54.026][self$getBiodb()$getEntryFields()$get] 1 fields were returned. biodb.TRACE[2025-10-11 16:02:54.027][self$getBiodb()$getEntryFields()$get] fields variable is a list. biodb.TRACE[2025-10-11 16:02:54.028][self$getBiodb()$getEntryFields()$get] Asked field names are: comp.iupac.name.syst. biodb.TRACE[2025-10-11 16:02:54.029][self$getBiodb()$getEntryFields()$get] Realnames of fields are: comp.iupac.name.syst. biodb.TRACE[2025-10-11 16:02:54.029][self$getBiodb()$getEntryFields()$get] 1 fields were returned. biodb.TRACE[2025-10-11 16:02:54.030][self$getBiodb()$getEntryFields()$get] fields variable is a list. biodb.TRACE[2025-10-11 16:02:54.031][self$getBiodb()$getEntryFields()$get] Asked field names are: comp.iupac.name.syst. biodb.TRACE[2025-10-11 16:02:54.032][self$getBiodb()$getEntryFields()$get] Realnames of fields are: comp.iupac.name.syst. biodb.TRACE[2025-10-11 16:02:54.033][self$getBiodb()$getEntryFields()$get] 1 fields were returned. biodb.TRACE[2025-10-11 16:02:54.034][self$getBiodb()$getEntryFields()$get] fields variable is a list. biodb.TRACE[2025-10-11 16:02:54.035][self$getBiodb()$getEntryFields()$get] Asked field names are: comp.iupac.name.syst. biodb.TRACE[2025-10-11 16:02:54.036][self$getBiodb()$getEntryFields()$get] Realnames of fields are: comp.iupac.name.syst. biodb.TRACE[2025-10-11 16:02:54.037][self$getBiodb()$getEntryFields()$get] 1 fields were returned. biodb.TRACE[2025-10-11 16:02:54.038][self$getBiodb()$getEntryFields()$get] fields variable is a list. biodb.TRACE[2025-10-11 16:02:54.039][self$getBiodb()$getEntryFields()$get] Asked field names are: comp.iupac.name.trad. biodb.TRACE[2025-10-11 16:02:54.040][self$getBiodb()$getEntryFields()$get] Realnames of fields are: comp.iupac.name.trad. biodb.TRACE[2025-10-11 16:02:54.041][self$getBiodb()$getEntryFields()$get] 1 fields were returned. biodb.TRACE[2025-10-11 16:02:54.042][self$getBiodb()$getEntryFields()$get] fields variable is a list. biodb.TRACE[2025-10-11 16:02:54.043][self$getBiodb()$getEntryFields()$get] Asked field names are: comp.iupac.name.trad. biodb.TRACE[2025-10-11 16:02:54.044][self$getBiodb()$getEntryFields()$get] Realnames of fields are: comp.iupac.name.trad. biodb.TRACE[2025-10-11 16:02:54.045][self$getBiodb()$getEntryFields()$get] 1 fields were returned. biodb.TRACE[2025-10-11 16:02:54.045][self$getBiodb()$getEntryFields()$get] fields variable is a list. biodb.TRACE[2025-10-11 16:02:54.046][self$getBiodb()$getEntryFields()$get] Asked field names are: comp.iupac.name.trad. biodb.TRACE[2025-10-11 16:02:54.047][self$getBiodb()$getEntryFields()$get] Realnames of fields are: comp.iupac.name.trad. biodb.TRACE[2025-10-11 16:02:54.048][self$getBiodb()$getEntryFields()$get] 1 fields were returned. biodb.TRACE[2025-10-11 16:02:54.049][self$getBiodb()$getEntryFields()$get] fields variable is a list. biodb.TRACE[2025-10-11 16:02:54.050][self$getBiodb()$getEntryFields()$get] Asked field names are: comp.super.class. biodb.TRACE[2025-10-11 16:02:54.051][self$getBiodb()$getEntryFields()$get] Realnames of fields are: comp.super.class. biodb.TRACE[2025-10-11 16:02:54.052][self$getBiodb()$getEntryFields()$get] 1 fields were returned. biodb.TRACE[2025-10-11 16:02:54.053][self$getBiodb()$getEntryFields()$get] fields variable is a list. biodb.TRACE[2025-10-11 16:02:54.054][self$getBiodb()$getEntryFields()$get] Asked field names are: comp.super.class. biodb.TRACE[2025-10-11 16:02:54.055][self$getBiodb()$getEntryFields()$get] Realnames of fields are: comp.super.class. biodb.TRACE[2025-10-11 16:02:54.056][self$getBiodb()$getEntryFields()$get] 1 fields were returned. biodb.TRACE[2025-10-11 16:02:54.057][self$getBiodb()$getEntryFields()$get] fields variable is a list. biodb.TRACE[2025-10-11 16:02:54.058][self$getBiodb()$getEntryFields()$get] Asked field names are: comp.super.class. biodb.TRACE[2025-10-11 16:02:54.059][self$getBiodb()$getEntryFields()$get] Realnames of fields are: comp.super.class. biodb.TRACE[2025-10-11 16:02:54.059][self$getBiodb()$getEntryFields()$get] 1 fields were returned. biodb.TRACE[2025-10-11 16:02:54.060][self$getBiodb()$getEntryFields()$get] fields variable is a list. biodb.TRACE[2025-10-11 16:02:54.061][self$getBiodb()$getEntryFields()$get] Asked field names are: description. biodb.TRACE[2025-10-11 16:02:54.062][self$getBiodb()$getEntryFields()$get] Realnames of fields are: description. biodb.TRACE[2025-10-11 16:02:54.067][self$getBiodb()$getEntryFields()$get] 1 fields were returned. biodb.TRACE[2025-10-11 16:02:54.068][self$getBiodb()$getEntryFields()$get] fields variable is a list. biodb.TRACE[2025-10-11 16:02:54.069][self$getBiodb()$getEntryFields()$get] Asked field names are: description. biodb.TRACE[2025-10-11 16:02:54.070][self$getBiodb()$getEntryFields()$get] Realnames of fields are: description. biodb.TRACE[2025-10-11 16:02:54.070][self$getBiodb()$getEntryFields()$get] 1 fields were returned. biodb.TRACE[2025-10-11 16:02:54.071][self$getBiodb()$getEntryFields()$get] fields variable is a list. biodb.TRACE[2025-10-11 16:02:54.072][self$getBiodb()$getEntryFields()$get] Asked field names are: description. biodb.TRACE[2025-10-11 16:02:54.073][self$getBiodb()$getEntryFields()$get] Realnames of fields are: description. biodb.TRACE[2025-10-11 16:02:54.074][self$getBiodb()$getEntryFields()$get] 1 fields were returned. biodb.TRACE[2025-10-11 16:02:54.075][self$getBiodb()$getEntryFields()$get] fields variable is a list. biodb.TRACE[2025-10-11 16:02:54.076][self$getBiodb()$getEntryFields()$get] Asked field names are: formula. biodb.TRACE[2025-10-11 16:02:54.077][self$getBiodb()$getEntryFields()$get] Realnames of fields are: formula. biodb.TRACE[2025-10-11 16:02:54.078][self$getBiodb()$getEntryFields()$get] 1 fields were returned. biodb.TRACE[2025-10-11 16:02:54.079][self$getBiodb()$getEntryFields()$get] fields variable is a list. biodb.TRACE[2025-10-11 16:02:54.080][self$getBiodb()$getEntryFields()$get] Asked field names are: formula. biodb.TRACE[2025-10-11 16:02:54.081][self$getBiodb()$getEntryFields()$get] Realnames of fields are: formula. biodb.TRACE[2025-10-11 16:02:54.082][self$getBiodb()$getEntryFields()$get] 1 fields were returned. biodb.TRACE[2025-10-11 16:02:54.083][self$getBiodb()$getEntryFields()$get] fields variable is a list. biodb.TRACE[2025-10-11 16:02:54.084][self$getBiodb()$getEntryFields()$get] Asked field names are: formula. biodb.TRACE[2025-10-11 16:02:54.085][self$getBiodb()$getEntryFields()$get] Realnames of fields are: formula. biodb.TRACE[2025-10-11 16:02:54.085][self$getBiodb()$getEntryFields()$get] 1 fields were returned. biodb.TRACE[2025-10-11 16:02:54.086][self$getBiodb()$getEntryFields()$get] fields variable is a list. biodb.TRACE[2025-10-11 16:02:54.087][self$getBiodb()$getEntryFields()$get] Asked field names are: inchi. biodb.TRACE[2025-10-11 16:02:54.088][self$getBiodb()$getEntryFields()$get] Realnames of fields are: inchi. biodb.TRACE[2025-10-11 16:02:54.089][self$getBiodb()$getEntryFields()$get] 1 fields were returned. biodb.TRACE[2025-10-11 16:02:54.090][self$getBiodb()$getEntryFields()$get] fields variable is a list. biodb.TRACE[2025-10-11 16:02:54.091][self$getBiodb()$getEntryFields()$get] Asked field names are: inchi. biodb.TRACE[2025-10-11 16:02:54.092][self$getBiodb()$getEntryFields()$get] Realnames of fields are: inchi. biodb.TRACE[2025-10-11 16:02:54.093][self$getBiodb()$getEntryFields()$get] 1 fields were returned. biodb.TRACE[2025-10-11 16:02:54.094][self$getBiodb()$getEntryFields()$get] fields variable is a list. biodb.TRACE[2025-10-11 16:02:54.095][self$getBiodb()$getEntryFields()$get] Asked field names are: inchi. biodb.TRACE[2025-10-11 16:02:54.096][self$getBiodb()$getEntryFields()$get] Realnames of fields are: inchi. biodb.TRACE[2025-10-11 16:02:54.097][self$getBiodb()$getEntryFields()$get] 1 fields were returned. biodb.TRACE[2025-10-11 16:02:54.098][self$getBiodb()$getEntryFields()$get] fields variable is a list. biodb.TRACE[2025-10-11 16:02:54.099][self$getBiodb()$getEntryFields()$get] Asked field names are: inchikey. biodb.TRACE[2025-10-11 16:02:54.100][self$getBiodb()$getEntryFields()$get] Realnames of fields are: inchikey. biodb.TRACE[2025-10-11 16:02:54.101][self$getBiodb()$getEntryFields()$get] 1 fields were returned. biodb.TRACE[2025-10-11 16:02:54.101][self$getBiodb()$getEntryFields()$get] fields variable is a list. biodb.TRACE[2025-10-11 16:02:54.102][self$getBiodb()$getEntryFields()$get] Asked field names are: inchikey. biodb.TRACE[2025-10-11 16:02:54.103][self$getBiodb()$getEntryFields()$get] Realnames of fields are: inchikey. biodb.TRACE[2025-10-11 16:02:54.104][self$getBiodb()$getEntryFields()$get] 1 fields were returned. biodb.TRACE[2025-10-11 16:02:54.105][self$getBiodb()$getEntryFields()$get] fields variable is a list. biodb.TRACE[2025-10-11 16:02:54.106][self$getBiodb()$getEntryFields()$get] Asked field names are: inchikey. biodb.TRACE[2025-10-11 16:02:54.107][self$getBiodb()$getEntryFields()$get] Realnames of fields are: inchikey. biodb.TRACE[2025-10-11 16:02:54.108][self$getBiodb()$getEntryFields()$get] 1 fields were returned. biodb.TRACE[2025-10-11 16:02:54.109][self$getBiodb()$getEntryFields()$get] fields variable is a list. biodb.TRACE[2025-10-11 16:02:54.110][self$getBiodb()$getEntryFields()$get] Asked field names are: kegg.compound.id. biodb.TRACE[2025-10-11 16:02:54.111][self$getBiodb()$getEntryFields()$get] Realnames of fields are: kegg.compound.id. biodb.TRACE[2025-10-11 16:02:54.112][self$getBiodb()$getEntryFields()$get] 1 fields were returned. biodb.TRACE[2025-10-11 16:02:54.113][self$getBiodb()$getEntryFields()$get] fields variable is a list. biodb.TRACE[2025-10-11 16:02:54.114][self$getBiodb()$getEntryFields()$get] Asked field names are: kegg.compound.id. biodb.TRACE[2025-10-11 16:02:54.115][self$getBiodb()$getEntryFields()$get] Realnames of fields are: kegg.compound.id. biodb.TRACE[2025-10-11 16:02:54.116][self$getBiodb()$getEntryFields()$get] 1 fields were returned. biodb.TRACE[2025-10-11 16:02:54.117][self$getBiodb()$getEntryFields()$get] fields variable is a list. biodb.TRACE[2025-10-11 16:02:54.117][self$getBiodb()$getEntryFields()$get] Asked field names are: kegg.compound.id. biodb.TRACE[2025-10-11 16:02:54.118][self$getBiodb()$getEntryFields()$get] Realnames of fields are: kegg.compound.id. biodb.TRACE[2025-10-11 16:02:54.119][self$getBiodb()$getEntryFields()$get] 1 fields were returned. biodb.TRACE[2025-10-11 16:02:54.120][self$getBiodb()$getEntryFields()$get] fields variable is a list. biodb.TRACE[2025-10-11 16:02:54.121][self$getBiodb()$getEntryFields()$get] Asked field names are: monoisotopic.mass. biodb.TRACE[2025-10-11 16:02:54.122][self$getBiodb()$getEntryFields()$get] Realnames of fields are: monoisotopic.mass. biodb.TRACE[2025-10-11 16:02:54.123][self$getBiodb()$getEntryFields()$get] 1 fields were returned. biodb.TRACE[2025-10-11 16:02:54.124][self$getBiodb()$getEntryFields()$get] fields variable is a list. biodb.TRACE[2025-10-11 16:02:54.125][self$getBiodb()$getEntryFields()$get] Asked field names are: monoisotopic.mass. biodb.TRACE[2025-10-11 16:02:54.126][self$getBiodb()$getEntryFields()$get] Realnames of fields are: monoisotopic.mass. biodb.TRACE[2025-10-11 16:02:54.127][self$getBiodb()$getEntryFields()$get] 1 fields were returned. biodb.TRACE[2025-10-11 16:02:54.128][self$getBiodb()$getEntryFields()$get] fields variable is a list. biodb.TRACE[2025-10-11 16:02:54.129][self$getBiodb()$getEntryFields()$get] Asked field names are: monoisotopic.mass. biodb.TRACE[2025-10-11 16:02:54.130][self$getBiodb()$getEntryFields()$get] Realnames of fields are: monoisotopic.mass. biodb.TRACE[2025-10-11 16:02:54.131][self$getBiodb()$getEntryFields()$get] 1 fields were returned. biodb.TRACE[2025-10-11 16:02:54.132][self$getBiodb()$getEntryFields()$get] fields variable is a list. biodb.TRACE[2025-10-11 16:02:54.133][self$getBiodb()$getEntryFields()$get] Asked field names are: name. biodb.TRACE[2025-10-11 16:02:54.134][self$getBiodb()$getEntryFields()$get] Realnames of fields are: name. biodb.TRACE[2025-10-11 16:02:54.134][self$getBiodb()$getEntryFields()$get] 1 fields were returned. biodb.TRACE[2025-10-11 16:02:54.135][self$getBiodb()$getEntryFields()$get] fields variable is a list. biodb.TRACE[2025-10-11 16:02:54.136][self$getBiodb()$getEntryFields()$get] Asked field names are: name. biodb.TRACE[2025-10-11 16:02:54.137][self$getBiodb()$getEntryFields()$get] Realnames of fields are: name. biodb.TRACE[2025-10-11 16:02:54.138][self$getBiodb()$getEntryFields()$get] 1 fields were returned. biodb.TRACE[2025-10-11 16:02:54.139][self$getBiodb()$getEntryFields()$get] fields variable is a list. biodb.TRACE[2025-10-11 16:02:54.140][self$getBiodb()$getEntryFields()$get] Asked field names are: name. biodb.TRACE[2025-10-11 16:02:54.141][self$getBiodb()$getEntryFields()$get] Realnames of fields are: name. biodb.TRACE[2025-10-11 16:02:54.142][self$getBiodb()$getEntryFields()$get] 1 fields were returned. biodb.TRACE[2025-10-11 16:02:54.143][self$getBiodb()$getEntryFields()$get] fields variable is a list. biodb.TRACE[2025-10-11 16:02:54.144][self$getBiodb()$getEntryFields()$get] Asked field names are: ncbi.pubchem.comp.id. biodb.TRACE[2025-10-11 16:02:54.145][self$getBiodb()$getEntryFields()$get] Realnames of fields are: ncbi.pubchem.comp.id. biodb.TRACE[2025-10-11 16:02:54.146][self$getBiodb()$getEntryFields()$get] 1 fields were returned. biodb.TRACE[2025-10-11 16:02:54.147][self$getBiodb()$getEntryFields()$get] fields variable is a list. biodb.TRACE[2025-10-11 16:02:54.148][self$getBiodb()$getEntryFields()$get] Asked field names are: ncbi.pubchem.comp.id. biodb.TRACE[2025-10-11 16:02:54.149][self$getBiodb()$getEntryFields()$get] Realnames of fields are: ncbi.pubchem.comp.id. biodb.TRACE[2025-10-11 16:02:54.149][self$getBiodb()$getEntryFields()$get] 1 fields were returned. biodb.TRACE[2025-10-11 16:02:54.150][self$getBiodb()$getEntryFields()$get] fields variable is a list. biodb.TRACE[2025-10-11 16:02:54.151][self$getBiodb()$getEntryFields()$get] Asked field names are: ncbi.pubchem.comp.id. biodb.TRACE[2025-10-11 16:02:54.152][self$getBiodb()$getEntryFields()$get] Realnames of fields are: ncbi.pubchem.comp.id. biodb.TRACE[2025-10-11 16:02:54.153][self$getBiodb()$getEntryFields()$get] 1 fields were returned. biodb.TRACE[2025-10-11 16:02:54.154][self$getBiodb()$getEntryFields()$get] fields variable is a list. biodb.TRACE[2025-10-11 16:02:54.155][self$getBiodb()$getEntryFields()$get] Asked field names are: secondary.accessions. biodb.TRACE[2025-10-11 16:02:54.156][self$getBiodb()$getEntryFields()$get] Realnames of fields are: secondary.accessions. biodb.TRACE[2025-10-11 16:02:54.157][self$getBiodb()$getEntryFields()$get] 1 fields were returned. biodb.TRACE[2025-10-11 16:02:54.158][self$getBiodb()$getEntryFields()$get] fields variable is a list. biodb.TRACE[2025-10-11 16:02:54.159][self$getBiodb()$getEntryFields()$get] Asked field names are: secondary.accessions. biodb.TRACE[2025-10-11 16:02:54.160][self$getBiodb()$getEntryFields()$get] Realnames of fields are: secondary.accessions. biodb.TRACE[2025-10-11 16:02:54.161][self$getBiodb()$getEntryFields()$get] 1 fields were returned. biodb.TRACE[2025-10-11 16:02:54.162][self$getBiodb()$getEntryFields()$get] fields variable is a list. biodb.TRACE[2025-10-11 16:02:54.163][self$getBiodb()$getEntryFields()$get] Asked field names are: secondary.accessions. biodb.TRACE[2025-10-11 16:02:54.164][self$getBiodb()$getEntryFields()$get] Realnames of fields are: secondary.accessions. biodb.TRACE[2025-10-11 16:02:54.165][self$getBiodb()$getEntryFields()$get] 1 fields were returned. biodb.TRACE[2025-10-11 16:02:54.165][self$getBiodb()$getEntryFields()$get] fields variable is a list. biodb.TRACE[2025-10-11 16:02:54.166][self$getBiodb()$getEntryFields()$get] Asked field names are: smiles. biodb.TRACE[2025-10-11 16:02:54.167][self$getBiodb()$getEntryFields()$get] Realnames of fields are: smiles. biodb.TRACE[2025-10-11 16:02:54.168][self$getBiodb()$getEntryFields()$get] 1 fields were returned. biodb.TRACE[2025-10-11 16:02:54.169][self$getBiodb()$getEntryFields()$get] fields variable is a list. biodb.TRACE[2025-10-11 16:02:54.170][self$getBiodb()$getEntryFields()$get] Asked field names are: smiles. biodb.TRACE[2025-10-11 16:02:54.171][self$getBiodb()$getEntryFields()$get] Realnames of fields are: smiles. biodb.TRACE[2025-10-11 16:02:54.172][self$getBiodb()$getEntryFields()$get] 1 fields were returned. biodb.TRACE[2025-10-11 16:02:54.173][self$getBiodb()$getEntryFields()$get] fields variable is a list. biodb.TRACE[2025-10-11 16:02:54.174][self$getBiodb()$getEntryFields()$get] Asked field names are: smiles. biodb.TRACE[2025-10-11 16:02:54.175][self$getBiodb()$getEntryFields()$get] Realnames of fields are: smiles. biodb.TRACE[2025-10-11 16:02:54.176][self$getBiodb()$getEntryFields()$get] 1 fields were returned. biodb.TRACE[2025-10-11 16:02:54.177][self$getBiodb()$getEntryFields()$get] fields variable is a list. biodb.TRACE[2025-10-11 16:02:54.178][self$getBiodb()$getEntryFields()$get] Asked field names are: INCHIKEY. biodb.TRACE[2025-10-11 16:02:54.179][self$getBiodb()$getEntryFields()$get] Realnames of fields are: inchikey. biodb.TRACE[2025-10-11 16:02:54.180][self$getBiodb()$getEntryFields()$get] 1 fields were returned. biodb.TRACE[2025-10-11 16:02:54.180][self$getBiodb()$getEntryFields()$get] fields variable is a list. biodb.TRACE[2025-10-11 16:02:54.181][self$getBiodb()$getEntryFields()$get] Asked field names are: inchikey. biodb.TRACE[2025-10-11 16:02:54.182][self$getBiodb()$getEntryFields()$get] Realnames of fields are: inchikey. biodb.TRACE[2025-10-11 16:02:54.183][self$getBiodb()$getEntryFields()$get] 1 fields were returned. biodb.TRACE[2025-10-11 16:02:54.184][self$getBiodb()$getEntryFields()$get] fields variable is a list. biodb.TRACE[2025-10-11 16:02:54.189][self$getBiodb()$getEntryFields()$get] Asked field names are: inchikey. biodb.TRACE[2025-10-11 16:02:54.190][self$getBiodb()$getEntryFields()$get] Realnames of fields are: inchikey. biodb.TRACE[2025-10-11 16:02:54.190][self$getBiodb()$getEntryFields()$get] 1 fields were returned. biodb.TRACE[2025-10-11 16:02:54.191][self$getBiodb()$getEntryFields()$get] fields variable is a list. biodb.TRACE[2025-10-11 16:02:54.192][self$getBiodb()$getEntryFields()$get] Asked field names are: inchikey. biodb.TRACE[2025-10-11 16:02:54.193][self$getBiodb()$getEntryFields()$get] Realnames of fields are: inchikey. biodb.TRACE[2025-10-11 16:02:54.194][self$getBiodb()$getEntryFields()$get] 1 fields were returned. biodb.TRACE[2025-10-11 16:02:54.195][self$getBiodb()$getEntryFields()$get] fields variable is a list. biodb.TRACE[2025-10-11 16:02:54.196][self$getBiodb()$getEntryFields()$get] Asked field names are: INCHIKEY. biodb.TRACE[2025-10-11 16:02:54.197][self$getBiodb()$getEntryFields()$get] Realnames of fields are: inchikey. biodb.TRACE[2025-10-11 16:02:54.198][self$getBiodb()$getEntryFields()$get] 1 fields were returned. biodb.TRACE[2025-10-11 16:02:54.199][self$getBiodb()$getEntryFields()$get] fields variable is a list. biodb.TRACE[2025-10-11 16:02:54.216][self$getBiodb()$getEntryFields()$get] Asked field names are: name. biodb.TRACE[2025-10-11 16:02:54.217][self$getBiodb()$getEntryFields()$get] Realnames of fields are: name. biodb.TRACE[2025-10-11 16:02:54.218][self$getBiodb()$getEntryFields()$get] 1 fields were returned. biodb.TRACE[2025-10-11 16:02:54.219][self$getBiodb()$getEntryFields()$get] fields variable is a list. biodb.TRACE[2025-10-11 16:02:54.220][self$getBiodb()$getEntryFields()$get] Asked field names are: name. biodb.TRACE[2025-10-11 16:02:54.221][self$getBiodb()$getEntryFields()$get] Realnames of fields are: name. biodb.TRACE[2025-10-11 16:02:54.222][self$getBiodb()$getEntryFields()$get] 1 fields were returned. biodb.TRACE[2025-10-11 16:02:54.223][self$getBiodb()$getEntryFields()$get] fields variable is a list. biodb.TRACE[2025-10-11 16:02:54.224][self$getBiodb()$getEntryFields()$get] Asked field names are: name. biodb.TRACE[2025-10-11 16:02:54.225][self$getBiodb()$getEntryFields()$get] Realnames of fields are: name. biodb.TRACE[2025-10-11 16:02:54.226][self$getBiodb()$getEntryFields()$get] 1 fields were returned. biodb.TRACE[2025-10-11 16:02:54.227][self$getBiodb()$getEntryFields()$get] fields variable is a list. biodb.TRACE[2025-10-11 16:02:54.227][self$getBiodb()$getEntryFields()$get] Asked field names are: name. biodb.TRACE[2025-10-11 16:02:54.228][self$getBiodb()$getEntryFields()$get] Realnames of fields are: name. biodb.TRACE[2025-10-11 16:02:54.229][self$getBiodb()$getEntryFields()$get] 1 fields were returned. biodb.TRACE[2025-10-11 16:02:54.230][self$getBiodb()$getEntryFields()$get] fields variable is a list. biodb.TRACE[2025-10-11 16:02:54.231][self$getBiodb()$getEntryFields()$get] Asked field names are: name. biodb.TRACE[2025-10-11 16:02:54.232][self$getBiodb()$getEntryFields()$get] Realnames of fields are: name. biodb.TRACE[2025-10-11 16:02:54.233][self$getBiodb()$getEntryFields()$get] 1 fields were returned. biodb.TRACE[2025-10-11 16:02:54.234][self$getBiodb()$getEntryFields()$get] fields variable is a list. biodb.TRACE[2025-10-11 16:02:54.235][self$getBiodb()$getEntryFields()$get] Asked field names are: hmdb.metabolites.id. biodb.TRACE[2025-10-11 16:02:54.236][self$getBiodb()$getEntryFields()$get] Realnames of fields are: hmdb.metabolites.id. biodb.TRACE[2025-10-11 16:02:54.237][self$getBiodb()$getEntryFields()$get] 1 fields were returned. biodb.TRACE[2025-10-11 16:02:54.238][self$getBiodb()$getEntryFields()$get] fields variable is a list. biodb.TRACE[2025-10-11 16:02:54.239][self$getBiodb()$getEntryFields()$get] Asked field names are: hmdb.metabolites.id. biodb.TRACE[2025-10-11 16:02:54.240][self$getBiodb()$getEntryFields()$get] Realnames of fields are: hmdb.metabolites.id. biodb.TRACE[2025-10-11 16:02:54.241][self$getBiodb()$getEntryFields()$get] 1 fields were returned. biodb.TRACE[2025-10-11 16:02:54.242][self$getBiodb()$getEntryFields()$get] fields variable is a list. biodb.TRACE[2025-10-11 16:02:54.243][self$getBiodb()$getEntryFields()$get] Asked field names are: accession. biodb.TRACE[2025-10-11 16:02:54.244][self$getBiodb()$getEntryFields()$get] Realnames of fields are: accession. biodb.TRACE[2025-10-11 16:02:54.245][self$getBiodb()$getEntryFields()$get] 1 fields were returned. biodb.TRACE[2025-10-11 16:02:54.245][self$getBiodb()$getEntryFields()$get] fields variable is a list. biodb.TRACE[2025-10-11 16:02:54.246][self$getBiodb()$getEntryFields()$get] Asked field names are: hmdb.metabolites.id. biodb.TRACE[2025-10-11 16:02:54.247][self$getBiodb()$getEntryFields()$get] Realnames of fields are: hmdb.metabolites.id. biodb.TRACE[2025-10-11 16:02:54.248][self$getBiodb()$getEntryFields()$get] 1 fields were returned. biodb.TRACE[2025-10-11 16:02:54.249][self$getBiodb()$getEntryFields()$get] fields variable is a list. biodb.TRACE[2025-10-11 16:02:54.250][self$getBiodb()$getEntryFields()$get] Asked field names are: accession. biodb.TRACE[2025-10-11 16:02:54.251][self$getBiodb()$getEntryFields()$get] Realnames of fields are: accession. biodb.TRACE[2025-10-11 16:02:54.252][self$getBiodb()$getEntryFields()$get] 1 fields were returned. biodb.TRACE[2025-10-11 16:02:54.253][self$getBiodb()$getEntryFields()$get] fields variable is a list. biodb.TRACE[2025-10-11 16:02:54.254][self$getBiodb()$getEntryFields()$get] Asked field names are: accession. biodb.TRACE[2025-10-11 16:02:54.255][self$getBiodb()$getEntryFields()$get] Realnames of fields are: accession. biodb.TRACE[2025-10-11 16:02:54.256][self$getBiodb()$getEntryFields()$get] 1 fields were returned. biodb.TRACE[2025-10-11 16:02:54.257][self$getBiodb()$getEntryFields()$get] fields variable is a list. biodb.TRACE[2025-10-11 16:02:54.258][self$getBiodb()$getEntryFields()$get] Asked field names are: accession. biodb.TRACE[2025-10-11 16:02:54.259][self$getBiodb()$getEntryFields()$get] Realnames of fields are: accession. biodb.TRACE[2025-10-11 16:02:54.260][self$getBiodb()$getEntryFields()$get] 1 fields were returned. biodb.TRACE[2025-10-11 16:02:54.261][self$getBiodb()$getEntryFields()$get] fields variable is a list. biodb.TRACE[2025-10-11 16:02:54.262][self$getBiodb()$getEntryFields()$get] Asked field names are: accession. biodb.TRACE[2025-10-11 16:02:54.263][self$getBiodb()$getEntryFields()$get] Realnames of fields are: accession. biodb.TRACE[2025-10-11 16:02:54.264][self$getBiodb()$getEntryFields()$get] 1 fields were returned. biodb.TRACE[2025-10-11 16:02:54.264][self$getBiodb()$getEntryFields()$get] fields variable is a list. biodb.TRACE[2025-10-11 16:02:54.265][self$getBiodb()$getEntryFields()$get] Asked field names are: accession. biodb.TRACE[2025-10-11 16:02:54.266][self$getBiodb()$getEntryFields()$get] Realnames of fields are: accession. biodb.TRACE[2025-10-11 16:02:54.267][self$getBiodb()$getEntryFields()$get] 1 fields were returned. biodb.TRACE[2025-10-11 16:02:54.268][self$getBiodb()$getEntryFields()$get] fields variable is a list. biodb.TRACE[2025-10-11 16:02:54.269][self$getBiodb()$getEntryFields()$get] Asked field names are: accession. biodb.TRACE[2025-10-11 16:02:54.270][self$getBiodb()$getEntryFields()$get] Realnames of fields are: accession. biodb.TRACE[2025-10-11 16:02:54.271][self$getBiodb()$getEntryFields()$get] 1 fields were returned. biodb.TRACE[2025-10-11 16:02:54.272][self$getBiodb()$getEntryFields()$get] fields variable is a list. biodb.DEBUG[2025-10-11 16:02:54.273][biodb$getFactory()$createEntryFromCo ...] Accession numbers: HMDB0000001. biodb.TRACE[2025-10-11 16:02:54.275][self$getBiodb()$getEntryFields()$get] Asked field names are: peak.mz. biodb.TRACE[2025-10-11 16:02:54.276][self$getBiodb()$getEntryFields()$get] Realnames of fields are: peak.mz. biodb.TRACE[2025-10-11 16:02:54.277][self$getBiodb()$getEntryFields()$get] 1 fields were returned. biodb.TRACE[2025-10-11 16:02:54.278][self$getBiodb()$getEntryFields()$get] fields variable is a list. biodb.TRACE[2025-10-11 16:02:54.279][self$getBiodb()$getEntryFields()$get] Asked field names are: peak.mz. biodb.TRACE[2025-10-11 16:02:54.280][self$getBiodb()$getEntryFields()$get] Realnames of fields are: peak.mz. biodb.TRACE[2025-10-11 16:02:54.281][self$getBiodb()$getEntryFields()$get] 1 fields were returned. biodb.TRACE[2025-10-11 16:02:54.282][self$getBiodb()$getEntryFields()$get] fields variable is a list. biodb.TRACE[2025-10-11 16:02:54.283][self$getBiodb()$getEntryFields()$get] Asked field names are: peak.mzexp. biodb.TRACE[2025-10-11 16:02:54.284][self$getBiodb()$getEntryFields()$get] Realnames of fields are: peak.mzexp. biodb.TRACE[2025-10-11 16:02:54.285][self$getBiodb()$getEntryFields()$get] 1 fields were returned. biodb.TRACE[2025-10-11 16:02:54.286][self$getBiodb()$getEntryFields()$get] fields variable is a list. biodb.TRACE[2025-10-11 16:02:54.287][self$getBiodb()$getEntryFields()$get] Asked field names are: peak.mztheo. biodb.TRACE[2025-10-11 16:02:54.288][self$getBiodb()$getEntryFields()$get] Realnames of fields are: peak.mztheo. biodb.TRACE[2025-10-11 16:02:54.288][self$getBiodb()$getEntryFields()$get] 1 fields were returned. biodb.TRACE[2025-10-11 16:02:54.289][self$getBiodb()$getEntryFields()$get] fields variable is a list. biodb.TRACE[2025-10-11 16:02:54.292][self$getBiodb()$getEntryFields()$get] Asked field names are: accession. biodb.TRACE[2025-10-11 16:02:54.293][self$getBiodb()$getEntryFields()$get] Realnames of fields are: accession. biodb.TRACE[2025-10-11 16:02:54.294][self$getBiodb()$getEntryFields()$get] 1 fields were returned. biodb.TRACE[2025-10-11 16:02:54.295][self$getBiodb()$getEntryFields()$get] fields variable is a list. biodb.TRACE[2025-10-11 16:02:54.299][self$getBiodb()$getEntryFields()$get] Asked field names are: hmdb.metabolites.id. biodb.TRACE[2025-10-11 16:02:54.300][self$getBiodb()$getEntryFields()$get] Realnames of fields are: hmdb.metabolites.id. biodb.TRACE[2025-10-11 16:02:54.301][self$getBiodb()$getEntryFields()$get] 1 fields were returned. biodb.TRACE[2025-10-11 16:02:54.302][self$getBiodb()$getEntryFields()$get] fields variable is a list. biodb.TRACE[2025-10-11 16:02:54.309][self$getBiodb()$getEntryFields()$get] Asked field names are: accession. biodb.TRACE[2025-10-11 16:02:54.311][self$getBiodb()$getEntryFields()$get] Realnames of fields are: accession. biodb.TRACE[2025-10-11 16:02:54.311][self$getBiodb()$getEntryFields()$get] 1 fields were returned. biodb.TRACE[2025-10-11 16:02:54.312][self$getBiodb()$getEntryFields()$get] fields variable is a list. biodb.TRACE[2025-10-11 16:02:54.313][self$getBiodb()$getEntryFields()$get] Asked field names are: accession. biodb.TRACE[2025-10-11 16:02:54.314][self$getBiodb()$getEntryFields()$get] Realnames of fields are: accession. biodb.TRACE[2025-10-11 16:02:54.315][self$getBiodb()$getEntryFields()$get] 1 fields were returned. biodb.TRACE[2025-10-11 16:02:54.316][self$getBiodb()$getEntryFields()$get] fields variable is a list. biodb.TRACE[2025-10-11 16:02:54.317][self$getBiodb()$getEntryFields()$get] Asked field names are: accession. biodb.TRACE[2025-10-11 16:02:54.318][self$getBiodb()$getEntryFields()$get] Realnames of fields are: accession. biodb.TRACE[2025-10-11 16:02:54.319][self$getBiodb()$getEntryFields()$get] 1 fields were returned. biodb.TRACE[2025-10-11 16:02:54.320][self$getBiodb()$getEntryFields()$get] fields variable is a list. biodb.TRACE[2025-10-11 16:02:54.322][self$getBiodb()$getEntryFields()$get] Asked field names are: accession. biodb.TRACE[2025-10-11 16:02:54.323][self$getBiodb()$getEntryFields()$get] Realnames of fields are: accession. biodb.TRACE[2025-10-11 16:02:54.324][self$getBiodb()$getEntryFields()$get] 1 fields were returned. biodb.TRACE[2025-10-11 16:02:54.325][self$getBiodb()$getEntryFields()$get] fields variable is a list. biodb.TRACE[2025-10-11 16:02:54.326][self$getBiodb()$getEntryFields()$get] Asked field names are: accession. biodb.TRACE[2025-10-11 16:02:54.327][self$getBiodb()$getEntryFields()$get] Realnames of fields are: accession. biodb.TRACE[2025-10-11 16:02:54.328][self$getBiodb()$getEntryFields()$get] 1 fields were returned. biodb.TRACE[2025-10-11 16:02:54.329][self$getBiodb()$getEntryFields()$get] fields variable is a list. biodb.TRACE[2025-10-11 16:02:54.330][self$getBiodb()$getEntryFields()$get] Asked field names are: accession. biodb.TRACE[2025-10-11 16:02:54.331][self$getBiodb()$getEntryFields()$get] Realnames of fields are: accession. biodb.TRACE[2025-10-11 16:02:54.332][self$getBiodb()$getEntryFields()$get] 1 fields were returned. biodb.TRACE[2025-10-11 16:02:54.333][self$getBiodb()$getEntryFields()$get] fields variable is a list. biodb.TRACE[2025-10-11 16:02:54.334][self$getBiodb()$getEntryFields()$get] Asked field names are: hmdb.metabolites.id. biodb.TRACE[2025-10-11 16:02:54.335][self$getBiodb()$getEntryFields()$get] Realnames of fields are: hmdb.metabolites.id. biodb.TRACE[2025-10-11 16:02:54.336][self$getBiodb()$getEntryFields()$get] 1 fields were returned. biodb.TRACE[2025-10-11 16:02:54.337][self$getBiodb()$getEntryFields()$get] fields variable is a list. biodb.TRACE[2025-10-11 16:02:54.338][self$getBiodb()$getEntryFields()$get] Asked field names are: hmdb.metabolites.id. biodb.TRACE[2025-10-11 16:02:54.339][self$getBiodb()$getEntryFields()$get] Realnames of fields are: hmdb.metabolites.id. biodb.TRACE[2025-10-11 16:02:54.340][self$getBiodb()$getEntryFields()$get] 1 fields were returned. biodb.TRACE[2025-10-11 16:02:54.340][self$getBiodb()$getEntryFields()$get] fields variable is a list. biodb.TRACE[2025-10-11 16:02:54.341][self$getBiodb()$getEntryFields()$get] Asked field names are: hmdb.metabolites.id. biodb.TRACE[2025-10-11 16:02:54.342][self$getBiodb()$getEntryFields()$get] Realnames of fields are: hmdb.metabolites.id. biodb.TRACE[2025-10-11 16:02:54.343][self$getBiodb()$getEntryFields()$get] 1 fields were returned. biodb.TRACE[2025-10-11 16:02:54.344][self$getBiodb()$getEntryFields()$get] fields variable is a list. biodb.TRACE[2025-10-11 16:02:54.351][self$getBiodb()$getEntryFields()$get] Asked field names are: accession. biodb.TRACE[2025-10-11 16:02:54.352][self$getBiodb()$getEntryFields()$get] Realnames of fields are: accession. biodb.TRACE[2025-10-11 16:02:54.353][self$getBiodb()$getEntryFields()$get] 1 fields were returned. biodb.TRACE[2025-10-11 16:02:54.354][self$getBiodb()$getEntryFields()$get] fields variable is a list. biodb.TRACE[2025-10-11 16:02:54.355][self$getBiodb()$getEntryFields()$get] Asked field names are: accession. biodb.TRACE[2025-10-11 16:02:54.356][self$getBiodb()$getEntryFields()$get] Realnames of fields are: accession. biodb.TRACE[2025-10-11 16:02:54.357][self$getBiodb()$getEntryFields()$get] 1 fields were returned. biodb.TRACE[2025-10-11 16:02:54.358][self$getBiodb()$getEntryFields()$get] fields variable is a list. biodb.TRACE[2025-10-11 16:02:54.359][self$getBiodb()$getEntryFields()$get] Asked field names are: accession. biodb.TRACE[2025-10-11 16:02:54.360][self$getBiodb()$getEntryFields()$get] Realnames of fields are: accession. biodb.TRACE[2025-10-11 16:02:54.361][self$getBiodb()$getEntryFields()$get] 1 fields were returned. biodb.TRACE[2025-10-11 16:02:54.362][self$getBiodb()$getEntryFields()$get] fields variable is a list. biodb.TRACE[2025-10-11 16:02:54.362][ef$get] Asked field names are: accession. biodb.TRACE[2025-10-11 16:02:54.363][ef$get] Realnames of fields are: accession. biodb.TRACE[2025-10-11 16:02:54.364][ef$get] 1 fields were returned. biodb.TRACE[2025-10-11 16:02:54.365][ef$get] fields variable is a list. biodb.TRACE[2025-10-11 16:02:54.366][self$getBiodb()$getEntryFields()$get] Asked field names are: accession. biodb.TRACE[2025-10-11 16:02:54.367][self$getBiodb()$getEntryFields()$get] Realnames of fields are: accession. biodb.TRACE[2025-10-11 16:02:54.368][self$getBiodb()$getEntryFields()$get] 1 fields were returned. biodb.TRACE[2025-10-11 16:02:54.369][self$getBiodb()$getEntryFields()$get] fields variable is a list. biodb.TRACE[2025-10-11 16:02:54.377][self$getBiodb()$getEntryFields()$get] Asked field names are: secondary.accessions. biodb.TRACE[2025-10-11 16:02:54.378][self$getBiodb()$getEntryFields()$get] Realnames of fields are: secondary.accessions. biodb.TRACE[2025-10-11 16:02:54.379][self$getBiodb()$getEntryFields()$get] 1 fields were returned. biodb.TRACE[2025-10-11 16:02:54.379][self$getBiodb()$getEntryFields()$get] fields variable is a list. biodb.TRACE[2025-10-11 16:02:54.380][self$getBiodb()$getEntryFields()$get] Asked field names are: secondary.accessions. biodb.TRACE[2025-10-11 16:02:54.381][self$getBiodb()$getEntryFields()$get] Realnames of fields are: secondary.accessions. biodb.TRACE[2025-10-11 16:02:54.382][self$getBiodb()$getEntryFields()$get] 1 fields were returned. biodb.TRACE[2025-10-11 16:02:54.383][self$getBiodb()$getEntryFields()$get] fields variable is a list. biodb.TRACE[2025-10-11 16:02:54.384][self$getBiodb()$getEntryFields()$get] Asked field names are: secondary.accessions. biodb.TRACE[2025-10-11 16:02:54.385][self$getBiodb()$getEntryFields()$get] Realnames of fields are: secondary.accessions. biodb.TRACE[2025-10-11 16:02:54.386][self$getBiodb()$getEntryFields()$get] 1 fields were returned. biodb.TRACE[2025-10-11 16:02:54.387][self$getBiodb()$getEntryFields()$get] fields variable is a list. biodb.TRACE[2025-10-11 16:02:54.388][ef$get] Asked field names are: secondary.accessions. biodb.TRACE[2025-10-11 16:02:54.389][ef$get] Realnames of fields are: secondary.accessions. biodb.TRACE[2025-10-11 16:02:54.390][ef$get] 1 fields were returned. biodb.TRACE[2025-10-11 16:02:54.391][ef$get] fields variable is a list. biodb.TRACE[2025-10-11 16:02:54.392][self$getBiodb()$getEntryFields()$get] Asked field names are: secondary.accessions. biodb.TRACE[2025-10-11 16:02:54.393][self$getBiodb()$getEntryFields()$get] Realnames of fields are: secondary.accessions. biodb.TRACE[2025-10-11 16:02:54.393][self$getBiodb()$getEntryFields()$get] 1 fields were returned. biodb.TRACE[2025-10-11 16:02:54.394][self$getBiodb()$getEntryFields()$get] fields variable is a list. biodb.TRACE[2025-10-11 16:02:54.402][self$getBiodb()$getEntryFields()$get] Asked field names are: chemspider.id. biodb.TRACE[2025-10-11 16:02:54.403][self$getBiodb()$getEntryFields()$get] Realnames of fields are: chemspider.id. biodb.TRACE[2025-10-11 16:02:54.403][self$getBiodb()$getEntryFields()$get] 1 fields were returned. biodb.TRACE[2025-10-11 16:02:54.404][self$getBiodb()$getEntryFields()$get] fields variable is a list. biodb.TRACE[2025-10-11 16:02:54.405][self$getBiodb()$getEntryFields()$get] Asked field names are: chemspider.id. biodb.TRACE[2025-10-11 16:02:54.406][self$getBiodb()$getEntryFields()$get] Realnames of fields are: chemspider.id. biodb.TRACE[2025-10-11 16:02:54.407][self$getBiodb()$getEntryFields()$get] 1 fields were returned. biodb.TRACE[2025-10-11 16:02:54.408][self$getBiodb()$getEntryFields()$get] fields variable is a list. biodb.TRACE[2025-10-11 16:02:54.409][self$getBiodb()$getEntryFields()$get] Asked field names are: chemspider.id. biodb.TRACE[2025-10-11 16:02:54.410][self$getBiodb()$getEntryFields()$get] Realnames of fields are: chemspider.id. biodb.TRACE[2025-10-11 16:02:54.411][self$getBiodb()$getEntryFields()$get] 1 fields were returned. biodb.TRACE[2025-10-11 16:02:54.412][self$getBiodb()$getEntryFields()$get] fields variable is a list. biodb.TRACE[2025-10-11 16:02:54.413][ef$get] Asked field names are: chemspider.id. biodb.TRACE[2025-10-11 16:02:54.414][ef$get] Realnames of fields are: chemspider.id. biodb.TRACE[2025-10-11 16:02:54.415][ef$get] 1 fields were returned. biodb.TRACE[2025-10-11 16:02:54.416][ef$get] fields variable is a list. biodb.TRACE[2025-10-11 16:02:54.416][self$getBiodb()$getEntryFields()$get] Asked field names are: chemspider.id. biodb.TRACE[2025-10-11 16:02:54.417][self$getBiodb()$getEntryFields()$get] Realnames of fields are: chemspider.id. biodb.TRACE[2025-10-11 16:02:54.418][self$getBiodb()$getEntryFields()$get] 1 fields were returned. biodb.TRACE[2025-10-11 16:02:54.419][self$getBiodb()$getEntryFields()$get] fields variable is a list. biodb.TRACE[2025-10-11 16:02:54.430][self$getBiodb()$getEntryFields()$get] Asked field names are: ncbi.pubchem.comp.id. biodb.TRACE[2025-10-11 16:02:54.431][self$getBiodb()$getEntryFields()$get] Realnames of fields are: ncbi.pubchem.comp.id. biodb.TRACE[2025-10-11 16:02:54.432][self$getBiodb()$getEntryFields()$get] 1 fields were returned. biodb.TRACE[2025-10-11 16:02:54.433][self$getBiodb()$getEntryFields()$get] fields variable is a list. biodb.TRACE[2025-10-11 16:02:54.434][self$getBiodb()$getEntryFields()$get] Asked field names are: ncbi.pubchem.comp.id. biodb.TRACE[2025-10-11 16:02:54.435][self$getBiodb()$getEntryFields()$get] Realnames of fields are: ncbi.pubchem.comp.id. biodb.TRACE[2025-10-11 16:02:54.436][self$getBiodb()$getEntryFields()$get] 1 fields were returned. biodb.TRACE[2025-10-11 16:02:54.437][self$getBiodb()$getEntryFields()$get] fields variable is a list. biodb.TRACE[2025-10-11 16:02:54.438][self$getBiodb()$getEntryFields()$get] Asked field names are: ncbi.pubchem.comp.id. biodb.TRACE[2025-10-11 16:02:54.439][self$getBiodb()$getEntryFields()$get] Realnames of fields are: ncbi.pubchem.comp.id. biodb.TRACE[2025-10-11 16:02:54.440][self$getBiodb()$getEntryFields()$get] 1 fields were returned. biodb.TRACE[2025-10-11 16:02:54.441][self$getBiodb()$getEntryFields()$get] fields variable is a list. biodb.TRACE[2025-10-11 16:02:54.441][ef$get] Asked field names are: ncbi.pubchem.comp.id. biodb.TRACE[2025-10-11 16:02:54.442][ef$get] Realnames of fields are: ncbi.pubchem.comp.id. biodb.TRACE[2025-10-11 16:02:54.443][ef$get] 1 fields were returned. biodb.TRACE[2025-10-11 16:02:54.444][ef$get] fields variable is a list. biodb.TRACE[2025-10-11 16:02:54.445][self$getBiodb()$getEntryFields()$get] Asked field names are: ncbi.pubchem.comp.id. biodb.TRACE[2025-10-11 16:02:54.446][self$getBiodb()$getEntryFields()$get] Realnames of fields are: ncbi.pubchem.comp.id. biodb.TRACE[2025-10-11 16:02:54.447][self$getBiodb()$getEntryFields()$get] 1 fields were returned. biodb.TRACE[2025-10-11 16:02:54.448][self$getBiodb()$getEntryFields()$get] fields variable is a list. biodb.TRACE[2025-10-11 16:02:54.455][self$getBiodb()$getEntryFields()$get] Asked field names are: chebi.id. biodb.TRACE[2025-10-11 16:02:54.456][self$getBiodb()$getEntryFields()$get] Realnames of fields are: chebi.id. biodb.TRACE[2025-10-11 16:02:54.457][self$getBiodb()$getEntryFields()$get] 1 fields were returned. biodb.TRACE[2025-10-11 16:02:54.458][self$getBiodb()$getEntryFields()$get] fields variable is a list. biodb.TRACE[2025-10-11 16:02:54.459][self$getBiodb()$getEntryFields()$get] Asked field names are: chebi.id. biodb.TRACE[2025-10-11 16:02:54.460][self$getBiodb()$getEntryFields()$get] Realnames of fields are: chebi.id. biodb.TRACE[2025-10-11 16:02:54.461][self$getBiodb()$getEntryFields()$get] 1 fields were returned. biodb.TRACE[2025-10-11 16:02:54.462][self$getBiodb()$getEntryFields()$get] fields variable is a list. biodb.TRACE[2025-10-11 16:02:54.463][self$getBiodb()$getEntryFields()$get] Asked field names are: chebi.id. biodb.TRACE[2025-10-11 16:02:54.464][self$getBiodb()$getEntryFields()$get] Realnames of fields are: chebi.id. biodb.TRACE[2025-10-11 16:02:54.465][self$getBiodb()$getEntryFields()$get] 1 fields were returned. biodb.TRACE[2025-10-11 16:02:54.466][self$getBiodb()$getEntryFields()$get] fields variable is a list. biodb.TRACE[2025-10-11 16:02:54.467][ef$get] Asked field names are: chebi.id. biodb.TRACE[2025-10-11 16:02:54.468][ef$get] Realnames of fields are: chebi.id. biodb.TRACE[2025-10-11 16:02:54.468][ef$get] 1 fields were returned. biodb.TRACE[2025-10-11 16:02:54.469][ef$get] fields variable is a list. biodb.TRACE[2025-10-11 16:02:54.470][self$getBiodb()$getEntryFields()$get] Asked field names are: chebi.id. biodb.TRACE[2025-10-11 16:02:54.471][self$getBiodb()$getEntryFields()$get] Realnames of fields are: chebi.id. biodb.TRACE[2025-10-11 16:02:54.472][self$getBiodb()$getEntryFields()$get] 1 fields were returned. biodb.TRACE[2025-10-11 16:02:54.473][self$getBiodb()$getEntryFields()$get] fields variable is a list. biodb.TRACE[2025-10-11 16:02:54.480][self$getBiodb()$getEntryFields()$get] Asked field names are: kegg.compound.id. biodb.TRACE[2025-10-11 16:02:54.481][self$getBiodb()$getEntryFields()$get] Realnames of fields are: kegg.compound.id. biodb.TRACE[2025-10-11 16:02:54.482][self$getBiodb()$getEntryFields()$get] 1 fields were returned. biodb.TRACE[2025-10-11 16:02:54.483][self$getBiodb()$getEntryFields()$get] fields variable is a list. biodb.TRACE[2025-10-11 16:02:54.484][self$getBiodb()$getEntryFields()$get] Asked field names are: kegg.compound.id. biodb.TRACE[2025-10-11 16:02:54.485][self$getBiodb()$getEntryFields()$get] Realnames of fields are: kegg.compound.id. biodb.TRACE[2025-10-11 16:02:54.486][self$getBiodb()$getEntryFields()$get] 1 fields were returned. biodb.TRACE[2025-10-11 16:02:54.487][self$getBiodb()$getEntryFields()$get] fields variable is a list. biodb.TRACE[2025-10-11 16:02:54.488][self$getBiodb()$getEntryFields()$get] Asked field names are: kegg.compound.id. biodb.TRACE[2025-10-11 16:02:54.489][self$getBiodb()$getEntryFields()$get] Realnames of fields are: kegg.compound.id. biodb.TRACE[2025-10-11 16:02:54.490][self$getBiodb()$getEntryFields()$get] 1 fields were returned. biodb.TRACE[2025-10-11 16:02:54.491][self$getBiodb()$getEntryFields()$get] fields variable is a list. biodb.TRACE[2025-10-11 16:02:54.492][ef$get] Asked field names are: kegg.compound.id. biodb.TRACE[2025-10-11 16:02:54.493][ef$get] Realnames of fields are: kegg.compound.id. biodb.TRACE[2025-10-11 16:02:54.493][ef$get] 1 fields were returned. biodb.TRACE[2025-10-11 16:02:54.494][ef$get] fields variable is a list. biodb.TRACE[2025-10-11 16:02:54.495][self$getBiodb()$getEntryFields()$get] Asked field names are: kegg.compound.id. biodb.TRACE[2025-10-11 16:02:54.496][self$getBiodb()$getEntryFields()$get] Realnames of fields are: kegg.compound.id. biodb.TRACE[2025-10-11 16:02:54.497][self$getBiodb()$getEntryFields()$get] 1 fields were returned. biodb.TRACE[2025-10-11 16:02:54.498][self$getBiodb()$getEntryFields()$get] fields variable is a list. biodb.TRACE[2025-10-11 16:02:54.505][self$getBiodb()$getEntryFields()$get] Asked field names are: name. biodb.TRACE[2025-10-11 16:02:54.506][self$getBiodb()$getEntryFields()$get] Realnames of fields are: name. biodb.TRACE[2025-10-11 16:02:54.507][self$getBiodb()$getEntryFields()$get] 1 fields were returned. biodb.TRACE[2025-10-11 16:02:54.508][self$getBiodb()$getEntryFields()$get] fields variable is a list. biodb.TRACE[2025-10-11 16:02:54.509][self$getBiodb()$getEntryFields()$get] Asked field names are: name. biodb.TRACE[2025-10-11 16:02:54.510][self$getBiodb()$getEntryFields()$get] Realnames of fields are: name. biodb.TRACE[2025-10-11 16:02:54.511][self$getBiodb()$getEntryFields()$get] 1 fields were returned. biodb.TRACE[2025-10-11 16:02:54.512][self$getBiodb()$getEntryFields()$get] fields variable is a list. biodb.TRACE[2025-10-11 16:02:54.513][self$getBiodb()$getEntryFields()$get] Asked field names are: name. biodb.TRACE[2025-10-11 16:02:54.514][self$getBiodb()$getEntryFields()$get] Realnames of fields are: name. biodb.TRACE[2025-10-11 16:02:54.515][self$getBiodb()$getEntryFields()$get] 1 fields were returned. biodb.TRACE[2025-10-11 16:02:54.516][self$getBiodb()$getEntryFields()$get] fields variable is a list. biodb.TRACE[2025-10-11 16:02:54.517][ef$get] Asked field names are: name. biodb.TRACE[2025-10-11 16:02:54.518][ef$get] Realnames of fields are: name. biodb.TRACE[2025-10-11 16:02:54.518][ef$get] 1 fields were returned. biodb.TRACE[2025-10-11 16:02:54.519][ef$get] fields variable is a list. biodb.TRACE[2025-10-11 16:02:54.520][self$getBiodb()$getEntryFields()$get] Asked field names are: name. biodb.TRACE[2025-10-11 16:02:54.521][self$getBiodb()$getEntryFields()$get] Realnames of fields are: name. biodb.TRACE[2025-10-11 16:02:54.522][self$getBiodb()$getEntryFields()$get] 1 fields were returned. biodb.TRACE[2025-10-11 16:02:54.523][self$getBiodb()$getEntryFields()$get] fields variable is a list. biodb.TRACE[2025-10-11 16:02:54.530][self$getBiodb()$getEntryFields()$get] Asked field names are: description. biodb.TRACE[2025-10-11 16:02:54.531][self$getBiodb()$getEntryFields()$get] Realnames of fields are: description. biodb.TRACE[2025-10-11 16:02:54.532][self$getBiodb()$getEntryFields()$get] 1 fields were returned. biodb.TRACE[2025-10-11 16:02:54.533][self$getBiodb()$getEntryFields()$get] fields variable is a list. biodb.TRACE[2025-10-11 16:02:54.534][self$getBiodb()$getEntryFields()$get] Asked field names are: description. biodb.TRACE[2025-10-11 16:02:54.535][self$getBiodb()$getEntryFields()$get] Realnames of fields are: description. biodb.TRACE[2025-10-11 16:02:54.536][self$getBiodb()$getEntryFields()$get] 1 fields were returned. biodb.TRACE[2025-10-11 16:02:54.537][self$getBiodb()$getEntryFields()$get] fields variable is a list. biodb.TRACE[2025-10-11 16:02:54.538][self$getBiodb()$getEntryFields()$get] Asked field names are: description. biodb.TRACE[2025-10-11 16:02:54.539][self$getBiodb()$getEntryFields()$get] Realnames of fields are: description. biodb.TRACE[2025-10-11 16:02:54.540][self$getBiodb()$getEntryFields()$get] 1 fields were returned. biodb.TRACE[2025-10-11 16:02:54.544][self$getBiodb()$getEntryFields()$get] fields variable is a list. biodb.TRACE[2025-10-11 16:02:54.545][ef$get] Asked field names are: description. biodb.TRACE[2025-10-11 16:02:54.546][ef$get] Realnames of fields are: description. biodb.TRACE[2025-10-11 16:02:54.547][ef$get] 1 fields were returned. biodb.TRACE[2025-10-11 16:02:54.548][ef$get] fields variable is a list. biodb.TRACE[2025-10-11 16:02:54.549][self$getBiodb()$getEntryFields()$get] Asked field names are: description. biodb.TRACE[2025-10-11 16:02:54.550][self$getBiodb()$getEntryFields()$get] Realnames of fields are: description. biodb.TRACE[2025-10-11 16:02:54.551][self$getBiodb()$getEntryFields()$get] 1 fields were returned. biodb.TRACE[2025-10-11 16:02:54.551][self$getBiodb()$getEntryFields()$get] fields variable is a list. biodb.TRACE[2025-10-11 16:02:54.559][self$getBiodb()$getEntryFields()$get] Asked field names are: formula. biodb.TRACE[2025-10-11 16:02:54.560][self$getBiodb()$getEntryFields()$get] Realnames of fields are: formula. biodb.TRACE[2025-10-11 16:02:54.561][self$getBiodb()$getEntryFields()$get] 1 fields were returned. biodb.TRACE[2025-10-11 16:02:54.562][self$getBiodb()$getEntryFields()$get] fields variable is a list. biodb.TRACE[2025-10-11 16:02:54.563][self$getBiodb()$getEntryFields()$get] Asked field names are: formula. biodb.TRACE[2025-10-11 16:02:54.564][self$getBiodb()$getEntryFields()$get] Realnames of fields are: formula. biodb.TRACE[2025-10-11 16:02:54.564][self$getBiodb()$getEntryFields()$get] 1 fields were returned. biodb.TRACE[2025-10-11 16:02:54.565][self$getBiodb()$getEntryFields()$get] fields variable is a list. biodb.TRACE[2025-10-11 16:02:54.566][self$getBiodb()$getEntryFields()$get] Asked field names are: formula. biodb.TRACE[2025-10-11 16:02:54.567][self$getBiodb()$getEntryFields()$get] Realnames of fields are: formula. biodb.TRACE[2025-10-11 16:02:54.568][self$getBiodb()$getEntryFields()$get] 1 fields were returned. biodb.TRACE[2025-10-11 16:02:54.569][self$getBiodb()$getEntryFields()$get] fields variable is a list. biodb.TRACE[2025-10-11 16:02:54.570][ef$get] Asked field names are: formula. biodb.TRACE[2025-10-11 16:02:54.571][ef$get] Realnames of fields are: formula. biodb.TRACE[2025-10-11 16:02:54.572][ef$get] 1 fields were returned. biodb.TRACE[2025-10-11 16:02:54.573][ef$get] fields variable is a list. biodb.TRACE[2025-10-11 16:02:54.574][self$getBiodb()$getEntryFields()$get] Asked field names are: formula. biodb.TRACE[2025-10-11 16:02:54.575][self$getBiodb()$getEntryFields()$get] Realnames of fields are: formula. biodb.TRACE[2025-10-11 16:02:54.576][self$getBiodb()$getEntryFields()$get] 1 fields were returned. biodb.TRACE[2025-10-11 16:02:54.577][self$getBiodb()$getEntryFields()$get] fields variable is a list. biodb.TRACE[2025-10-11 16:02:54.584][self$getBiodb()$getEntryFields()$get] Asked field names are: average.mass. biodb.TRACE[2025-10-11 16:02:54.585][self$getBiodb()$getEntryFields()$get] Realnames of fields are: average.mass. biodb.TRACE[2025-10-11 16:02:54.586][self$getBiodb()$getEntryFields()$get] 1 fields were returned. biodb.TRACE[2025-10-11 16:02:54.587][self$getBiodb()$getEntryFields()$get] fields variable is a list. biodb.TRACE[2025-10-11 16:02:54.588][self$getBiodb()$getEntryFields()$get] Asked field names are: average.mass. biodb.TRACE[2025-10-11 16:02:54.589][self$getBiodb()$getEntryFields()$get] Realnames of fields are: average.mass. biodb.TRACE[2025-10-11 16:02:54.590][self$getBiodb()$getEntryFields()$get] 1 fields were returned. biodb.TRACE[2025-10-11 16:02:54.590][self$getBiodb()$getEntryFields()$get] fields variable is a list. biodb.TRACE[2025-10-11 16:02:54.591][self$getBiodb()$getEntryFields()$get] Asked field names are: average.mass. biodb.TRACE[2025-10-11 16:02:54.592][self$getBiodb()$getEntryFields()$get] Realnames of fields are: average.mass. biodb.TRACE[2025-10-11 16:02:54.593][self$getBiodb()$getEntryFields()$get] 1 fields were returned. biodb.TRACE[2025-10-11 16:02:54.594][self$getBiodb()$getEntryFields()$get] fields variable is a list. biodb.TRACE[2025-10-11 16:02:54.595][ef$get] Asked field names are: average.mass. biodb.TRACE[2025-10-11 16:02:54.596][ef$get] Realnames of fields are: average.mass. biodb.TRACE[2025-10-11 16:02:54.597][ef$get] 1 fields were returned. biodb.TRACE[2025-10-11 16:02:54.598][ef$get] fields variable is a list. biodb.TRACE[2025-10-11 16:02:54.599][self$getBiodb()$getEntryFields()$get] Asked field names are: average.mass. biodb.TRACE[2025-10-11 16:02:54.600][self$getBiodb()$getEntryFields()$get] Realnames of fields are: average.mass. biodb.TRACE[2025-10-11 16:02:54.601][self$getBiodb()$getEntryFields()$get] 1 fields were returned. biodb.TRACE[2025-10-11 16:02:54.602][self$getBiodb()$getEntryFields()$get] fields variable is a list. biodb.TRACE[2025-10-11 16:02:54.609][self$getBiodb()$getEntryFields()$get] Asked field names are: monoisotopic.mass. biodb.TRACE[2025-10-11 16:02:54.610][self$getBiodb()$getEntryFields()$get] Realnames of fields are: monoisotopic.mass. biodb.TRACE[2025-10-11 16:02:54.611][self$getBiodb()$getEntryFields()$get] 1 fields were returned. biodb.TRACE[2025-10-11 16:02:54.612][self$getBiodb()$getEntryFields()$get] fields variable is a list. biodb.TRACE[2025-10-11 16:02:54.613][self$getBiodb()$getEntryFields()$get] Asked field names are: monoisotopic.mass. biodb.TRACE[2025-10-11 16:02:54.614][self$getBiodb()$getEntryFields()$get] Realnames of fields are: monoisotopic.mass. biodb.TRACE[2025-10-11 16:02:54.614][self$getBiodb()$getEntryFields()$get] 1 fields were returned. biodb.TRACE[2025-10-11 16:02:54.615][self$getBiodb()$getEntryFields()$get] fields variable is a list. biodb.TRACE[2025-10-11 16:02:54.616][self$getBiodb()$getEntryFields()$get] Asked field names are: monoisotopic.mass. biodb.TRACE[2025-10-11 16:02:54.617][self$getBiodb()$getEntryFields()$get] Realnames of fields are: monoisotopic.mass. biodb.TRACE[2025-10-11 16:02:54.618][self$getBiodb()$getEntryFields()$get] 1 fields were returned. biodb.TRACE[2025-10-11 16:02:54.619][self$getBiodb()$getEntryFields()$get] fields variable is a list. biodb.TRACE[2025-10-11 16:02:54.620][ef$get] Asked field names are: monoisotopic.mass. biodb.TRACE[2025-10-11 16:02:54.621][ef$get] Realnames of fields are: monoisotopic.mass. biodb.TRACE[2025-10-11 16:02:54.622][ef$get] 1 fields were returned. biodb.TRACE[2025-10-11 16:02:54.623][ef$get] fields variable is a list. biodb.TRACE[2025-10-11 16:02:54.624][self$getBiodb()$getEntryFields()$get] Asked field names are: monoisotopic.mass. biodb.TRACE[2025-10-11 16:02:54.625][self$getBiodb()$getEntryFields()$get] Realnames of fields are: monoisotopic.mass. biodb.TRACE[2025-10-11 16:02:54.626][self$getBiodb()$getEntryFields()$get] 1 fields were returned. biodb.TRACE[2025-10-11 16:02:54.627][self$getBiodb()$getEntryFields()$get] fields variable is a list. biodb.TRACE[2025-10-11 16:02:54.634][self$getBiodb()$getEntryFields()$get] Asked field names are: comp.super.class. biodb.TRACE[2025-10-11 16:02:54.635][self$getBiodb()$getEntryFields()$get] Realnames of fields are: comp.super.class. biodb.TRACE[2025-10-11 16:02:54.636][self$getBiodb()$getEntryFields()$get] 1 fields were returned. biodb.TRACE[2025-10-11 16:02:54.637][self$getBiodb()$getEntryFields()$get] fields variable is a list. biodb.TRACE[2025-10-11 16:02:54.638][self$getBiodb()$getEntryFields()$get] Asked field names are: comp.super.class. biodb.TRACE[2025-10-11 16:02:54.639][self$getBiodb()$getEntryFields()$get] Realnames of fields are: comp.super.class. biodb.TRACE[2025-10-11 16:02:54.640][self$getBiodb()$getEntryFields()$get] 1 fields were returned. biodb.TRACE[2025-10-11 16:02:54.640][self$getBiodb()$getEntryFields()$get] fields variable is a list. biodb.TRACE[2025-10-11 16:02:54.641][self$getBiodb()$getEntryFields()$get] Asked field names are: comp.super.class. biodb.TRACE[2025-10-11 16:02:54.642][self$getBiodb()$getEntryFields()$get] Realnames of fields are: comp.super.class. biodb.TRACE[2025-10-11 16:02:54.643][self$getBiodb()$getEntryFields()$get] 1 fields were returned. biodb.TRACE[2025-10-11 16:02:54.644][self$getBiodb()$getEntryFields()$get] fields variable is a list. biodb.TRACE[2025-10-11 16:02:54.645][ef$get] Asked field names are: comp.super.class. biodb.TRACE[2025-10-11 16:02:54.646][ef$get] Realnames of fields are: comp.super.class. biodb.TRACE[2025-10-11 16:02:54.647][ef$get] 1 fields were returned. biodb.TRACE[2025-10-11 16:02:54.648][ef$get] fields variable is a list. biodb.TRACE[2025-10-11 16:02:54.649][self$getBiodb()$getEntryFields()$get] Asked field names are: comp.super.class. biodb.TRACE[2025-10-11 16:02:54.650][self$getBiodb()$getEntryFields()$get] Realnames of fields are: comp.super.class. biodb.TRACE[2025-10-11 16:02:54.651][self$getBiodb()$getEntryFields()$get] 1 fields were returned. biodb.TRACE[2025-10-11 16:02:54.652][self$getBiodb()$getEntryFields()$get] fields variable is a list. biodb.TRACE[2025-10-11 16:02:54.662][self$getBiodb()$getEntryFields()$get] Asked field names are: comp.iupac.name.syst. biodb.TRACE[2025-10-11 16:02:54.663][self$getBiodb()$getEntryFields()$get] Realnames of fields are: comp.iupac.name.syst. biodb.TRACE[2025-10-11 16:02:54.664][self$getBiodb()$getEntryFields()$get] 1 fields were returned. biodb.TRACE[2025-10-11 16:02:54.665][self$getBiodb()$getEntryFields()$get] fields variable is a list. biodb.TRACE[2025-10-11 16:02:54.666][self$getBiodb()$getEntryFields()$get] Asked field names are: comp.iupac.name.syst. biodb.TRACE[2025-10-11 16:02:54.667][self$getBiodb()$getEntryFields()$get] Realnames of fields are: comp.iupac.name.syst. biodb.TRACE[2025-10-11 16:02:54.668][self$getBiodb()$getEntryFields()$get] 1 fields were returned. biodb.TRACE[2025-10-11 16:02:54.669][self$getBiodb()$getEntryFields()$get] fields variable is a list. biodb.TRACE[2025-10-11 16:02:54.670][self$getBiodb()$getEntryFields()$get] Asked field names are: comp.iupac.name.syst. biodb.TRACE[2025-10-11 16:02:54.671][self$getBiodb()$getEntryFields()$get] Realnames of fields are: comp.iupac.name.syst. biodb.TRACE[2025-10-11 16:02:54.672][self$getBiodb()$getEntryFields()$get] 1 fields were returned. biodb.TRACE[2025-10-11 16:02:54.673][self$getBiodb()$getEntryFields()$get] fields variable is a list. biodb.TRACE[2025-10-11 16:02:54.674][ef$get] Asked field names are: comp.iupac.name.syst. biodb.TRACE[2025-10-11 16:02:54.675][ef$get] Realnames of fields are: comp.iupac.name.syst. biodb.TRACE[2025-10-11 16:02:54.676][ef$get] 1 fields were returned. biodb.TRACE[2025-10-11 16:02:54.676][ef$get] fields variable is a list. biodb.TRACE[2025-10-11 16:02:54.677][self$getBiodb()$getEntryFields()$get] Asked field names are: comp.iupac.name.syst. biodb.TRACE[2025-10-11 16:02:54.678][self$getBiodb()$getEntryFields()$get] Realnames of fields are: comp.iupac.name.syst. biodb.TRACE[2025-10-11 16:02:54.679][self$getBiodb()$getEntryFields()$get] 1 fields were returned. biodb.TRACE[2025-10-11 16:02:54.680][self$getBiodb()$getEntryFields()$get] fields variable is a list. biodb.TRACE[2025-10-11 16:02:54.688][self$getBiodb()$getEntryFields()$get] Asked field names are: comp.iupac.name.trad. biodb.TRACE[2025-10-11 16:02:54.689][self$getBiodb()$getEntryFields()$get] Realnames of fields are: comp.iupac.name.trad. biodb.TRACE[2025-10-11 16:02:54.689][self$getBiodb()$getEntryFields()$get] 1 fields were returned. biodb.TRACE[2025-10-11 16:02:54.690][self$getBiodb()$getEntryFields()$get] fields variable is a list. biodb.TRACE[2025-10-11 16:02:54.691][self$getBiodb()$getEntryFields()$get] Asked field names are: comp.iupac.name.trad. biodb.TRACE[2025-10-11 16:02:54.692][self$getBiodb()$getEntryFields()$get] Realnames of fields are: comp.iupac.name.trad. biodb.TRACE[2025-10-11 16:02:54.693][self$getBiodb()$getEntryFields()$get] 1 fields were returned. biodb.TRACE[2025-10-11 16:02:54.694][self$getBiodb()$getEntryFields()$get] fields variable is a list. biodb.TRACE[2025-10-11 16:02:54.695][self$getBiodb()$getEntryFields()$get] Asked field names are: comp.iupac.name.trad. biodb.TRACE[2025-10-11 16:02:54.696][self$getBiodb()$getEntryFields()$get] Realnames of fields are: comp.iupac.name.trad. biodb.TRACE[2025-10-11 16:02:54.697][self$getBiodb()$getEntryFields()$get] 1 fields were returned. biodb.TRACE[2025-10-11 16:02:54.698][self$getBiodb()$getEntryFields()$get] fields variable is a list. biodb.TRACE[2025-10-11 16:02:54.699][ef$get] Asked field names are: comp.iupac.name.trad. biodb.TRACE[2025-10-11 16:02:54.700][ef$get] Realnames of fields are: comp.iupac.name.trad. biodb.TRACE[2025-10-11 16:02:54.701][ef$get] 1 fields were returned. biodb.TRACE[2025-10-11 16:02:54.702][ef$get] fields variable is a list. biodb.TRACE[2025-10-11 16:02:54.703][self$getBiodb()$getEntryFields()$get] Asked field names are: comp.iupac.name.trad. biodb.TRACE[2025-10-11 16:02:54.704][self$getBiodb()$getEntryFields()$get] Realnames of fields are: comp.iupac.name.trad. biodb.TRACE[2025-10-11 16:02:54.704][self$getBiodb()$getEntryFields()$get] 1 fields were returned. biodb.TRACE[2025-10-11 16:02:54.705][self$getBiodb()$getEntryFields()$get] fields variable is a list. biodb.TRACE[2025-10-11 16:02:54.713][self$getBiodb()$getEntryFields()$get] Asked field names are: smiles. biodb.TRACE[2025-10-11 16:02:54.714][self$getBiodb()$getEntryFields()$get] Realnames of fields are: smiles. biodb.TRACE[2025-10-11 16:02:54.715][self$getBiodb()$getEntryFields()$get] 1 fields were returned. biodb.TRACE[2025-10-11 16:02:54.715][self$getBiodb()$getEntryFields()$get] fields variable is a list. biodb.TRACE[2025-10-11 16:02:54.716][self$getBiodb()$getEntryFields()$get] Asked field names are: smiles. biodb.TRACE[2025-10-11 16:02:54.717][self$getBiodb()$getEntryFields()$get] Realnames of fields are: smiles. biodb.TRACE[2025-10-11 16:02:54.718][self$getBiodb()$getEntryFields()$get] 1 fields were returned. biodb.TRACE[2025-10-11 16:02:54.719][self$getBiodb()$getEntryFields()$get] fields variable is a list. biodb.TRACE[2025-10-11 16:02:54.720][self$getBiodb()$getEntryFields()$get] Asked field names are: smiles. biodb.TRACE[2025-10-11 16:02:54.721][self$getBiodb()$getEntryFields()$get] Realnames of fields are: smiles. biodb.TRACE[2025-10-11 16:02:54.722][self$getBiodb()$getEntryFields()$get] 1 fields were returned. biodb.TRACE[2025-10-11 16:02:54.723][self$getBiodb()$getEntryFields()$get] fields variable is a list. biodb.TRACE[2025-10-11 16:02:54.724][ef$get] Asked field names are: smiles. biodb.TRACE[2025-10-11 16:02:54.725][ef$get] Realnames of fields are: smiles. biodb.TRACE[2025-10-11 16:02:54.726][ef$get] 1 fields were returned. biodb.TRACE[2025-10-11 16:02:54.727][ef$get] fields variable is a list. biodb.TRACE[2025-10-11 16:02:54.728][self$getBiodb()$getEntryFields()$get] Asked field names are: smiles. biodb.TRACE[2025-10-11 16:02:54.729][self$getBiodb()$getEntryFields()$get] Realnames of fields are: smiles. biodb.TRACE[2025-10-11 16:02:54.730][self$getBiodb()$getEntryFields()$get] 1 fields were returned. biodb.TRACE[2025-10-11 16:02:54.730][self$getBiodb()$getEntryFields()$get] fields variable is a list. biodb.TRACE[2025-10-11 16:02:54.738][self$getBiodb()$getEntryFields()$get] Asked field names are: inchi. biodb.TRACE[2025-10-11 16:02:54.739][self$getBiodb()$getEntryFields()$get] Realnames of fields are: inchi. biodb.TRACE[2025-10-11 16:02:54.740][self$getBiodb()$getEntryFields()$get] 1 fields were returned. biodb.TRACE[2025-10-11 16:02:54.740][self$getBiodb()$getEntryFields()$get] fields variable is a list. biodb.TRACE[2025-10-11 16:02:54.741][self$getBiodb()$getEntryFields()$get] Asked field names are: inchi. biodb.TRACE[2025-10-11 16:02:54.742][self$getBiodb()$getEntryFields()$get] Realnames of fields are: inchi. biodb.TRACE[2025-10-11 16:02:54.743][self$getBiodb()$getEntryFields()$get] 1 fields were returned. biodb.TRACE[2025-10-11 16:02:54.744][self$getBiodb()$getEntryFields()$get] fields variable is a list. biodb.TRACE[2025-10-11 16:02:54.745][self$getBiodb()$getEntryFields()$get] Asked field names are: inchi. biodb.TRACE[2025-10-11 16:02:54.746][self$getBiodb()$getEntryFields()$get] Realnames of fields are: inchi. biodb.TRACE[2025-10-11 16:02:54.747][self$getBiodb()$getEntryFields()$get] 1 fields were returned. biodb.TRACE[2025-10-11 16:02:54.748][self$getBiodb()$getEntryFields()$get] fields variable is a list. biodb.TRACE[2025-10-11 16:02:54.749][ef$get] Asked field names are: inchi. biodb.TRACE[2025-10-11 16:02:54.750][ef$get] Realnames of fields are: inchi. biodb.TRACE[2025-10-11 16:02:54.751][ef$get] 1 fields were returned. biodb.TRACE[2025-10-11 16:02:54.752][ef$get] fields variable is a list. biodb.TRACE[2025-10-11 16:02:54.753][self$getBiodb()$getEntryFields()$get] Asked field names are: inchi. biodb.TRACE[2025-10-11 16:02:54.754][self$getBiodb()$getEntryFields()$get] Realnames of fields are: inchi. biodb.TRACE[2025-10-11 16:02:54.755][self$getBiodb()$getEntryFields()$get] 1 fields were returned. biodb.TRACE[2025-10-11 16:02:54.755][self$getBiodb()$getEntryFields()$get] fields variable is a list. biodb.TRACE[2025-10-11 16:02:54.763][self$getBiodb()$getEntryFields()$get] Asked field names are: inchikey. biodb.TRACE[2025-10-11 16:02:54.764][self$getBiodb()$getEntryFields()$get] Realnames of fields are: inchikey. biodb.TRACE[2025-10-11 16:02:54.764][self$getBiodb()$getEntryFields()$get] 1 fields were returned. biodb.TRACE[2025-10-11 16:02:54.765][self$getBiodb()$getEntryFields()$get] fields variable is a list. biodb.TRACE[2025-10-11 16:02:54.766][self$getBiodb()$getEntryFields()$get] Asked field names are: inchikey. biodb.TRACE[2025-10-11 16:02:54.767][self$getBiodb()$getEntryFields()$get] Realnames of fields are: inchikey. biodb.TRACE[2025-10-11 16:02:54.768][self$getBiodb()$getEntryFields()$get] 1 fields were returned. biodb.TRACE[2025-10-11 16:02:54.769][self$getBiodb()$getEntryFields()$get] fields variable is a list. biodb.TRACE[2025-10-11 16:02:54.770][self$getBiodb()$getEntryFields()$get] Asked field names are: inchikey. biodb.TRACE[2025-10-11 16:02:54.771][self$getBiodb()$getEntryFields()$get] Realnames of fields are: inchikey. biodb.TRACE[2025-10-11 16:02:54.772][self$getBiodb()$getEntryFields()$get] 1 fields were returned. biodb.TRACE[2025-10-11 16:02:54.773][self$getBiodb()$getEntryFields()$get] fields variable is a list. biodb.TRACE[2025-10-11 16:02:54.774][ef$get] Asked field names are: inchikey. biodb.TRACE[2025-10-11 16:02:54.775][ef$get] Realnames of fields are: inchikey. biodb.TRACE[2025-10-11 16:02:54.779][ef$get] 1 fields were returned. biodb.TRACE[2025-10-11 16:02:54.780][ef$get] fields variable is a list. biodb.TRACE[2025-10-11 16:02:54.781][self$getBiodb()$getEntryFields()$get] Asked field names are: inchikey. biodb.TRACE[2025-10-11 16:02:54.782][self$getBiodb()$getEntryFields()$get] Realnames of fields are: inchikey. biodb.TRACE[2025-10-11 16:02:54.783][self$getBiodb()$getEntryFields()$get] 1 fields were returned. biodb.TRACE[2025-10-11 16:02:54.784][self$getBiodb()$getEntryFields()$get] fields variable is a list. biodb.TRACE[2025-10-11 16:02:54.791][self$getBiodb()$getEntryFields()$get] Asked field names are: cas.id. biodb.TRACE[2025-10-11 16:02:54.792][self$getBiodb()$getEntryFields()$get] Realnames of fields are: cas.id. biodb.TRACE[2025-10-11 16:02:54.793][self$getBiodb()$getEntryFields()$get] 1 fields were returned. biodb.TRACE[2025-10-11 16:02:54.794][self$getBiodb()$getEntryFields()$get] fields variable is a list. biodb.TRACE[2025-10-11 16:02:54.795][self$getBiodb()$getEntryFields()$get] Asked field names are: cas.id. biodb.TRACE[2025-10-11 16:02:54.796][self$getBiodb()$getEntryFields()$get] Realnames of fields are: cas.id. biodb.TRACE[2025-10-11 16:02:54.797][self$getBiodb()$getEntryFields()$get] 1 fields were returned. biodb.TRACE[2025-10-11 16:02:54.798][self$getBiodb()$getEntryFields()$get] fields variable is a list. biodb.TRACE[2025-10-11 16:02:54.799][self$getBiodb()$getEntryFields()$get] Asked field names are: cas.id. biodb.TRACE[2025-10-11 16:02:54.800][self$getBiodb()$getEntryFields()$get] Realnames of fields are: cas.id. biodb.TRACE[2025-10-11 16:02:54.801][self$getBiodb()$getEntryFields()$get] 1 fields were returned. biodb.TRACE[2025-10-11 16:02:54.802][self$getBiodb()$getEntryFields()$get] fields variable is a list. biodb.TRACE[2025-10-11 16:02:54.803][ef$get] Asked field names are: cas.id. biodb.TRACE[2025-10-11 16:02:54.804][ef$get] Realnames of fields are: cas.id. biodb.TRACE[2025-10-11 16:02:54.805][ef$get] 1 fields were returned. biodb.TRACE[2025-10-11 16:02:54.806][ef$get] fields variable is a list. biodb.TRACE[2025-10-11 16:02:54.807][self$getBiodb()$getEntryFields()$get] Asked field names are: cas.id. biodb.TRACE[2025-10-11 16:02:54.808][self$getBiodb()$getEntryFields()$get] Realnames of fields are: cas.id. biodb.TRACE[2025-10-11 16:02:54.808][self$getBiodb()$getEntryFields()$get] 1 fields were returned. biodb.TRACE[2025-10-11 16:02:54.809][self$getBiodb()$getEntryFields()$get] fields variable is a list. biodb.TRACE[2025-10-11 16:02:54.817][ef$get] Asked field names are: accession. biodb.TRACE[2025-10-11 16:02:54.818][ef$get] Realnames of fields are: accession. biodb.TRACE[2025-10-11 16:02:54.819][ef$get] 1 fields were returned. biodb.TRACE[2025-10-11 16:02:54.820][ef$get] fields variable is a list. biodb.TRACE[2025-10-11 16:02:54.823][ef$get] Asked field names are: average.mass. biodb.TRACE[2025-10-11 16:02:54.824][ef$get] Realnames of fields are: average.mass. biodb.TRACE[2025-10-11 16:02:54.825][ef$get] 1 fields were returned. biodb.TRACE[2025-10-11 16:02:54.826][ef$get] fields variable is a list. biodb.TRACE[2025-10-11 16:02:54.830][ef$get] Asked field names are: cas.id. biodb.TRACE[2025-10-11 16:02:54.831][ef$get] Realnames of fields are: cas.id. biodb.TRACE[2025-10-11 16:02:54.832][ef$get] 1 fields were returned. biodb.TRACE[2025-10-11 16:02:54.833][ef$get] fields variable is a list. biodb.TRACE[2025-10-11 16:02:54.837][ef$get] Asked field names are: chebi.id. biodb.TRACE[2025-10-11 16:02:54.838][ef$get] Realnames of fields are: chebi.id. biodb.TRACE[2025-10-11 16:02:54.839][ef$get] 1 fields were returned. biodb.TRACE[2025-10-11 16:02:54.840][ef$get] fields variable is a list. biodb.TRACE[2025-10-11 16:02:54.843][ef$get] Asked field names are: chemspider.id. biodb.TRACE[2025-10-11 16:02:54.844][ef$get] Realnames of fields are: chemspider.id. biodb.TRACE[2025-10-11 16:02:54.845][ef$get] 1 fields were returned. biodb.TRACE[2025-10-11 16:02:54.846][ef$get] fields variable is a list. biodb.TRACE[2025-10-11 16:02:54.850][ef$get] Asked field names are: comp.iupac.name.syst. biodb.TRACE[2025-10-11 16:02:54.851][ef$get] Realnames of fields are: comp.iupac.name.syst. biodb.TRACE[2025-10-11 16:02:54.852][ef$get] 1 fields were returned. biodb.TRACE[2025-10-11 16:02:54.853][ef$get] fields variable is a list. biodb.TRACE[2025-10-11 16:02:54.857][ef$get] Asked field names are: comp.iupac.name.trad. biodb.TRACE[2025-10-11 16:02:54.858][ef$get] Realnames of fields are: comp.iupac.name.trad. biodb.TRACE[2025-10-11 16:02:54.859][ef$get] 1 fields were returned. biodb.TRACE[2025-10-11 16:02:54.860][ef$get] fields variable is a list. biodb.TRACE[2025-10-11 16:02:54.864][ef$get] Asked field names are: comp.super.class. biodb.TRACE[2025-10-11 16:02:54.865][ef$get] Realnames of fields are: comp.super.class. biodb.TRACE[2025-10-11 16:02:54.866][ef$get] 1 fields were returned. biodb.TRACE[2025-10-11 16:02:54.866][ef$get] fields variable is a list. biodb.TRACE[2025-10-11 16:02:54.870][ef$get] Asked field names are: description. biodb.TRACE[2025-10-11 16:02:54.871][ef$get] Realnames of fields are: description. biodb.TRACE[2025-10-11 16:02:54.872][ef$get] 1 fields were returned. biodb.TRACE[2025-10-11 16:02:54.873][ef$get] fields variable is a list. biodb.TRACE[2025-10-11 16:02:54.877][ef$get] Asked field names are: formula. biodb.TRACE[2025-10-11 16:02:54.878][ef$get] Realnames of fields are: formula. biodb.TRACE[2025-10-11 16:02:54.879][ef$get] 1 fields were returned. biodb.TRACE[2025-10-11 16:02:54.880][ef$get] fields variable is a list. biodb.TRACE[2025-10-11 16:02:54.884][ef$get] Asked field names are: inchi. biodb.TRACE[2025-10-11 16:02:54.885][ef$get] Realnames of fields are: inchi. biodb.TRACE[2025-10-11 16:02:54.886][ef$get] 1 fields were returned. biodb.TRACE[2025-10-11 16:02:54.887][ef$get] fields variable is a list. biodb.TRACE[2025-10-11 16:02:54.891][ef$get] Asked field names are: inchikey. biodb.TRACE[2025-10-11 16:02:54.892][ef$get] Realnames of fields are: inchikey. biodb.TRACE[2025-10-11 16:02:54.893][ef$get] 1 fields were returned. biodb.TRACE[2025-10-11 16:02:54.897][ef$get] fields variable is a list. biodb.TRACE[2025-10-11 16:02:54.901][ef$get] Asked field names are: kegg.compound.id. biodb.TRACE[2025-10-11 16:02:54.902][ef$get] Realnames of fields are: kegg.compound.id. biodb.TRACE[2025-10-11 16:02:54.903][ef$get] 1 fields were returned. biodb.TRACE[2025-10-11 16:02:54.904][ef$get] fields variable is a list. biodb.TRACE[2025-10-11 16:02:54.908][ef$get] Asked field names are: monoisotopic.mass. biodb.TRACE[2025-10-11 16:02:54.909][ef$get] Realnames of fields are: monoisotopic.mass. biodb.TRACE[2025-10-11 16:02:54.910][ef$get] 1 fields were returned. biodb.TRACE[2025-10-11 16:02:54.911][ef$get] fields variable is a list. biodb.TRACE[2025-10-11 16:02:54.915][ef$get] Asked field names are: name. biodb.TRACE[2025-10-11 16:02:54.916][ef$get] Realnames of fields are: name. biodb.TRACE[2025-10-11 16:02:54.917][ef$get] 1 fields were returned. biodb.TRACE[2025-10-11 16:02:54.918][ef$get] fields variable is a list. biodb.TRACE[2025-10-11 16:02:54.922][ef$get] Asked field names are: ncbi.pubchem.comp.id. biodb.TRACE[2025-10-11 16:02:54.923][ef$get] Realnames of fields are: ncbi.pubchem.comp.id. biodb.TRACE[2025-10-11 16:02:54.924][ef$get] 1 fields were returned. biodb.TRACE[2025-10-11 16:02:54.925][ef$get] fields variable is a list. biodb.TRACE[2025-10-11 16:02:54.929][ef$get] Asked field names are: secondary.accessions. biodb.TRACE[2025-10-11 16:02:54.930][ef$get] Realnames of fields are: secondary.accessions. biodb.TRACE[2025-10-11 16:02:54.931][ef$get] 1 fields were returned. biodb.TRACE[2025-10-11 16:02:54.932][ef$get] fields variable is a list. biodb.TRACE[2025-10-11 16:02:54.935][ef$get] Asked field names are: smiles. biodb.TRACE[2025-10-11 16:02:54.937][ef$get] Realnames of fields are: smiles. biodb.TRACE[2025-10-11 16:02:54.937][ef$get] 1 fields were returned. biodb.TRACE[2025-10-11 16:02:54.938][ef$get] fields variable is a list. biodb.INFO [2025-10-11 16:02:54.945][biodb::testThat] biodb.INFO [2025-10-11 16:02:54.946][biodb::testThat] Running test function test.rt.unit (" RT unit is defined when there is an RT value. "). biodb.INFO [2025-10-11 16:02:54.947][biodb::testThat] -------------------------------------------------------------------------------- biodb.INFO [2025-10-11 16:02:54.948][biodb::testThat] biodb.DEBUG[2025-10-11 16:02:54.961][private$loadEntries] Creating entries from ids [1]: "HMDB0000001". biodb.DEBUG[2025-10-11 16:02:54.963][conn$getEntryContent] Get HMDB Metabolites entry content(s) for 1 id(s)... biodb.DEBUG[2025-10-11 16:02:54.966][self$isDownloaded] Database hmdb.metabolites has already been downloaded. biodb.DEBUG[2025-10-11 16:02:54.993][self$isDownloaded] Database hmdb.metabolites has already been downloaded. biodb.INFO [2025-10-11 16:02:54.995][self$download] Extract whole database of hmdb.metabolites. biodb.INFO [2025-10-11 16:02:54.996][private$doExtractDownload] Extracting content of downloaded', ' HMDB metabolite database... biodb.INFO [2025-10-11 16:02:55.035][biodb::testThat] biodb.INFO [2025-10-11 16:02:55.036][biodb::testThat] Running test function test.searchForEntries (" We can search for an entry by searchable field "). biodb.INFO [2025-10-11 16:02:55.037][biodb::testThat] -------------------------------------------------------------------------------- biodb.INFO [2025-10-11 16:02:55.038][biodb::testThat] biodb.TRACE[2025-10-11 16:02:55.040][ef$get] Asked field names are: name. biodb.TRACE[2025-10-11 16:02:55.042][ef$get] Realnames of fields are: name. biodb.TRACE[2025-10-11 16:02:55.042][ef$get] 1 fields were returned. biodb.TRACE[2025-10-11 16:02:55.043][ef$get] fields variable is a list. biodb.DEBUG[2025-10-11 16:02:55.044][function(conn, opt)] Testing searchForEntries() with entry "HMDB0000001" and field "name". biodb.DEBUG[2025-10-11 16:02:55.064][private$loadEntries] Creating entries from ids [1]: "HMDB0000001". biodb.DEBUG[2025-10-11 16:02:55.111][conn$getEntryContent] Get HMDB Metabolites entry content(s) for 1 id(s)... biodb.DEBUG[2025-10-11 16:02:55.113][self$isDownloaded] Database hmdb.metabolites has already been downloaded. biodb.DEBUG[2025-10-11 16:02:55.114][self$isDownloaded] Database hmdb.metabolites has already been downloaded. biodb.INFO [2025-10-11 16:02:55.115][self$download] Extract whole database of hmdb.metabolites. biodb.INFO [2025-10-11 16:02:55.127][private$doExtractDownload] Extracting content of downloaded', ' HMDB metabolite database... biodb.INFO [2025-10-11 16:02:55.149][biodb::testThat] biodb.INFO [2025-10-11 16:02:55.150][biodb::testThat] Running test function test.searchByName (" We can search for an entry by name. "). biodb.INFO [2025-10-11 16:02:55.151][biodb::testThat] -------------------------------------------------------------------------------- biodb.INFO [2025-10-11 16:02:55.152][biodb::testThat] biodb.DEBUG[2025-10-11 16:02:55.158][private$loadEntries] Creating entries from ids [1]: "HMDB0000001". biodb.DEBUG[2025-10-11 16:02:55.159][conn$getEntryContent] Get HMDB Metabolites entry content(s) for 1 id(s)... biodb.DEBUG[2025-10-11 16:02:55.161][self$isDownloaded] Database hmdb.metabolites has already been downloaded. biodb.DEBUG[2025-10-11 16:02:55.162][self$isDownloaded] Database hmdb.metabolites has already been downloaded. biodb.INFO [2025-10-11 16:02:55.163][self$download] Extract whole database of hmdb.metabolites. biodb.INFO [2025-10-11 16:02:55.164][private$doExtractDownload] Extracting content of downloaded', ' HMDB metabolite database... biodb.INFO [2025-10-11 16:02:55.176][biodb::testThat] biodb.INFO [2025-10-11 16:02:55.177][biodb::testThat] Running test function testEntryLoading (" We can load an entry from the database. "). biodb.INFO [2025-10-11 16:02:55.178][biodb::testThat] -------------------------------------------------------------------------------- biodb.INFO [2025-10-11 16:02:55.179][biodb::testThat] biodb.DEBUG[2025-10-11 16:02:55.182][private$loadEntries] Creating entries from ids [1]: "HMDB0000001". biodb.DEBUG[2025-10-11 16:02:55.183][conn$getEntryContent] Get HMDB Metabolites entry content(s) for 1 id(s)... biodb.DEBUG[2025-10-11 16:02:55.184][self$isDownloaded] Database hmdb.metabolites has already been downloaded. biodb.DEBUG[2025-10-11 16:02:55.185][self$isDownloaded] Database hmdb.metabolites has already been downloaded. biodb.INFO [2025-10-11 16:02:55.187][self$download] Extract whole database of hmdb.metabolites. biodb.INFO [2025-10-11 16:02:55.187][private$doExtractDownload] Extracting content of downloaded', ' HMDB metabolite database... biodb.INFO [2025-10-11 16:02:55.199][biodb::testThat] biodb.INFO [2025-10-11 16:02:55.200][biodb::testThat] Running test function test.entry.page.url (" We can get a URL pointing to the entry page. "). biodb.INFO [2025-10-11 16:02:55.201][biodb::testThat] -------------------------------------------------------------------------------- biodb.INFO [2025-10-11 16:02:55.202][biodb::testThat] biodb.INFO [2025-10-11 16:02:55.218][biodb::testThat] biodb.INFO [2025-10-11 16:02:55.219][biodb::testThat] Running test function test.entry.image.url (" We can get a URL pointing to the entry image. "). biodb.INFO [2025-10-11 16:02:55.220][biodb::testThat] -------------------------------------------------------------------------------- biodb.INFO [2025-10-11 16:02:55.221][biodb::testThat] biodb.INFO [2025-10-11 16:02:55.234][biodb::testThat] biodb.INFO [2025-10-11 16:02:55.235][biodb::testThat] Running test function test.entry.page.url.download (" The entry page URL can be downloaded. "). biodb.INFO [2025-10-11 16:02:55.236][biodb::testThat] -------------------------------------------------------------------------------- biodb.INFO [2025-10-11 16:02:55.237][biodb::testThat] biodb.INFO [2025-10-11 16:02:55.250][biodb::testThat] biodb.INFO [2025-10-11 16:02:55.251][biodb::testThat] Running test function test.entry.image.url.download (" The entry image URL can be downloaded. "). biodb.INFO [2025-10-11 16:02:55.252][biodb::testThat] -------------------------------------------------------------------------------- biodb.INFO [2025-10-11 16:02:55.252][biodb::testThat] biodb.TRACE[2025-10-11 16:02:55.277][ef$get] Asked field names are: name. biodb.TRACE[2025-10-11 16:02:55.278][ef$get] Realnames of fields are: name. biodb.TRACE[2025-10-11 16:02:55.279][ef$get] 1 fields were returned. biodb.TRACE[2025-10-11 16:02:55.280][ef$get] fields variable is a list. biodb.TRACE[2025-10-11 16:02:55.281][ef$get] Asked field names are: description. biodb.TRACE[2025-10-11 16:02:55.282][ef$get] Realnames of fields are: description. biodb.TRACE[2025-10-11 16:02:55.283][ef$get] 1 fields were returned. biodb.TRACE[2025-10-11 16:02:55.284][ef$get] fields variable is a list. biodb.TRACE[2025-10-11 16:02:55.284][ef$get] Asked field names are: secondary.accessions. biodb.TRACE[2025-10-11 16:02:55.285][ef$get] Realnames of fields are: secondary.accessions. biodb.TRACE[2025-10-11 16:02:55.286][ef$get] 1 fields were returned. biodb.TRACE[2025-10-11 16:02:55.287][ef$get] fields variable is a list. biodb.TRACE[2025-10-11 16:02:55.288][ef$get] Asked field names are: name. biodb.TRACE[2025-10-11 16:02:55.289][ef$get] Realnames of fields are: name. biodb.TRACE[2025-10-11 16:02:55.290][ef$get] 1 fields were returned. biodb.TRACE[2025-10-11 16:02:55.291][ef$get] fields variable is a list. biodb.TRACE[2025-10-11 16:02:55.292][ef$get] Asked field names are: description. biodb.TRACE[2025-10-11 16:02:55.293][ef$get] Realnames of fields are: description. biodb.TRACE[2025-10-11 16:02:55.294][ef$get] 1 fields were returned. biodb.TRACE[2025-10-11 16:02:55.295][ef$get] fields variable is a list. biodb.TRACE[2025-10-11 16:02:55.296][ef$get] Asked field names are: secondary.accessions. biodb.TRACE[2025-10-11 16:02:55.297][ef$get] Realnames of fields are: secondary.accessions. biodb.TRACE[2025-10-11 16:02:55.298][ef$get] 1 fields were returned. biodb.TRACE[2025-10-11 16:02:55.299][ef$get] fields variable is a list. biodb.INFO [2025-10-11 16:02:55.300][biodb$terminate] Closing BiodbMain instance... biodb.INFO [2025-10-11 16:02:55.301][self$deleteConn] Connector "hmdb.metabolites" deleted. biodb.DEBUG[2025-10-11 16:02:55.301][notifyObservers] Notify observers for terminate. biodb.DEBUG[2025-10-11 16:02:55.302][FUN] Trying to call function terminate on observer BiodbTestMsgAck. biodb.DEBUG[2025-10-11 16:02:55.303][FUN] Functions in observer BiodbTestMsgAck: [4]: ".__enclos_env__, clone, notifyProgress, initialize". biodb.DEBUG[2025-10-11 16:02:55.304][FUN] Trying to call function terminate on observer BiodbEntryFields. biodb.DEBUG[2025-10-11 16:02:55.305][FUN] Functions in observer BiodbEntryFields: [15]: ".__enclos_env__, clone, terminate, define, print, getDatabaseIdField, getFieldNames, get, getRealName, checkIsDefined, isDefined, formatName, isAlias, notifyCfgUpdate, initialize". biodb.DEBUG[2025-10-11 16:02:55.306][FUN] Trying to call function terminate on observer BiodbConfig. biodb.DEBUG[2025-10-11 16:02:55.307][FUN] Functions in observer BiodbConfig: [21]: ".__enclos_env__, clone, terminate, notifyNewObservers, define, getAssocEnvVar, listKeys, print, disable, enable, reset, set, get, isEnabled, isDefined, hasKey, getDefaultValue, getDescription, getTitle, getKeys, initialize". [ FAIL 8 | WARN 2 | SKIP 0 | PASS 103 ] ══ Failed tests ════════════════════════════════════════════════════════════════ ── Error ('test_long_100_generic.R:42:1'): RT unit is defined when there is an RT value. ── Error in `private$doExtractDownload()`: attempt to apply non-function Backtrace: ▆ 1. ├─base::do.call(fct, params) 2. └─biodb (local) `<fn>`(conn = `<HmdbMtbC>`, opt = `<named list>`) 3. └─conn$getBiodb()$getFactory()$getEntry(...) 4. └─private$loadEntries(conn$getId(), missing.ids, drop = FALSE) 5. └─conn$getEntryContent(ids) 6. └─self$download() 7. └─private$doExtractDownload() ── Error ('test_long_100_generic.R:42:1'): We can search for an entry by searchable field ── Error in `cch$getTmpFolderPath()`: attempt to apply non-function Backtrace: ▆ 1. ├─base::do.call(fct, params) 2. └─biodb (local) `<fn>`(conn = `<HmdbMtbC>`, opt = `<named list>`) 3. └─conn$getEntry(id, drop = TRUE) 4. └─private$bdb$getFactory()$getEntry(self$getId(), id = id, drop = drop) 5. └─private$loadEntries(conn$getId(), missing.ids, drop = FALSE) 6. └─conn$getEntryContent(ids) 7. └─self$download() 8. └─private$doExtractDownload() ── Error ('test_long_100_generic.R:42:1'): We can search for an entry by name. ── Error in `cch$getTmpFolderPath()`: attempt to apply non-function Backtrace: ▆ 1. ├─base::do.call(fct, params) 2. └─biodb (local) `<fn>`(conn = `<HmdbMtbC>`, opt = `<named list>`) 3. └─conn$getEntry(id, drop = TRUE) 4. └─private$bdb$getFactory()$getEntry(self$getId(), id = id, drop = drop) 5. └─private$loadEntries(conn$getId(), missing.ids, drop = FALSE) 6. └─conn$getEntryContent(ids) 7. └─self$download() 8. └─private$doExtractDownload() ── Error ('test_long_100_generic.R:42:1'): We can load an entry from the database. ── Error in `cch$getTmpFolderPath()`: attempt to apply non-function Backtrace: ▆ 1. ├─base::do.call(fct, params) 2. └─biodb (local) `<fn>`(conn = `<HmdbMtbC>`, opt = `<named list>`) 3. └─opt$refEntries$getRealEntry(id) 4. └─self$getRealEntries(ids = id) 5. └─private$bdb$getFactory()$getEntry(...) 6. └─private$loadEntries(conn$getId(), missing.ids, drop = FALSE) 7. └─conn$getEntryContent(ids) 8. └─self$download() 9. └─private$doExtractDownload() ── Error ('test_long_100_generic.R:42:1'): We can get a URL pointing to the entry page. ── Error in `FUN(X[[i]], ...)`: object 'BiodbUrl' not found Backtrace: ▆ 1. ├─base::do.call(fct, params) 2. └─biodb (local) `<fn>`(conn = `<HmdbMtbC>`, opt = `<named list>`) 3. └─conn$getEntryPageUrl(ref.ids) 4. └─private$doGetEntryPageUrl(entry.id) 5. └─base::vapply(id, fct, FUN.VALUE = "") 6. └─biodbHmdb (local) FUN(X[[i]], ...) ── Error ('test_long_100_generic.R:42:1'): We can get a URL pointing to the entry image. ── Error in `FUN(X[[i]], ...)`: object 'BiodbUrl' not found Backtrace: ▆ 1. ├─base::do.call(fct, params) 2. └─biodb (local) `<fn>`(conn = `<HmdbMtbC>`, opt = `<named list>`) 3. └─conn$getEntryImageUrl(ref.ids) 4. └─private$doGetEntryImageUrl(entry.id) 5. └─base::vapply(id, fct, FUN.VALUE = "") 6. └─biodbHmdb (local) FUN(X[[i]], ...) ── Error ('test_long_100_generic.R:42:1'): The entry page URL can be downloaded. ── Error in `FUN(X[[i]], ...)`: object 'BiodbUrl' not found Backtrace: ▆ 1. ├─base::do.call(fct, params) 2. └─biodb (local) `<fn>`(conn = `<HmdbMtbC>`, opt = `<named list>`) 3. └─conn$getEntryPageUrl(ref.ids[[1]]) 4. └─private$doGetEntryPageUrl(entry.id) 5. └─base::vapply(id, fct, FUN.VALUE = "") 6. └─biodbHmdb (local) FUN(X[[i]], ...) ── Error ('test_long_100_generic.R:42:1'): The entry image URL can be downloaded. ── Error in `FUN(X[[i]], ...)`: object 'BiodbUrl' not found Backtrace: ▆ 1. ├─base::do.call(fct, params) 2. └─biodb (local) `<fn>`(conn = `<HmdbMtbC>`, opt = `<named list>`) 3. └─conn$getEntryImageUrl(ref.ids[[1]]) 4. └─private$doGetEntryImageUrl(entry.id) 5. └─base::vapply(id, fct, FUN.VALUE = "") 6. └─biodbHmdb (local) FUN(X[[i]], ...) [ FAIL 8 | WARN 2 | SKIP 0 | PASS 103 ] Error: Test failures Execution halted
############################################################################## ############################################################################## ### ### Running command: ### ### /home/biocbuild/bbs-3.21-bioc/R/bin/R CMD check --test-dir=longtests --no-stop-on-test-error --no-codoc --no-examples --no-manual --ignore-vignettes --check-subdirs=no biodbHmdb_1.14.0.tar.gz ### ############################################################################## ############################################################################## * using log directory ‘/home/biocbuild/bbs-3.21-bioc-longtests/meat/biodbHmdb.Rcheck’ * using R version 4.5.1 (2025-06-13) * using platform: x86_64-pc-linux-gnu * R was compiled by gcc (Ubuntu 13.3.0-6ubuntu2~24.04) 13.3.0 GNU Fortran (Ubuntu 13.3.0-6ubuntu2~24.04) 13.3.0 * running under: Ubuntu 24.04.3 LTS * using session charset: UTF-8 * using options ‘--no-codoc --no-examples --no-manual --ignore-vignettes --no-stop-on-test-error’ * checking for file ‘biodbHmdb/DESCRIPTION’ ... OK * this is package ‘biodbHmdb’ version ‘1.14.0’ * package encoding: UTF-8 * checking package namespace information ... OK * checking package dependencies ... OK * checking if this is a source package ... OK * checking if there is a namespace ... OK * checking for hidden files and directories ... OK * checking for portable file names ... OK * checking for sufficient/correct file permissions ... OK * checking whether package ‘biodbHmdb’ can be installed ... WARNING Found the following significant warnings: EntryMaker.hpp:23:21: warning: ‘EntryMaker::accession_tag’ will be initialized after [-Wreorder] EntryMaker.hpp:22:14: warning: ‘bool EntryMaker::closed’ [-Wreorder] EntryMaker.cpp:5:1: warning: when initialized here [-Wreorder] See ‘/home/biocbuild/bbs-3.21-bioc-longtests/meat/biodbHmdb.Rcheck/00install.out’ for details. * used C++ compiler: ‘g++ (Ubuntu 13.3.0-6ubuntu2~24.04) 13.3.0’ * checking installed package size ... OK * checking package directory ... OK * checking DESCRIPTION meta-information ... OK * checking top-level files ... OK * checking for left-over files ... OK * checking index information ... OK * checking package subdirectories ... OK * checking code files for non-ASCII characters ... OK * checking R files for syntax errors ... OK * checking whether the package can be loaded ... OK * checking whether the package can be loaded with stated dependencies ... OK * checking whether the package can be unloaded cleanly ... OK * checking whether the namespace can be loaded with stated dependencies ... OK * checking whether the namespace can be unloaded cleanly ... OK * checking loading without being on the library search path ... OK * checking dependencies in R code ... NOTE Namespace in Imports field not imported from: ‘zip’ All declared Imports should be used. * checking S3 generic/method consistency ... OK * checking replacement functions ... OK * checking foreign function calls ... OK * checking R code for possible problems ... OK * checking for missing documentation entries ... WARNING Undocumented code objects: ‘HmdbMetabolitesConn’ ‘HmdbMetabolitesEntry’ ‘hmdbToSqlite’ All user-level objects in a package should have documentation entries. See chapter ‘Writing R documentation files’ in the ‘Writing R Extensions’ manual. * checking line endings in C/C++/Fortran sources/headers ... OK * checking compiled code ... OK * checking files in ‘vignettes’ ... SKIPPED * checking examples ... SKIPPED * checking for unstated dependencies in ‘longtests’ ... OK * checking tests in ‘longtests’ ... Running ‘testthat.R’ ERROR Running the tests in ‘longtests/testthat.R’ failed. Last 13 lines of output: 6. └─biodbHmdb (local) FUN(X[[i]], ...) ── Error ('test_long_100_generic.R:42:1'): The entry image URL can be downloaded. ── Error in `FUN(X[[i]], ...)`: object 'BiodbUrl' not found Backtrace: ▆ 1. ├─base::do.call(fct, params) 2. └─biodb (local) `<fn>`(conn = `<HmdbMtbC>`, opt = `<named list>`) 3. └─conn$getEntryImageUrl(ref.ids[[1]]) 4. └─private$doGetEntryImageUrl(entry.id) 5. └─base::vapply(id, fct, FUN.VALUE = "") 6. └─biodbHmdb (local) FUN(X[[i]], ...) [ FAIL 8 | WARN 2 | SKIP 0 | PASS 103 ] Error: Test failures Execution halted * DONE Status: 1 ERROR, 2 WARNINGs, 1 NOTE See ‘/home/biocbuild/bbs-3.21-bioc-longtests/meat/biodbHmdb.Rcheck/00check.log’ for details.
biodbHmdb.Rcheck/00install.out
* installing *source* package ‘biodbHmdb’ ... ** this is package ‘biodbHmdb’ version ‘1.14.0’ ** using staged installation ** libs using C++ compiler: ‘g++ (Ubuntu 13.3.0-6ubuntu2~24.04) 13.3.0’ g++ -std=gnu++17 -I"/home/biocbuild/bbs-3.21-bioc/R/include" -DNDEBUG -I'/home/biocbuild/bbs-3.21-bioc/R/site-library/Rcpp/include' -I'/home/biocbuild/bbs-3.21-bioc/R/site-library/testthat/include' -I/usr/local/include -fpic -g -O2 -Wall -Werror=format-security -c EntryMaker.cpp -o EntryMaker.o In file included from EntryMaker.cpp:1: EntryMaker.hpp: In constructor ‘EntryMaker::EntryMaker()’: EntryMaker.hpp:23:21: warning: ‘EntryMaker::accession_tag’ will be initialized after [-Wreorder] 23 | TagDetector accession_tag; | ^~~~~~~~~~~~~ EntryMaker.hpp:22:14: warning: ‘bool EntryMaker::closed’ [-Wreorder] 22 | bool closed; | ^~~~~~ EntryMaker.cpp:5:1: warning: when initialized here [-Wreorder] 5 | EntryMaker::EntryMaker() : | ^~~~~~~~~~ g++ -std=gnu++17 -I"/home/biocbuild/bbs-3.21-bioc/R/include" -DNDEBUG -I'/home/biocbuild/bbs-3.21-bioc/R/site-library/Rcpp/include' -I'/home/biocbuild/bbs-3.21-bioc/R/site-library/testthat/include' -I/usr/local/include -fpic -g -O2 -Wall -Werror=format-security -c FileEntryMaker.cpp -o FileEntryMaker.o g++ -std=gnu++17 -I"/home/biocbuild/bbs-3.21-bioc/R/include" -DNDEBUG -I'/home/biocbuild/bbs-3.21-bioc/R/site-library/Rcpp/include' -I'/home/biocbuild/bbs-3.21-bioc/R/site-library/testthat/include' -I/usr/local/include -fpic -g -O2 -Wall -Werror=format-security -c RcppExports.cpp -o RcppExports.o g++ -std=gnu++17 -I"/home/biocbuild/bbs-3.21-bioc/R/include" -DNDEBUG -I'/home/biocbuild/bbs-3.21-bioc/R/site-library/Rcpp/include' -I'/home/biocbuild/bbs-3.21-bioc/R/site-library/testthat/include' -I/usr/local/include -fpic -g -O2 -Wall -Werror=format-security -c StringEnrtryMaker.cpp -o StringEnrtryMaker.o g++ -std=gnu++17 -I"/home/biocbuild/bbs-3.21-bioc/R/include" -DNDEBUG -I'/home/biocbuild/bbs-3.21-bioc/R/site-library/Rcpp/include' -I'/home/biocbuild/bbs-3.21-bioc/R/site-library/testthat/include' -I/usr/local/include -fpic -g -O2 -Wall -Werror=format-security -c TagDetector.cpp -o TagDetector.o g++ -std=gnu++17 -I"/home/biocbuild/bbs-3.21-bioc/R/include" -DNDEBUG -I'/home/biocbuild/bbs-3.21-bioc/R/site-library/Rcpp/include' -I'/home/biocbuild/bbs-3.21-bioc/R/site-library/testthat/include' -I/usr/local/include -fpic -g -O2 -Wall -Werror=format-security -c XmlSplitter.cpp -o XmlSplitter.o g++ -std=gnu++17 -I"/home/biocbuild/bbs-3.21-bioc/R/include" -DNDEBUG -I'/home/biocbuild/bbs-3.21-bioc/R/site-library/Rcpp/include' -I'/home/biocbuild/bbs-3.21-bioc/R/site-library/testthat/include' -I/usr/local/include -fpic -g -O2 -Wall -Werror=format-security -c extractXmlEntries.cpp -o extractXmlEntries.o g++ -std=gnu++17 -I"/home/biocbuild/bbs-3.21-bioc/R/include" -DNDEBUG -I'/home/biocbuild/bbs-3.21-bioc/R/site-library/Rcpp/include' -I'/home/biocbuild/bbs-3.21-bioc/R/site-library/testthat/include' -I/usr/local/include -fpic -g -O2 -Wall -Werror=format-security -c test-100-TagDetector.cpp -o test-100-TagDetector.o g++ -std=gnu++17 -I"/home/biocbuild/bbs-3.21-bioc/R/include" -DNDEBUG -I'/home/biocbuild/bbs-3.21-bioc/R/site-library/Rcpp/include' -I'/home/biocbuild/bbs-3.21-bioc/R/site-library/testthat/include' -I/usr/local/include -fpic -g -O2 -Wall -Werror=format-security -c test-150-StringEntryMaker.cpp -o test-150-StringEntryMaker.o g++ -std=gnu++17 -I"/home/biocbuild/bbs-3.21-bioc/R/include" -DNDEBUG -I'/home/biocbuild/bbs-3.21-bioc/R/site-library/Rcpp/include' -I'/home/biocbuild/bbs-3.21-bioc/R/site-library/testthat/include' -I/usr/local/include -fpic -g -O2 -Wall -Werror=format-security -c test-200-XmlSplitter.cpp -o test-200-XmlSplitter.o g++ -std=gnu++17 -I"/home/biocbuild/bbs-3.21-bioc/R/include" -DNDEBUG -I'/home/biocbuild/bbs-3.21-bioc/R/site-library/Rcpp/include' -I'/home/biocbuild/bbs-3.21-bioc/R/site-library/testthat/include' -I/usr/local/include -fpic -g -O2 -Wall -Werror=format-security -c test-runner.cpp -o test-runner.o g++ -std=gnu++17 -shared -L/home/biocbuild/bbs-3.21-bioc/R/lib -L/usr/local/lib -o biodbHmdb.so EntryMaker.o FileEntryMaker.o RcppExports.o StringEnrtryMaker.o TagDetector.o XmlSplitter.o extractXmlEntries.o test-100-TagDetector.o test-150-StringEntryMaker.o test-200-XmlSplitter.o test-runner.o -L/home/biocbuild/bbs-3.21-bioc/R/lib -lR installing to /home/biocbuild/bbs-3.21-bioc-longtests/meat/biodbHmdb.Rcheck/00LOCK-biodbHmdb/00new/biodbHmdb/libs ** R ** inst ** byte-compile and prepare package for lazy loading ** help No man pages found in package ‘biodbHmdb’ *** installing help indices ** building package indices ** installing vignettes ** testing if installed package can be loaded from temporary location ** checking absolute paths in shared objects and dynamic libraries ** testing if installed package can be loaded from final location ** testing if installed package keeps a record of temporary installation path * DONE (biodbHmdb)