Back to Multiple platform build/check report for BioC 3.21:   simplified   long
ABCDEFGHIJKLMNOPQRS[T]UVWXYZ

This page was generated on 2025-10-16 11:41 -0400 (Thu, 16 Oct 2025).

HostnameOSArch (*)R versionInstalled pkgs
nebbiolo1Linux (Ubuntu 24.04.3 LTS)x86_644.5.1 (2025-06-13) -- "Great Square Root" 4833
merida1macOS 12.7.6 Montereyx86_644.5.1 RC (2025-06-05 r88288) -- "Great Square Root" 4614
kjohnson1macOS 13.7.5 Venturaarm644.5.1 Patched (2025-06-14 r88325) -- "Great Square Root" 4555
kunpeng2Linux (openEuler 24.03 LTS)aarch64R Under development (unstable) (2025-02-19 r87757) -- "Unsuffered Consequences" 4586
Click on any hostname to see more info about the system (e.g. compilers)      (*) as reported by 'uname -p', except on Windows and Mac OS X

Package 2229/2341HostnameOS / ArchINSTALLBUILDCHECKBUILD BIN
transmogR 1.4.2  (landing page)
Stevie Pederson
Snapshot Date: 2025-10-13 13:40 -0400 (Mon, 13 Oct 2025)
git_url: https://git.bioconductor.org/packages/transmogR
git_branch: RELEASE_3_21
git_last_commit: df421e1
git_last_commit_date: 2025-10-07 11:17:40 -0400 (Tue, 07 Oct 2025)
nebbiolo1Linux (Ubuntu 24.04.3 LTS) / x86_64  OK    OK    OK  UNNEEDED, same version is already published
merida1macOS 12.7.6 Monterey / x86_64  OK    OK    OK    OK  UNNEEDED, same version is already published
kjohnson1macOS 13.7.5 Ventura / arm64  OK    OK    OK    OK  UNNEEDED, same version is already published
kunpeng2Linux (openEuler 24.03 LTS) / aarch64  OK    ERROR  skipped


BUILD results for transmogR on kunpeng2

To the developers/maintainers of the transmogR package:
- Allow up to 24 hours (and sometimes 48 hours) for your latest push to git@git.bioconductor.org:packages/transmogR.git to reflect on this report. See Troubleshooting Build Report for more information.
- Use the following Renviron settings to reproduce errors and warnings.
- If 'R CMD check' started to fail recently on the Linux builder(s) over a missing dependency, add the missing dependency to 'Suggests:' in your DESCRIPTION file. See Renviron.bioc for more information.
- See Martin Grigorov's blog post for how to debug Linux ARM64 related issues on a x86_64 host.

raw results


Summary

Package: transmogR
Version: 1.4.2
Command: /home/biocbuild/R/R/bin/R CMD build --keep-empty-dirs --no-resave-data transmogR
StartedAt: 2025-10-14 05:28:59 -0000 (Tue, 14 Oct 2025)
EndedAt: 2025-10-14 05:30:23 -0000 (Tue, 14 Oct 2025)
EllapsedTime: 84.1 seconds
RetCode: 1
Status:   ERROR  
PackageFile: None
PackageFileSize: NA

Command output

##############################################################################
##############################################################################
###
### Running command:
###
###   /home/biocbuild/R/R/bin/R CMD build --keep-empty-dirs --no-resave-data transmogR
###
##############################################################################
##############################################################################


* checking for file ‘transmogR/DESCRIPTION’ ... OK
* preparing ‘transmogR’:
* checking DESCRIPTION meta-information ... OK
* cleaning src
* installing the package to build vignettes
* creating vignettes ... ERROR
--- re-building ‘creating_a_new_reference.Rmd’ using rmarkdown

Quitting from creating_a_new_reference.Rmd:149-151 [upset-var]
~~~~~~~~~~~~~~~~~~~~~~~~~~~~~~~~~~~~~~~~~~~~~~~~~~~~~~~~~~~~~~~~~~~~~~~~~~~~~~~~
<error/rlang_error>
Error in `upsetVarByCol()`:
! Please install 'SimpleUpset' to use this function.
---
Backtrace:
    ▆
 1. └─transmogR::upsetVarByCol(gtf$exon, var, mcol = "gene_id")
~~~~~~~~~~~~~~~~~~~~~~~~~~~~~~~~~~~~~~~~~~~~~~~~~~~~~~~~~~~~~~~~~~~~~~~~~~~~~~~~

Error: processing vignette 'creating_a_new_reference.Rmd' failed with diagnostics:
Please install 'SimpleUpset' to use this function.
--- failed re-building ‘creating_a_new_reference.Rmd’

SUMMARY: processing the following file failed:
  ‘creating_a_new_reference.Rmd’

Error: Vignette re-building failed.
Execution halted