Back to Multiple platform build/check report for BioC 3.21:   simplified   long
ABCDEFGHIJKLMNOPQ[R]STUVWXYZ

This page was generated on 2025-10-16 11:38 -0400 (Thu, 16 Oct 2025).

HostnameOSArch (*)R versionInstalled pkgs
nebbiolo1Linux (Ubuntu 24.04.3 LTS)x86_644.5.1 (2025-06-13) -- "Great Square Root" 4833
merida1macOS 12.7.6 Montereyx86_644.5.1 RC (2025-06-05 r88288) -- "Great Square Root" 4614
kjohnson1macOS 13.7.5 Venturaarm644.5.1 Patched (2025-06-14 r88325) -- "Great Square Root" 4555
kunpeng2Linux (openEuler 24.03 LTS)aarch64R Under development (unstable) (2025-02-19 r87757) -- "Unsuffered Consequences" 4586
Click on any hostname to see more info about the system (e.g. compilers)      (*) as reported by 'uname -p', except on Windows and Mac OS X

Package 1787/2341HostnameOS / ArchINSTALLBUILDCHECKBUILD BIN
rifi 1.12.0  (landing page)
Jens Georg
Snapshot Date: 2025-10-13 13:40 -0400 (Mon, 13 Oct 2025)
git_url: https://git.bioconductor.org/packages/rifi
git_branch: RELEASE_3_21
git_last_commit: b02f67c
git_last_commit_date: 2025-04-15 12:51:32 -0400 (Tue, 15 Apr 2025)
nebbiolo1Linux (Ubuntu 24.04.3 LTS) / x86_64  OK    OK    WARNINGS  UNNEEDED, same version is already published
merida1macOS 12.7.6 Monterey / x86_64  OK    OK    WARNINGS    OK  UNNEEDED, same version is already published
kjohnson1macOS 13.7.5 Ventura / arm64  OK    OK    WARNINGS    OK  UNNEEDED, same version is already published
kunpeng2Linux (openEuler 24.03 LTS) / aarch64  OK    OK    TIMEOUT  


CHECK results for rifi on nebbiolo1

To the developers/maintainers of the rifi package:
- Allow up to 24 hours (and sometimes 48 hours) for your latest push to git@git.bioconductor.org:packages/rifi.git to reflect on this report. See Troubleshooting Build Report for more information.
- Use the following Renviron settings to reproduce errors and warnings.
- If 'R CMD check' started to fail recently on the Linux builder(s) over a missing dependency, add the missing dependency to 'Suggests:' in your DESCRIPTION file. See Renviron.bioc for more information.

raw results


Summary

Package: rifi
Version: 1.12.0
Command: /home/biocbuild/bbs-3.21-bioc/R/bin/R CMD check --install=check:rifi.install-out.txt --library=/home/biocbuild/bbs-3.21-bioc/R/site-library --timings rifi_1.12.0.tar.gz
StartedAt: 2025-10-16 02:52:54 -0400 (Thu, 16 Oct 2025)
EndedAt: 2025-10-16 03:03:06 -0400 (Thu, 16 Oct 2025)
EllapsedTime: 612.0 seconds
RetCode: 0
Status:   WARNINGS  
CheckDir: rifi.Rcheck
Warnings: 2

Command output

##############################################################################
##############################################################################
###
### Running command:
###
###   /home/biocbuild/bbs-3.21-bioc/R/bin/R CMD check --install=check:rifi.install-out.txt --library=/home/biocbuild/bbs-3.21-bioc/R/site-library --timings rifi_1.12.0.tar.gz
###
##############################################################################
##############################################################################


* using log directory ‘/home/biocbuild/bbs-3.21-bioc/meat/rifi.Rcheck’
* using R version 4.5.1 (2025-06-13)
* using platform: x86_64-pc-linux-gnu
* R was compiled by
    gcc (Ubuntu 13.3.0-6ubuntu2~24.04) 13.3.0
    GNU Fortran (Ubuntu 13.3.0-6ubuntu2~24.04) 13.3.0
* running under: Ubuntu 24.04.3 LTS
* using session charset: UTF-8
* checking for file ‘rifi/DESCRIPTION’ ... OK
* this is package ‘rifi’ version ‘1.12.0’
* package encoding: UTF-8
* checking package namespace information ... OK
* checking package dependencies ... OK
* checking if this is a source package ... OK
* checking if there is a namespace ... OK
* checking for hidden files and directories ... NOTE
Found the following hidden files and directories:
  .BBSoptions
  R/.ipynb_checkpoints
  vignettes/.ipynb_checkpoints
These were most likely included in error. See section ‘Package
structure’ in the ‘Writing R Extensions’ manual.
* checking for portable file names ... OK
* checking for sufficient/correct file permissions ... OK
* checking whether package ‘rifi’ can be installed ... WARNING
Found the following significant warnings:
  Note: next used in wrong context: no loop is visible 
  Warning: /home/biocbuild/bbs-3.21-bioc/meat/rifi/man/apply_Ttest_delay.Rd:55: unexpected '}'
  Warning: /home/biocbuild/bbs-3.21-bioc/meat/rifi/man/predict_ps_itss.Rd:57: unexpected '}'
See ‘/home/biocbuild/bbs-3.21-bioc/meat/rifi.Rcheck/00install.out’ for details.
Information on the location(s) of code generating the ‘Note’s can be
obtained by re-running with environment variable R_KEEP_PKG_SOURCE set
to ‘yes’.
* checking installed package size ... OK
* checking package directory ... OK
* checking ‘build’ directory ... OK
* checking DESCRIPTION meta-information ...Warning: /home/biocbuild/bbs-3.21-bioc/meat/rifi.Rcheck/00_pkg_src/rifi/man/apply_Ttest_delay.Rd:55: unexpected '}'
Warning: /home/biocbuild/bbs-3.21-bioc/meat/rifi.Rcheck/00_pkg_src/rifi/man/predict_ps_itss.Rd:57: unexpected '}'
 OK
* checking top-level files ... OK
* checking for left-over files ... OK
* checking index information ... OK
* checking package subdirectories ... OK
* checking code files for non-ASCII characters ... OK
* checking R files for syntax errors ... OK
* checking whether the package can be loaded ... OK
* checking whether the package can be loaded with stated dependencies ... OK
* checking whether the package can be unloaded cleanly ... OK
* checking whether the namespace can be loaded with stated dependencies ... OK
* checking whether the namespace can be unloaded cleanly ... OK
* checking loading without being on the library search path ... OK
* checking dependencies in R code ... OK
* checking S3 generic/method consistency ... OK
* checking replacement functions ... OK
* checking foreign function calls ... OK
* checking R code for possible problems ... OK
* checking Rd files ... WARNING
prepare_Rd: ./man/apply_Ttest_delay.Rd:55: unexpected '}'
prepare_Rd: ./man/predict_ps_itss.Rd:57: unexpected '}'
* checking Rd metadata ... OK
* checking Rd cross-references ...Warning: /home/biocbuild/bbs-3.21-bioc/meat/rifi.Rcheck/00_pkg_src/rifi/man/apply_Ttest_delay.Rd:55: unexpected '}'
Warning: /home/biocbuild/bbs-3.21-bioc/meat/rifi.Rcheck/00_pkg_src/rifi/man/predict_ps_itss.Rd:57: unexpected '}'
 OK
* checking for missing documentation entries ... OK
* checking for code/documentation mismatches ... OK
* checking Rd \usage sections ... OK
* checking Rd contents ... OK
* checking for unstated dependencies in examples ... OK
* checking contents of ‘data’ directory ... OK
* checking data for non-ASCII characters ... OK
* checking data for ASCII and uncompressed saves ... OK
* checking files in ‘vignettes’ ... OK
* checking examples ... OK
Examples with CPU (user + system) or elapsed time > 5s
                      user system elapsed
rifi_wrapper       108.944 68.380 135.350
rifi_penalties      46.493 45.755  72.394
nls2_fit            39.226  2.982  25.032
rifi_visualization  26.261  2.169  28.433
rifi_fit            23.371  0.792  24.167
make_pen             9.006  8.189  13.786
TI_fit              10.420  0.899   6.925
* checking for unstated dependencies in vignettes ... OK
* checking package vignettes ... OK
* checking re-building of vignette outputs ... OK
* checking PDF version of manual ... OK
* DONE

Status: 2 WARNINGs, 1 NOTE
See
  ‘/home/biocbuild/bbs-3.21-bioc/meat/rifi.Rcheck/00check.log’
for details.


Installation output

rifi.Rcheck/00install.out

##############################################################################
##############################################################################
###
### Running command:
###
###   /home/biocbuild/bbs-3.21-bioc/R/bin/R CMD INSTALL rifi
###
##############################################################################
##############################################################################


* installing to library ‘/home/biocbuild/bbs-3.21-bioc/R/site-library’
* installing *source* package ‘rifi’ ...
** this is package ‘rifi’ version ‘1.12.0’
** using staged installation
** R
** data
** inst
** byte-compile and prepare package for lazy loading
Note: next used in wrong context: no loop is visible 
** help
Warning: /home/biocbuild/bbs-3.21-bioc/meat/rifi/man/apply_Ttest_delay.Rd:55: unexpected '}'
Warning: /home/biocbuild/bbs-3.21-bioc/meat/rifi/man/predict_ps_itss.Rd:57: unexpected '}'
*** installing help indices
** building package indices
** installing vignettes
** testing if installed package can be loaded from temporary location
** testing if installed package can be loaded from final location
** testing if installed package keeps a record of temporary installation path
* DONE (rifi)

Tests output


Example timings

rifi.Rcheck/rifi-Ex.timings

nameusersystemelapsed
TI_fit10.420 0.899 6.925
TUgether0.4240.1620.526
apply_Ttest_delay0.1090.0130.122
apply_ancova0.2860.0140.299
apply_event_position0.0950.0150.110
apply_manova0.5320.0410.573
apply_t_test0.5960.0010.598
apply_t_test_ti0.1480.0010.150
check_input0.3000.0030.303
dataframe_summary0.0980.0080.106
dataframe_summary_TI0.0390.0020.040
dataframe_summary_events0.6460.0210.667
dataframe_summary_events_HL_int0.5450.0190.564
dataframe_summary_events_ps_itss0.1940.0270.220
dataframe_summary_events_velocity0.2130.0190.232
event_dataframe0.6480.0630.711
finding_PDD0.1950.1150.257
finding_TI0.3150.1570.412
fold_change2.8390.1653.003
fragment_HL0.5380.1500.605
fragment_TI0.3890.0300.418
fragment_delay0.8660.2871.048
fragment_inty0.5650.2120.705
gff3_preprocess0.5760.0680.645
make_df0.7060.4110.718
make_pen 9.006 8.18913.786
nls2_fit39.226 2.98225.032
predict_ps_itss0.2650.0400.305
rifi_fit23.371 0.79224.167
rifi_fragmentation2.9121.0963.648
rifi_penalties46.49345.75572.394
rifi_preprocess1.6710.8361.914
rifi_stats3.1450.4483.593
rifi_summary1.9370.1302.067
rifi_visualization26.261 2.16928.433
rifi_wrapper108.944 68.380135.350
segment_pos0.1690.0000.168
viz_pen_obj0.0100.0010.010