Back to Multiple platform build/check report for BioC 3.21:   simplified   long
ABCDEFGHIJKL[M]NOPQRSTUVWXYZ

This page was generated on 2025-10-16 11:41 -0400 (Thu, 16 Oct 2025).

HostnameOSArch (*)R versionInstalled pkgs
nebbiolo1Linux (Ubuntu 24.04.3 LTS)x86_644.5.1 (2025-06-13) -- "Great Square Root" 4833
merida1macOS 12.7.6 Montereyx86_644.5.1 RC (2025-06-05 r88288) -- "Great Square Root" 4614
kjohnson1macOS 13.7.5 Venturaarm644.5.1 Patched (2025-06-14 r88325) -- "Great Square Root" 4555
kunpeng2Linux (openEuler 24.03 LTS)aarch64R Under development (unstable) (2025-02-19 r87757) -- "Unsuffered Consequences" 4586
Click on any hostname to see more info about the system (e.g. compilers)      (*) as reported by 'uname -p', except on Windows and Mac OS X

Package 1411/2341HostnameOS / ArchINSTALLBUILDCHECKBUILD BIN
musicatk 2.2.2  (landing page)
Joshua D. Campbell
Snapshot Date: 2025-10-13 13:40 -0400 (Mon, 13 Oct 2025)
git_url: https://git.bioconductor.org/packages/musicatk
git_branch: RELEASE_3_21
git_last_commit: 29f884e
git_last_commit_date: 2025-10-06 17:44:02 -0400 (Mon, 06 Oct 2025)
nebbiolo1Linux (Ubuntu 24.04.3 LTS) / x86_64  OK    OK    OK  UNNEEDED, same version is already published
merida1macOS 12.7.6 Monterey / x86_64  OK    OK    OK    OK  UNNEEDED, same version is already published
kjohnson1macOS 13.7.5 Ventura / arm64  OK    OK    OK    OK  UNNEEDED, same version is already published
kunpeng2Linux (openEuler 24.03 LTS) / aarch64  OK    ERROR  skipped


BUILD results for musicatk on kunpeng2

To the developers/maintainers of the musicatk package:
- Allow up to 24 hours (and sometimes 48 hours) for your latest push to git@git.bioconductor.org:packages/musicatk.git to reflect on this report. See Troubleshooting Build Report for more information.
- Use the following Renviron settings to reproduce errors and warnings.
- If 'R CMD check' started to fail recently on the Linux builder(s) over a missing dependency, add the missing dependency to 'Suggests:' in your DESCRIPTION file. See Renviron.bioc for more information.
- See Martin Grigorov's blog post for how to debug Linux ARM64 related issues on a x86_64 host.

raw results


Summary

Package: musicatk
Version: 2.2.2
Command: /home/biocbuild/R/R/bin/R CMD build --keep-empty-dirs --no-resave-data musicatk
StartedAt: 2025-10-14 02:57:13 -0000 (Tue, 14 Oct 2025)
EndedAt: 2025-10-14 03:04:37 -0000 (Tue, 14 Oct 2025)
EllapsedTime: 444.3 seconds
RetCode: 1
Status:   ERROR  
PackageFile: None
PackageFileSize: NA

Command output

##############################################################################
##############################################################################
###
### Running command:
###
###   /home/biocbuild/R/R/bin/R CMD build --keep-empty-dirs --no-resave-data musicatk
###
##############################################################################
##############################################################################


* checking for file ‘musicatk/DESCRIPTION’ ... OK
* preparing ‘musicatk’:
* checking DESCRIPTION meta-information ... OK
* installing the package to build vignettes
* creating vignettes ... ERROR
--- re-building ‘musicatk.Rmd’ using rmarkdown

Quitting from musicatk.Rmd:424-428 [plotly]
~~~~~~~~~~~~~~~~~~~~~~~~~~~~~~~~~~~~~~~~~~~~~~~~~~~~~~~~~~~~~~~~~~~~~~~~~~~~~~~~
<error/rlang_error>
Error in `pm[[2]]`:
! subscript out of bounds
---
Backtrace:
    ▆
 1. └─musicatk::plot_exposures(musica, "ex_result", plotly = TRUE)
 2.   ├─plotly::ggplotly(p)
 3.   └─plotly:::ggplotly.ggplot(p)
 4.     └─plotly::gg2list(...)
~~~~~~~~~~~~~~~~~~~~~~~~~~~~~~~~~~~~~~~~~~~~~~~~~~~~~~~~~~~~~~~~~~~~~~~~~~~~~~~~

Error: processing vignette 'musicatk.Rmd' failed with diagnostics:
subscript out of bounds
--- failed re-building ‘musicatk.Rmd’

SUMMARY: processing the following file failed:
  ‘musicatk.Rmd’

Error: Vignette re-building failed.
Execution halted