Back to Multiple platform build/check report for BioC 3.21:   simplified   long
ABCDEFGH[I]JKLMNOPQRSTUVWXYZ

This page was generated on 2025-10-16 11:39 -0400 (Thu, 16 Oct 2025).

HostnameOSArch (*)R versionInstalled pkgs
nebbiolo1Linux (Ubuntu 24.04.3 LTS)x86_644.5.1 (2025-06-13) -- "Great Square Root" 4833
merida1macOS 12.7.6 Montereyx86_644.5.1 RC (2025-06-05 r88288) -- "Great Square Root" 4614
kjohnson1macOS 13.7.5 Venturaarm644.5.1 Patched (2025-06-14 r88325) -- "Great Square Root" 4555
kunpeng2Linux (openEuler 24.03 LTS)aarch64R Under development (unstable) (2025-02-19 r87757) -- "Unsuffered Consequences" 4586
Click on any hostname to see more info about the system (e.g. compilers)      (*) as reported by 'uname -p', except on Windows and Mac OS X

Package 1083/2341HostnameOS / ArchINSTALLBUILDCHECKBUILD BIN
isobar 1.54.0  (landing page)
Florian P Breitwieser
Snapshot Date: 2025-10-13 13:40 -0400 (Mon, 13 Oct 2025)
git_url: https://git.bioconductor.org/packages/isobar
git_branch: RELEASE_3_21
git_last_commit: 538264f
git_last_commit_date: 2025-04-15 10:11:18 -0400 (Tue, 15 Apr 2025)
nebbiolo1Linux (Ubuntu 24.04.3 LTS) / x86_64  OK    OK    WARNINGS  UNNEEDED, same version is already published
merida1macOS 12.7.6 Monterey / x86_64  OK    OK    WARNINGS    OK  UNNEEDED, same version is already published
kjohnson1macOS 13.7.5 Ventura / arm64  OK    OK    WARNINGS    OK  UNNEEDED, same version is already published
kunpeng2Linux (openEuler 24.03 LTS) / aarch64  OK    OK    WARNINGS  


CHECK results for isobar on merida1

To the developers/maintainers of the isobar package:
- Allow up to 24 hours (and sometimes 48 hours) for your latest push to git@git.bioconductor.org:packages/isobar.git to reflect on this report. See Troubleshooting Build Report for more information.
- Use the following Renviron settings to reproduce errors and warnings.
- If 'R CMD check' started to fail recently on the Linux builder(s) over a missing dependency, add the missing dependency to 'Suggests:' in your DESCRIPTION file. See Renviron.bioc for more information.

raw results


Summary

Package: isobar
Version: 1.54.0
Command: /Library/Frameworks/R.framework/Resources/bin/R CMD check --install=check:isobar.install-out.txt --library=/Library/Frameworks/R.framework/Resources/library --no-vignettes --timings isobar_1.54.0.tar.gz
StartedAt: 2025-10-14 05:34:36 -0400 (Tue, 14 Oct 2025)
EndedAt: 2025-10-14 05:41:47 -0400 (Tue, 14 Oct 2025)
EllapsedTime: 430.8 seconds
RetCode: 0
Status:   WARNINGS  
CheckDir: isobar.Rcheck
Warnings: 2

Command output

##############################################################################
##############################################################################
###
### Running command:
###
###   /Library/Frameworks/R.framework/Resources/bin/R CMD check --install=check:isobar.install-out.txt --library=/Library/Frameworks/R.framework/Resources/library --no-vignettes --timings isobar_1.54.0.tar.gz
###
##############################################################################
##############################################################################


* using log directory ‘/Users/biocbuild/bbs-3.21-bioc/meat/isobar.Rcheck’
* using R version 4.5.1 RC (2025-06-05 r88288)
* using platform: x86_64-apple-darwin20
* R was compiled by
    Apple clang version 14.0.0 (clang-1400.0.29.202)
    GNU Fortran (GCC) 14.2.0
* running under: macOS Monterey 12.7.6
* using session charset: UTF-8
* using option ‘--no-vignettes’
* checking for file ‘isobar/DESCRIPTION’ ... OK
* this is package ‘isobar’ version ‘1.54.0’
* checking package namespace information ... OK
* checking package dependencies ... OK
* checking if this is a source package ... OK
* checking if there is a namespace ... OK
* checking for hidden files and directories ... OK
* checking for portable file names ... OK
* checking for sufficient/correct file permissions ... OK
* checking whether package ‘isobar’ can be installed ... OK
* checking installed package size ... OK
* checking package directory ... OK
* checking ‘build’ directory ... OK
* checking DESCRIPTION meta-information ... OK
* checking top-level files ... OK
* checking for left-over files ... OK
* checking index information ... OK
* checking package subdirectories ... OK
* checking code files for non-ASCII characters ... OK
* checking R files for syntax errors ... OK
* checking whether the package can be loaded ... OK
* checking whether the package can be loaded with stated dependencies ... OK
* checking whether the package can be unloaded cleanly ... OK
* checking whether the namespace can be loaded with stated dependencies ... OK
* checking whether the namespace can be unloaded cleanly ... OK
* checking whether startup messages can be suppressed ... OK
* checking dependencies in R code ... NOTE
There are ::: calls to the package's namespace in its code. A package
  almost never needs to use ::: for its own objects:
  ‘.as.matrix’ ‘.as.vect’ ‘.convertPeptideModif’
  ‘.proteinGroupAsConciseDataFrame’ ‘.read.idfile’ ‘.sum.bool’
* checking S3 generic/method consistency ... OK
* checking replacement functions ... OK
* checking foreign function calls ... OK
* checking R code for possible problems ... NOTE
.calcProbXGreaterThanY.orig: no visible global function definition for
  ‘d’
.read.peaklist: no visible binding for global variable ‘type’
.round.distr: no visible global function definition for ‘param’
.write.summarized.table: no visible binding for global variable ‘name’
distrprint: no visible global function definition for ‘param’
distrprint : <anonymous>: no visible global function definition for
  ‘param’
shared.ratios.sign: no visible binding for global variable ‘ratio’
shared.ratios.sign: no visible binding for global variable ‘g’
spectra.count2: no visible binding for global variable ‘peptide’
twodistr.plot: no visible global function definition for ‘d’
ProteinGroup,data.frame-missing: no visible binding for global variable
  ‘peptide’
coerce,IBSpectra-MSnSet: no visible global function definition for ‘mz’
coerce,IBSpectra-MSnSet: no visible binding for global variable ‘o’
coerce,MSnSet-IBSpectra: no visible global function definition for
  ‘qual’
df,Tlsd: no visible global function definition for ‘param’
estimateRatio,IBSpectra-ANY-missing-missing-character-missing: no
  visible binding for global variable ‘i’
estimateRatio,IBSpectra-ANY-missing-missing-missing-character: no
  visible binding for global variable ‘i’
estimateRatioNumeric,numeric-numeric-NoiseModel: no visible binding for
  global variable ‘center.var’
location,Tlsd: no visible global function definition for ‘param’
plotRatio,IBSpectra-character-character-character: no visible binding
  for global variable ‘pch’
plotRatio,IBSpectra-character-character-character: no visible binding
  for global variable ‘noise.model.col’
plotRatio,IBSpectra-character-character-character: no visible binding
  for global variable ‘pch.p’
scale,Tlsd: no visible global function definition for ‘param’
Undefined global functions or variables:
  center.var d g i mz name noise.model.col o param pch pch.p peptide
  qual ratio type
* checking Rd files ... WARNING
checkRd: (5) ProteinGroup-class.Rd:119-128: \item in \describe must have non-empty label
checkRd: (-1) getPhosphoRSProbabilities.Rd:83: Lost braces; missing escapes or markup?
    83 |     spectrum -> {peptide 1, peptides 2, ...} -> {peptide}.
       |                 ^
checkRd: (-1) getPhosphoRSProbabilities.Rd:83: Lost braces; missing escapes or markup?
    83 |     spectrum -> {peptide 1, peptides 2, ...} -> {peptide}.
       |                                                 ^
* checking Rd metadata ... OK
* checking Rd cross-references ... WARNING
Missing link(s) in Rd file 'IBSpectra-class.Rd':
  ‘[MSnbase]{MSnbase}’

Non-topic package-anchored link(s) in Rd file 'IBSpectra-class.Rd':
  ‘[Biobase:class.eSet]{eSet}’

See section 'Cross-references' in the 'Writing R Extensions' manual.

Found the following Rd file(s) with Rd \link{} targets missing package
anchors:
  IBSpectra-class.Rd: eSet, AssayData, AnnotatedDataFrame-class, fData,
    AnnotatedDataFrame, MIAME
  TlsParameter-class.Rd: OptionalParameter-class
  Tlsd-class.Rd: AcDcLcDistribution-class,
    UnivDistrListOrDistribution-class
Please provide package anchors for all Rd \link{} targets not in the
package itself and the base packages.
* checking for missing documentation entries ... OK
* checking for code/documentation mismatches ... OK
* checking Rd \usage sections ... NOTE
S3 methods shown with full name in Rd file 'peptide.count.Rd':
  ‘sequence.coverage’

The \usage entries for S3 methods should use the \method markup and not
their full name.
See chapter ‘Writing R documentation files’ in the ‘Writing R
Extensions’ manual.
* checking Rd contents ... NOTE
Argument items with no description in Rd file 'maplot.protein.Rd':
  ‘add’
* checking for unstated dependencies in examples ... OK
* checking contents of ‘data’ directory ... OK
* checking data for non-ASCII characters ... OK
* checking data for ASCII and uncompressed saves ... OK
* checking sizes of PDF files under ‘inst/doc’ ... OK
* checking files in ‘vignettes’ ... OK
* checking examples ... OK
Examples with CPU (user + system) or elapsed time > 5s
                   user system elapsed
NoiseModel-class 13.306  0.504  14.461
* checking for unstated dependencies in vignettes ... OK
* checking package vignettes ... OK
* checking running R code from vignettes ... SKIPPED
* checking re-building of vignette outputs ... SKIPPED
* checking PDF version of manual ... OK
* DONE

Status: 2 WARNINGs, 4 NOTEs
See
  ‘/Users/biocbuild/bbs-3.21-bioc/meat/isobar.Rcheck/00check.log’
for details.


Installation output

isobar.Rcheck/00install.out

##############################################################################
##############################################################################
###
### Running command:
###
###   /Library/Frameworks/R.framework/Resources/bin/R CMD INSTALL isobar
###
##############################################################################
##############################################################################


* installing to library ‘/Library/Frameworks/R.framework/Versions/4.5-x86_64/Resources/library’
* installing *source* package ‘isobar’ ...
** this is package ‘isobar’ version ‘1.54.0’
** using staged installation
** R
** data
** inst
** byte-compile and prepare package for lazy loading
in method for ‘coerce’ with signature ‘"MSnSet","IBSpectra"’: no definition for class “MSnSet”
in method for ‘coerce’ with signature ‘"IBSpectra","MSnSet"’: no definition for class “MSnSet”
** help
*** installing help indices
** building package indices
** installing vignettes
** testing if installed package can be loaded from temporary location
** testing if installed package can be loaded from final location
** testing if installed package keeps a record of temporary installation path
* DONE (isobar)

Tests output


Example timings

isobar.Rcheck/isobar-Ex.timings

nameusersystemelapsed
IBSpectra-class0.5980.0340.688
NoiseModel-class13.306 0.50414.461
ProteinGroup-class0.3620.0150.380
TlsParameter-class0.0020.0000.002
Tlsd-class0.0020.0020.003
calculate-pvalues0.0610.0020.063
calculate.dNSAF4.7880.0804.952
calculate.emPAI0.4430.0110.459
distr-methods0.0770.0060.091
fit-distr4.3270.0674.625
getPtmInfo0.0000.0010.001
groupMemberPeptides0.4310.0240.479
isobar-analysis0.3880.0160.423
isobar-data0.9630.0251.029
isobar-import1.4290.0251.514
isobar-log1.7450.0221.857
isobar-plots1.8740.1032.086
isobar-preprocessing1.8800.1082.169
number.ranges0.0010.0000.002
observedKnownSites0.6000.0200.646
peptide.count3.9340.0674.207
proteinInfo-methods0.3140.0120.347
proteinNameAndDescription0.4100.0110.443
ratio-summ0.4700.0160.510
sanitize0.0010.0000.001
spectra.count20.4570.0170.494
subsetIBSpectra3.6000.0243.810
utils0.0000.0010.001