Back to Multiple platform build/check report for BioC 3.21: simplified long |
|
This page was generated on 2025-10-16 11:41 -0400 (Thu, 16 Oct 2025).
Hostname | OS | Arch (*) | R version | Installed pkgs |
---|---|---|---|---|
nebbiolo1 | Linux (Ubuntu 24.04.3 LTS) | x86_64 | 4.5.1 (2025-06-13) -- "Great Square Root" | 4833 |
merida1 | macOS 12.7.6 Monterey | x86_64 | 4.5.1 RC (2025-06-05 r88288) -- "Great Square Root" | 4614 |
kjohnson1 | macOS 13.7.5 Ventura | arm64 | 4.5.1 Patched (2025-06-14 r88325) -- "Great Square Root" | 4555 |
kunpeng2 | Linux (openEuler 24.03 LTS) | aarch64 | R Under development (unstable) (2025-02-19 r87757) -- "Unsuffered Consequences" | 4586 |
Click on any hostname to see more info about the system (e.g. compilers) (*) as reported by 'uname -p', except on Windows and Mac OS X |
Package 1220/2341 | Hostname | OS / Arch | INSTALL | BUILD | CHECK | BUILD BIN | ||||||||
MesKit 1.18.0 (landing page) Mengni Liu
| nebbiolo1 | Linux (Ubuntu 24.04.3 LTS) / x86_64 | OK | OK | WARNINGS | ![]() | ||||||||
merida1 | macOS 12.7.6 Monterey / x86_64 | OK | OK | WARNINGS | OK | ![]() | ||||||||
kjohnson1 | macOS 13.7.5 Ventura / arm64 | OK | OK | WARNINGS | OK | ![]() | ||||||||
kunpeng2 | Linux (openEuler 24.03 LTS) / aarch64 | OK | OK | WARNINGS | ||||||||||
To the developers/maintainers of the MesKit package: - Allow up to 24 hours (and sometimes 48 hours) for your latest push to git@git.bioconductor.org:packages/MesKit.git to reflect on this report. See Troubleshooting Build Report for more information. - Use the following Renviron settings to reproduce errors and warnings. - If 'R CMD check' started to fail recently on the Linux builder(s) over a missing dependency, add the missing dependency to 'Suggests:' in your DESCRIPTION file. See Renviron.bioc for more information. - See Martin Grigorov's blog post for how to debug Linux ARM64 related issues on a x86_64 host. |
Package: MesKit |
Version: 1.18.0 |
Command: /home/biocbuild/R/R/bin/R CMD check --install=check:MesKit.install-out.txt --library=/home/biocbuild/R/R/site-library --no-vignettes --timings MesKit_1.18.0.tar.gz |
StartedAt: 2025-10-14 10:56:32 -0000 (Tue, 14 Oct 2025) |
EndedAt: 2025-10-14 11:09:56 -0000 (Tue, 14 Oct 2025) |
EllapsedTime: 803.5 seconds |
RetCode: 0 |
Status: WARNINGS |
CheckDir: MesKit.Rcheck |
Warnings: 1 |
############################################################################## ############################################################################## ### ### Running command: ### ### /home/biocbuild/R/R/bin/R CMD check --install=check:MesKit.install-out.txt --library=/home/biocbuild/R/R/site-library --no-vignettes --timings MesKit_1.18.0.tar.gz ### ############################################################################## ############################################################################## * using log directory ‘/home/biocbuild/bbs-3.21-bioc/meat/MesKit.Rcheck’ * using R Under development (unstable) (2025-02-19 r87757) * using platform: aarch64-unknown-linux-gnu * R was compiled by aarch64-unknown-linux-gnu-gcc (GCC) 14.2.0 GNU Fortran (GCC) 14.2.0 * running under: openEuler 24.03 (LTS-SP1) * using session charset: UTF-8 * using option ‘--no-vignettes’ * checking for file ‘MesKit/DESCRIPTION’ ... OK * checking extension type ... Package * this is package ‘MesKit’ version ‘1.18.0’ * package encoding: UTF-8 * checking package namespace information ... OK * checking package dependencies ... OK * checking if this is a source package ... OK * checking if there is a namespace ... OK * checking for hidden files and directories ... OK * checking for portable file names ... OK * checking for sufficient/correct file permissions ... OK * checking whether package ‘MesKit’ can be installed ... WARNING Found the following significant warnings: Warning: replacing previous import ‘ape::degree’ by ‘circlize::degree’ when loading ‘MesKit’ Warning: replacing previous import ‘ape::where’ by ‘dplyr::where’ when loading ‘MesKit’ See ‘/home/biocbuild/bbs-3.21-bioc/meat/MesKit.Rcheck/00install.out’ for details. * checking installed package size ... INFO installed size is 6.0Mb sub-directories of 1Mb or more: extdata 4.9Mb * checking package directory ... OK * checking ‘build’ directory ... OK * checking DESCRIPTION meta-information ... OK * checking top-level files ... NOTE File LICENSE is not mentioned in the DESCRIPTION file. * checking for left-over files ... OK * checking index information ... OK * checking package subdirectories ... OK * checking code files for non-ASCII characters ... OK * checking R files for syntax errors ... OK * checking whether the package can be loaded ... OK * checking whether the package can be loaded with stated dependencies ... OK * checking whether the package can be unloaded cleanly ... OK * checking whether the namespace can be loaded with stated dependencies ... OK * checking whether the namespace can be unloaded cleanly ... OK * checking loading without being on the library search path ... OK * checking dependencies in R code ... OK * checking S3 generic/method consistency ... OK * checking replacement functions ... OK * checking foreign function calls ... OK * checking R code for possible problems ... NOTE calJSI : processJSI: no visible binding for global variable ‘CCF’ cna2gene: no visible global function definition for ‘genes’ cna2gene: no visible binding for global variable ‘org.Hs.eg.db’ cna2gene: no visible binding for global variable ‘seqnames’ cna2gene: no visible binding for global variable ‘Chromosome’ cna2gene: no visible binding for global variable ‘Hugo_Symbol’ cna2gene: no visible binding for global variable ‘Start_Position’ cna2gene: no visible binding for global variable ‘End_Position’ cna2gene: no visible binding for global variable ‘i.End_Position’ cna2gene: no visible binding for global variable ‘i.Start_Position’ cna2gene: no visible binding for global variable ‘Patient_ID’ cna2gene: no visible binding for global variable ‘Tumor_Sample_Barcode’ cna2gene: no visible binding for global variable ‘seg_id’ cna2gene: no visible binding for global variable ‘overlap_width’ copyNumberFilter: no visible binding for global variable ‘Patient_ID’ drawVAFCombine: no visible binding for global variable ‘V’ drawVAFCombineVline: no visible binding for global variable ‘V’ fitSignatures : processFitSig: no visible binding for global variable ‘Branch’ fitSignatures : processFitSig: no visible binding for global variable ‘Original’ fitSignatures : processFitSig: no visible binding for global variable ‘Reconstructed’ mutCluster : processVafcluster_sample: no visible binding for global variable ‘cluster’ plotCNA: no visible binding for global variable ‘Cytoband’ plotCNA: no visible binding for global variable ‘Cytoband_pos’ plotCNA: no visible binding for global variable ‘gene_id’ plotCNA: no visible binding for global variable ‘gene_pos’ plotCNA: no visible binding for global variable ‘Hugo_Symbol’ plotTree: no visible binding for global variable ‘is.match’ plotTree: no visible binding for global variable ‘x’ plotTree: no visible binding for global variable ‘y’ plotTree: no visible binding for global variable ‘xend’ plotTree: no visible binding for global variable ‘yend’ Undefined global functions or variables: Branch CCF Chromosome Cytoband Cytoband_pos End_Position Hugo_Symbol Original Patient_ID Reconstructed Start_Position Tumor_Sample_Barcode V cluster gene_id gene_pos genes i.End_Position i.Start_Position is.match org.Hs.eg.db overlap_width seg_id seqnames x xend y yend * checking Rd files ... OK * checking Rd metadata ... OK * checking Rd cross-references ... OK * checking for missing documentation entries ... OK * checking for code/documentation mismatches ... OK * checking Rd \usage sections ... OK * checking Rd contents ... OK * checking for unstated dependencies in examples ... OK * checking files in ‘vignettes’ ... OK * checking examples ... OK Examples with CPU (user + system) or elapsed time > 5s user system elapsed cna2gene 25.699 0.403 26.112 calFst 23.964 0.207 24.237 getPhyloTreeRef 22.327 0.124 22.486 plotMutSigProfile 21.789 0.132 21.961 mutHeatmap 21.697 0.100 21.827 getPhyloTree 21.280 0.116 21.425 getBootstrapValue 21.034 0.128 21.198 getPhyloTreePatient 20.966 0.103 21.097 getBinaryMatrix 20.878 0.131 21.042 getTreeMethod 20.823 0.130 20.982 getMutBranches 20.780 0.148 20.961 getCCFMatrix 20.836 0.040 20.909 getBranchType 20.681 0.072 20.785 getTree 20.706 0.040 20.773 getPhyloTreeTsbLabel 20.323 0.173 20.525 calNeiDist 17.494 0.020 17.536 compareCCF 16.801 0.279 17.102 compareTree 16.795 0.060 16.882 calJSI 16.588 0.112 16.721 mutCluster 15.952 0.088 16.065 ccfAUC 15.527 0.100 15.646 testNeutral 15.235 0.040 15.294 mutTrunkBranch 14.584 0.172 14.779 fitSignatures 14.268 0.116 14.408 triMatrix 14.229 0.116 14.364 plotPhyloTree 13.997 0.100 14.119 plotMutProfile 13.601 0.028 13.644 classifyMut 12.586 0.088 12.684 readMaf 11.472 0.120 11.601 mathScore 11.407 0.056 11.470 subMaf 11.343 0.059 11.412 getNonSyn_vc 11.277 0.060 11.355 getMafRef 11.032 0.068 11.117 getMafPatient 11.006 0.063 11.087 getMafData 11.009 0.048 11.074 getSampleInfo 10.789 0.043 10.845 * checking for unstated dependencies in vignettes ... OK * checking package vignettes ... OK * checking running R code from vignettes ... SKIPPED * checking re-building of vignette outputs ... SKIPPED * checking PDF version of manual ... OK * DONE Status: 1 WARNING, 2 NOTEs See ‘/home/biocbuild/bbs-3.21-bioc/meat/MesKit.Rcheck/00check.log’ for details.
MesKit.Rcheck/00install.out
############################################################################## ############################################################################## ### ### Running command: ### ### /home/biocbuild/R/R/bin/R CMD INSTALL MesKit ### ############################################################################## ############################################################################## * installing to library ‘/home/biocbuild/R/R-devel_2025-02-19/site-library’ * installing *source* package ‘MesKit’ ... ** this is package ‘MesKit’ version ‘1.18.0’ ** using staged installation ** R ** inst ** byte-compile and prepare package for lazy loading Warning: replacing previous import ‘ape::degree’ by ‘circlize::degree’ when loading ‘MesKit’ Warning: replacing previous import ‘ape::where’ by ‘dplyr::where’ when loading ‘MesKit’ ** help *** installing help indices ** building package indices ** installing vignettes ** testing if installed package can be loaded from temporary location Warning: replacing previous import ‘ape::degree’ by ‘circlize::degree’ when loading ‘MesKit’ Warning: replacing previous import ‘ape::where’ by ‘dplyr::where’ when loading ‘MesKit’ ** testing if installed package can be loaded from final location Warning: replacing previous import ‘ape::degree’ by ‘circlize::degree’ when loading ‘MesKit’ Warning: replacing previous import ‘ape::where’ by ‘dplyr::where’ when loading ‘MesKit’ ** testing if installed package keeps a record of temporary installation path * DONE (MesKit)
MesKit.Rcheck/MesKit-Ex.timings
name | user | system | elapsed | |
calFst | 23.964 | 0.207 | 24.237 | |
calJSI | 16.588 | 0.112 | 16.721 | |
calNeiDist | 17.494 | 0.020 | 17.536 | |
ccfAUC | 15.527 | 0.100 | 15.646 | |
classifyMut | 12.586 | 0.088 | 12.684 | |
cna2gene | 25.699 | 0.403 | 26.112 | |
compareCCF | 16.801 | 0.279 | 17.102 | |
compareTree | 16.795 | 0.060 | 16.882 | |
fitSignatures | 14.268 | 0.116 | 14.408 | |
getBinaryMatrix | 20.878 | 0.131 | 21.042 | |
getBootstrapValue | 21.034 | 0.128 | 21.198 | |
getBranchType | 20.681 | 0.072 | 20.785 | |
getCCFMatrix | 20.836 | 0.040 | 20.909 | |
getMafData | 11.009 | 0.048 | 11.074 | |
getMafPatient | 11.006 | 0.063 | 11.087 | |
getMafRef | 11.032 | 0.068 | 11.117 | |
getMutBranches | 20.780 | 0.148 | 20.961 | |
getNonSyn_vc | 11.277 | 0.060 | 11.355 | |
getPhyloTree | 21.280 | 0.116 | 21.425 | |
getPhyloTreePatient | 20.966 | 0.103 | 21.097 | |
getPhyloTreeRef | 22.327 | 0.124 | 22.486 | |
getPhyloTreeTsbLabel | 20.323 | 0.173 | 20.525 | |
getSampleInfo | 10.789 | 0.043 | 10.845 | |
getTree | 20.706 | 0.040 | 20.773 | |
getTreeMethod | 20.823 | 0.130 | 20.982 | |
mathScore | 11.407 | 0.056 | 11.470 | |
mutCluster | 15.952 | 0.088 | 16.065 | |
mutHeatmap | 21.697 | 0.100 | 21.827 | |
mutTrunkBranch | 14.584 | 0.172 | 14.779 | |
plotCNA | 4.964 | 0.035 | 4.997 | |
plotMutProfile | 13.601 | 0.028 | 13.644 | |
plotMutSigProfile | 21.789 | 0.132 | 21.961 | |
plotPhyloTree | 13.997 | 0.100 | 14.119 | |
readMaf | 11.472 | 0.120 | 11.601 | |
readSegment | 0.592 | 0.008 | 0.593 | |
runMesKit | 0 | 0 | 0 | |
subMaf | 11.343 | 0.059 | 11.412 | |
testNeutral | 15.235 | 0.040 | 15.294 | |
triMatrix | 14.229 | 0.116 | 14.364 | |