Back to Multiple platform build/check report for BioC 3.21:   simplified   long
ABCDEF[G]HIJKLMNOPQRSTUVWXYZ

This page was generated on 2025-10-16 11:38 -0400 (Thu, 16 Oct 2025).

HostnameOSArch (*)R versionInstalled pkgs
nebbiolo1Linux (Ubuntu 24.04.3 LTS)x86_644.5.1 (2025-06-13) -- "Great Square Root" 4833
merida1macOS 12.7.6 Montereyx86_644.5.1 RC (2025-06-05 r88288) -- "Great Square Root" 4614
kjohnson1macOS 13.7.5 Venturaarm644.5.1 Patched (2025-06-14 r88325) -- "Great Square Root" 4555
kunpeng2Linux (openEuler 24.03 LTS)aarch64R Under development (unstable) (2025-02-19 r87757) -- "Unsuffered Consequences" 4586
Click on any hostname to see more info about the system (e.g. compilers)      (*) as reported by 'uname -p', except on Windows and Mac OS X

Package 946/2341HostnameOS / ArchINSTALLBUILDCHECKBUILD BIN
GWENA 1.18.0  (landing page)
Gwenaëlle Lemoine
Snapshot Date: 2025-10-13 13:40 -0400 (Mon, 13 Oct 2025)
git_url: https://git.bioconductor.org/packages/GWENA
git_branch: RELEASE_3_21
git_last_commit: 078fff0
git_last_commit_date: 2025-04-15 12:04:17 -0400 (Tue, 15 Apr 2025)
nebbiolo1Linux (Ubuntu 24.04.3 LTS) / x86_64  OK    OK    WARNINGS  UNNEEDED, same version is already published
merida1macOS 12.7.6 Monterey / x86_64  OK    OK    WARNINGS    OK  UNNEEDED, same version is already published
kjohnson1macOS 13.7.5 Ventura / arm64  OK    OK    WARNINGS    OK  UNNEEDED, same version is already published
kunpeng2Linux (openEuler 24.03 LTS) / aarch64  OK    OK    WARNINGS  


CHECK results for GWENA on nebbiolo1

To the developers/maintainers of the GWENA package:
- Allow up to 24 hours (and sometimes 48 hours) for your latest push to git@git.bioconductor.org:packages/GWENA.git to reflect on this report. See Troubleshooting Build Report for more information.
- Use the following Renviron settings to reproduce errors and warnings.
- If 'R CMD check' started to fail recently on the Linux builder(s) over a missing dependency, add the missing dependency to 'Suggests:' in your DESCRIPTION file. See Renviron.bioc for more information.

raw results


Summary

Package: GWENA
Version: 1.18.0
Command: /home/biocbuild/bbs-3.21-bioc/R/bin/R CMD check --install=check:GWENA.install-out.txt --library=/home/biocbuild/bbs-3.21-bioc/R/site-library --timings GWENA_1.18.0.tar.gz
StartedAt: 2025-10-15 23:58:19 -0400 (Wed, 15 Oct 2025)
EndedAt: 2025-10-16 00:08:44 -0400 (Thu, 16 Oct 2025)
EllapsedTime: 624.9 seconds
RetCode: 0
Status:   WARNINGS  
CheckDir: GWENA.Rcheck
Warnings: 2

Command output

##############################################################################
##############################################################################
###
### Running command:
###
###   /home/biocbuild/bbs-3.21-bioc/R/bin/R CMD check --install=check:GWENA.install-out.txt --library=/home/biocbuild/bbs-3.21-bioc/R/site-library --timings GWENA_1.18.0.tar.gz
###
##############################################################################
##############################################################################


* using log directory ‘/home/biocbuild/bbs-3.21-bioc/meat/GWENA.Rcheck’
* using R version 4.5.1 (2025-06-13)
* using platform: x86_64-pc-linux-gnu
* R was compiled by
    gcc (Ubuntu 13.3.0-6ubuntu2~24.04) 13.3.0
    GNU Fortran (Ubuntu 13.3.0-6ubuntu2~24.04) 13.3.0
* running under: Ubuntu 24.04.3 LTS
* using session charset: UTF-8
* checking for file ‘GWENA/DESCRIPTION’ ... OK
* this is package ‘GWENA’ version ‘1.18.0’
* package encoding: UTF-8
* checking package namespace information ... OK
* checking package dependencies ... OK
* checking if this is a source package ... OK
* checking if there is a namespace ... OK
* checking for hidden files and directories ... OK
* checking for portable file names ... OK
* checking for sufficient/correct file permissions ... OK
* checking whether package ‘GWENA’ can be installed ... WARNING
Found the following significant warnings:
  Warning: bad markup (extra space?) at compare_conditions.Rd:91:72
  Warning: bad markup (extra space?) at compare_conditions.Rd:96:77
  Warning: bad markup (extra space?) at compare_conditions.Rd:98:74
  Warning: bad markup (extra space?) at compare_conditions.Rd:100:69
See ‘/home/biocbuild/bbs-3.21-bioc/meat/GWENA.Rcheck/00install.out’ for details.
* checking installed package size ... OK
* checking package directory ... OK
* checking ‘build’ directory ... OK
* checking DESCRIPTION meta-information ...Warning: bad markup (extra space?) at compare_conditions.Rd:91:72
Warning: bad markup (extra space?) at compare_conditions.Rd:96:77
Warning: bad markup (extra space?) at compare_conditions.Rd:98:74
Warning: bad markup (extra space?) at compare_conditions.Rd:100:69
 OK
* checking top-level files ... OK
* checking for left-over files ... OK
* checking index information ... OK
* checking package subdirectories ... NOTE
Problems with news in ‘NEWS.md’:
No news entries found.
* checking code files for non-ASCII characters ... OK
* checking R files for syntax errors ... OK
* checking whether the package can be loaded ... OK
* checking whether the package can be loaded with stated dependencies ... OK
* checking whether the package can be unloaded cleanly ... OK
* checking whether the namespace can be loaded with stated dependencies ... OK
* checking whether the namespace can be unloaded cleanly ... OK
* checking loading without being on the library search path ... OK
* checking dependencies in R code ... OK
* checking S3 generic/method consistency ... OK
* checking replacement functions ... OK
* checking foreign function calls ... OK
* checking R code for possible problems ... OK
* checking Rd files ... WARNING
prepare_Rd: bad markup (extra space?) at compare_conditions.Rd:91:72
prepare_Rd: bad markup (extra space?) at compare_conditions.Rd:96:77
prepare_Rd: bad markup (extra space?) at compare_conditions.Rd:98:74
prepare_Rd: bad markup (extra space?) at compare_conditions.Rd:100:69
* checking Rd metadata ... OK
* checking Rd cross-references ...Warning: bad markup (extra space?) at compare_conditions.Rd:91:72
Warning: bad markup (extra space?) at compare_conditions.Rd:96:77
Warning: bad markup (extra space?) at compare_conditions.Rd:98:74
Warning: bad markup (extra space?) at compare_conditions.Rd:100:69
 NOTE
Found the following Rd file(s) with Rd \link{} targets missing package
anchors:
  build_net.Rd: adjacency.fromSimilarity
  get_fit.cor.Rd: pickSoftThreshold.fromSimilarity
  get_fit.expr.Rd: pickSoftThreshold.fromSimilarity
  plot_module.Rd: igraph.plotting
Please provide package anchors for all Rd \link{} targets not in the
package itself and the base packages.
* checking for missing documentation entries ... OK
* checking for code/documentation mismatches ... OK
* checking Rd \usage sections ... OK
* checking Rd contents ... OK
* checking for unstated dependencies in examples ... OK
* checking contents of ‘data’ directory ... OK
* checking data for non-ASCII characters ... OK
* checking LazyData ... OK
* checking data for ASCII and uncompressed saves ... OK
* checking files in ‘vignettes’ ... OK
* checking examples ... OK
Examples with CPU (user + system) or elapsed time > 5s
                     user system elapsed
z_summary          14.585  0.474  16.816
compare_conditions  8.534  0.400   9.909
plot_enrichment     1.524  0.086   8.237
bio_enrich          0.270  0.013  13.916
* checking for unstated dependencies in ‘tests’ ... OK
* checking tests ...
  Running ‘testthat.R’
 OK
* checking for unstated dependencies in vignettes ... OK
* checking package vignettes ... OK
* checking re-building of vignette outputs ... OK
* checking PDF version of manual ... OK
* DONE

Status: 2 WARNINGs, 2 NOTEs
See
  ‘/home/biocbuild/bbs-3.21-bioc/meat/GWENA.Rcheck/00check.log’
for details.


Installation output

GWENA.Rcheck/00install.out

##############################################################################
##############################################################################
###
### Running command:
###
###   /home/biocbuild/bbs-3.21-bioc/R/bin/R CMD INSTALL GWENA
###
##############################################################################
##############################################################################


* installing to library ‘/home/biocbuild/bbs-3.21-bioc/R/site-library’
* installing *source* package ‘GWENA’ ...
** this is package ‘GWENA’ version ‘1.18.0’
** using staged installation
** R
** data
*** moving datasets to lazyload DB
** inst
** byte-compile and prepare package for lazy loading
** help
Warning: bad markup (extra space?) at compare_conditions.Rd:91:72
Warning: bad markup (extra space?) at compare_conditions.Rd:96:77
Warning: bad markup (extra space?) at compare_conditions.Rd:98:74
Warning: bad markup (extra space?) at compare_conditions.Rd:100:69
*** installing help indices
** building package indices
** installing vignettes
** testing if installed package can be loaded from temporary location
** testing if installed package can be loaded from final location
** testing if installed package keeps a record of temporary installation path
* DONE (GWENA)

Tests output

GWENA.Rcheck/tests/testthat.Rout


R version 4.5.1 (2025-06-13) -- "Great Square Root"
Copyright (C) 2025 The R Foundation for Statistical Computing
Platform: x86_64-pc-linux-gnu

R is free software and comes with ABSOLUTELY NO WARRANTY.
You are welcome to redistribute it under certain conditions.
Type 'license()' or 'licence()' for distribution details.

R is a collaborative project with many contributors.
Type 'contributors()' for more information and
'citation()' on how to cite R or R packages in publications.

Type 'demo()' for some demos, 'help()' for on-line help, or
'help.start()' for an HTML browser interface to help.
Type 'q()' to quit R.

> library(testthat)
> library(GWENA)

> 
> test_check("GWENA")
[ FAIL 0 | WARN 2 | SKIP 0 | PASS 278 ]

[ FAIL 0 | WARN 2 | SKIP 0 | PASS 278 ]
> 
> proc.time()
   user  system elapsed 
415.745  10.159 263.429 

Example timings

GWENA.Rcheck/GWENA-Ex.timings

nameusersystemelapsed
associate_phenotype0.1450.0070.153
bio_enrich 0.270 0.01313.916
build_graph_from_sq_mat0.7470.0010.748
build_net2.2760.0882.364
compare_conditions8.5340.4009.909
detect_modules1.7080.1281.836
filter_RNA_seq0.0010.0000.001
filter_low_var0.010.000.01
get_fit.cor0.9190.0450.964
get_fit.expr0.7790.0000.779
get_hub_degree0.0670.0000.067
get_hub_genes0.0010.0010.001
get_hub_high_co0.0010.0000.001
get_hub_kleinberg0.1360.0120.148
get_sub_clusters1.6110.1721.784
is_data_expr0.0010.0000.000
is_gost0.0380.0094.158
is_module0.0000.0010.001
is_network0.0000.0010.001
join_gost0.0370.0071.730
plot_comparison_stats0.5120.0340.545
plot_enrichment1.5240.0868.237
plot_expression_profiles2.6710.2412.912
plot_module0.2360.0500.285
plot_modules_merge1.9750.0702.044
plot_modules_phenotype0.5380.0000.538
z_summary14.585 0.47416.816