| Back to Multiple platform build/check report for BioC 3.20: simplified long |
|
This page was generated on 2024-08-26 11:42 -0400 (Mon, 26 Aug 2024).
| Hostname | OS | Arch (*) | R version | Installed pkgs |
|---|---|---|---|---|
| nebbiolo2 | Linux (Ubuntu 22.04.3 LTS) | x86_64 | 4.4.1 (2024-06-14) -- "Race for Your Life" | 4703 |
| palomino8 | Windows Server 2022 Datacenter | x64 | 4.4.1 (2024-06-14 ucrt) -- "Race for Your Life" | 4440 |
| lconway | macOS 12.7.1 Monterey | x86_64 | 4.4.1 (2024-06-14) -- "Race for Your Life" | 4472 |
| kjohnson3 | macOS 13.6.5 Ventura | arm64 | 4.4.1 (2024-06-14) -- "Race for Your Life" | 4421 |
| kunpeng2 | Linux (openEuler 22.03 LTS-SP1) | aarch64 | 4.4.1 (2024-06-14) -- "Race for Your Life" | 4415 |
| Click on any hostname to see more info about the system (e.g. compilers) (*) as reported by 'uname -p', except on Windows and Mac OS X | ||||
| Package 2227/2255 | Hostname | OS / Arch | INSTALL | BUILD | CHECK | BUILD BIN | ||||||||
| waddR 1.19.0 (landing page) Julian Flesch
| nebbiolo2 | Linux (Ubuntu 22.04.3 LTS) / x86_64 | OK | OK | OK | |||||||||
| palomino8 | Windows Server 2022 Datacenter / x64 | OK | OK | ERROR | OK | |||||||||
| lconway | macOS 12.7.1 Monterey / x86_64 | OK | ERROR | skipped | skipped | |||||||||
| kjohnson3 | macOS 13.6.5 Ventura / arm64 | OK | ERROR | skipped | skipped | |||||||||
| kunpeng2 | Linux (openEuler 22.03 LTS-SP1) / aarch64 | OK | OK | OK | ||||||||||
|
To the developers/maintainers of the waddR package: - Allow up to 24 hours (and sometimes 48 hours) for your latest push to git@git.bioconductor.org:packages/waddR.git to reflect on this report. See Troubleshooting Build Report for more information. - Use the following Renviron settings to reproduce errors and warnings. - If 'R CMD check' started to fail recently on the Linux builder(s) over a missing dependency, add the missing dependency to 'Suggests:' in your DESCRIPTION file. See Renviron.bioc for more information. |
| Package: waddR |
| Version: 1.19.0 |
| Command: F:\biocbuild\bbs-3.20-bioc\R\bin\R.exe CMD check --no-multiarch --install=check:waddR.install-out.txt --library=F:\biocbuild\bbs-3.20-bioc\R\library --no-vignettes --timings waddR_1.19.0.tar.gz |
| StartedAt: 2024-08-26 06:16:57 -0400 (Mon, 26 Aug 2024) |
| EndedAt: 2024-08-26 06:26:45 -0400 (Mon, 26 Aug 2024) |
| EllapsedTime: 588.0 seconds |
| RetCode: 1 |
| Status: ERROR |
| CheckDir: waddR.Rcheck |
| Warnings: NA |
##############################################################################
##############################################################################
###
### Running command:
###
### F:\biocbuild\bbs-3.20-bioc\R\bin\R.exe CMD check --no-multiarch --install=check:waddR.install-out.txt --library=F:\biocbuild\bbs-3.20-bioc\R\library --no-vignettes --timings waddR_1.19.0.tar.gz
###
##############################################################################
##############################################################################
* using log directory 'F:/biocbuild/bbs-3.20-bioc/meat/waddR.Rcheck'
* using R version 4.4.1 (2024-06-14 ucrt)
* using platform: x86_64-w64-mingw32
* R was compiled by
gcc.exe (GCC) 13.2.0
GNU Fortran (GCC) 13.2.0
* running under: Windows Server 2022 x64 (build 20348)
* using session charset: UTF-8
* using option '--no-vignettes'
* checking for file 'waddR/DESCRIPTION' ... OK
* checking extension type ... Package
* this is package 'waddR' version '1.19.0'
* package encoding: UTF-8
* checking package namespace information ... OK
* checking package dependencies ... OK
* checking if this is a source package ... OK
* checking if there is a namespace ... OK
* checking for hidden files and directories ... OK
* checking for portable file names ... OK
* checking whether package 'waddR' can be installed ... OK
* used C++ compiler: 'G__~1.EXE (GCC) 13.2.0'
* checking C++ specification ... NOTE
Specified C++11: please drop specification unless essential
* checking installed package size ... OK
* checking package directory ... OK
* checking 'build' directory ... OK
* checking DESCRIPTION meta-information ... NOTE
License stub is invalid DCF.
* checking top-level files ... OK
* checking for left-over files ... OK
* checking index information ... OK
* checking package subdirectories ... OK
* checking code files for non-ASCII characters ... OK
* checking R files for syntax errors ... OK
* checking whether the package can be loaded ... OK
* checking whether the package can be loaded with stated dependencies ... OK
* checking whether the package can be unloaded cleanly ... OK
* checking whether the namespace can be loaded with stated dependencies ... OK
* checking whether the namespace can be unloaded cleanly ... OK
* checking whether startup messages can be suppressed ... OK
* checking dependencies in R code ... OK
* checking S3 generic/method consistency ... OK
* checking replacement functions ... OK
* checking foreign function calls ... OK
* checking R code for possible problems ... OK
* checking Rd files ... OK
* checking Rd metadata ... OK
* checking Rd cross-references ... OK
* checking for missing documentation entries ... OK
* checking for code/documentation mismatches ... OK
* checking Rd \usage sections ... OK
* checking Rd contents ... OK
* checking for unstated dependencies in examples ... OK
* checking line endings in C/C++/Fortran sources/headers ... OK
* checking line endings in Makefiles ... OK
* checking compilation flags in Makevars ... OK
* checking for GNU extensions in Makefiles ... OK
* checking for portable use of $(BLAS_LIBS) and $(LAPACK_LIBS) ... OK
* checking use of PKG_*FLAGS in Makefiles ... OK
* checking compiled code ... NOTE
Note: information on .o files for x64 is not available
File 'F:/biocbuild/bbs-3.20-bioc/R/library/waddR/libs/x64/waddR.dll':
Found '_exit', possibly from '_exit' (C)
Found 'abort', possibly from 'abort' (C), 'runtime' (Fortran)
Found 'exit', possibly from 'exit' (C), 'stop' (Fortran)
Compiled code should not call entry points which might terminate R nor
write to stdout/stderr instead of to the console, nor use Fortran I/O
nor system RNGs nor [v]sprintf. The detected symbols are linked into
the code but might come from libraries and not actually be called.
See 'Writing portable packages' in the 'Writing R Extensions' manual.
* checking files in 'vignettes' ... OK
* checking examples ... ERROR
Running examples in 'waddR-Ex.R' failed
The error most likely occurred in:
> base::assign(".ptime", proc.time(), pos = "CheckExEnv")
> ### Name: wasserstein.sc
> ### Title: Two-sample semi-parametric test for single-cell RNA-sequencing
> ### data to check for differences between two distributions using the
> ### 2-Wasserstein distance
> ### Aliases: wasserstein.sc wasserstein.sc,matrix,vector-method
> ### wasserstein.sc-method,matrix,vector,ANY,ANY,ANY-method
> ### wasserstein.sc,SingleCellExperiment,SingleCellExperiment-method
> ### wasserstein.sc,SingleCellExperiment,SingleCellExperiment,ANY,ANY,ANY-method
>
> ### ** Examples
>
> #simulate scRNA-seq data
> set.seed(24)
> nb.sim1<-rnbinom(n=(750*250),1,0.7)
> dat1<-matrix(data=nb.sim1,nrow=750,ncol=250)
> nb.sim2a<-rnbinom(n=(250*100),1,0.7)
> dat2a<-matrix(data=nb.sim2a,nrow=250,ncol=100)
> nb.sim2b<-rnbinom(n=(250*150),5,0.2)
> dat2b<-matrix(data=nb.sim2b,nrow=250,ncol=150)
> dat2<-cbind(dat2a,dat2b)
> dat<-rbind(dat1,dat2)*0.25
> #randomly shuffle the rows of the matrix to create the input matrix
> set.seed(32)
> dat<-dat[sample(nrow(dat)),]
> condition<-c(rep("A",100),rep("B",150))
>
> #call wasserstein.sc with a matrix and a vector including conditions
> #set seed for reproducibility
> #two-stage method
> wasserstein.sc(dat,condition,method="TS",permnum=10000,seed=24)
Error in manager$availability[[as.character(result$node)]] <- TRUE :
wrong args for environment subassignment
Calls: wasserstein.sc ... .bploop_impl -> .collect_result -> .manager_recv -> .manager_recv
Error in serialize(data, node$con) : error writing to connection
Calls: wasserstein.sc ... .send_to -> <Anonymous> -> sendData.SOCKnode -> serialize
Error in serialize(data, node$con) : error writing to connection
Calls: wasserstein.sc ... .send_to -> <Anonymous> -> sendData.SOCKnode -> serialize
Execution halted
Error in serialize(data, node$con) : error writing to connection
Calls: <Anonymous> ... .send_to -> <Anonymous> -> sendData.SOCKnode -> serialize
* checking for unstated dependencies in 'tests' ... OK
* checking tests ...
Running 'testthat.R'
ERROR
Running the tests in 'tests/testthat.R' failed.
Last 13 lines of output:
21. ├─BiocParallel::.manager_cleanup(manager)
22. └─BiocParallel::.manager_cleanup(manager)
23. ├─BiocParallel::.send_all(manager$backend, value)
24. └─BiocParallel::.send_all(manager$backend, value)
25. ├─BiocParallel::.send_to(backend, node, value)
26. └─BiocParallel::.send_to(backend, node, value)
27. ├─parallel:::sendData(backend[[node]], value)
28. └─parallel:::sendData.SOCKnode(backend[[node]], value)
29. └─base::serialize(data, node$con)
[ FAIL 5 | WARN 3 | SKIP 0 | PASS 78 ]
Error: Test failures
Execution halted
Error in serialize(data, node$con) : error writing to connection
Calls: <Anonymous> ... .send_to -> <Anonymous> -> sendData.SOCKnode -> serialize
* checking for unstated dependencies in vignettes ... OK
* checking package vignettes ... OK
* checking running R code from vignettes ... SKIPPED
* checking re-building of vignette outputs ... SKIPPED
* checking PDF version of manual ... OK
* DONE
Status: 2 ERRORs, 3 NOTEs
See
'F:/biocbuild/bbs-3.20-bioc/meat/waddR.Rcheck/00check.log'
for details.
waddR.Rcheck/00install.out
##############################################################################
##############################################################################
###
### Running command:
###
### F:\biocbuild\bbs-3.20-bioc\R\bin\R.exe CMD INSTALL waddR
###
##############################################################################
##############################################################################
* installing to library 'F:/biocbuild/bbs-3.20-bioc/R/library'
* installing *source* package 'waddR' ...
** using staged installation
** libs
using C++ compiler: 'G__~1.EXE (GCC) 13.2.0'
using C++11
g++ -std=gnu++11 -I"F:/biocbuild/bbs-3.20-bioc/R/include" -DNDEBUG -I'F:/biocbuild/bbs-3.20-bioc/R/library/Rcpp/include' -I'F:/biocbuild/bbs-3.20-bioc/R/library/RcppArmadillo/include' -I"C:/rtools44/x86_64-w64-mingw32.static.posix/include" -O2 -Wall -mfpmath=sse -msse2 -mstackrealign -c RcppExports.cpp -o RcppExports.o
g++ -std=gnu++11 -I"F:/biocbuild/bbs-3.20-bioc/R/include" -DNDEBUG -I'F:/biocbuild/bbs-3.20-bioc/R/library/Rcpp/include' -I'F:/biocbuild/bbs-3.20-bioc/R/library/RcppArmadillo/include' -I"C:/rtools44/x86_64-w64-mingw32.static.posix/include" -O2 -Wall -mfpmath=sse -msse2 -mstackrealign -c wasserstein.cpp -o wasserstein.o
wasserstein.cpp: In function 'std::vector<double> rep_weighted(std::vector<double>, std::vector<int, std::allocator<int> >)':
wasserstein.cpp:348:23: warning: comparison of integer expressions of different signedness: 'int' and 'std::vector<double>::size_type' {aka 'long long unsigned int'} [-Wsign-compare]
348 | for(int i=0; i<x.size(); i++) {
| ~^~~~~~~~~
wasserstein.cpp: In function 'std::vector<double> concat(std::vector<double>&, std::vector<double>&)':
wasserstein.cpp:386:34: warning: variable 'out_it_end' set but not used [-Wunused-but-set-variable]
386 | vector<double>::iterator out_it_end = out.end();
| ^~~~~~~~~~
wasserstein.cpp: In function 'std::vector<int, std::allocator<int> > interval_table(const std::vector<double>&, const std::vector<double>&, int)':
wasserstein.cpp:584:39: warning: comparison of integer expressions of different signedness: 'int' and 'std::vector<double>::size_type' {aka 'long long unsigned int'} [-Wsign-compare]
584 | while (data_i < datavec.size()) {
| ~~~~~~~^~~~~~~~~~~~~~~~
wasserstein.cpp: In function 'double cor_test_export(Rcpp::NumericVector, Rcpp::NumericVector)':
wasserstein.cpp:1088:24: warning: comparison of integer expressions of different signedness: 'int' and 'std::vector<double>::size_type' {aka 'long long unsigned int'} [-Wsign-compare]
1088 | for (int i=0; i<x.size(); i++) { x[i] = x_[i];}
| ~^~~~~~~~~
wasserstein.cpp:1089:24: warning: comparison of integer expressions of different signedness: 'int' and 'std::vector<double>::size_type' {aka 'long long unsigned int'} [-Wsign-compare]
1089 | for (int j=0; j<y.size(); j++) { y[j] = y_[j];}
| ~^~~~~~~~~
wasserstein.cpp: In instantiation of 'double cor(const std::vector<T>&, const std::vector<T>&, double, double) [with T = double]':
wasserstein.cpp:716:24: required from here
wasserstein.cpp:439:24: warning: comparison of integer expressions of different signedness: 'int' and 'std::vector<double>::size_type' {aka 'long long unsigned int'} [-Wsign-compare]
439 | for (int i=0; i<x.size(); i++){
| ~^~~~~~~~~
wasserstein.cpp: In instantiation of 'std::vector<T> operator-(const std::vector<T>&, const std::vector<T>&) [with T = double]':
wasserstein.cpp:778:44: required from here
wasserstein.cpp:121:20: warning: comparison of integer expressions of different signedness: 'int' and 'std::vector<double>::size_type' {aka 'long long unsigned int'} [-Wsign-compare]
121 | for (int i=0; i<x.size(); i++) {
| ~^~~~~~~~~
wasserstein.cpp: In instantiation of 'std::vector<T> cumSum(const std::vector<T>&, int) [with T = double]':
wasserstein.cpp:884:14: required from here
wasserstein.cpp:472:54: warning: comparison of integer expressions of different signedness: 'const int' and 'std::vector<double>::size_type' {aka 'long long unsigned int'} [-Wsign-compare]
472 | int upper = ((last_index > 0) && (last_index <= x.size())
| ~~~~~~~~~~~~^~~~~~~~~~~~
wasserstein.cpp: In instantiation of 'std::vector<T> operator*(const std::vector<T>&, const std::vector<T>&) [with T = double]':
wasserstein.cpp:912:62: required from here
wasserstein.cpp:101:20: warning: comparison of integer expressions of different signedness: 'int' and 'std::vector<double>::size_type' {aka 'long long unsigned int'} [-Wsign-compare]
101 | for (int i=0; i<x.size(); i++) {
| ~^~~~~~~~~
wasserstein.cpp: In instantiation of 'std::vector<T> operator+(std::vector<T>, std::vector<T>) [with T = double]':
wasserstein.cpp:933:15: required from here
wasserstein.cpp:53:32: warning: comparison of integer expressions of different signedness: 'int' and 'std::vector<double>::size_type' {aka 'long long unsigned int'} [-Wsign-compare]
53 | for (int i=0; i<x.size(); i++) {
| ~^~~~~~~~~
wasserstein.cpp: In instantiation of 'std::vector<T> operator/(const std::vector<T>&, const std::vector<T>&) [with T = double]':
wasserstein.cpp:1046:15: required from here
wasserstein.cpp:169:20: warning: comparison of integer expressions of different signedness: 'int' and 'std::vector<double>::size_type' {aka 'long long unsigned int'} [-Wsign-compare]
169 | for (int i=0; i<x.size(); i++) {
| ~^~~~~~~~~
wasserstein.cpp: In instantiation of 'std::vector<T> quantile(const std::vector<T>&, std::vector<double>, int) [with T = double]':
wasserstein.cpp:1162:16: required from here
wasserstein.cpp:501:11: warning: unused variable 'max_x' [-Wunused-variable]
501 | T max_x = x_sorted[n-1];
| ^~~~~
g++ -shared -s -static-libgcc -o waddR.dll tmp.def RcppExports.o wasserstein.o -LC:/rtools44/x86_64-w64-mingw32.static.posix/lib/x64 -LC:/rtools44/x86_64-w64-mingw32.static.posix/lib -LF:/biocbuild/bbs-3.20-bioc/R/bin/x64 -lR
installing to F:/biocbuild/bbs-3.20-bioc/R/library/00LOCK-waddR/00new/waddR/libs/x64
** R
** inst
** byte-compile and prepare package for lazy loading
** help
*** installing help indices
** building package indices
** installing vignettes
** testing if installed package can be loaded from temporary location
** testing if installed package can be loaded from final location
** testing if installed package keeps a record of temporary installation path
* DONE (waddR)
waddR.Rcheck/tests/testthat.Rout.fail
R version 4.4.1 (2024-06-14 ucrt) -- "Race for Your Life"
Copyright (C) 2024 The R Foundation for Statistical Computing
Platform: x86_64-w64-mingw32/x64
R is free software and comes with ABSOLUTELY NO WARRANTY.
You are welcome to redistribute it under certain conditions.
Type 'license()' or 'licence()' for distribution details.
R is a collaborative project with many contributors.
Type 'contributors()' for more information and
'citation()' on how to cite R or R packages in publications.
Type 'demo()' for some demos, 'help()' for on-line help, or
'help.start()' for an HTML browser interface to help.
Type 'q()' to quit R.
> # setting R_TESTS to empty string because of
> # https://github.com/hadley/testthat/issues/144
> # revert this when that issue in R is fixed.
> Sys.setenv("R_TESTS" = "")
>
> library(testthat)
> library(waddR)
> library(devtools)
Loading required package: usethis
Attaching package: 'devtools'
The following object is masked from 'package:testthat':
test_file
> library(rprojroot)
>
> # Workaround for issue on build systems, where package directory can't be found
> # and tests for non-exported functions throw errors.
> tryCatch({
+
+ dir.start <- "."
+ if ("waddR" %in% dir(".."))
+ dir.start <- "../waddR/"
+ crit <- has_dir("DESCRIPTION")
+ abspath <- find_root(dir.start, criterion=crit)
+ #load the non-exported functions defined in waddR
+ load_all(abspath)
+
+ }, error = function(err){
+
+ # Workaround of finding the package dir has not worked => catch
+ # rprojroot::find_root() error. Redefine all non-exported functions that are
+ # tested as a dummy function to avaid "not defined" errors and have them
+ # skipped
+ dummy <- function(...) {return(1)}
+ abs_test_export <- dummy
+ sum_test_export <- dummy
+ mean_test_export <- dummy
+ sd_test_export <- dummy
+ subtract_test_export <- dummy
+ add_test_export <- dummy
+ add_test_export_sv <- dummy
+ divide_test_export_vectors <- dummy
+ divide_test_export_sv <- dummy
+ multiply_test_export_sv <- dummy
+ multiply_test_export <- dummy
+ pow_test_export <- dummy
+ cumSum_test_export <- dummy
+ interval_table_test_export <- dummy
+ rep_weighted_test_export <- dummy
+ concat_test_export <- dummy
+ cor_test_export <- dummy
+ equidist_quantile_test_export <- dummy
+ quantile_test_export <- dummy
+
+ }, finally = {
+
+ # run tests:
+ # A) on all functions, both exported and non-exported
+ # B) just on exported, skip all non-exported
+ test_check("waddR")
+
+ })
[ FAIL 5 | WARN 3 | SKIP 0 | PASS 78 ]
══ Failed tests ════════════════════════════════════════════════════════════════
── Error ('test_wasserstein_sc.r:154:5'): Correctness of wasserstein single cell output ──
Error in `manager$availability[[as.character(result$node)]] <- TRUE`: wrong args for environment subassignment
Backtrace:
▆
1. ├─waddR::wasserstein.sc(dat2, condition2, "OS") at test_wasserstein_sc.r:154:5
2. └─waddR::wasserstein.sc(dat2, condition2, "OS")
3. └─waddR:::.testWass(x, y, permnum, inclZero = TRUE, seed = seed)
4. ├─base::t(...)
5. ├─base::simplify2array(...)
6. ├─BiocParallel::bpmapply(onegene, seq(ngenes))
7. └─BiocParallel::bpmapply(onegene, seq(ngenes))
8. ├─BiocParallel::bpmapply(...)
9. └─BiocParallel::bpmapply(...)
10. ├─BiocParallel::bplapply(...)
11. └─BiocParallel::bplapply(...)
12. └─BiocParallel:::.bpinit(...)
13. ├─BiocParallel::bploop(...)
14. └─BiocParallel:::bploop.lapply(...)
15. └─BiocParallel:::.bploop_impl(...)
16. └─BiocParallel:::.collect_result(manager, reducer, progress, BPPARAM)
17. ├─BiocParallel::.manager_recv(manager)
18. └─BiocParallel::.manager_recv(manager)
── Error ('test_wasserstein_sc.r:154:5'): Correctness of wasserstein single cell output ──
Error in `serialize(data, node$con)`: error writing to connection
Backtrace:
▆
1. ├─waddR::wasserstein.sc(dat2, condition2, "OS") at test_wasserstein_sc.r:154:5
2. └─waddR::wasserstein.sc(dat2, condition2, "OS")
3. └─waddR:::.testWass(x, y, permnum, inclZero = TRUE, seed = seed)
4. ├─base::t(...)
5. ├─base::simplify2array(...)
6. ├─BiocParallel::bpmapply(onegene, seq(ngenes))
7. └─BiocParallel::bpmapply(onegene, seq(ngenes))
8. ├─BiocParallel::bpmapply(...)
9. └─BiocParallel::bpmapply(...)
10. ├─BiocParallel::bplapply(...)
11. └─BiocParallel::bplapply(...)
12. └─BiocParallel:::.bpinit(...)
13. ├─BiocParallel::bploop(...)
14. └─BiocParallel:::bploop.lapply(...)
15. └─BiocParallel:::.bploop_impl(...)
16. ├─BiocParallel::.manager_cleanup(manager)
17. └─BiocParallel::.manager_cleanup(manager)
18. ├─BiocParallel::.send_all(manager$backend, value)
19. └─BiocParallel::.send_all(manager$backend, value)
20. ├─BiocParallel::.send_to(backend, node, value)
21. └─BiocParallel::.send_to(backend, node, value)
22. ├─parallel:::sendData(backend[[node]], value)
23. └─parallel:::sendData.SOCKnode(backend[[node]], value)
24. └─base::serialize(data, node$con)
── Error ('test_wasserstein_sc.r:154:5'): Correctness of wasserstein single cell output ──
Error in `serialize(data, node$con)`: error writing to connection
Backtrace:
▆
1. ├─waddR::wasserstein.sc(dat2, condition2, "OS") at test_wasserstein_sc.r:154:5
2. └─waddR::wasserstein.sc(dat2, condition2, "OS")
3. └─waddR:::.testWass(x, y, permnum, inclZero = TRUE, seed = seed)
4. ├─base::t(...)
5. ├─base::simplify2array(...)
6. ├─BiocParallel::bpmapply(onegene, seq(ngenes))
7. └─BiocParallel::bpmapply(onegene, seq(ngenes))
8. ├─BiocParallel::bpmapply(...)
9. └─BiocParallel::bpmapply(...)
10. ├─BiocParallel::bplapply(...)
11. └─BiocParallel::bplapply(...)
12. └─BiocParallel:::.bpinit(...)
13. ├─BiocParallel::bpstop(BPPARAM)
14. └─BiocParallel::bpstop(BPPARAM)
15. └─BiocParallel::.bpstop_impl(x)
16. └─BiocParallel:::.bpstop_nodes(x)
17. ├─BiocParallel::.manager_send_all(manager, .DONE())
18. └─BiocParallel::.manager_send_all(manager, .DONE())
19. ├─BiocParallel::.send_all(manager$backend, value)
20. └─BiocParallel::.send_all(manager$backend, value)
21. ├─BiocParallel::.send_to(backend, node, value)
22. └─BiocParallel::.send_to(backend, node, value)
23. ├─parallel:::sendData(backend[[node]], value)
24. └─parallel:::sendData.SOCKnode(backend[[node]], value)
25. └─base::serialize(data, node$con)
── Error ('test_wasserstein_sc.r:204:5'): Example run wasserstein single cell ──
Error in `serialize(data, node$con)`: error writing to connection
Backtrace:
▆
1. ├─testthat::expect_equal(...) at test_wasserstein_sc.r:204:5
2. │ └─testthat::quasi_label(enquo(object), label, arg = "object")
3. │ └─rlang::eval_bare(expr, quo_get_env(quo))
4. ├─base::colnames(wasserstein.sc(dat, condition1, permnum = 10))
5. │ └─base::is.data.frame(x)
6. ├─waddR::wasserstein.sc(dat, condition1, permnum = 10)
7. └─waddR::wasserstein.sc(dat, condition1, permnum = 10)
8. └─waddR:::.testWass(x, y, permnum, inclZero = FALSE, seed = seed)
9. ├─base::t(...)
10. ├─base::simplify2array(...)
11. ├─BiocParallel::bpmapply(onegene, seq(ngenes))
12. └─BiocParallel::bpmapply(onegene, seq(ngenes))
13. ├─BiocParallel::bpmapply(...)
14. └─BiocParallel::bpmapply(...)
15. ├─BiocParallel::bplapply(...)
16. └─BiocParallel::bplapply(...)
17. └─BiocParallel:::.bpinit(...)
18. ├─BiocParallel::bploop(...)
19. └─BiocParallel:::bploop.lapply(...)
20. └─BiocParallel:::.bploop_impl(...)
21. ├─BiocParallel::.manager_send(manager, task)
22. └─BiocParallel::.manager_send(manager, task)
23. ├─BiocParallel::.send_to(manager$backend, as.integer(worker), value)
24. └─BiocParallel::.send_to(manager$backend, as.integer(worker), value)
25. ├─parallel:::sendData(backend[[node]], value)
26. └─parallel:::sendData.SOCKnode(backend[[node]], value)
27. └─base::serialize(data, node$con)
── Error ('test_wasserstein_sc.r:204:5'): Example run wasserstein single cell ──
Error in `serialize(data, node$con)`: error writing to connection
Backtrace:
▆
1. ├─testthat::expect_equal(...) at test_wasserstein_sc.r:204:5
2. │ └─testthat::quasi_label(enquo(object), label, arg = "object")
3. │ └─rlang::eval_bare(expr, quo_get_env(quo))
4. ├─base::colnames(wasserstein.sc(dat, condition1, permnum = 10))
5. │ └─base::is.data.frame(x)
6. ├─waddR::wasserstein.sc(dat, condition1, permnum = 10)
7. └─waddR::wasserstein.sc(dat, condition1, permnum = 10)
8. └─waddR:::.testWass(x, y, permnum, inclZero = FALSE, seed = seed)
9. ├─base::t(...)
10. ├─base::simplify2array(...)
11. ├─BiocParallel::bpmapply(onegene, seq(ngenes))
12. └─BiocParallel::bpmapply(onegene, seq(ngenes))
13. ├─BiocParallel::bpmapply(...)
14. └─BiocParallel::bpmapply(...)
15. ├─BiocParallel::bplapply(...)
16. └─BiocParallel::bplapply(...)
17. └─BiocParallel:::.bpinit(...)
18. ├─BiocParallel::bploop(...)
19. └─BiocParallel:::bploop.lapply(...)
20. └─BiocParallel:::.bploop_impl(...)
21. ├─BiocParallel::.manager_cleanup(manager)
22. └─BiocParallel::.manager_cleanup(manager)
23. ├─BiocParallel::.send_all(manager$backend, value)
24. └─BiocParallel::.send_all(manager$backend, value)
25. ├─BiocParallel::.send_to(backend, node, value)
26. └─BiocParallel::.send_to(backend, node, value)
27. ├─parallel:::sendData(backend[[node]], value)
28. └─parallel:::sendData.SOCKnode(backend[[node]], value)
29. └─base::serialize(data, node$con)
[ FAIL 5 | WARN 3 | SKIP 0 | PASS 78 ]
Error: Test failures
Execution halted
Error in serialize(data, node$con) : error writing to connection
Calls: <Anonymous> ... .send_to -> <Anonymous> -> sendData.SOCKnode -> serialize
waddR.Rcheck/waddR-Ex.timings
| name | user | system | elapsed | |
| permutations | 0 | 0 | 0 | |
| squared_wass_approx | 0 | 0 | 0 | |
| squared_wass_decomp | 0 | 0 | 0 | |
| testZeroes-method | 4.78 | 0.06 | 128.89 | |