| Back to Multiple platform build/check report for BioC 3.20: simplified long |
|
This page was generated on 2024-11-20 12:06 -0500 (Wed, 20 Nov 2024).
| Hostname | OS | Arch (*) | R version | Installed pkgs |
|---|---|---|---|---|
| teran2 | Linux (Ubuntu 24.04.1 LTS) | x86_64 | 4.4.2 (2024-10-31) -- "Pile of Leaves" | 4481 |
| nebbiolo2 | Linux (Ubuntu 24.04.1 LTS) | x86_64 | 4.4.2 (2024-10-31) -- "Pile of Leaves" | 4479 |
| palomino8 | Windows Server 2022 Datacenter | x64 | 4.4.2 (2024-10-31 ucrt) -- "Pile of Leaves" | 4359 |
| lconway | macOS 12.7.1 Monterey | x86_64 | 4.4.1 (2024-06-14) -- "Race for Your Life" | 4539 |
| kunpeng2 | Linux (openEuler 22.03 LTS-SP1) | aarch64 | 4.4.1 (2024-06-14) -- "Race for Your Life" | 4493 |
| Click on any hostname to see more info about the system (e.g. compilers) (*) as reported by 'uname -p', except on Windows and Mac OS X | ||||
| Package 1729/2289 | Hostname | OS / Arch | INSTALL | BUILD | CHECK | BUILD BIN | ||||||||
| rfaRm 1.18.0 (landing page) Lara Selles Vidal
| teran2 | Linux (Ubuntu 24.04.1 LTS) / x86_64 | OK | OK | ERROR | |||||||||
| nebbiolo2 | Linux (Ubuntu 24.04.1 LTS) / x86_64 | OK | OK | ERROR | ||||||||||
| palomino8 | Windows Server 2022 Datacenter / x64 | OK | OK | ERROR | OK | |||||||||
| lconway | macOS 12.7.1 Monterey / x86_64 | OK | OK | ERROR | OK | |||||||||
| kunpeng2 | Linux (openEuler 22.03 LTS-SP1) / aarch64 | OK | ERROR | skipped | ||||||||||
|
To the developers/maintainers of the rfaRm package: - Allow up to 24 hours (and sometimes 48 hours) for your latest push to git@git.bioconductor.org:packages/rfaRm.git to reflect on this report. See Troubleshooting Build Report for more information. - Use the following Renviron settings to reproduce errors and warnings. - If 'R CMD check' started to fail recently on the Linux builder(s) over a missing dependency, add the missing dependency to 'Suggests:' in your DESCRIPTION file. See Renviron.bioc for more information. |
| Package: rfaRm |
| Version: 1.18.0 |
| Command: /Library/Frameworks/R.framework/Resources/bin/R CMD check --install=check:rfaRm.install-out.txt --library=/Library/Frameworks/R.framework/Resources/library --no-vignettes --timings rfaRm_1.18.0.tar.gz |
| StartedAt: 2024-11-20 01:48:45 -0500 (Wed, 20 Nov 2024) |
| EndedAt: 2024-11-20 01:54:55 -0500 (Wed, 20 Nov 2024) |
| EllapsedTime: 369.5 seconds |
| RetCode: 1 |
| Status: ERROR |
| CheckDir: rfaRm.Rcheck |
| Warnings: NA |
##############################################################################
##############################################################################
###
### Running command:
###
### /Library/Frameworks/R.framework/Resources/bin/R CMD check --install=check:rfaRm.install-out.txt --library=/Library/Frameworks/R.framework/Resources/library --no-vignettes --timings rfaRm_1.18.0.tar.gz
###
##############################################################################
##############################################################################
* using log directory ‘/Users/biocbuild/bbs-3.20-bioc/meat/rfaRm.Rcheck’
* using R version 4.4.1 (2024-06-14)
* using platform: x86_64-apple-darwin20
* R was compiled by
Apple clang version 14.0.0 (clang-1400.0.29.202)
GNU Fortran (GCC) 12.2.0
* running under: macOS Monterey 12.7.6
* using session charset: UTF-8
* using option ‘--no-vignettes’
* checking for file ‘rfaRm/DESCRIPTION’ ... OK
* checking extension type ... Package
* this is package ‘rfaRm’ version ‘1.18.0’
* package encoding: UTF-8
* checking package namespace information ... OK
* checking package dependencies ...Warning: unable to access index for repository https://CRAN.R-project.org/src/contrib:
cannot open URL 'https://CRAN.R-project.org/src/contrib/PACKAGES'
OK
* checking if this is a source package ... OK
* checking if there is a namespace ... OK
* checking for hidden files and directories ... OK
* checking for portable file names ... OK
* checking for sufficient/correct file permissions ... OK
* checking whether package ‘rfaRm’ can be installed ... OK
* checking installed package size ... OK
* checking package directory ... OK
* checking ‘build’ directory ... OK
* checking DESCRIPTION meta-information ... OK
* checking top-level files ... OK
* checking for left-over files ... OK
* checking index information ... OK
* checking package subdirectories ... OK
* checking code files for non-ASCII characters ... OK
* checking R files for syntax errors ... OK
* checking whether the package can be loaded ... OK
* checking whether the package can be loaded with stated dependencies ... OK
* checking whether the package can be unloaded cleanly ... OK
* checking whether the namespace can be loaded with stated dependencies ... OK
* checking whether the namespace can be unloaded cleanly ... OK
* checking whether startup messages can be suppressed ... OK
* checking dependencies in R code ... OK
* checking S3 generic/method consistency ... OK
* checking replacement functions ... OK
* checking foreign function calls ... OK
* checking R code for possible problems ... NOTE
rfamSeedAlignment: no visible global function definition for ‘as’
Undefined global functions or variables:
as
Consider adding
importFrom("methods", "as")
to your NAMESPACE file (and ensure that your DESCRIPTION Imports field
contains 'methods').
* checking Rd files ... OK
* checking Rd metadata ... OK
* checking Rd cross-references ... OK
* checking for missing documentation entries ... OK
* checking for code/documentation mismatches ... OK
* checking Rd \usage sections ... OK
* checking Rd contents ... OK
* checking for unstated dependencies in examples ... OK
* checking files in ‘vignettes’ ... OK
* checking examples ... ERROR
Running examples in ‘rfaRm-Ex.R’ failed
The error most likely occurred in:
> base::assign(".ptime", proc.time(), pos = "CheckExEnv")
> ### Name: rfamSequenceSearch
> ### Title: Performs a sequence search of the Rfam database
> ### Aliases: rfamSequenceSearch
>
> ### ** Examples
>
> # Search the Rfam database for hits with a specific sequence, and store the
> # results in a nested list
>
> searchHits <- rfamSequenceSearch("GGAUCUUCGGGGCAGGGUGAAAUUCCCGACCGGUGGUAUAGUCCAC
+ GAAAGUAUUUGCUUUGAUUUGGUGAAAUUCCAAAACCGACAGUAGAGUCUGGAUGAGAGAAGAUUC")
Running sequence search query. This might take a long time.
Error in base::strsplit(x, ...) : non-character argument
Calls: rfamSequenceSearch ... lapply -> FUN -> strsplit -> strsplit -> <Anonymous>
Execution halted
* checking for unstated dependencies in ‘tests’ ... OK
* checking tests ...
Running ‘runTests.R’
ERROR
Running the tests in ‘tests/runTests.R’ failed.
Last 13 lines of output:
1 Test Suite :
rfaRm RUnit Tests - 1 test function, 1 error, 0 failures
ERROR in /private/tmp/RtmposWwFn/RLIBS_12d0178c5000b/rfaRm/unitTests/test_searchFunctions.R: Error while sourcing /private/tmp/RtmposWwFn/RLIBS_12d0178c5000b/rfaRm/unitTests/test_searchFunctions.R : Error in base::strsplit(x, ...) : non-character argument
Test files with failing tests
test_searchFunctions.R
/private/tmp/RtmposWwFn/RLIBS_12d0178c5000b/rfaRm/unitTests/test_searchFunctions.R
Error in BiocGenerics:::testPackage("rfaRm") :
unit tests failed for package rfaRm
Execution halted
* checking for unstated dependencies in vignettes ... OK
* checking package vignettes ... OK
* checking running R code from vignettes ... SKIPPED
* checking re-building of vignette outputs ... SKIPPED
* checking PDF version of manual ... OK
* DONE
Status: 2 ERRORs, 1 NOTE
See
‘/Users/biocbuild/bbs-3.20-bioc/meat/rfaRm.Rcheck/00check.log’
for details.
rfaRm.Rcheck/00install.out
############################################################################## ############################################################################## ### ### Running command: ### ### /Library/Frameworks/R.framework/Resources/bin/R CMD INSTALL rfaRm ### ############################################################################## ############################################################################## * installing to library ‘/Library/Frameworks/R.framework/Versions/4.4-x86_64/Resources/library’ * installing *source* package ‘rfaRm’ ... ** using staged installation ** R ** inst ** byte-compile and prepare package for lazy loading ** help *** installing help indices ** building package indices ** installing vignettes ** testing if installed package can be loaded from temporary location ** testing if installed package can be loaded from final location ** testing if installed package keeps a record of temporary installation path * DONE (rfaRm)
rfaRm.Rcheck/tests/runTests.Rout.fail
R version 4.4.1 (2024-06-14) -- "Race for Your Life"
Copyright (C) 2024 The R Foundation for Statistical Computing
Platform: x86_64-apple-darwin20
R is free software and comes with ABSOLUTELY NO WARRANTY.
You are welcome to redistribute it under certain conditions.
Type 'license()' or 'licence()' for distribution details.
R is a collaborative project with many contributors.
Type 'contributors()' for more information and
'citation()' on how to cite R or R packages in publications.
Type 'demo()' for some demos, 'help()' for on-line help, or
'help.start()' for an HTML browser interface to help.
Type 'q()' to quit R.
> BiocGenerics:::testPackage("rfaRm")
Linking to librsvg 2.56.3
No encoding supplied: defaulting to UTF-8.
2024-11-20 01:54:28.842 R[93732:461033573] XType: com.apple.fonts is not accessible.
2024-11-20 01:54:28.843 R[93732:461033573] XType: XTFontStaticRegistry is enabled.
format width height colorspace matte filesize density
1 SVG 700 550 sRGB TRUE 18144 96x96
format width height colorspace matte filesize density
1 GIF 600 2084 sRGB FALSE 63951 72x72
Running sequence search query. This might take a long time.
Error in base::strsplit(x, ...) : non-character argument
RUNIT TEST PROTOCOL -- Wed Nov 20 01:54:47 2024
***********************************************
Number of test functions: 1
Number of errors: 1
Number of failures: 0
1 Test Suite :
rfaRm RUnit Tests - 1 test function, 1 error, 0 failures
ERROR in /private/tmp/RtmposWwFn/RLIBS_12d0178c5000b/rfaRm/unitTests/test_searchFunctions.R: Error while sourcing /private/tmp/RtmposWwFn/RLIBS_12d0178c5000b/rfaRm/unitTests/test_searchFunctions.R : Error in base::strsplit(x, ...) : non-character argument
Test files with failing tests
test_searchFunctions.R
/private/tmp/RtmposWwFn/RLIBS_12d0178c5000b/rfaRm/unitTests/test_searchFunctions.R
Error in BiocGenerics:::testPackage("rfaRm") :
unit tests failed for package rfaRm
Execution halted
rfaRm.Rcheck/rfaRm-Ex.timings
| name | user | system | elapsed | |
| rfamConsensusSecondaryStructure | 0.168 | 0.017 | 2.719 | |
| rfamCovarianceModel | 0.090 | 0.010 | 0.626 | |
| rfamFamilyAccessionToID | 0.011 | 0.001 | 0.104 | |
| rfamFamilyIDToAccession | 0.008 | 0.001 | 0.099 | |
| rfamFamilySummary | 0.059 | 0.007 | 0.616 | |
| rfamPDBMapping | 0.061 | 0.007 | 0.475 | |
| rfamSecondaryStructurePlot | 0.208 | 0.077 | 0.808 | |
| rfamSecondaryStructureXMLSVG | 0.037 | 0.003 | 0.417 | |
| rfamSeedAlignment | 0.363 | 0.027 | 1.219 | |
| rfamSeedTree | 0.043 | 0.003 | 0.415 | |
| rfamSeedTreeImage | 0.055 | 0.007 | 0.466 | |
| rfamSequenceRegions | 0.131 | 0.010 | 6.017 | |