| Back to Multiple platform build/check report for BioC 3.20: simplified long | 
 | 
This page was generated on 2025-04-02 19:34 -0400 (Wed, 02 Apr 2025).
| Hostname | OS | Arch (*) | R version | Installed pkgs | 
|---|---|---|---|---|
| nebbiolo2 | Linux (Ubuntu 24.04.1 LTS) | x86_64 | 4.4.3 (2025-02-28) -- "Trophy Case" | 4764 | 
| palomino8 | Windows Server 2022 Datacenter | x64 | 4.4.3 (2025-02-28 ucrt) -- "Trophy Case" | 4495 | 
| merida1 | macOS 12.7.5 Monterey | x86_64 | 4.4.3 (2025-02-28) -- "Trophy Case" | 4522 | 
| kjohnson1 | macOS 13.6.6 Ventura | arm64 | 4.4.3 (2025-02-28) -- "Trophy Case" | 4449 | 
| taishan | Linux (openEuler 24.03 LTS) | aarch64 | 4.4.3 (2025-02-28) -- "Trophy Case" | 4426 | 
| Click on any hostname to see more info about the system (e.g. compilers) (*) as reported by 'uname -p', except on Windows and Mac OS X | ||||
| Package 1551/2289 | Hostname | OS / Arch | INSTALL | BUILD | CHECK | BUILD BIN | ||||||||
| pickgene 1.78.0  (landing page) Brian S. Yandell 
 | nebbiolo2 | Linux (Ubuntu 24.04.1 LTS) / x86_64 | OK | OK | WARNINGS |  | ||||||||
| palomino8 | Windows Server 2022 Datacenter / x64 | OK | OK | WARNINGS | OK |  | ||||||||
| merida1 | macOS 12.7.5 Monterey / x86_64 | OK | OK | WARNINGS | OK |  | ||||||||
| kjohnson1 | macOS 13.6.6 Ventura / arm64 | OK | OK | WARNINGS | OK |  | ||||||||
| taishan | Linux (openEuler 24.03 LTS) / aarch64 | OK | OK | WARNINGS | ||||||||||
| To the developers/maintainers of the pickgene package: - Allow up to 24 hours (and sometimes 48 hours) for your latest push to git@git.bioconductor.org:packages/pickgene.git to reflect on this report. See Troubleshooting Build Report for more information. - Use the following Renviron settings to reproduce errors and warnings. - If 'R CMD check' started to fail recently on the Linux builder(s) over a missing dependency, add the missing dependency to 'Suggests:' in your DESCRIPTION file. See Renviron.bioc for more information. | 
| Package: pickgene | 
| Version: 1.78.0 | 
| Command: /Library/Frameworks/R.framework/Resources/bin/R CMD check --install=check:pickgene.install-out.txt --library=/Library/Frameworks/R.framework/Resources/library --no-vignettes --timings pickgene_1.78.0.tar.gz | 
| StartedAt: 2025-04-02 04:13:11 -0400 (Wed, 02 Apr 2025) | 
| EndedAt: 2025-04-02 04:13:39 -0400 (Wed, 02 Apr 2025) | 
| EllapsedTime: 28.7 seconds | 
| RetCode: 0 | 
| Status: WARNINGS | 
| CheckDir: pickgene.Rcheck | 
| Warnings: 1 | 
##############################################################################
##############################################################################
###
### Running command:
###
###   /Library/Frameworks/R.framework/Resources/bin/R CMD check --install=check:pickgene.install-out.txt --library=/Library/Frameworks/R.framework/Resources/library --no-vignettes --timings pickgene_1.78.0.tar.gz
###
##############################################################################
##############################################################################
* using log directory ‘/Users/biocbuild/bbs-3.20-bioc/meat/pickgene.Rcheck’
* using R version 4.4.3 (2025-02-28)
* using platform: aarch64-apple-darwin20
* R was compiled by
    Apple clang version 14.0.0 (clang-1400.0.29.202)
    GNU Fortran (GCC) 12.2.0
* running under: macOS Ventura 13.7.1
* using session charset: UTF-8
* using option ‘--no-vignettes’
* checking for file ‘pickgene/DESCRIPTION’ ... OK
* this is package ‘pickgene’ version ‘1.78.0’
* checking package namespace information ... OK
* checking package dependencies ... OK
* checking if this is a source package ... OK
* checking if there is a namespace ... OK
* checking for hidden files and directories ... OK
* checking for portable file names ... OK
* checking for sufficient/correct file permissions ... OK
* checking whether package ‘pickgene’ can be installed ... WARNING
Found the following significant warnings:
  Note: possible error in 'oddsplot(exp(data[[x]]), ': unused argument (chip = "") 
See ‘/Users/biocbuild/bbs-3.20-bioc/meat/pickgene.Rcheck/00install.out’ for details.
Information on the location(s) of code generating the ‘Note’s can be
obtained by re-running with environment variable R_KEEP_PKG_SOURCE set
to ‘yes’.
* checking installed package size ... OK
* checking package directory ... OK
* checking ‘build’ directory ... OK
* checking DESCRIPTION meta-information ... OK
* checking top-level files ... OK
* checking for left-over files ... OK
* checking index information ... OK
* checking package subdirectories ... OK
* checking code files for non-ASCII characters ... OK
* checking R files for syntax errors ... OK
* checking whether the package can be loaded ... OK
* checking whether the package can be loaded with stated dependencies ... OK
* checking whether the package can be unloaded cleanly ... OK
* checking whether the namespace can be loaded with stated dependencies ... OK
* checking whether the namespace can be unloaded cleanly ... OK
* checking dependencies in R code ... OK
* checking S3 generic/method consistency ... OK
* checking replacement functions ... OK
* checking foreign function calls ... OK
* checking R code for possible problems ... NOTE
do.oddsplot: warning in em.ggb(data[[conditions[1]]],
  data[[conditions[2]]], theta, theta[1:3], print = TRUE): partial
  argument match of 'print' to 'printit'
pickgene.poly: warning in pickgene.two(y[, i], intensity, geneid =
  geneID, singlelevel = singlelevel, npick = npickgene, ylab =
  ylabs[i], ...): partial argument match of 'npick' to 'npickgene'
lod.plot: possible error in oddsplot(exp(data[[x]]), exp(data[[y]]),
  theta, col = col, xlab = xlab, ylab = ylab, chip = ""): unused
  argument (chip = "")
nloglik: no visible binding for global variable ‘.fit.xx’
nloglik: no visible binding for global variable ‘.fit.yy’
nploglik: no visible binding for global variable ‘.fit.xx’
nploglik: no visible binding for global variable ‘.fit.yy’
nploglik: no visible binding for global variable ‘.fit.zz’
s.check1: no visible global function definition for ‘lod’
s.marg: no visible binding for global variable ‘x’
shrinkplot: no visible global function definition for ‘s.fits’
shrinkplot: no visible binding for global variable ‘lims’
Undefined global functions or variables:
  .fit.xx .fit.yy .fit.zz lims lod s.fits x
* checking Rd files ... NOTE
prepare_Rd: Simulation.pickgene.Rd:8: Dropping empty section \keyword
prepare_Rd: Simulation.pickgene.Rd:5-6: Dropping empty section \usage
prepare_Rd: Simulation.pickgene.Rd:7: Dropping empty section \details
* checking Rd metadata ... OK
* checking Rd cross-references ... OK
* checking for missing documentation entries ... OK
* checking for code/documentation mismatches ... OK
* checking Rd \usage sections ... OK
* checking Rd contents ... OK
* checking for unstated dependencies in examples ... OK
* checking sizes of PDF files under ‘inst/doc’ ... OK
* checking files in ‘vignettes’ ... OK
* checking examples ... OK
* checking for unstated dependencies in vignettes ... OK
* checking package vignettes ... OK
* checking running R code from vignettes ... SKIPPED
* checking re-building of vignette outputs ... SKIPPED
* checking PDF version of manual ... OK
* DONE
Status: 1 WARNING, 2 NOTEs
See
  ‘/Users/biocbuild/bbs-3.20-bioc/meat/pickgene.Rcheck/00check.log’
for details.
pickgene.Rcheck/00install.out
############################################################################## ############################################################################## ### ### Running command: ### ### /Library/Frameworks/R.framework/Resources/bin/R CMD INSTALL pickgene ### ############################################################################## ############################################################################## * installing to library ‘/Library/Frameworks/R.framework/Versions/4.4-arm64/Resources/library’ * installing *source* package ‘pickgene’ ... ** using staged installation ** R ** byte-compile and prepare package for lazy loading Note: possible error in 'oddsplot(exp(data[[x]]), ': unused argument (chip = "") ** help *** installing help indices ** building package indices ** installing vignettes ** testing if installed package can be loaded from temporary location ** testing if installed package can be loaded from final location ** testing if installed package keeps a record of temporary installation path * DONE (pickgene)
pickgene.Rcheck/pickgene-Ex.timings
| name | user | system | elapsed | |
| Simulation.pickgene | 1.331 | 0.050 | 1.383 | |
| em.ggb | 0.000 | 0.000 | 0.001 | |
| model.pickgene | 0.006 | 0.001 | 0.006 | |
| oddsplot | 0.000 | 0.001 | 0.000 | |
| pickgene | 0 | 0 | 0 | |
| robustscale | 0 | 0 | 0 | |