| Back to Multiple platform build/check report for BioC 3.20: simplified long |
|
This page was generated on 2024-07-16 11:40 -0400 (Tue, 16 Jul 2024).
| Hostname | OS | Arch (*) | R version | Installed pkgs |
|---|---|---|---|---|
| nebbiolo2 | Linux (Ubuntu 22.04.3 LTS) | x86_64 | 4.4.1 (2024-06-14) -- "Race for Your Life" | 4677 |
| palomino6 | Windows Server 2022 Datacenter | x64 | 4.4.1 (2024-06-14 ucrt) -- "Race for Your Life" | 4416 |
| lconway | macOS 12.7.1 Monterey | x86_64 | 4.4.1 (2024-06-14) -- "Race for Your Life" | 4444 |
| kjohnson3 | macOS 13.6.5 Ventura | arm64 | 4.4.1 (2024-06-14) -- "Race for Your Life" | 4393 |
| palomino8 | Windows Server 2022 Datacenter | x64 | 4.4.1 (2024-06-14 ucrt) -- "Race for Your Life" | 4373 |
| Click on any hostname to see more info about the system (e.g. compilers) (*) as reported by 'uname -p', except on Windows and Mac OS X | ||||
| Package 1451/2243 | Hostname | OS / Arch | INSTALL | BUILD | CHECK | BUILD BIN | ||||||||
| orthos 1.3.0 (landing page) Panagiotis Papasaikas
| nebbiolo2 | Linux (Ubuntu 22.04.3 LTS) / x86_64 | OK | OK | OK | |||||||||
| palomino6 | Windows Server 2022 Datacenter / x64 | OK | ERROR | skipped | skipped | |||||||||
| lconway | macOS 12.7.1 Monterey / x86_64 | OK | OK | OK | OK | |||||||||
| kjohnson3 | macOS 13.6.5 Ventura / arm64 | OK | OK | OK | OK | |||||||||
| palomino8 | Windows Server 2022 Datacenter / x64 | OK | ERROR | skipped | skipped | |||||||||
|
To the developers/maintainers of the orthos package: - Allow up to 24 hours (and sometimes 48 hours) for your latest push to git@git.bioconductor.org:packages/orthos.git to reflect on this report. See Troubleshooting Build Report for more information. - Use the following Renviron settings to reproduce errors and warnings. - If 'R CMD check' started to fail recently on the Linux builder(s) over a missing dependency, add the missing dependency to 'Suggests:' in your DESCRIPTION file. See Renviron.bioc for more information. |
| Package: orthos |
| Version: 1.3.0 |
| Command: chmod a+r orthos -R && C:\Users\biocbuild\bbs-3.20-bioc\R\bin\R.exe CMD build --keep-empty-dirs --no-resave-data orthos |
| StartedAt: 2024-07-15 19:42:36 -0400 (Mon, 15 Jul 2024) |
| EndedAt: 2024-07-15 19:53:32 -0400 (Mon, 15 Jul 2024) |
| EllapsedTime: 655.5 seconds |
| RetCode: 1 |
| Status: ERROR |
| PackageFile: None |
| PackageFileSize: NA |
##############################################################################
##############################################################################
###
### Running command:
###
### chmod a+r orthos -R && C:\Users\biocbuild\bbs-3.20-bioc\R\bin\R.exe CMD build --keep-empty-dirs --no-resave-data orthos
###
##############################################################################
##############################################################################
* checking for file 'orthos/DESCRIPTION' ... OK
* preparing 'orthos':
* checking DESCRIPTION meta-information ... OK
* installing the package to build vignettes
* creating vignettes ... ERROR
--- re-building 'orthosIntro.Rmd' using rmarkdown
Collecting package metadata (current_repodata.json): ...working... done
Solving environment: ...working... failed with repodata from current_repodata.json, will retry with next repodata source.
Collecting package metadata (repodata.json): ...working... done
Solving environment: ...working... done
## Package Plan ##
environment location: C:\Users\biocbuild\AppData\Local\R\cache\R\basilisk\1.17.0\orthos\1.3.0\orthos
added / updated specs:
- python=3.8.13
The following NEW packages will be INSTALLED:
bzip2 conda-forge/win-64::bzip2-1.0.8-h2466b09_7
ca-certificates conda-forge/win-64::ca-certificates-2024.7.4-h56e8100_0
libffi conda-forge/win-64::libffi-3.4.2-h8ffe710_5
libsqlite conda-forge/win-64::libsqlite-3.46.0-h2466b09_0
libzlib conda-forge/win-64::libzlib-1.3.1-h2466b09_1
openssl conda-forge/win-64::openssl-3.3.1-h2466b09_1
pip conda-forge/noarch::pip-24.0-pyhd8ed1ab_0
python conda-forge/win-64::python-3.8.13-hcf16a7b_0_cpython
setuptools conda-forge/noarch::setuptools-70.3.0-pyhd8ed1ab_0
sqlite conda-forge/win-64::sqlite-3.46.0-h2466b09_0
tk conda-forge/win-64::tk-8.6.13-h5226925_1
ucrt conda-forge/win-64::ucrt-10.0.22621.0-h57928b3_0
vc conda-forge/win-64::vc-14.3-h8a93ad2_20
vc14_runtime conda-forge/win-64::vc14_runtime-14.40.33810-ha82c5b3_20
vs2015_runtime conda-forge/win-64::vs2015_runtime-14.40.33810-h3bf8584_20
wheel conda-forge/noarch::wheel-0.43.0-pyhd8ed1ab_1
xz conda-forge/win-64::xz-5.2.6-h8d14728_0
Preparing transaction: ...working... done
Verifying transaction: ...working... done
Executing transaction: ...working... done
Collecting package metadata (current_repodata.json): ...working... done
Solving environment: ...working... done
==> WARNING: A newer version of conda exists. <==
current version: 4.12.0
latest version: 24.5.0
Please update conda by running
$ conda update -n base -c defaults conda
# All requested packages already installed.
Collecting package metadata (current_repodata.json): ...working... done
Solving environment: ...working... failed with initial frozen solve. Retrying with flexible solve.
Collecting package metadata (repodata.json): ...working... done
Solving environment: ...working... done
==> WARNING: A newer version of conda exists. <==
current version: 4.12.0
latest version: 24.5.0
Please update conda by running
$ conda update -n base -c defaults conda
## Package Plan ##
environment location: C:\Users\biocbuild\AppData\Local\R\cache\R\basilisk\1.17.0\orthos\1.3.0\orthos
added / updated specs:
- _tflow_select=2.3.0
- absl-py=1.4.0
- aiohttp=3.8.4
- aiosignal=1.3.1
- astunparse=1.6.3
- async-timeout=4.0.2
- attrs=22.2.0
- blinker=1.6.2
- bottleneck=1.3.7
- brotlipy=0.7.0
- bzip2=1.0.8
- c-ares=1.18.1
- ca-certificates=2022.12.7
- cached-property=1.5.2
- cachetools=5.3.0
- cairo=1.16.0
- certifi=2022.12.7
- cffi=1.15.1
- charset-normalizer=2.1.1
- click=8.1.3
- colorama=0.4.6
- cryptography=39.0.0
- expat=2.5.0
- flatbuffers=23.5.26
- font-ttf-dejavu-sans-mono=2.37
- font-ttf-inconsolata=3.000
- font-ttf-source-code-pro=2.038
- font-ttf-ubuntu=0.83
- fontconfig=2.14.2
- fonts-conda-ecosystem=1
- fonts-conda-forge=1
- freetype=2.12.1
- fribidi=1.0.10
- frozenlist=1.3.3
- gast=0.4.0
- getopt-win32=0.1
- gettext=0.21.1
- giflib=5.2.1
- glib-tools=2.76.2
- glib=2.76.2
- google-auth-oauthlib=0.4.6
- google-auth=2.17.3
- google-pasta=0.2.0
- graphite2=1.3.14
- graphviz=4.0.0
- grpc-cpp=1.48.1
- grpcio=1.48.1
- gts=0.7.6
- h5py=3.7.0
- harfbuzz=4.3.0
- hdf5=1.12.2
- icu=58.2
- idna=3.4
- importlib-metadata=6.6.0
- jpeg=9e
- keras-preprocessing=1.1.2
- keras=2.10.0
- krb5=1.20.1
- lcms2=2.15
- lerc=4.0.0
- libabseil=20220623.0
- libaec=1.0.6
- libblas=3.9.0
- libcblas=3.9.0
- libcurl=8.1.2
- libdeflate=1.17
- libexpat=2.5.0
- libffi=3.4.2
- libflang=5.0.0
- libgd=2.3.3
- libglib=2.76.2
- libiconv=1.17
- liblapack=3.9.0
- libopenblas=0.3.21
- libpng=1.6.39
- libprotobuf=3.20.3
- libsqlite=3.40.0
- libssh2=1.10.0
- libtiff=4.5.0
- libwebp-base=1.2.4
- libwebp=1.2.4
- libxcb=1.13
- libxml2=2.10.3
- libzlib=1.2.13
- llvm-meta=5.0.0
- m2w64-gcc-libgfortran=5.3.0
- m2w64-gcc-libs-core=5.3.0
- m2w64-gcc-libs=5.3.0
- m2w64-gmp=6.1.0
- m2w64-libwinpthread-git=5.0.0.4634.697f757
- markdown=3.4.3
- markupsafe=2.1.2
- msys2-conda-epoch=20160418
- multidict=6.0.4
- nomkl=1.0
- numexpr=2.8.4
- numpy=1.22.4
- oauthlib=3.2.2
- openjpeg=2.5.0
- openmp=5.0.0
- openssl=1.1.1t
- opt_einsum=3.3.0
- packaging=23.1
- pandas=1.3.5
- pango=1.50.7
- pcre2=10.40
- pillow=9.2.0
- pip=23.1.1
- pixman=0.38.0
- protobuf=3.20.3
- pthread-stubs=0.4
- pyasn1-modules=0.2.7
- pyasn1=0.4.8
- pycparser=2.21
- pydot=1.4.2
- pyjwt=2.6.0
- pyopenssl=23.1.1
- pyparsing=3.0.9
- pysocks=1.7.1
- python-dateutil=2.8.2
- python-flatbuffers=23.1.21
- python[version='3.8.13.*,3.8.13.*']
- python_abi=3.8
- pytz=2023.3
- pyu2f=0.1.5
- re2=2022.06.01
- requests-oauthlib=1.3.1
- requests=2.28.1
- rsa=4.9
- scipy=1.7.3
- setuptools=67.7.1
- six=1.16.0
- snappy=1.1.10
- sqlite=3.40.0
- tensorboard-data-server=0.6.1
- tensorboard-plugin-wit=1.8.1
- tensorboard=2.10.1
- tensorflow-base=2.10.0
- tensorflow-estimator=2.10.0
- tensorflow-hub=0.12.0
- tensorflow=2.10.0
- termcolor=2.3.0
- tk=8.6.12
- typing_extensions=4.5.0
- ucrt=10.0.22621.0
- urllib3=1.26.15
- vc14_runtime=14.36.32532
- vc=14.3
- vs2015_runtime=14.36.32532
- werkzeug=2.2.3
- wheel=0.40.0
- win_inet_pton=1.1.0
- wrapt=1.15.0
- xorg-kbproto=1.0.7
- xorg-libice=1.0.10
- xorg-libsm=1.2.3
- xorg-libx11=1.8.4
- xorg-libxau=1.0.9
- xorg-libxdmcp=1.1.3
- xorg-libxext=1.3.4
- xorg-libxrender=0.9.10
- xorg-renderproto=0.11.1
- xorg-xextproto=7.3.0
- xorg-xproto=7.0.31
- xz=5.2.6
- yarl=1.8.2
- zipp=3.15.0
- zlib=1.2.13
- zstd=1.5.2
The following NEW packages will be INSTALLED:
_tflow_select pkgs/main/win-64::_tflow_select-2.3.0-mkl
absl-py conda-forge/noarch::absl-py-1.4.0-pyhd8ed1ab_0
aiohttp conda-forge/win-64::aiohttp-3.8.4-py38h91455d4_1
aiosignal conda-forge/noarch::aiosignal-1.3.1-pyhd8ed1ab_0
astunparse conda-forge/noarch::astunparse-1.6.3-pyhd8ed1ab_0
async-timeout conda-forge/noarch::async-timeout-4.0.2-pyhd8ed1ab_0
attrs conda-forge/noarch::attrs-22.2.0-pyh71513ae_0
blinker conda-forge/noarch::blinker-1.6.2-pyhd8ed1ab_0
bottleneck conda-forge/win-64::bottleneck-1.3.7-py38he7056a7_1
brotlipy conda-forge/win-64::brotlipy-0.7.0-py38h91455d4_1006
c-ares conda-forge/win-64::c-ares-1.18.1-h8ffe710_0
cached-property conda-forge/noarch::cached-property-1.5.2-hd8ed1ab_1
cached_property conda-forge/noarch::cached_property-1.5.2-pyha770c72_1
cachetools conda-forge/noarch::cachetools-5.3.0-pyhd8ed1ab_0
cairo conda-forge/win-64::cairo-1.16.0-h63a05c6_1001
certifi conda-forge/noarch::certifi-2022.12.7-pyhd8ed1ab_0
cffi conda-forge/win-64::cffi-1.15.1-py38h91455d4_5
charset-normalizer conda-forge/noarch::charset-normalizer-2.1.1-pyhd8ed1ab_0
click conda-forge/noarch::click-8.1.3-win_pyhd8ed1ab_2
colorama conda-forge/noarch::colorama-0.4.6-pyhd8ed1ab_0
cryptography conda-forge/win-64::cryptography-39.0.0-py38h086c683_0
expat conda-forge/win-64::expat-2.5.0-h63175ca_1
flatbuffers conda-forge/win-64::flatbuffers-23.5.26-h63175ca_1
font-ttf-dejavu-s~ conda-forge/noarch::font-ttf-dejavu-sans-mono-2.37-hab24e00_0
font-ttf-inconsol~ conda-forge/noarch::font-ttf-inconsolata-3.000-h77eed37_0
font-ttf-source-c~ conda-forge/noarch::font-ttf-source-code-pro-2.038-h77eed37_0
font-ttf-ubuntu conda-forge/noarch::font-ttf-ubuntu-0.83-h77eed37_2
fontconfig conda-forge/win-64::fontconfig-2.14.2-hbde0cde_0
fonts-conda-ecosy~ conda-forge/noarch::fonts-conda-ecosystem-1-0
fonts-conda-forge conda-forge/noarch::fonts-conda-forge-1-0
freetype conda-forge/win-64::freetype-2.12.1-hdaf720e_2
fribidi conda-forge/win-64::fribidi-1.0.10-h8d14728_0
frozenlist conda-forge/win-64::frozenlist-1.3.3-py38h91455d4_0
gast conda-forge/noarch::gast-0.4.0-pyh9f0ad1d_0
getopt-win32 conda-forge/win-64::getopt-win32-0.1-hcfcfb64_1
gettext conda-forge/win-64::gettext-0.21.1-h5728263_0
giflib conda-forge/win-64::giflib-5.2.1-h64bf75a_3
glib conda-forge/win-64::glib-2.76.2-h12be248_0
glib-tools conda-forge/win-64::glib-tools-2.76.2-h12be248_0
google-auth conda-forge/noarch::google-auth-2.17.3-pyh1a96a4e_0
google-auth-oauth~ conda-forge/noarch::google-auth-oauthlib-0.4.6-pyhd8ed1ab_0
google-pasta conda-forge/noarch::google-pasta-0.2.0-pyh8c360ce_0
graphite2 pkgs/main/win-64::graphite2-1.3.14-hd77b12b_1
graphviz conda-forge/win-64::graphviz-4.0.0-had6c3a3_0
grpc-cpp conda-forge/win-64::grpc-cpp-1.48.1-hcb02dd0_1
grpcio conda-forge/win-64::grpcio-1.48.1-py38h7557e77_1
gts conda-forge/win-64::gts-0.7.6-h7c369d9_2
h5py conda-forge/win-64::h5py-3.7.0-nompi_py38h3745352_102
harfbuzz pkgs/main/win-64::harfbuzz-4.3.0-hb646838_1
hdf5 conda-forge/win-64::hdf5-1.12.2-nompi_h2a0e4a3_101
icu pkgs/main/win-64::icu-58.2-ha925a31_3
idna conda-forge/noarch::idna-3.4-pyhd8ed1ab_0
importlib-metadata conda-forge/noarch::importlib-metadata-6.6.0-pyha770c72_0
jpeg conda-forge/win-64::jpeg-9e-hcfcfb64_3
keras conda-forge/noarch::keras-2.10.0-pyhd8ed1ab_0
keras-preprocessi~ conda-forge/noarch::keras-preprocessing-1.1.2-pyhd8ed1ab_0
krb5 conda-forge/win-64::krb5-1.20.1-h6609f42_0
lcms2 conda-forge/win-64::lcms2-2.15-ha5c8aab_0
lerc conda-forge/win-64::lerc-4.0.0-h63175ca_0
libabseil conda-forge/win-64::libabseil-20220623.0-cxx17_h1a56200_6
libaec conda-forge/win-64::libaec-1.0.6-h63175ca_1
libblas conda-forge/win-64::libblas-3.9.0-16_win64_openblas
libcblas conda-forge/win-64::libcblas-3.9.0-16_win64_openblas
libcurl conda-forge/win-64::libcurl-8.1.2-h68f0423_0
libdeflate conda-forge/win-64::libdeflate-1.17-hcfcfb64_0
libexpat conda-forge/win-64::libexpat-2.5.0-h63175ca_1
libflang conda-forge/win-64::libflang-5.0.0-h6538335_20180525
libgd pkgs/main/win-64::libgd-2.3.3-hd77b12b_3
libglib conda-forge/win-64::libglib-2.76.2-he8f3873_0
libiconv conda-forge/win-64::libiconv-1.17-hcfcfb64_2
liblapack conda-forge/win-64::liblapack-3.9.0-16_win64_openblas
libopenblas conda-forge/win-64::libopenblas-0.3.21-pthreads_h02691f0_0
libpng conda-forge/win-64::libpng-1.6.39-h19919ed_0
libprotobuf conda-forge/win-64::libprotobuf-3.20.3-h12be248_0
libssh2 conda-forge/win-64::libssh2-1.10.0-h680486a_3
libtiff conda-forge/win-64::libtiff-4.5.0-hf8721a0_2
libwebp conda-forge/win-64::libwebp-1.2.4-hcfcfb64_3
libwebp-base conda-forge/win-64::libwebp-base-1.2.4-h8ffe710_0
libxcb conda-forge/win-64::libxcb-1.13-hcd874cb_1004
libxml2 conda-forge/win-64::libxml2-2.10.3-hc3477c8_6
llvm-meta conda-forge/noarch::llvm-meta-5.0.0-0
m2w64-gcc-libgfor~ conda-forge/win-64::m2w64-gcc-libgfortran-5.3.0-6
m2w64-gcc-libs conda-forge/win-64::m2w64-gcc-libs-5.3.0-7
m2w64-gcc-libs-co~ conda-forge/win-64::m2w64-gcc-libs-core-5.3.0-7
m2w64-gmp conda-forge/win-64::m2w64-gmp-6.1.0-2
m2w64-libwinpthre~ conda-forge/win-64::m2w64-libwinpthread-git-5.0.0.4634.697f757-2
markdown conda-forge/noarch::markdown-3.4.3-pyhd8ed1ab_0
markupsafe conda-forge/win-64::markupsafe-2.1.2-py38h91455d4_0
msys2-conda-epoch conda-forge/win-64::msys2-conda-epoch-20160418-1
multidict conda-forge/win-64::multidict-6.0.4-py38h91455d4_1
nomkl conda-forge/noarch::nomkl-1.0-h5ca1d4c_0
numexpr conda-forge/win-64::numexpr-2.8.4-py38h6de7050_101
numpy conda-forge/win-64::numpy-1.22.4-py38h1d2777f_0
oauthlib conda-forge/noarch::oauthlib-3.2.2-pyhd8ed1ab_0
openjpeg conda-forge/win-64::openjpeg-2.5.0-ha2aaf27_2
openmp conda-forge/win-64::openmp-5.0.0-vc14_1
opt_einsum conda-forge/noarch::opt_einsum-3.3.0-pyhc1e730c_2
packaging conda-forge/noarch::packaging-23.1-pyhd8ed1ab_0
pandas pkgs/main/win-64::pandas-1.3.5-py38h6214cd6_0
pango conda-forge/win-64::pango-1.50.7-h66df5b2_0
pcre2 conda-forge/win-64::pcre2-10.40-h17e33f8_0
pillow conda-forge/win-64::pillow-9.2.0-py38h087119c_4
pixman conda-forge/win-64::pixman-0.38.0-hfa6e2cd_1003
protobuf conda-forge/win-64::protobuf-3.20.3-py38haa244fe_1
pthread-stubs conda-forge/win-64::pthread-stubs-0.4-hcd874cb_1001
pyasn1 conda-forge/noarch::pyasn1-0.4.8-py_0
pyasn1-modules conda-forge/noarch::pyasn1-modules-0.2.7-py_0
pycparser conda-forge/noarch::pycparser-2.21-pyhd8ed1ab_0
pydot conda-forge/win-64::pydot-1.4.2-py38haa244fe_4
pyjwt conda-forge/noarch::pyjwt-2.6.0-pyhd8ed1ab_0
pyopenssl conda-forge/noarch::pyopenssl-23.1.1-pyhd8ed1ab_0
pyparsing conda-forge/noarch::pyparsing-3.0.9-pyhd8ed1ab_0
pysocks conda-forge/noarch::pysocks-1.7.1-pyh0701188_6
python-dateutil conda-forge/noarch::python-dateutil-2.8.2-pyhd8ed1ab_0
python-flatbuffers conda-forge/noarch::python-flatbuffers-23.1.21-pyhd8ed1ab_0
python_abi conda-forge/win-64::python_abi-3.8-4_cp38
pytz conda-forge/noarch::pytz-2023.3.post1-pyhd8ed1ab_0
pyu2f conda-forge/noarch::pyu2f-0.1.5-pyhd8ed1ab_0
re2 conda-forge/win-64::re2-2022.06.01-h0e60522_1
requests conda-forge/noarch::requests-2.28.1-pyhd8ed1ab_1
requests-oauthlib conda-forge/noarch::requests-oauthlib-1.3.1-pyhd8ed1ab_0
rsa conda-forge/noarch::rsa-4.9-pyhd8ed1ab_0
scipy conda-forge/win-64::scipy-1.7.3-py38h0f6ee2a_1
six conda-forge/noarch::six-1.16.0-pyh6c4a22f_0
snappy conda-forge/win-64::snappy-1.1.10-hfb803bf_1
tensorboard conda-forge/noarch::tensorboard-2.10.1-pyhd8ed1ab_0
tensorboard-data-~ conda-forge/win-64::tensorboard-data-server-0.6.1-py38haa244fe_4
tensorboard-plugi~ conda-forge/noarch::tensorboard-plugin-wit-1.8.1-pyhd8ed1ab_0
tensorflow pkgs/main/win-64::tensorflow-2.10.0-mkl_py38ha5c4042_0
tensorflow-base pkgs/main/win-64::tensorflow-base-2.10.0-mkl_py38h6a7f48e_0
tensorflow-estima~ pkgs/main/win-64::tensorflow-estimator-2.10.0-py38haa95532_0
tensorflow-hub conda-forge/noarch::tensorflow-hub-0.12.0-pyhca92ed8_0
termcolor conda-forge/noarch::termcolor-2.3.0-pyhd8ed1ab_0
typing-extensions conda-forge/noarch::typing-extensions-4.5.0-hd8ed1ab_0
typing_extensions conda-forge/noarch::typing_extensions-4.5.0-pyha770c72_0
urllib3 conda-forge/noarch::urllib3-1.26.15-pyhd8ed1ab_0
werkzeug conda-forge/noarch::werkzeug-2.2.3-pyhd8ed1ab_0
win_inet_pton conda-forge/noarch::win_inet_pton-1.1.0-pyhd8ed1ab_6
wrapt conda-forge/win-64::wrapt-1.15.0-py38h91455d4_1
xorg-kbproto conda-forge/win-64::xorg-kbproto-1.0.7-hcd874cb_1002
xorg-libice conda-forge/win-64::xorg-libice-1.0.10-hcd874cb_0
xorg-libsm conda-forge/win-64::xorg-libsm-1.2.3-hcd874cb_1000
xorg-libx11 conda-forge/win-64::xorg-libx11-1.8.4-hcd874cb_0
xorg-libxau conda-forge/win-64::xorg-libxau-1.0.9-hcd874cb_0
xorg-libxdmcp conda-forge/win-64::xorg-libxdmcp-1.1.3-hcd874cb_0
xorg-libxext conda-forge/win-64::xorg-libxext-1.3.4-hcd874cb_2
xorg-libxrender conda-forge/win-64::xorg-libxrender-0.9.10-hcd874cb_1003
xorg-renderproto conda-forge/win-64::xorg-renderproto-0.11.1-hcd874cb_1002
xorg-xextproto conda-forge/win-64::xorg-xextproto-7.3.0-hcd874cb_1003
xorg-xproto conda-forge/win-64::xorg-xproto-7.0.31-hcd874cb_1007
yarl conda-forge/win-64::yarl-1.8.2-py38h91455d4_0
zipp conda-forge/noarch::zipp-3.15.0-pyhd8ed1ab_0
zlib conda-forge/win-64::zlib-1.2.13-h2466b09_6
zstd conda-forge/win-64::zstd-1.5.2-h12be248_7
The following packages will be DOWNGRADED:
ca-certificates 2024.7.4-h56e8100_0 --> 2022.12.7-h5b45459_0
libsqlite 3.46.0-h2466b09_0 --> 3.40.0-hcfcfb64_1
libzlib 1.3.1-h2466b09_1 --> 1.2.13-h2466b09_6
openssl 3.3.1-h2466b09_1 --> 1.1.1t-hcfcfb64_0
pip 24.0-pyhd8ed1ab_0 --> 23.1.1-pyhd8ed1ab_0
python 3.8.13-hcf16a7b_0_cpython --> 3.8.13-h9a09f29_0_cpython
setuptools 70.3.0-pyhd8ed1ab_0 --> 67.7.1-pyhd8ed1ab_0
sqlite 3.46.0-h2466b09_0 --> 3.40.0-hcfcfb64_1
tk 8.6.13-h5226925_1 --> 8.6.12-h8ffe710_0
vc 14.3-h8a93ad2_20 --> 14.3-h64f974e_17
vc14_runtime 14.40.33810-ha82c5b3_20 --> 14.36.32532-hdcecf7f_17
vs2015_runtime 14.40.33810-h3bf8584_20 --> 14.36.32532-h05e6639_17
wheel 0.43.0-pyhd8ed1ab_1 --> 0.40.0-pyhd8ed1ab_1
Preparing transaction: ...working... done
Verifying transaction: ...working... failed
CondaVerificationError: The package for tensorflow-estimator located at C:\Users\BIOCBU~1\AppData\Local\R\cache\R\basilisk\117~1.0\0\pkgs\tensorflow-estimator-2.10.0-py38haa95532_0
appears to be corrupted. The path 'Lib/site-packages/tensorflow_estimator/python/estimator/canned/linear_optimizer/python/utils/__pycache__/sharded_mutable_dense_hashtable.cpython-38.pyc'
specified in the package manifest cannot be found.
CondaVerificationError: The package for tensorflow-base located at C:\Users\BIOCBU~1\AppData\Local\R\cache\R\basilisk\117~1.0\0\pkgs\tensorflow-base-2.10.0-mkl_py38h6a7f48e_0
appears to be corrupted. The path 'Lib/site-packages/tensorflow/include/external/com_github_grpc_grpc/src/core/tsi/alts/zero_copy_frame_protector/alts_grpc_integrity_only_record_protocol.h'
specified in the package manifest cannot be found.
CondaVerificationError: The package for tensorflow-base located at C:\Users\BIOCBU~1\AppData\Local\R\cache\R\basilisk\117~1.0\0\pkgs\tensorflow-base-2.10.0-mkl_py38h6a7f48e_0
appears to be corrupted. The path 'Lib/site-packages/tensorflow/include/external/com_github_grpc_grpc/src/core/tsi/alts/zero_copy_frame_protector/alts_grpc_privacy_integrity_record_protocol.h'
specified in the package manifest cannot be found.
CondaVerificationError: The package for tensorflow-base located at C:\Users\BIOCBU~1\AppData\Local\R\cache\R\basilisk\117~1.0\0\pkgs\tensorflow-base-2.10.0-mkl_py38h6a7f48e_0
appears to be corrupted. The path 'Lib/site-packages/tensorflow/include/external/llvm-project/mlir/_virtual_includes/AffineMemoryOpInterfacesIncGen/mlir/Dialect/Affine/IR/AffineMemoryOpInterfaces.cpp.inc'
specified in the package manifest cannot be found.
CondaVerificationError: The package for tensorflow-base located at C:\Users\BIOCBU~1\AppData\Local\R\cache\R\basilisk\117~1.0\0\pkgs\tensorflow-base-2.10.0-mkl_py38h6a7f48e_0
appears to be corrupted. The path 'Lib/site-packages/tensorflow/include/external/llvm-project/mlir/_virtual_includes/AffineMemoryOpInterfacesIncGen/mlir/Dialect/Affine/IR/AffineMemoryOpInterfaces.h.inc'
specified in the package manifest cannot be found.
CondaVerificationError: The package for tensorflow-base located at C:\Users\BIOCBU~1\AppData\Local\R\cache\R\basilisk\117~1.0\0\pkgs\tensorflow-base-2.10.0-mkl_py38h6a7f48e_0
appears to be corrupted. The path 'Lib/site-packages/tensorflow/include/external/llvm-project/mlir/_virtual_includes/AllocationOpInterfaceIncGen/mlir/Dialect/Bufferization/IR/AllocationOpInterface.cpp.inc'
specified in the package manifest cannot be found.
CondaVerificationError: The package for tensorflow-base located at C:\Users\BIOCBU~1\AppData\Local\R\cache\R\basilisk\117~1.0\0\pkgs\tensorflow-base-2.10.0-mkl_py38h6a7f48e_0
appears to be corrupted. The path 'Lib/site-packages/tensorflow/include/external/llvm-project/mlir/_virtual_includes/AllocationOpInterfaceIncGen/mlir/Dialect/Bufferization/IR/AllocationOpInterface.h.inc'
specified in the package manifest cannot be found.
CondaVerificationError: The package for tensorflow-base located at C:\Users\BIOCBU~1\AppData\Local\R\cache\R\basilisk\117~1.0\0\pkgs\tensorflow-base-2.10.0-mkl_py38h6a7f48e_0
appears to be corrupted. The path 'Lib/site-packages/tensorflow/include/external/llvm-project/mlir/_virtual_includes/ArithmeticBaseIncGen/mlir/Dialect/Arithmetic/IR/ArithmeticOpsDialect.cpp.inc'
specified in the package manifest cannot be found.
CondaVerificationError: The package for tensorflow-base located at C:\Users\BIOCBU~1\AppData\Local\R\cache\R\basilisk\117~1.0\0\pkgs\tensorflow-base-2.10.0-mkl_py38h6a7f48e_0
appears to be corrupted. The path 'Lib/site-packages/tensorflow/include/external/llvm-project/mlir/_virtual_includes/ArithmeticBaseIncGen/mlir/Dialect/Arithmetic/IR/ArithmeticOpsDialect.h.inc'
specified in the package manifest cannot be found.
CondaVerificationError: The package for tensorflow-base located at C:\Users\BIOCBU~1\AppData\Local\R\cache\R\basilisk\117~1.0\0\pkgs\tensorflow-base-2.10.0-mkl_py38h6a7f48e_0
appears to be corrupted. The path 'Lib/site-packages/tensorflow/include/external/llvm-project/mlir/_virtual_includes/ArithmeticBaseIncGen/mlir/Dialect/Arithmetic/IR/ArithmeticOpsEnums.cpp.inc'
specified in the package manifest cannot be found.
CondaVerificationError: The package for tensorflow-base located at C:\Users\BIOCBU~1\AppData\Local\R\cache\R\basilisk\117~1.0\0\pkgs\tensorflow-base-2.10.0-mkl_py38h6a7f48e_0
appears to be corrupted. The path 'Lib/site-packages/tensorflow/include/external/llvm-project/mlir/_virtual_includes/ArithmeticBaseIncGen/mlir/Dialect/Arithmetic/IR/ArithmeticOpsEnums.h.inc'
specified in the package manifest cannot be found.
CondaVerificationError: The package for tensorflow-base located at C:\Users\BIOCBU~1\AppData\Local\R\cache\R\basilisk\117~1.0\0\pkgs\tensorflow-base-2.10.0-mkl_py38h6a7f48e_0
appears to be corrupted. The path 'Lib/site-packages/tensorflow/include/external/llvm-project/mlir/_virtual_includes/BufferizableOpInterfaceIncGen/mlir/Dialect/Bufferization/IR/BufferizableOpInterface.cpp.inc'
specified in the package manifest cannot be found.
CondaVerificationError: The package for tensorflow-base located at C:\Users\BIOCBU~1\AppData\Local\R\cache\R\basilisk\117~1.0\0\pkgs\tensorflow-base-2.10.0-mkl_py38h6a7f48e_0
appears to be corrupted. The path 'Lib/site-packages/tensorflow/include/external/llvm-project/mlir/_virtual_includes/BufferizableOpInterfaceIncGen/mlir/Dialect/Bufferization/IR/BufferizableOpInterface.h.inc'
specified in the package manifest cannot be found.
CondaVerificationError: The package for tensorflow-base located at C:\Users\BIOCBU~1\AppData\Local\R\cache\R\basilisk\117~1.0\0\pkgs\tensorflow-base-2.10.0-mkl_py38h6a7f48e_0
appears to be corrupted. The path 'Lib/site-packages/tensorflow/include/external/llvm-project/mlir/_virtual_includes/BufferizationBaseIncGen/mlir/Dialect/Bufferization/IR/BufferizationOpsDialect.cpp.inc'
specified in the package manifest cannot be found.
CondaVerificationError: The package for tensorflow-base located at C:\Users\BIOCBU~1\AppData\Local\R\cache\R\basilisk\117~1.0\0\pkgs\tensorflow-base-2.10.0-mkl_py38h6a7f48e_0
appears to be corrupted. The path 'Lib/site-packages/tensorflow/include/external/llvm-project/mlir/_virtual_includes/BufferizationBaseIncGen/mlir/Dialect/Bufferization/IR/BufferizationOpsDialect.h.inc'
specified in the package manifest cannot be found.
CondaVerificationError: The package for tensorflow-base located at C:\Users\BIOCBU~1\AppData\Local\R\cache\R\basilisk\117~1.0\0\pkgs\tensorflow-base-2.10.0-mkl_py38h6a7f48e_0
appears to be corrupted. The path 'Lib/site-packages/tensorflow/include/external/llvm-project/mlir/_virtual_includes/BufferizationOpsIncGen/mlir/Dialect/Bufferization/IR/BufferizationOps.cpp.inc'
specified in the package manifest cannot be found.
CondaVerificationError: The package for tensorflow-base located at C:\Users\BIOCBU~1\AppData\Local\R\cache\R\basilisk\117~1.0\0\pkgs\tensorflow-base-2.10.0-mkl_py38h6a7f48e_0
appears to be corrupted. The path 'Lib/site-packages/tensorflow/include/external/llvm-project/mlir/_virtual_includes/BufferizationOpsIncGen/mlir/Dialect/Bufferization/IR/BufferizationOps.h.inc'
specified in the package manifest cannot be found.
CondaVerificationError: The package for tensorflow-base located at C:\Users\BIOCBU~1\AppData\Local\R\cache\R\basilisk\117~1.0\0\pkgs\tensorflow-base-2.10.0-mkl_py38h6a7f48e_0
appears to be corrupted. The path 'Lib/site-packages/tensorflow/include/external/llvm-project/mlir/_virtual_includes/BufferizationPassIncGen/mlir/Dialect/Bufferization/Transforms/Passes.h.inc'
specified in the package manifest cannot be found.
CondaVerificationError: The package for tensorflow-base located at C:\Users\BIOCBU~1\AppData\Local\R\cache\R\basilisk\117~1.0\0\pkgs\tensorflow-base-2.10.0-mkl_py38h6a7f48e_0
appears to be corrupted. The path 'Lib/site-packages/tensorflow/include/external/llvm-project/mlir/_virtual_includes/BuiltinAttributeInterfacesIncGen/mlir/IR/BuiltinAttributeInterfaces.cpp.inc'
specified in the package manifest cannot be found.
CondaVerificationError: The package for tensorflow-base located at C:\Users\BIOCBU~1\AppData\Local\R\cache\R\basilisk\117~1.0\0\pkgs\tensorflow-base-2.10.0-mkl_py38h6a7f48e_0
appears to be corrupted. The path 'Lib/site-packages/tensorflow/include/external/llvm-project/mlir/_virtual_includes/BuiltinAttributeInterfacesIncGen/mlir/IR/BuiltinAttributeInterfaces.h.inc'
specified in the package manifest cannot be found.
CondaVerificationError: The package for tensorflow-base located at C:\Users\BIOCBU~1\AppData\Local\R\cache\R\basilisk\117~1.0\0\pkgs\tensorflow-base-2.10.0-mkl_py38h6a7f48e_0
appears to be corrupted. The path 'Lib/site-packages/tensorflow/include/external/llvm-project/mlir/_virtual_includes/BuiltinLocationAttributesIncGen/mlir/IR/BuiltinLocationAttributes.cpp.inc'
specified in the package manifest cannot be found.
CondaVerificationError: The package for tensorflow-base located at C:\Users\BIOCBU~1\AppData\Local\R\cache\R\basilisk\117~1.0\0\pkgs\tensorflow-base-2.10.0-mkl_py38h6a7f48e_0
appears to be corrupted. The path 'Lib/site-packages/tensorflow/include/external/llvm-project/mlir/_virtual_includes/BuiltinLocationAttributesIncGen/mlir/IR/BuiltinLocationAttributes.h.inc'
specified in the package manifest cannot be found.
CondaVerificationError: The package for tensorflow-base located at C:\Users\BIOCBU~1\AppData\Local\R\cache\R\basilisk\117~1.0\0\pkgs\tensorflow-base-2.10.0-mkl_py38h6a7f48e_0
appears to be corrupted. The path 'Lib/site-packages/tensorflow/include/external/llvm-project/mlir/_virtual_includes/ControlFlowInterfacesIncGen/mlir/Interfaces/ControlFlowInterfaces.cpp.inc'
specified in the package manifest cannot be found.
CondaVerificationError: The package for tensorflow-base located at C:\Users\BIOCBU~1\AppData\Local\R\cache\R\basilisk\117~1.0\0\pkgs\tensorflow-base-2.10.0-mkl_py38h6a7f48e_0
appears to be corrupted. The path 'Lib/site-packages/tensorflow/include/external/llvm-project/mlir/_virtual_includes/ControlFlowInterfacesIncGen/mlir/Interfaces/ControlFlowInterfaces.h.inc'
specified in the package manifest cannot be found.
CondaVerificationError: The package for tensorflow-base located at C:\Users\BIOCBU~1\AppData\Local\R\cache\R\basilisk\117~1.0\0\pkgs\tensorflow-base-2.10.0-mkl_py38h6a7f48e_0
appears to be corrupted. The path 'Lib/site-packages/tensorflow/include/external/llvm-project/mlir/_virtual_includes/ControlFlowOpsIncGen/mlir/Dialect/ControlFlow/IR/ControlFlowOps.cpp.inc'
specified in the package manifest cannot be found.
CondaVerificationError: The package for tensorflow-base located at C:\Users\BIOCBU~1\AppData\Local\R\cache\R\basilisk\117~1.0\0\pkgs\tensorflow-base-2.10.0-mkl_py38h6a7f48e_0
appears to be corrupted. The path 'Lib/site-packages/tensorflow/include/external/llvm-project/mlir/_virtual_includes/ControlFlowOpsIncGen/mlir/Dialect/ControlFlow/IR/ControlFlowOpsDialect.cpp.inc'
specified in the package manifest cannot be found.
CondaVerificationError: The package for tensorflow-base located at C:\Users\BIOCBU~1\AppData\Local\R\cache\R\basilisk\117~1.0\0\pkgs\tensorflow-base-2.10.0-mkl_py38h6a7f48e_0
appears to be corrupted. The path 'Lib/site-packages/tensorflow/include/external/llvm-project/mlir/_virtual_includes/ControlFlowOpsIncGen/mlir/Dialect/ControlFlow/IR/ControlFlowOpsDialect.h.inc'
specified in the package manifest cannot be found.
CondaVerificationError: The package for tensorflow-base located at C:\Users\BIOCBU~1\AppData\Local\R\cache\R\basilisk\117~1.0\0\pkgs\tensorflow-base-2.10.0-mkl_py38h6a7f48e_0
appears to be corrupted. The path 'Lib/site-packages/tensorflow/include/external/llvm-project/mlir/_virtual_includes/ControlFlowOpsIncGen/mlir/Dialect/ControlFlow/IR/ControlFlowOpsEnums.cpp.inc'
specified in the package manifest cannot be found.
CondaVerificationError: The package for tensorflow-base located at C:\Users\BIOCBU~1\AppData\Local\R\cache\R\basilisk\117~1.0\0\pkgs\tensorflow-base-2.10.0-mkl_py38h6a7f48e_0
appears to be corrupted. The path 'Lib/site-packages/tensorflow/include/external/llvm-project/mlir/_virtual_includes/ControlFlowOpsIncGen/mlir/Dialect/ControlFlow/IR/ControlFlowOpsEnums.h.inc'
specified in the package manifest cannot be found.
CondaVerificationError: The package for tensorflow-base located at C:\Users\BIOCBU~1\AppData\Local\R\cache\R\basilisk\117~1.0\0\pkgs\tensorflow-base-2.10.0-mkl_py38h6a7f48e_0
appears to be corrupted. The path 'Lib/site-packages/tensorflow/include/external/llvm-project/mlir/_virtual_includes/DerivedAttributeOpInterfaceIncGen/mlir/Interfaces/DerivedAttributeOpInterface.cpp.inc'
specified in the package manifest cannot be found.
CondaVerificationError: The package for tensorflow-base located at C:\Users\BIOCBU~1\AppData\Local\R\cache\R\basilisk\117~1.0\0\pkgs\tensorflow-base-2.10.0-mkl_py38h6a7f48e_0
appears to be corrupted. The path 'Lib/site-packages/tensorflow/include/external/llvm-project/mlir/_virtual_includes/DerivedAttributeOpInterfaceIncGen/mlir/Interfaces/DerivedAttributeOpInterface.h.inc'
specified in the package manifest cannot be found.
CondaVerificationError: The package for tensorflow-base located at C:\Users\BIOCBU~1\AppData\Local\R\cache\R\basilisk\117~1.0\0\pkgs\tensorflow-base-2.10.0-mkl_py38h6a7f48e_0
appears to be corrupted. The path 'Lib/site-packages/tensorflow/include/external/llvm-project/mlir/_virtual_includes/InferIntRangeInterfaceIncGen/mlir/Interfaces/InferIntRangeInterface.cpp.inc'
specified in the package manifest cannot be found.
CondaVerificationError: The package for tensorflow-base located at C:\Users\BIOCBU~1\AppData\Local\R\cache\R\basilisk\117~1.0\0\pkgs\tensorflow-base-2.10.0-mkl_py38h6a7f48e_0
appears to be corrupted. The path 'Lib/site-packages/tensorflow/include/external/llvm-project/mlir/_virtual_includes/InferIntRangeInterfaceIncGen/mlir/Interfaces/InferIntRangeInterface.h.inc'
specified in the package manifest cannot be found.
CondaVerificationError: The package for tensorflow-base located at C:\Users\BIOCBU~1\AppData\Local\R\cache\R\basilisk\117~1.0\0\pkgs\tensorflow-base-2.10.0-mkl_py38h6a7f48e_0
appears to be corrupted. The path 'Lib/site-packages/tensorflow/include/external/llvm-project/mlir/_virtual_includes/InferTypeOpInterfaceIncGen/mlir/Interfaces/InferTypeOpInterface.cpp.inc'
specified in the package manifest cannot be found.
CondaVerificationError: The package for tensorflow-base located at C:\Users\BIOCBU~1\AppData\Local\R\cache\R\basilisk\117~1.0\0\pkgs\tensorflow-base-2.10.0-mkl_py38h6a7f48e_0
appears to be corrupted. The path 'Lib/site-packages/tensorflow/include/external/llvm-project/mlir/_virtual_includes/LLVMConversionIncGen/mlir/Dialect/LLVMIR/LLVMConversionEnumsFromLLVM.inc'
specified in the package manifest cannot be found.
CondaVerificationError: The package for tensorflow-base located at C:\Users\BIOCBU~1\AppData\Local\R\cache\R\basilisk\117~1.0\0\pkgs\tensorflow-base-2.10.0-mkl_py38h6a7f48e_0
appears to be corrupted. The path 'Lib/site-packages/tensorflow/include/external/llvm-project/mlir/_virtual_includes/LLVMConversionIncGen/mlir/Dialect/LLVMIR/LLVMConversionEnumsToLLVM.inc'
specified in the package manifest cannot be found.
CondaVerificationError: The package for tensorflow-base located at C:\Users\BIOCBU~1\AppData\Local\R\cache\R\basilisk\117~1.0\0\pkgs\tensorflow-base-2.10.0-mkl_py38h6a7f48e_0
appears to be corrupted. The path 'Lib/site-packages/tensorflow/include/external/llvm-project/mlir/_virtual_includes/LLVMDialectAttributesIncGen/mlir/Dialect/LLVMIR/LLVMOpsAttrDefs.cpp.inc'
specified in the package manifest cannot be found.
CondaVerificationError: The package for tensorflow-base located at C:\Users\BIOCBU~1\AppData\Local\R\cache\R\basilisk\117~1.0\0\pkgs\tensorflow-base-2.10.0-mkl_py38h6a7f48e_0
appears to be corrupted. The path 'Lib/site-packages/tensorflow/include/external/llvm-project/mlir/_virtual_includes/LLVMDialectInterfaceIncGen/mlir/Dialect/LLVMIR/LLVMOpsInterfaces.cpp.inc'
specified in the package manifest cannot be found.
CondaVerificationError: The package for tensorflow-base located at C:\Users\BIOCBU~1\AppData\Local\R\cache\R\basilisk\117~1.0\0\pkgs\tensorflow-base-2.10.0-mkl_py38h6a7f48e_0
appears to be corrupted. The path 'Lib/site-packages/tensorflow/include/external/llvm-project/mlir/_virtual_includes/LLVMDialectInterfaceIncGen/mlir/Dialect/LLVMIR/LLVMOpsInterfaces.h.inc'
specified in the package manifest cannot be found.
CondaVerificationError: The package for tensorflow-base located at C:\Users\BIOCBU~1\AppData\Local\R\cache\R\basilisk\117~1.0\0\pkgs\tensorflow-base-2.10.0-mkl_py38h6a7f48e_0
appears to be corrupted. The path 'Lib/site-packages/tensorflow/include/external/llvm-project/mlir/_virtual_includes/LLVMDialectInterfaceIncGen/mlir/Dialect/LLVMIR/LLVMTypeInterfaces.cpp.inc'
specified in the package manifest cannot be found.
CondaVerificationError: The package for tensorflow-base located at C:\Users\BIOCBU~1\AppData\Local\R\cache\R\basilisk\117~1.0\0\pkgs\tensorflow-base-2.10.0-mkl_py38h6a7f48e_0
appears to be corrupted. The path 'Lib/site-packages/tensorflow/include/external/llvm-project/mlir/_virtual_includes/LLVMDialectInterfaceIncGen/mlir/Dialect/LLVMIR/LLVMTypeInterfaces.h.inc'
specified in the package manifest cannot be found.
CondaVerificationError: The package for tensorflow-base located at C:\Users\BIOCBU~1\AppData\Local\R\cache\R\basilisk\117~1.0\0\pkgs\tensorflow-base-2.10.0-mkl_py38h6a7f48e_0
appears to be corrupted. The path 'Lib/site-packages/tensorflow/include/external/llvm-project/mlir/_virtual_includes/LLVMIntrinsicConversionIncGen/mlir/Dialect/LLVMIR/LLVMIntrinsicConversions.inc'
specified in the package manifest cannot be found.
CondaVerificationError: The package for tensorflow-base located at C:\Users\BIOCBU~1\AppData\Local\R\cache\R\basilisk\117~1.0\0\pkgs\tensorflow-base-2.10.0-mkl_py38h6a7f48e_0
appears to be corrupted. The path 'Lib/site-packages/tensorflow/include/external/llvm-project/mlir/_virtual_includes/LLVMIntrinsicConversionIncGen/mlir/Dialect/LLVMIR/LLVMIntrinsicToLLVMIROpPairs.inc'
specified in the package manifest cannot be found.
CondaVerificationError: The package for tensorflow-base located at C:\Users\BIOCBU~1\AppData\Local\R\cache\R\basilisk\117~1.0\0\pkgs\tensorflow-base-2.10.0-mkl_py38h6a7f48e_0
appears to be corrupted. The path 'Lib/site-packages/tensorflow/include/external/llvm-project/mlir/_virtual_includes/LinalgInterfacesIncGen/mlir/Dialect/Linalg/IR/LinalgInterfaces.cpp.inc'
specified in the package manifest cannot be found.
CondaVerificationError: The package for tensorflow-base located at C:\Users\BIOCBU~1\AppData\Local\R\cache\R\basilisk\117~1.0\0\pkgs\tensorflow-base-2.10.0-mkl_py38h6a7f48e_0
appears to be corrupted. The path 'Lib/site-packages/tensorflow/include/external/llvm-project/mlir/_virtual_includes/LinalgStructuredOpsIncGen/mlir/Dialect/Linalg/IR/LinalgStructuredOps.cpp.inc'
specified in the package manifest cannot be found.
CondaVerificationError: The package for tensorflow-base located at C:\Users\BIOCBU~1\AppData\Local\R\cache\R\basilisk\117~1.0\0\pkgs\tensorflow-base-2.10.0-mkl_py38h6a7f48e_0
appears to be corrupted. The path 'Lib/site-packages/tensorflow/include/external/llvm-project/mlir/_virtual_includes/LinalgStructuredOpsIncGen/mlir/Dialect/Linalg/IR/LinalgStructuredOps.h.inc'
specified in the package manifest cannot be found.
CondaVerificationError: The package for tensorflow-base located at C:\Users\BIOCBU~1\AppData\Local\R\cache\R\basilisk\117~1.0\0\pkgs\tensorflow-base-2.10.0-mkl_py38h6a7f48e_0
appears to be corrupted. The path 'Lib/site-packages/tensorflow/include/external/llvm-project/mlir/_virtual_includes/MLProgramAttributesIncGen/mlir/Dialect/MLProgram/IR/MLProgramAttributes.cpp.inc'
specified in the package manifest cannot be found.
CondaVerificationError: The package for tensorflow-base located at C:\Users\BIOCBU~1\AppData\Local\R\cache\R\basilisk\117~1.0\0\pkgs\tensorflow-base-2.10.0-mkl_py38h6a7f48e_0
appears to be corrupted. The path 'Lib/site-packages/tensorflow/include/external/llvm-project/mlir/_virtual_includes/MLProgramAttributesIncGen/mlir/Dialect/MLProgram/IR/MLProgramAttributes.h.inc'
specified in the package manifest cannot be found.
CondaVerificationError: The package for tensorflow-base located at C:\Users\BIOCBU~1\AppData\Local\R\cache\R\basilisk\117~1.0\0\pkgs\tensorflow-base-2.10.0-mkl_py38h6a7f48e_0
appears to be corrupted. The path 'Lib/site-packages/tensorflow/include/external/llvm-project/mlir/_virtual_includes/MLProgramOpsIncGen/mlir/Dialect/MLProgram/IR/MLProgramOpsDialect.cpp.inc'
specified in the package manifest cannot be found.
CondaVerificationError: The package for tensorflow-base located at C:\Users\BIOCBU~1\AppData\Local\R\cache\R\basilisk\117~1.0\0\pkgs\tensorflow-base-2.10.0-mkl_py38h6a7f48e_0
appears to be corrupted. The path 'Lib/site-packages/tensorflow/include/external/llvm-project/mlir/_virtual_includes/MLProgramOpsIncGen/mlir/Dialect/MLProgram/IR/MLProgramOpsDialect.h.inc'
specified in the package manifest cannot be found.
CondaVerificationError: The package for tensorflow-base located at C:\Users\BIOCBU~1\AppData\Local\R\cache\R\basilisk\117~1.0\0\pkgs\tensorflow-base-2.10.0-mkl_py38h6a7f48e_0
appears to be corrupted. The path 'Lib/site-packages/tensorflow/include/external/llvm-project/mlir/_virtual_includes/OpenMPInterfacesIncGen/mlir/Dialect/OpenMP/OpenMPOpsInterfaces.cpp.inc'
specified in the package manifest cannot be found.
CondaVerificationError: The package for tensorflow-base located at C:\Users\BIOCBU~1\AppData\Local\R\cache\R\basilisk\117~1.0\0\pkgs\tensorflow-base-2.10.0-mkl_py38h6a7f48e_0
appears to be corrupted. The path 'Lib/site-packages/tensorflow/include/external/llvm-project/mlir/_virtual_includes/OpenMPTypeInterfacesIncGen/mlir/Dialect/OpenMP/OpenMPTypeInterfaces.cpp.inc'
specified in the package manifest cannot be found.
CondaVerificationError: The package for tensorflow-base located at C:\Users\BIOCBU~1\AppData\Local\R\cache\R\basilisk\117~1.0\0\pkgs\tensorflow-base-2.10.0-mkl_py38h6a7f48e_0
appears to be corrupted. The path 'Lib/site-packages/tensorflow/include/external/llvm-project/mlir/_virtual_includes/OpenMPTypeInterfacesIncGen/mlir/Dialect/OpenMP/OpenMPTypeInterfaces.h.inc'
specified in the package manifest cannot be found.
CondaVerificationError: The package for tensorflow-base located at C:\Users\BIOCBU~1\AppData\Local\R\cache\R\basilisk\117~1.0\0\pkgs\tensorflow-base-2.10.0-mkl_py38h6a7f48e_0
appears to be corrupted. The path 'Lib/site-packages/tensorflow/include/external/llvm-project/mlir/_virtual_includes/PDLInterpOpsIncGen/mlir/Dialect/PDLInterp/IR/PDLInterpOpsDialect.cpp.inc'
specified in the package manifest cannot be found.
CondaVerificationError: The package for tensorflow-base located at C:\Users\BIOCBU~1\AppData\Local\R\cache\R\basilisk\117~1.0\0\pkgs\tensorflow-base-2.10.0-mkl_py38h6a7f48e_0
appears to be corrupted. The path 'Lib/site-packages/tensorflow/include/external/llvm-project/mlir/_virtual_includes/PDLInterpOpsIncGen/mlir/Dialect/PDLInterp/IR/PDLInterpOpsDialect.h.inc'
specified in the package manifest cannot be found.
CondaVerificationError: The package for tensorflow-base located at C:\Users\BIOCBU~1\AppData\Local\R\cache\R\basilisk\117~1.0\0\pkgs\tensorflow-base-2.10.0-mkl_py38h6a7f48e_0
appears to be corrupted. The path 'Lib/site-packages/tensorflow/include/external/llvm-project/mlir/_virtual_includes/ParallelCombiningOpInterfaceIncGen/mlir/Interfaces/ParallelCombiningOpInterface.cpp.inc'
specified in the package manifest cannot be found.
CondaVerificationError: The package for tensorflow-base located at C:\Users\BIOCBU~1\AppData\Local\R\cache\R\basilisk\117~1.0\0\pkgs\tensorflow-base-2.10.0-mkl_py38h6a7f48e_0
appears to be corrupted. The path 'Lib/site-packages/tensorflow/include/external/llvm-project/mlir/_virtual_includes/ParallelCombiningOpInterfaceIncGen/mlir/Interfaces/ParallelCombiningOpInterface.h.inc'
specified in the package manifest cannot be found.
CondaVerificationError: The package for tensorflow-base located at C:\Users\BIOCBU~1\AppData\Local\R\cache\R\basilisk\117~1.0\0\pkgs\tensorflow-base-2.10.0-mkl_py38h6a7f48e_0
appears to be corrupted. The path 'Lib/site-packages/tensorflow/include/external/llvm-project/mlir/_virtual_includes/SideEffectInterfacesIncGen/mlir/Interfaces/SideEffectInterfaces.cpp.inc'
specified in the package manifest cannot be found.
CondaVerificationError: The package for tensorflow-base located at C:\Users\BIOCBU~1\AppData\Local\R\cache\R\basilisk\117~1.0\0\pkgs\tensorflow-base-2.10.0-mkl_py38h6a7f48e_0
appears to be corrupted. The path 'Lib/site-packages/tensorflow/include/external/llvm-project/mlir/_virtual_includes/SparseTensorAttrDefsIncGen/mlir/Dialect/SparseTensor/IR/SparseTensorAttrDefs.cpp.inc'
specified in the package manifest cannot be found.
CondaVerificationError: The package for tensorflow-base located at C:\Users\BIOCBU~1\AppData\Local\R\cache\R\basilisk\117~1.0\0\pkgs\tensorflow-base-2.10.0-mkl_py38h6a7f48e_0
appears to be corrupted. The path 'Lib/site-packages/tensorflow/include/external/llvm-project/mlir/_virtual_includes/SparseTensorAttrDefsIncGen/mlir/Dialect/SparseTensor/IR/SparseTensorAttrDefs.h.inc'
specified in the package manifest cannot be found.
CondaVerificationError: The package for tensorflow-base located at C:\Users\BIOCBU~1\AppData\Local\R\cache\R\basilisk\117~1.0\0\pkgs\tensorflow-base-2.10.0-mkl_py38h6a7f48e_0
appears to be corrupted. The path 'Lib/site-packages/tensorflow/include/external/llvm-project/mlir/_virtual_includes/SparseTensorOpsIncGen/mlir/Dialect/SparseTensor/IR/SparseTensorOps.cpp.inc'
specified in the package manifest cannot be found.
CondaVerificationError: The package for tensorflow-base located at C:\Users\BIOCBU~1\AppData\Local\R\cache\R\basilisk\117~1.0\0\pkgs\tensorflow-base-2.10.0-mkl_py38h6a7f48e_0
appears to be corrupted. The path 'Lib/site-packages/tensorflow/include/external/llvm-project/mlir/_virtual_includes/SparseTensorOpsIncGen/mlir/Dialect/SparseTensor/IR/SparseTensorOps.h.inc'
specified in the package manifest cannot be found.
CondaVerificationError: The package for tensorflow-base located at C:\Users\BIOCBU~1\AppData\Local\R\cache\R\basilisk\117~1.0\0\pkgs\tensorflow-base-2.10.0-mkl_py38h6a7f48e_0
appears to be corrupted. The path 'Lib/site-packages/tensorflow/include/external/llvm-project/mlir/_virtual_includes/SparseTensorOpsIncGen/mlir/Dialect/SparseTensor/IR/SparseTensorOpsDialect.cpp.inc'
specified in the package manifest cannot be found.
CondaVerificationError: The package for tensorflow-base located at C:\Users\BIOCBU~1\AppData\Local\R\cache\R\basilisk\117~1.0\0\pkgs\tensorflow-base-2.10.0-mkl_py38h6a7f48e_0
appears to be corrupted. The path 'Lib/site-packages/tensorflow/include/external/llvm-project/mlir/_virtual_includes/SparseTensorOpsIncGen/mlir/Dialect/SparseTensor/IR/SparseTensorOpsDialect.h.inc'
specified in the package manifest cannot be found.
CondaVerificationError: The package for tensorflow-base located at C:\Users\BIOCBU~1\AppData\Local\R\cache\R\basilisk\117~1.0\0\pkgs\tensorflow-base-2.10.0-mkl_py38h6a7f48e_0
appears to be corrupted. The path 'Lib/site-packages/tensorflow/include/tensorflow/compiler/mlir/hlo/_virtual_includes/compose_set_interface_inc_gen/mlir-hlo/Dialect/gml_st/transforms/compose_set_interface.h.inc'
specified in the package manifest cannot be found.
CondaVerificationError: The package for tensorflow-base located at C:\Users\BIOCBU~1\AppData\Local\R\cache\R\basilisk\117~1.0\0\pkgs\tensorflow-base-2.10.0-mkl_py38h6a7f48e_0
appears to be corrupted. The path 'Lib/site-packages/tensorflow/include/tensorflow/compiler/mlir/hlo/_virtual_includes/fusion_interface_inc_gen/mlir-hlo/Dialect/gml_st/transforms/fusion_interface.h.inc'
specified in the package manifest cannot be found.
CondaVerificationError: The package for tensorflow-base located at C:\Users\BIOCBU~1\AppData\Local\R\cache\R\basilisk\117~1.0\0\pkgs\tensorflow-base-2.10.0-mkl_py38h6a7f48e_0
appears to be corrupted. The path 'Lib/site-packages/tensorflow/include/tensorflow/compiler/mlir/hlo/_virtual_includes/gml_st_passes_inc_gen/mlir-hlo/Dialect/gml_st/transforms/passes.h.inc'
specified in the package manifest cannot be found.
CondaVerificationError: The package for tensorflow-base located at C:\Users\BIOCBU~1\AppData\Local\R\cache\R\basilisk\117~1.0\0\pkgs\tensorflow-base-2.10.0-mkl_py38h6a7f48e_0
appears to be corrupted. The path 'Lib/site-packages/tensorflow/include/tensorflow/compiler/mlir/hlo/_virtual_includes/lhlo_gpu_ops_attrdefs_inc_gen/mlir-hlo/Dialect/lhlo_gpu/IR/lhlo_gpu_ops_attrdefs.h.inc'
specified in the package manifest cannot be found.
CondaVerificationError: The package for tensorflow-base located at C:\Users\BIOCBU~1\AppData\Local\R\cache\R\basilisk\117~1.0\0\pkgs\tensorflow-base-2.10.0-mkl_py38h6a7f48e_0
appears to be corrupted. The path 'Lib/site-packages/tensorflow/include/tensorflow/compiler/mlir/hlo/_virtual_includes/lhlo_gpu_ops_dialect_inc_gen/mlir-hlo/Dialect/lhlo_gpu/IR/lhlo_gpu_ops_dialect.h.inc'
specified in the package manifest cannot be found.
CondaVerificationError: The package for tensorflow-base located at C:\Users\BIOCBU~1\AppData\Local\R\cache\R\basilisk\117~1.0\0\pkgs\tensorflow-base-2.10.0-mkl_py38h6a7f48e_0
appears to be corrupted. The path 'Lib/site-packages/tensorflow/include/tensorflow/compiler/mlir/hlo/_virtual_includes/lhlo_gpu_ops_enums_inc_gen/mlir-hlo/Dialect/lhlo_gpu/IR/lhlo_gpu_ops_enums.h.inc'
specified in the package manifest cannot be found.
CondaVerificationError: The package for tensorflow-base located at C:\Users\BIOCBU~1\AppData\Local\R\cache\R\basilisk\117~1.0\0\pkgs\tensorflow-base-2.10.0-mkl_py38h6a7f48e_0
appears to be corrupted. The path 'Lib/site-packages/tensorflow/include/tensorflow/compiler/mlir/hlo/_virtual_includes/lhlo_gpu_ops_inc_gen/mlir-hlo/Dialect/lhlo_gpu/IR/lhlo_gpu_ops.h.inc'
specified in the package manifest cannot be found.
CondaVerificationError: The package for tensorflow-base located at C:\Users\BIOCBU~1\AppData\Local\R\cache\R\basilisk\117~1.0\0\pkgs\tensorflow-base-2.10.0-mkl_py38h6a7f48e_0
appears to be corrupted. The path 'Lib/site-packages/tensorflow/include/tensorflow/compiler/mlir/hlo/_virtual_includes/lhlo_ops_structs_inc_gen/mlir-hlo/Dialect/lhlo/IR/lhlo_ops_structs.h.inc'
specified in the package manifest cannot be found.
ClobberError: This transaction has incompatible packages due to a shared path.
packages: conda-forge/win-64::tk-8.6.12-h8ffe710_0, conda-forge/win-64::xorg-xproto-7.0.31-hcd874cb_1007
path: 'library/include/x11/deckeysym.h'
ClobberError: This transaction has incompatible packages due to a shared path.
packages: conda-forge/win-64::tk-8.6.12-h8ffe710_0, conda-forge/win-64::xorg-xproto-7.0.31-hcd874cb_1007
path: 'library/include/x11/hpkeysym.h'
ClobberError: This transaction has incompatible packages due to a shared path.
packages: conda-forge/win-64::tk-8.6.12-h8ffe710_0, conda-forge/win-64::xorg-xproto-7.0.31-hcd874cb_1007
path: 'library/include/x11/sunkeysym.h'
ClobberError: This transaction has incompatible packages due to a shared path.
packages: conda-forge/win-64::tk-8.6.12-h8ffe710_0, conda-forge/win-64::xorg-xproto-7.0.31-hcd874cb_1007
path: 'library/include/x11/x.h'
ClobberError: This transaction has incompatible packages due to a shared path.
packages: conda-forge/win-64::tk-8.6.12-h8ffe710_0, conda-forge/win-64::xorg-xproto-7.0.31-hcd874cb_1007
path: 'library/include/x11/xf86keysym.h'
ClobberError: This transaction has incompatible packages due to a shared path.
packages: conda-forge/win-64::tk-8.6.12-h8ffe710_0, conda-forge/win-64::xorg-xproto-7.0.31-hcd874cb_1007
path: 'library/include/x11/xatom.h'
ClobberError: This transaction has incompatible packages due to a shared path.
packages: conda-forge/win-64::tk-8.6.12-h8ffe710_0, conda-forge/win-64::xorg-xproto-7.0.31-hcd874cb_1007
path: 'library/include/x11/xfuncproto.h'
ClobberError: This transaction has incompatible packages due to a shared path.
packages: conda-forge/win-64::tk-8.6.12-h8ffe710_0, conda-forge/win-64::xorg-libx11-1.8.4-hcd874cb_0
path: 'library/include/x11/xlib.h'
ClobberError: This transaction has incompatible packages due to a shared path.
packages: conda-forge/win-64::tk-8.6.12-h8ffe710_0, conda-forge/win-64::xorg-libx11-1.8.4-hcd874cb_0
path: 'library/include/x11/xutil.h'
ClobberError: This transaction has incompatible packages due to a shared path.
packages: conda-forge/win-64::tk-8.6.12-h8ffe710_0, conda-forge/win-64::xorg-xproto-7.0.31-hcd874cb_1007
path: 'library/include/x11/ap_keysym.h'
ClobberError: This transaction has incompatible packages due to a shared path.
packages: conda-forge/win-64::tk-8.6.12-h8ffe710_0, conda-forge/win-64::xorg-libx11-1.8.4-hcd874cb_0
path: 'library/include/x11/cursorfont.h'
ClobberError: This transaction has incompatible packages due to a shared path.
packages: conda-forge/win-64::tk-8.6.12-h8ffe710_0, conda-forge/win-64::xorg-xproto-7.0.31-hcd874cb_1007
path: 'library/include/x11/keysym.h'
ClobberError: This transaction has incompatible packages due to a shared path.
packages: conda-forge/win-64::tk-8.6.12-h8ffe710_0, conda-forge/win-64::xorg-xproto-7.0.31-hcd874cb_1007
path: 'library/include/x11/keysymdef.h'
Quitting from lines 281-285 [unnamed-chunk-4] (orthosIntro.Rmd)
Error: processing vignette 'orthosIntro.Rmd' failed with diagnostics:
one or more Python packages failed to install [error code 1]
--- failed re-building 'orthosIntro.Rmd'
SUMMARY: processing the following file failed:
'orthosIntro.Rmd'
Error: Vignette re-building failed.
Execution halted