| Back to Multiple platform build/check report for BioC 3.20: simplified long | 
 | 
This page was generated on 2024-07-16 11:40 -0400 (Tue, 16 Jul 2024).
| Hostname | OS | Arch (*) | R version | Installed pkgs | 
|---|---|---|---|---|
| nebbiolo2 | Linux (Ubuntu 22.04.3 LTS) | x86_64 | 4.4.1 (2024-06-14) -- "Race for Your Life" | 4677 | 
| palomino6 | Windows Server 2022 Datacenter | x64 | 4.4.1 (2024-06-14 ucrt) -- "Race for Your Life" | 4416 | 
| lconway | macOS 12.7.1 Monterey | x86_64 | 4.4.1 (2024-06-14) -- "Race for Your Life" | 4444 | 
| kjohnson3 | macOS 13.6.5 Ventura | arm64 | 4.4.1 (2024-06-14) -- "Race for Your Life" | 4393 | 
| palomino8 | Windows Server 2022 Datacenter | x64 | 4.4.1 (2024-06-14 ucrt) -- "Race for Your Life" | 4373 | 
| Click on any hostname to see more info about the system (e.g. compilers) (*) as reported by 'uname -p', except on Windows and Mac OS X | ||||
| Package 1442/2243 | Hostname | OS / Arch | INSTALL | BUILD | CHECK | BUILD BIN | ||||||||
| oppti 1.19.0  (landing page) Abdulkadir Elmas 
 | nebbiolo2 | Linux (Ubuntu 22.04.3 LTS) / x86_64 | OK | OK | WARNINGS |  | ||||||||
| palomino6 | Windows Server 2022 Datacenter / x64 | OK | OK | WARNINGS | OK | |||||||||
| lconway | macOS 12.7.1 Monterey / x86_64 | OK | OK | WARNINGS | OK |  | ||||||||
| kjohnson3 | macOS 13.6.5 Ventura / arm64 | OK | OK | WARNINGS | OK |  | ||||||||
| palomino8 | Windows Server 2022 Datacenter / x64 | OK | OK | WARNINGS | OK | |||||||||
| To the developers/maintainers of the oppti package: - Allow up to 24 hours (and sometimes 48 hours) for your latest push to git@git.bioconductor.org:packages/oppti.git to reflect on this report. See Troubleshooting Build Report for more information. - Use the following Renviron settings to reproduce errors and warnings. - If 'R CMD check' started to fail recently on the Linux builder(s) over a missing dependency, add the missing dependency to 'Suggests:' in your DESCRIPTION file. See Renviron.bioc for more information. | 
| Package: oppti | 
| Version: 1.19.0 | 
| Command: C:\Users\biocbuild\bbs-3.20-bioc\R\bin\R.exe CMD check --no-multiarch --install=check:oppti.install-out.txt --library=C:\Users\biocbuild\bbs-3.20-bioc\R\library --no-vignettes --timings oppti_1.19.0.tar.gz | 
| StartedAt: 2024-07-16 02:27:45 -0400 (Tue, 16 Jul 2024) | 
| EndedAt: 2024-07-16 02:28:47 -0400 (Tue, 16 Jul 2024) | 
| EllapsedTime: 61.2 seconds | 
| RetCode: 0 | 
| Status: WARNINGS | 
| CheckDir: oppti.Rcheck | 
| Warnings: 1 | 
##############################################################################
##############################################################################
###
### Running command:
###
###   C:\Users\biocbuild\bbs-3.20-bioc\R\bin\R.exe CMD check --no-multiarch --install=check:oppti.install-out.txt --library=C:\Users\biocbuild\bbs-3.20-bioc\R\library --no-vignettes --timings oppti_1.19.0.tar.gz
###
##############################################################################
##############################################################################
* using log directory 'C:/Users/biocbuild/bbs-3.20-bioc/meat/oppti.Rcheck'
* using R version 4.4.1 (2024-06-14 ucrt)
* using platform: x86_64-w64-mingw32
* R was compiled by
    gcc.exe (GCC) 13.2.0
    GNU Fortran (GCC) 13.2.0
* running under: Windows Server 2022 x64 (build 20348)
* using session charset: UTF-8
* using option '--no-vignettes'
* checking for file 'oppti/DESCRIPTION' ... OK
* checking extension type ... Package
* this is package 'oppti' version '1.19.0'
* package encoding: UTF-8
* checking package namespace information ... OK
* checking package dependencies ... OK
* checking if this is a source package ... OK
* checking if there is a namespace ... OK
* checking for hidden files and directories ... OK
* checking for portable file names ... OK
* checking whether package 'oppti' can be installed ... OK
* checking installed package size ... OK
* checking package directory ... OK
* checking 'build' directory ... OK
* checking DESCRIPTION meta-information ... NOTE
License components which are templates and need '+ file LICENSE':
  MIT
* checking top-level files ... OK
* checking for left-over files ... OK
* checking index information ... OK
* checking package subdirectories ... OK
* checking code files for non-ASCII characters ... OK
* checking R files for syntax errors ... OK
* checking whether the package can be loaded ... OK
* checking whether the package can be loaded with stated dependencies ... OK
* checking whether the package can be unloaded cleanly ... OK
* checking whether the namespace can be loaded with stated dependencies ... OK
* checking whether the namespace can be unloaded cleanly ... OK
* checking whether startup messages can be suppressed ... OK
* checking dependencies in R code ... OK
* checking S3 generic/method consistency ... OK
* checking replacement functions ... OK
* checking foreign function calls ... OK
* checking R code for possible problems ... NOTE
gqplot: no visible binding for global variable 'variable2'
gqplot: no visible binding for global variable 'variable1'
gqplot: no visible binding for global variable 'cupper'
gqplot: no visible binding for global variable 'clower'
markOut: no visible binding for global variable 'data'
per.test: no visible binding for global variable 'oppti.result'
per.test: no visible binding for global variable 'weight'
per.test: no visible binding for global variable '..density..'
Undefined global functions or variables:
  ..density.. clower cupper data oppti.result variable1 variable2
  weight
Consider adding
  importFrom("utils", "data")
to your NAMESPACE file.
* checking Rd files ... OK
* checking Rd metadata ... OK
* checking Rd cross-references ... OK
* checking for missing documentation entries ... OK
* checking for code/documentation mismatches ... WARNING
Codoc mismatches from Rd file 'markOut.Rd':
markOut
  Code: function(dat, dat.imp, dat.imp.test, dat.dys, dys.sig.thr.upp,
                 marker.proc.list = NULL, dataset = "", num.omit.fit =
                 NULL, draw.sc = TRUE, draw.vi = TRUE, conf.int = 0.95,
                 ylab = "Observed", xlab = "Inferred", cohort.name =
                 NULL)
  Docs: function(dat, dat.imp, dat.imp.test, dat.dys, dys.sig.thr.upp,
                 marker.proc.list = NULL, dataset = "", num.omit.fit =
                 NULL, draw.sc = TRUE, draw.vi = TRUE, conf.int = 0.95,
                 ylab = "Observed", xlab = "Inferred")
  Argument names in code not in docs:
    cohort.name
Codoc mismatches from Rd file 'oppti.Rd':
oppti
  Code: function(data, mad.norm = FALSE, cohort.names = NULL, panel =
                 "global", panel.markers = NULL, tol.nas = 20, ku = 6,
                 miss.pstat = 0.4, demo.panels = FALSE, save.data =
                 FALSE, draw.sc.plots = FALSE, draw.vi.plots = FALSE,
                 draw.sc.markers = NULL, draw.ou.plots = FALSE,
                 draw.ou.markers = NULL, permutation.tests = TRUE,
                 n.per.test = 10, draw.per.test = FALSE,
                 plot.set.per.test = list(BRCA = c("ERBB2"), CCRCC =
                 c("ERBB2", "TP53")), verbose = FALSE)
  Docs: function(data, mad.norm = FALSE, cohort.names = NULL, panel =
                 "global", panel.markers = NULL, tol.nas = 20, ku = 6,
                 miss.pstat = 0.4, demo.panels = FALSE, save.data =
                 FALSE, draw.sc.plots = FALSE, draw.vi.plots = FALSE,
                 draw.sc.markers = NULL, draw.ou.plots = FALSE,
                 draw.ou.markers = NULL, verbose = FALSE)
  Argument names in code not in docs:
    permutation.tests n.per.test draw.per.test plot.set.per.test
  Mismatches in argument names:
    Position: 16 Code: permutation.tests Docs: verbose
* checking Rd \usage sections ... OK
* checking Rd contents ... OK
* checking for unstated dependencies in examples ... OK
* checking files in 'vignettes' ... OK
* checking examples ... OK
* checking for unstated dependencies in 'tests' ... OK
* checking tests ...
  Running 'test.R'
 OK
* checking for unstated dependencies in vignettes ... OK
* checking package vignettes ... OK
* checking running R code from vignettes ... SKIPPED
* checking re-building of vignette outputs ... SKIPPED
* checking PDF version of manual ... OK
* DONE
Status: 1 WARNING, 2 NOTEs
See
  'C:/Users/biocbuild/bbs-3.20-bioc/meat/oppti.Rcheck/00check.log'
for details.
oppti.Rcheck/00install.out
############################################################################## ############################################################################## ### ### Running command: ### ### C:\Users\biocbuild\bbs-3.20-bioc\R\bin\R.exe CMD INSTALL oppti ### ############################################################################## ############################################################################## * installing to library 'C:/Users/biocbuild/bbs-3.20-bioc/R/library' * installing *source* package 'oppti' ... ** using staged installation ** R ** inst ** byte-compile and prepare package for lazy loading ** help *** installing help indices ** building package indices ** installing vignettes ** testing if installed package can be loaded from temporary location ** testing if installed package can be loaded from final location ** testing if installed package keeps a record of temporary installation path * DONE (oppti)
oppti.Rcheck/tests/test.Rout
R version 4.4.1 (2024-06-14 ucrt) -- "Race for Your Life" Copyright (C) 2024 The R Foundation for Statistical Computing Platform: x86_64-w64-mingw32/x64 R is free software and comes with ABSOLUTELY NO WARRANTY. You are welcome to redistribute it under certain conditions. Type 'license()' or 'licence()' for distribution details. R is a collaborative project with many contributors. Type 'contributors()' for more information and 'citation()' on how to cite R or R packages in publications. Type 'demo()' for some demos, 'help()' for on-line help, or 'help.start()' for an HTML browser interface to help. Type 'q()' to quit R. > > proc.time() user system elapsed 0.14 0.07 0.21
oppti.Rcheck/oppti-Ex.timings
| name | user | system | elapsed | |
| artImpute | 0.03 | 0.00 | 0.03 | |
| clusterData | 0.04 | 0.01 | 0.06 | |
| dropMarkers | 0 | 0 | 0 | |
| dysReg | 0.3 | 0.0 | 0.3 | |
| markOut | 3.44 | 0.28 | 3.75 | |
| oppti | 0.33 | 0.01 | 0.35 | |
| outScores | 0.01 | 0.00 | 0.01 | |
| plotDen | 0.05 | 0.00 | 0.05 | |
| rankPerOut | 0.26 | 0.00 | 0.26 | |
| statTest | 1 | 0 | 1 | |