| Back to Multiple platform build/check report for BioC 3.20: simplified long |
|
This page was generated on 2024-11-20 12:02 -0500 (Wed, 20 Nov 2024).
| Hostname | OS | Arch (*) | R version | Installed pkgs |
|---|---|---|---|---|
| teran2 | Linux (Ubuntu 24.04.1 LTS) | x86_64 | 4.4.2 (2024-10-31) -- "Pile of Leaves" | 4481 |
| nebbiolo2 | Linux (Ubuntu 24.04.1 LTS) | x86_64 | 4.4.2 (2024-10-31) -- "Pile of Leaves" | 4479 |
| palomino8 | Windows Server 2022 Datacenter | x64 | 4.4.2 (2024-10-31 ucrt) -- "Pile of Leaves" | 4359 |
| lconway | macOS 12.7.1 Monterey | x86_64 | 4.4.1 (2024-06-14) -- "Race for Your Life" | 4539 |
| kunpeng2 | Linux (openEuler 22.03 LTS-SP1) | aarch64 | 4.4.1 (2024-06-14) -- "Race for Your Life" | 4493 |
| Click on any hostname to see more info about the system (e.g. compilers) (*) as reported by 'uname -p', except on Windows and Mac OS X | ||||
| Package 1458/2289 | Hostname | OS / Arch | INSTALL | BUILD | CHECK | BUILD BIN | ||||||||
| omXplore 1.0.0 (landing page) Samuel Wieczorek
| teran2 | Linux (Ubuntu 24.04.1 LTS) / x86_64 | OK | OK | WARNINGS | |||||||||
| nebbiolo2 | Linux (Ubuntu 24.04.1 LTS) / x86_64 | OK | OK | WARNINGS | ||||||||||
| palomino8 | Windows Server 2022 Datacenter / x64 | OK | OK | WARNINGS | OK | |||||||||
| lconway | macOS 12.7.1 Monterey / x86_64 | OK | OK | WARNINGS | OK | |||||||||
| kunpeng2 | Linux (openEuler 22.03 LTS-SP1) / aarch64 | OK | OK | WARNINGS | ||||||||||
|
To the developers/maintainers of the omXplore package: - Allow up to 24 hours (and sometimes 48 hours) for your latest push to git@git.bioconductor.org:packages/omXplore.git to reflect on this report. See Troubleshooting Build Report for more information. - Use the following Renviron settings to reproduce errors and warnings. - If 'R CMD check' started to fail recently on the Linux builder(s) over a missing dependency, add the missing dependency to 'Suggests:' in your DESCRIPTION file. See Renviron.bioc for more information. |
| Package: omXplore |
| Version: 1.0.0 |
| Command: /home/biocbuild/bbs-3.20-bioc/R/bin/R CMD check --install=check:omXplore.install-out.txt --library=/home/biocbuild/bbs-3.20-bioc/R/site-library --timings omXplore_1.0.0.tar.gz |
| StartedAt: 2024-11-20 06:56:34 -0500 (Wed, 20 Nov 2024) |
| EndedAt: 2024-11-20 07:00:56 -0500 (Wed, 20 Nov 2024) |
| EllapsedTime: 261.5 seconds |
| RetCode: 0 |
| Status: WARNINGS |
| CheckDir: omXplore.Rcheck |
| Warnings: 2 |
##############################################################################
##############################################################################
###
### Running command:
###
### /home/biocbuild/bbs-3.20-bioc/R/bin/R CMD check --install=check:omXplore.install-out.txt --library=/home/biocbuild/bbs-3.20-bioc/R/site-library --timings omXplore_1.0.0.tar.gz
###
##############################################################################
##############################################################################
* using log directory ‘/media/volume/teran2_disk/biocbuild/bbs-3.20-bioc/meat/omXplore.Rcheck’
* using R version 4.4.2 (2024-10-31)
* using platform: x86_64-pc-linux-gnu
* R was compiled by
gcc (Ubuntu 13.2.0-23ubuntu4) 13.2.0
GNU Fortran (Ubuntu 13.2.0-23ubuntu4) 13.2.0
* running under: Ubuntu 24.04.1 LTS
* using session charset: UTF-8
* checking for file ‘omXplore/DESCRIPTION’ ... OK
* checking extension type ... Package
* this is package ‘omXplore’ version ‘1.0.0’
* package encoding: UTF-8
* checking package namespace information ... OK
* checking package dependencies ... OK
* checking if this is a source package ... OK
* checking if there is a namespace ... OK
* checking for hidden files and directories ... OK
* checking for portable file names ... OK
* checking for sufficient/correct file permissions ... OK
* checking whether package ‘omXplore’ can be installed ... WARNING
Found the following significant warnings:
Note: possible error in 'plots_tracking_server("tracker", ': unused argument (reset = reactive({
Note: possible error in 'omXplore_intensity_server("iplot", ': unused argument (reset = reactive({
See ‘/media/volume/teran2_disk/biocbuild/bbs-3.20-bioc/meat/omXplore.Rcheck/00install.out’ for details.
Information on the location(s) of code generating the ‘Note’s can be
obtained by re-running with environment variable R_KEEP_PKG_SOURCE set
to ‘yes’.
* checking installed package size ... OK
* checking package directory ... OK
* checking ‘build’ directory ... OK
* checking DESCRIPTION meta-information ... OK
* checking top-level files ... OK
* checking for left-over files ... OK
* checking index information ... OK
* checking package subdirectories ... OK
* checking code files for non-ASCII characters ... OK
* checking R files for syntax errors ... OK
* checking whether the package can be loaded ... OK
* checking whether the package can be loaded with stated dependencies ... OK
* checking whether the package can be unloaded cleanly ... OK
* checking whether the namespace can be loaded with stated dependencies ... OK
* checking whether the namespace can be unloaded cleanly ... OK
* checking loading without being on the library search path ... OK
* checking whether startup messages can be suppressed ... OK
* checking dependencies in R code ... OK
* checking S3 generic/method consistency ... OK
* checking replacement functions ... OK
* checking foreign function calls ... OK
* checking R code for possible problems ... NOTE
Build_X_CC: no visible global function definition for ‘metadata’
Build_X_CC: no visible global function definition for ‘metadata<-’
Check_MSnSet_Consistency : <anonymous>: no visible global function
definition for ‘experimentData’
MAE_Compatibility_with_Prostar_1x : <anonymous>: no visible binding for
global variable ‘.colData’
SE_Compatibility_with_Prostar_1.x: no visible global function
definition for ‘experimentData’
SE_Compatibility_with_Prostar_1.x: no visible global function
definition for ‘metadata’
SE_Compatibility_with_Prostar_1.x: no visible global function
definition for ‘metadata<-’
omXplore_intensity : server: possible error in
plots_tracking_server("tracker", obj = reactive({: unused argument
(reset = reactive({ input$reset }))
omXplore_intensity : server: possible error in obj: unused argument
(reset = reactive({ input$reset }))
omXplore_intensity : server: possible error in }), i = reactive({:
unused argument (reset = reactive({ input$reset }))
omXplore_intensity : server: possible error in i: unused argument
(reset = reactive({ input$reset }))
omXplore_intensity : server: possible error in }), reset = reactive({:
unused argument (reset = reactive({ input$reset }))
omXplore_intensity : server: possible error in input$reset: unused
argument (reset = reactive({ input$reset }))
omXplore_intensity : server: possible error in }), is.enabled =
reactive({: unused argument (reset = reactive({ input$reset }))
omXplore_intensity : server: possible error in TRUE: unused argument
(reset = reactive({ input$reset }))
omXplore_intensity : server: possible error in })): unused argument
(reset = reactive({ input$reset }))
omXplore_intensity : server: possible error in
omXplore_intensity_server("iplot", obj = reactive({: unused argument
(reset = reactive({ input$reset }))
omXplore_intensity : server: possible error in }), track.indices =
reactive({: unused argument (reset = reactive({ input$reset }))
omXplore_intensity : server: possible error in indices(): unused
argument (reset = reactive({ input$reset }))
Undefined global functions or variables:
.colData experimentData metadata metadata<-
* checking Rd files ... OK
* checking Rd metadata ... OK
* checking Rd cross-references ... OK
* checking for missing documentation entries ... OK
* checking for code/documentation mismatches ... OK
* checking Rd \usage sections ... WARNING
Undocumented arguments in Rd file 'intensity-plots.Rd'
‘remoteReset’ ‘is.enabled’
Functions with \usage entries need to have the appropriate \alias
entries, and all their arguments documented.
The \usage entries must correspond to syntactically valid R code.
See chapter ‘Writing R documentation files’ in the ‘Writing R
Extensions’ manual.
* checking Rd contents ... OK
* checking for unstated dependencies in examples ... OK
* checking contents of ‘data’ directory ... OK
* checking data for non-ASCII characters ... OK
* checking data for ASCII and uncompressed saves ... OK
* checking files in ‘vignettes’ ... OK
* checking examples ... OK
* checking for unstated dependencies in ‘tests’ ... OK
* checking tests ...
Running ‘testthat.R’
OK
* checking for unstated dependencies in vignettes ... OK
* checking package vignettes ... OK
* checking re-building of vignette outputs ... OK
* checking PDF version of manual ... OK
* DONE
Status: 2 WARNINGs, 1 NOTE
See
‘/media/volume/teran2_disk/biocbuild/bbs-3.20-bioc/meat/omXplore.Rcheck/00check.log’
for details.
omXplore.Rcheck/00install.out
##############################################################################
##############################################################################
###
### Running command:
###
### /home/biocbuild/bbs-3.20-bioc/R/bin/R CMD INSTALL omXplore
###
##############################################################################
##############################################################################
* installing to library ‘/media/volume/teran2_disk/biocbuild/bbs-3.20-bioc/R/site-library’
* installing *source* package ‘omXplore’ ...
** using staged installation
** R
** data
** inst
** byte-compile and prepare package for lazy loading
Note: possible error in 'plots_tracking_server("tracker", ': unused argument (reset = reactive({
input$reset
}))
Note: possible error in 'omXplore_intensity_server("iplot", ': unused argument (reset = reactive({
input$reset
}))
** help
*** installing help indices
** building package indices
** installing vignettes
** testing if installed package can be loaded from temporary location
** testing if installed package can be loaded from final location
** testing if installed package keeps a record of temporary installation path
* DONE (omXplore)
omXplore.Rcheck/tests/testthat.Rout
R version 4.4.2 (2024-10-31) -- "Pile of Leaves"
Copyright (C) 2024 The R Foundation for Statistical Computing
Platform: x86_64-pc-linux-gnu
R is free software and comes with ABSOLUTELY NO WARRANTY.
You are welcome to redistribute it under certain conditions.
Type 'license()' or 'licence()' for distribution details.
R is a collaborative project with many contributors.
Type 'contributors()' for more information and
'citation()' on how to cite R or R packages in publications.
Type 'demo()' for some demos, 'help()' for on-line help, or
'help.start()' for an HTML browser interface to help.
Type 'q()' to quit R.
> library(testthat)
>
> test_check("omXplore")
Loading required package: omXplore
[ FAIL 0 | WARN 1 | SKIP 0 | PASS 0 ]
[ FAIL 0 | WARN 1 | SKIP 0 | PASS 0 ]
>
> proc.time()
user system elapsed
9.773 0.672 10.999
omXplore.Rcheck/omXplore-Ex.timings
| name | user | system | elapsed | |
| GetPkgVersion | 0.038 | 0.009 | 0.046 | |
| Prostar-1x-compatible | 0.002 | 0.001 | 0.002 | |
| accessors | 0.032 | 0.000 | 0.032 | |
| color-legend | 0.000 | 0.000 | 0.001 | |
| converters | 0 | 0 | 0 | |
| corrmatrix | 0 | 0 | 0 | |
| customChart | 0.001 | 0.000 | 0.000 | |
| customExportMenu_HC | 0 | 0 | 0 | |
| density-plot | 1.530 | 0.103 | 1.856 | |
| ds-cc | 0 | 0 | 0 | |
| ds-pca | 0.447 | 0.127 | 0.601 | |
| ds-view | 0 | 0 | 0 | |
| external_app | 0.001 | 0.000 | 0.000 | |
| format_DT | 0 | 0 | 0 | |
| globals | 0.000 | 0.001 | 0.001 | |
| intensity-plots | 0.000 | 0.000 | 0.001 | |
| is.listOf | 0 | 0 | 0 | |
| omXplore-modules | 0.000 | 0.001 | 0.001 | |
| omXplore_heatmap | 0 | 0 | 0 | |
| omXplore_tabExplorer | 0 | 0 | 0 | |
| palette | 0.005 | 0.001 | 0.006 | |
| pep_prot_CC | 0.097 | 0.012 | 0.109 | |
| pkgs.require | 0 | 0 | 0 | |
| plot-variance | 0 | 0 | 0 | |
| plots_tracking | 0.001 | 0.000 | 0.000 | |
| q_metadata | 0.020 | 0.001 | 0.021 | |