| Back to Multiple platform build/check report for BioC 3.20: simplified long |
|
This page was generated on 2025-04-02 19:30 -0400 (Wed, 02 Apr 2025).
| Hostname | OS | Arch (*) | R version | Installed pkgs |
|---|---|---|---|---|
| nebbiolo2 | Linux (Ubuntu 24.04.1 LTS) | x86_64 | 4.4.3 (2025-02-28) -- "Trophy Case" | 4764 |
| palomino8 | Windows Server 2022 Datacenter | x64 | 4.4.3 (2025-02-28 ucrt) -- "Trophy Case" | 4495 |
| merida1 | macOS 12.7.5 Monterey | x86_64 | 4.4.3 (2025-02-28) -- "Trophy Case" | 4522 |
| kjohnson1 | macOS 13.6.6 Ventura | arm64 | 4.4.3 (2025-02-28) -- "Trophy Case" | 4449 |
| taishan | Linux (openEuler 24.03 LTS) | aarch64 | 4.4.3 (2025-02-28) -- "Trophy Case" | 4426 |
| Click on any hostname to see more info about the system (e.g. compilers) (*) as reported by 'uname -p', except on Windows and Mac OS X | ||||
| Package 1063/2289 | Hostname | OS / Arch | INSTALL | BUILD | CHECK | BUILD BIN | ||||||||
| isobar 1.52.0 (landing page) Florian P Breitwieser
| nebbiolo2 | Linux (Ubuntu 24.04.1 LTS) / x86_64 | OK | OK | WARNINGS | |||||||||
| palomino8 | Windows Server 2022 Datacenter / x64 | OK | OK | WARNINGS | OK | |||||||||
| merida1 | macOS 12.7.5 Monterey / x86_64 | OK | OK | WARNINGS | OK | |||||||||
| kjohnson1 | macOS 13.6.6 Ventura / arm64 | OK | OK | WARNINGS | OK | |||||||||
| taishan | Linux (openEuler 24.03 LTS) / aarch64 | OK | OK | WARNINGS | ||||||||||
|
To the developers/maintainers of the isobar package: - Allow up to 24 hours (and sometimes 48 hours) for your latest push to git@git.bioconductor.org:packages/isobar.git to reflect on this report. See Troubleshooting Build Report for more information. - Use the following Renviron settings to reproduce errors and warnings. - If 'R CMD check' started to fail recently on the Linux builder(s) over a missing dependency, add the missing dependency to 'Suggests:' in your DESCRIPTION file. See Renviron.bioc for more information. |
| Package: isobar |
| Version: 1.52.0 |
| Command: F:\biocbuild\bbs-3.20-bioc\R\bin\R.exe CMD check --no-multiarch --install=check:isobar.install-out.txt --library=F:\biocbuild\bbs-3.20-bioc\R\library --no-vignettes --timings isobar_1.52.0.tar.gz |
| StartedAt: 2025-04-01 02:46:30 -0400 (Tue, 01 Apr 2025) |
| EndedAt: 2025-04-01 02:50:36 -0400 (Tue, 01 Apr 2025) |
| EllapsedTime: 245.6 seconds |
| RetCode: 0 |
| Status: WARNINGS |
| CheckDir: isobar.Rcheck |
| Warnings: 3 |
##############################################################################
##############################################################################
###
### Running command:
###
### F:\biocbuild\bbs-3.20-bioc\R\bin\R.exe CMD check --no-multiarch --install=check:isobar.install-out.txt --library=F:\biocbuild\bbs-3.20-bioc\R\library --no-vignettes --timings isobar_1.52.0.tar.gz
###
##############################################################################
##############################################################################
* using log directory 'F:/biocbuild/bbs-3.20-bioc/meat/isobar.Rcheck'
* using R version 4.4.3 (2025-02-28 ucrt)
* using platform: x86_64-w64-mingw32
* R was compiled by
gcc.exe (GCC) 13.3.0
GNU Fortran (GCC) 13.3.0
* running under: Windows Server 2022 x64 (build 20348)
* using session charset: UTF-8
* using option '--no-vignettes'
* checking for file 'isobar/DESCRIPTION' ... OK
* this is package 'isobar' version '1.52.0'
* checking package namespace information ... OK
* checking package dependencies ... OK
* checking if this is a source package ... OK
* checking if there is a namespace ... OK
* checking for hidden files and directories ... OK
* checking for portable file names ... OK
* checking whether package 'isobar' can be installed ... WARNING
Found the following significant warnings:
Note: possible error in 'png(sprintf("pairwise_correlation_%s.png", ': unused argument (title = "Pairwise Correlation plot")
See 'F:/biocbuild/bbs-3.20-bioc/meat/isobar.Rcheck/00install.out' for details.
Information on the location(s) of code generating the 'Note's can be
obtained by re-running with environment variable R_KEEP_PKG_SOURCE set
to 'yes'.
* checking installed package size ... OK
* checking package directory ... OK
* checking 'build' directory ... OK
* checking DESCRIPTION meta-information ... OK
* checking top-level files ... OK
* checking for left-over files ... OK
* checking index information ... OK
* checking package subdirectories ... OK
* checking code files for non-ASCII characters ... OK
* checking R files for syntax errors ... OK
* checking whether the package can be loaded ... OK
* checking whether the package can be loaded with stated dependencies ... OK
* checking whether the package can be unloaded cleanly ... OK
* checking whether the namespace can be loaded with stated dependencies ... OK
* checking whether the namespace can be unloaded cleanly ... OK
* checking whether startup messages can be suppressed ... OK
* checking dependencies in R code ... NOTE
There are ::: calls to the package's namespace in its code. A package
almost never needs to use ::: for its own objects:
'.as.matrix' '.as.vect' '.convertPeptideModif'
'.proteinGroupAsConciseDataFrame' '.read.idfile' '.sum.bool'
* checking S3 generic/method consistency ... OK
* checking replacement functions ... OK
* checking foreign function calls ... OK
* checking R code for possible problems ... NOTE
.calcProbXGreaterThanY.orig: no visible global function definition for
'd'
.plot.pairs: possible error in
png(sprintf("pairwise_correlation_%s.png", name), title = "Pairwise
Correlation plot", width = 1000, height = 1000, pointsize = 14):
unused argument (title = "Pairwise Correlation plot")
.read.peaklist: no visible binding for global variable 'type'
.round.distr: no visible global function definition for 'param'
.write.summarized.table: no visible binding for global variable 'name'
distrprint: no visible global function definition for 'param'
distrprint : <anonymous>: no visible global function definition for
'param'
shared.ratios.sign: no visible binding for global variable 'ratio'
shared.ratios.sign: no visible binding for global variable 'g'
spectra.count2: no visible binding for global variable 'peptide'
twodistr.plot: no visible global function definition for 'd'
ProteinGroup,data.frame-missing: no visible binding for global variable
'peptide'
coerce,IBSpectra-MSnSet: no visible global function definition for 'mz'
coerce,IBSpectra-MSnSet: no visible binding for global variable 'o'
coerce,MSnSet-IBSpectra: no visible global function definition for
'qual'
df,Tlsd: no visible global function definition for 'param'
estimateRatio,IBSpectra-ANY-missing-missing-character-missing: no
visible binding for global variable 'i'
estimateRatio,IBSpectra-ANY-missing-missing-missing-character: no
visible binding for global variable 'i'
estimateRatioNumeric,numeric-numeric-NoiseModel: no visible binding for
global variable 'center.var'
location,Tlsd: no visible global function definition for 'param'
plotRatio,IBSpectra-character-character-character: no visible binding
for global variable 'pch'
plotRatio,IBSpectra-character-character-character: no visible binding
for global variable 'noise.model.col'
plotRatio,IBSpectra-character-character-character: no visible binding
for global variable 'pch.p'
scale,Tlsd: no visible global function definition for 'param'
Undefined global functions or variables:
center.var d g i mz name noise.model.col o param pch pch.p peptide
qual ratio type
* checking Rd files ... WARNING
checkRd: (5) ProteinGroup-class.Rd:119-128: \item in \describe must have non-empty label
checkRd: (-1) getPhosphoRSProbabilities.Rd:83: Lost braces; missing escapes or markup?
83 | spectrum -> {peptide 1, peptides 2, ...} -> {peptide}.
| ^
checkRd: (-1) getPhosphoRSProbabilities.Rd:83: Lost braces; missing escapes or markup?
83 | spectrum -> {peptide 1, peptides 2, ...} -> {peptide}.
| ^
* checking Rd metadata ... OK
* checking Rd cross-references ... WARNING
Missing link or links in Rd file 'IBSpectra-class.Rd':
'[MSnbase]{MSnbase}'
See section 'Cross-references' in the 'Writing R Extensions' manual.
* checking for missing documentation entries ... OK
* checking for code/documentation mismatches ... OK
* checking Rd \usage sections ... NOTE
S3 methods shown with full name in Rd file 'peptide.count.Rd':
'sequence.coverage'
The \usage entries for S3 methods should use the \method markup and not
their full name.
See chapter 'Writing R documentation files' in the 'Writing R
Extensions' manual.
* checking Rd contents ... NOTE
Argument items with no description in Rd file 'maplot.protein.Rd':
'add'
* checking for unstated dependencies in examples ... OK
* checking contents of 'data' directory ... OK
* checking data for non-ASCII characters ... OK
* checking data for ASCII and uncompressed saves ... OK
* checking sizes of PDF files under 'inst/doc' ... OK
* checking files in 'vignettes' ... OK
* checking examples ... OK
Examples with CPU (user + system) or elapsed time > 5s
user system elapsed
NoiseModel-class 20.16 0.51 20.67
* checking for unstated dependencies in vignettes ... OK
* checking package vignettes ... OK
* checking running R code from vignettes ... SKIPPED
* checking re-building of vignette outputs ... SKIPPED
* checking PDF version of manual ... OK
* DONE
Status: 3 WARNINGs, 4 NOTEs
See
'F:/biocbuild/bbs-3.20-bioc/meat/isobar.Rcheck/00check.log'
for details.
isobar.Rcheck/00install.out
##############################################################################
##############################################################################
###
### Running command:
###
### F:\biocbuild\bbs-3.20-bioc\R\bin\R.exe CMD INSTALL isobar
###
##############################################################################
##############################################################################
* installing to library 'F:/biocbuild/bbs-3.20-bioc/R/library'
* installing *source* package 'isobar' ...
** using staged installation
** R
** data
** inst
** byte-compile and prepare package for lazy loading
in method for 'coerce' with signature '"MSnSet","IBSpectra"': no definition for class "MSnSet"
in method for 'coerce' with signature '"IBSpectra","MSnSet"': no definition for class "MSnSet"
Note: possible error in 'png(sprintf("pairwise_correlation_%s.png", ': unused argument (title = "Pairwise Correlation plot")
** help
*** installing help indices
** building package indices
** installing vignettes
** testing if installed package can be loaded from temporary location
** testing if installed package can be loaded from final location
** testing if installed package keeps a record of temporary installation path
* DONE (isobar)
isobar.Rcheck/isobar-Ex.timings
| name | user | system | elapsed | |
| IBSpectra-class | 0.76 | 0.03 | 0.80 | |
| NoiseModel-class | 20.16 | 0.51 | 20.67 | |
| ProteinGroup-class | 0.28 | 0.00 | 0.28 | |
| TlsParameter-class | 0 | 0 | 0 | |
| Tlsd-class | 0 | 0 | 0 | |
| calculate-pvalues | 0.05 | 0.00 | 0.05 | |
| calculate.dNSAF | 2.95 | 0.03 | 2.99 | |
| calculate.emPAI | 0.25 | 0.02 | 0.30 | |
| distr-methods | 0.07 | 0.00 | 0.07 | |
| fit-distr | 3.78 | 0.14 | 3.92 | |
| getPtmInfo | 0 | 0 | 0 | |
| groupMemberPeptides | 0.98 | 0.00 | 0.98 | |
| isobar-analysis | 0.19 | 0.05 | 0.24 | |
| isobar-data | 0.19 | 0.03 | 0.22 | |
| isobar-import | 0.95 | 0.08 | 1.03 | |
| isobar-log | 0.94 | 0.08 | 1.01 | |
| isobar-plots | 1.03 | 0.12 | 1.16 | |
| isobar-preprocessing | 1.22 | 0.17 | 1.39 | |
| number.ranges | 0 | 0 | 0 | |
| observedKnownSites | 0.33 | 0.02 | 0.34 | |
| peptide.count | 3.61 | 0.17 | 3.78 | |
| proteinInfo-methods | 0.19 | 0.06 | 0.25 | |
| proteinNameAndDescription | 0.3 | 0.0 | 0.3 | |
| ratio-summ | 0.34 | 0.02 | 0.36 | |
| sanitize | 0 | 0 | 0 | |
| spectra.count2 | 0.31 | 0.05 | 0.36 | |
| subsetIBSpectra | 1.99 | 0.07 | 2.06 | |
| utils | 0 | 0 | 0 | |