| Back to Multiple platform build/check report for BioC 3.20: simplified long |
|
This page was generated on 2024-06-11 15:40 -0400 (Tue, 11 Jun 2024).
| Hostname | OS | Arch (*) | R version | Installed pkgs |
|---|---|---|---|---|
| nebbiolo2 | Linux (Ubuntu 22.04.3 LTS) | x86_64 | 4.4.0 RC (2024-04-16 r86468) -- "Puppy Cup" | 4679 |
| palomino4 | Windows Server 2022 Datacenter | x64 | 4.4.0 RC (2024-04-16 r86468 ucrt) -- "Puppy Cup" | 4414 |
| merida1 | macOS 12.7.4 Monterey | x86_64 | 4.4.0 Patched (2024-04-24 r86482) -- "Puppy Cup" | 4441 |
| kjohnson1 | macOS 13.6.6 Ventura | arm64 | 4.4.0 Patched (2024-04-24 r86482) -- "Puppy Cup" | 4394 |
| Click on any hostname to see more info about the system (e.g. compilers) (*) as reported by 'uname -p', except on Windows and Mac OS X | ||||
| Package 833/2239 | Hostname | OS / Arch | INSTALL | BUILD | CHECK | BUILD BIN | ||||||||
| ggbio 1.53.0 (landing page) Michael Lawrence
| nebbiolo2 | Linux (Ubuntu 22.04.3 LTS) / x86_64 | OK | ERROR | skipped | |||||||||
| palomino4 | Windows Server 2022 Datacenter / x64 | OK | ERROR | skipped | skipped | |||||||||
| merida1 | macOS 12.7.4 Monterey / x86_64 | OK | ERROR | skipped | skipped | |||||||||
| kjohnson1 | macOS 13.6.6 Ventura / arm64 | OK | ERROR | skipped | skipped | |||||||||
|
To the developers/maintainers of the ggbio package: - Allow up to 24 hours (and sometimes 48 hours) for your latest push to git@git.bioconductor.org:packages/ggbio.git to reflect on this report. See Troubleshooting Build Report for more information. - Use the following Renviron settings to reproduce errors and warnings. - If 'R CMD check' started to fail recently on the Linux builder(s) over a missing dependency, add the missing dependency to 'Suggests:' in your DESCRIPTION file. See Renviron.bioc for more information. |
| Package: ggbio |
| Version: 1.53.0 |
| Command: chmod a+r ggbio -R && F:\biocbuild\bbs-3.20-bioc\R\bin\R.exe CMD build --keep-empty-dirs --no-resave-data ggbio |
| StartedAt: 2024-06-09 19:17:51 -0400 (Sun, 09 Jun 2024) |
| EndedAt: 2024-06-09 19:25:25 -0400 (Sun, 09 Jun 2024) |
| EllapsedTime: 454.0 seconds |
| RetCode: 1 |
| Status: ERROR |
| PackageFile: None |
| PackageFileSize: NA |
##############################################################################
##############################################################################
###
### Running command:
###
### chmod a+r ggbio -R && F:\biocbuild\bbs-3.20-bioc\R\bin\R.exe CMD build --keep-empty-dirs --no-resave-data ggbio
###
##############################################################################
##############################################################################
* checking for file 'ggbio/DESCRIPTION' ... OK
* preparing 'ggbio':
* checking DESCRIPTION meta-information ... OK
* installing the package to build vignettes
* creating vignettes ... ERROR
--- re-building 'ggbio.Rnw' using Sweave
--- finished re-building 'ggbio.Rnw'
cp realvignettes/*.Rnw .
F:/biocbuild/bbs-3.20-bioc/R/bin/Rscript -e "library(knitr); knit2pdf('ggbio.Rnw')"
processing file: ggbio.Rnw
1/125
2/125 [style-knitr]
3/125
4/125 [setup]
5/125
6/125 [citation]
7/125
8/125 [unnamed-chunk-1]
9/125
10/125 [unnamed-chunk-2]
11/125
12/125 [unnamed-chunk-3]
13/125
14/125 [unnamed-chunk-4]
pdftex: major issue: User/administrator updates are out-of-sync.
pdfcrop: major issue: User/administrator updates are out-of-sync.
pdftex: major issue: User/administrator updates are out-of-sync.
pdfcrop: major issue: User/administrator updates are out-of-sync.
15/125
16/125 [unnamed-chunk-5]
pdftex: major issue: User/administrator updates are out-of-sync.
pdfcrop: major issue: User/administrator updates are out-of-sync.
pdftex: major issue: User/administrator updates are out-of-sync.
pdfcrop: major issue: User/administrator updates are out-of-sync.
17/125
18/125 [unnamed-chunk-6]
pdftex: major issue: User/administrator updates are out-of-sync.
pdfcrop: major issue: User/administrator updates are out-of-sync.
19/125
20/125 [unnamed-chunk-7]
pdftex: major issue: User/administrator updates are out-of-sync.
pdfcrop: major issue: User/administrator updates are out-of-sync.
21/125
22/125 [unnamed-chunk-8]
pdftex: major issue: User/administrator updates are out-of-sync.
pdfcrop: major issue: User/administrator updates are out-of-sync.
23/125
24/125 [unnamed-chunk-9]
pdftex: major issue: User/administrator updates are out-of-sync.
pdfcrop: major issue: User/administrator updates are out-of-sync.
25/125
26/125 [unnamed-chunk-10]
pdftex: major issue: User/administrator updates are out-of-sync.
pdfcrop: major issue: User/administrator updates are out-of-sync.
27/125
28/125 [unnamed-chunk-11]
pdftex: major issue: User/administrator updates are out-of-sync.
pdfcrop: major issue: User/administrator updates are out-of-sync.
29/125
30/125 [unnamed-chunk-12]
pdftex: major issue: User/administrator updates are out-of-sync.
pdfcrop: major issue: User/administrator updates are out-of-sync.
31/125
32/125 [unnamed-chunk-13]
pdftex: major issue: User/administrator updates are out-of-sync.
pdfcrop: major issue: User/administrator updates are out-of-sync.
33/125
34/125 [unnamed-chunk-14]
35/125
36/125 [unnamed-chunk-15]
pdftex: major issue: User/administrator updates are out-of-sync.
pdfcrop: major issue: User/administrator updates are out-of-sync.
pdftex: major issue: User/administrator updates are out-of-sync.
pdfcrop: major issue: User/administrator updates are out-of-sync.
37/125
38/125 [unnamed-chunk-16]
pdftex: major issue: User/administrator updates are out-of-sync.
pdfcrop: major issue: User/administrator updates are out-of-sync.
pdftex: major issue: User/administrator updates are out-of-sync.
pdfcrop: major issue: User/administrator updates are out-of-sync.
pdftex: major issue: User/administrator updates are out-of-sync.
pdfcrop: major issue: User/administrator updates are out-of-sync.
pdftex: major issue: User/administrator updates are out-of-sync.
pdfcrop: major issue: User/administrator updates are out-of-sync.
39/125
40/125 [unnamed-chunk-17]
41/125
42/125 [unnamed-chunk-18]
pdftex: major issue: User/administrator updates are out-of-sync.
pdfcrop: major issue: User/administrator updates are out-of-sync.
43/125
44/125 [unnamed-chunk-19]
pdftex: major issue: User/administrator updates are out-of-sync.
pdfcrop: major issue: User/administrator updates are out-of-sync.
45/125
46/125 [unnamed-chunk-20]
pdftex: major issue: User/administrator updates are out-of-sync.
pdfcrop: major issue: User/administrator updates are out-of-sync.
47/125
48/125 [unnamed-chunk-21]
pdftex: major issue: User/administrator updates are out-of-sync.
pdfcrop: major issue: User/administrator updates are out-of-sync.
pdftex: major issue: User/administrator updates are out-of-sync.
pdfcrop: major issue: User/administrator updates are out-of-sync.
49/125
50/125 [unnamed-chunk-22]
pdftex: major issue: User/administrator updates are out-of-sync.
pdfcrop: major issue: User/administrator updates are out-of-sync.
pdftex: major issue: User/administrator updates are out-of-sync.
pdfcrop: major issue: User/administrator updates are out-of-sync.
pdftex: major issue: User/administrator updates are out-of-sync.
pdfcrop: major issue: User/administrator updates are out-of-sync.
51/125
52/125 [unnamed-chunk-23]
53/125
54/125 [unnamed-chunk-24]
pdftex: major issue: User/administrator updates are out-of-sync.
pdfcrop: major issue: User/administrator updates are out-of-sync.
55/125
56/125 [unnamed-chunk-25]
pdftex: major issue: User/administrator updates are out-of-sync.
pdfcrop: major issue: User/administrator updates are out-of-sync.
57/125
58/125 [unnamed-chunk-26]
59/125
60/125 [processing]
61/125
62/125 [unnamed-chunk-27]
pdftex: major issue: User/administrator updates are out-of-sync.
pdfcrop: major issue: User/administrator updates are out-of-sync.
63/125
64/125 [unnamed-chunk-28]
pdftex: major issue: User/administrator updates are out-of-sync.
pdfcrop: major issue: User/administrator updates are out-of-sync.
65/125
66/125 [unnamed-chunk-29]
pdftex: major issue: User/administrator updates are out-of-sync.
pdfcrop: major issue: User/administrator updates are out-of-sync.
67/125
68/125 [lower-mut-track]
pdftex: major issue: User/administrator updates are out-of-sync.
pdfcrop: major issue: User/administrator updates are out-of-sync.
69/125
70/125 [unnamed-chunk-30]
71/125
72/125 [subset-crc-1]
73/125
74/125 [lower-point-track]
pdftex: major issue: User/administrator updates are out-of-sync.
pdfcrop: major issue: User/administrator updates are out-of-sync.
75/125
76/125 [lower-link-track]
pdftex: major issue: User/administrator updates are out-of-sync.
pdfcrop: major issue: User/administrator updates are out-of-sync.
77/125
78/125 [unnamed-chunk-31]
pdftex: major issue: User/administrator updates are out-of-sync.
pdfcrop: major issue: User/administrator updates are out-of-sync.
79/125
80/125 [arrangement]
81/125
82/125 [simple-wrapper]
pdftex: major issue: User/administrator updates are out-of-sync.
pdfcrop: major issue: User/administrator updates are out-of-sync.
83/125
84/125 [simul_snp]
85/125
86/125 [line]
pdftex: major issue: User/administrator updates are out-of-sync.
pdfcrop: major issue: User/administrator updates are out-of-sync.
87/125
88/125 [morecolor2]
pdftex: major issue: User/administrator updates are out-of-sync.
pdfcrop: major issue: User/administrator updates are out-of-sync.
89/125
90/125 [unnamed-chunk-32]
pdftex: major issue: User/administrator updates are out-of-sync.
pdfcrop: major issue: User/administrator updates are out-of-sync.
91/125
92/125 [unnamed-chunk-33]
pdftex: major issue: User/administrator updates are out-of-sync.
pdfcrop: major issue: User/administrator updates are out-of-sync.
93/125
94/125 [unnamed-chunk-34]
pdftex: major issue: User/administrator updates are out-of-sync.
pdfcrop: major issue: User/administrator updates are out-of-sync.
95/125
96/125 [unnamed-chunk-35]
pdftex: major issue: User/administrator updates are out-of-sync.
pdfcrop: major issue: User/administrator updates are out-of-sync.
97/125
98/125 [unnamed-chunk-36]
pdftex: major issue: User/administrator updates are out-of-sync.
pdfcrop: major issue: User/administrator updates are out-of-sync.
99/125
100/125 [load-RNAediting]
pdftex: major issue: User/administrator updates are out-of-sync.
pdfcrop: major issue: User/administrator updates are out-of-sync.
101/125
102/125 [load-RNAediting-color]
pdftex: major issue: User/administrator updates are out-of-sync.
pdfcrop: major issue: User/administrator updates are out-of-sync.
103/125
104/125 [unnamed-chunk-37]
pdftex: major issue: User/administrator updates are out-of-sync.
pdfcrop: major issue: User/administrator updates are out-of-sync.
105/125
106/125 [unnamed-chunk-38]
107/125
108/125 [unnamed-chunk-39]
pdftex: major issue: User/administrator updates are out-of-sync.
pdfcrop: major issue: User/administrator updates are out-of-sync.
109/125
110/125 [edit-space]
pdftex: major issue: User/administrator updates are out-of-sync.
pdfcrop: major issue: User/administrator updates are out-of-sync.
111/125
112/125 [unnamed-chunk-40]
pdftex: major issue: User/administrator updates are out-of-sync.
pdfcrop: major issue: User/administrator updates are out-of-sync.
113/125
114/125 [unnamed-chunk-41]
115/125
116/125 [unnamed-chunk-42]
pdftex: major issue: User/administrator updates are out-of-sync.
pdfcrop: major issue: User/administrator updates are out-of-sync.
117/125
118/125 [unnamed-chunk-43]
pdftex: major issue: User/administrator updates are out-of-sync.
pdfcrop: major issue: User/administrator updates are out-of-sync.
pdftex: major issue: User/administrator updates are out-of-sync.
pdfcrop: major issue: User/administrator updates are out-of-sync.
pdftex: major issue: User/administrator updates are out-of-sync.
pdfcrop: major issue: User/administrator updates are out-of-sync.
pdftex: major issue: User/administrator updates are out-of-sync.
pdfcrop: major issue: User/administrator updates are out-of-sync.
119/125
120/125 [unnamed-chunk-44]
pdftex: major issue: User/administrator updates are out-of-sync.
pdfcrop: major issue: User/administrator updates are out-of-sync.
pdftex: major issue: User/administrator updates are out-of-sync.
pdfcrop: major issue: User/administrator updates are out-of-sync.
121/125
122/125 [unnamed-chunk-45]
123/125
124/125 [session-info]
125/125
output file: ggbio.tex
! Package xcolor Error: Undefined color `fgcolor'.
! pdflatex: major issue: User/administrator updates are out-of-sync.
Error: LaTeX failed to compile ggbio.tex. See https://yihui.org/tinytex/r/#debugging for debugging tips. See ggbio.log for more info.
Execution halted
make: *** [Makefile:15: ggbio.pdf] Error 1
Error in tools::buildVignettes(dir = ".", tangle = TRUE) :
running 'make' failed
Execution halted