| Back to Multiple platform build/check report for BioC 3.20: simplified long | 
 | 
This page was generated on 2024-11-20 12:07 -0500 (Wed, 20 Nov 2024).
| Hostname | OS | Arch (*) | R version | Installed pkgs | 
|---|---|---|---|---|
| teran2 | Linux (Ubuntu 24.04.1 LTS) | x86_64 | 4.4.2 (2024-10-31) -- "Pile of Leaves" | 4481 | 
| nebbiolo2 | Linux (Ubuntu 24.04.1 LTS) | x86_64 | 4.4.2 (2024-10-31) -- "Pile of Leaves" | 4479 | 
| palomino8 | Windows Server 2022 Datacenter | x64 | 4.4.2 (2024-10-31 ucrt) -- "Pile of Leaves" | 4359 | 
| lconway | macOS 12.7.1 Monterey | x86_64 | 4.4.1 (2024-06-14) -- "Race for Your Life" | 4539 | 
| kunpeng2 | Linux (openEuler 22.03 LTS-SP1) | aarch64 | 4.4.1 (2024-06-14) -- "Race for Your Life" | 4493 | 
| Click on any hostname to see more info about the system (e.g. compilers) (*) as reported by 'uname -p', except on Windows and Mac OS X | ||||
| Package 515/2289 | Hostname | OS / Arch | INSTALL | BUILD | CHECK | BUILD BIN | ||||||||
| debrowser 1.34.0  (landing page) Alper Kucukural 
 | teran2 | Linux (Ubuntu 24.04.1 LTS) / x86_64 | OK | OK | OK |  | ||||||||
| nebbiolo2 | Linux (Ubuntu 24.04.1 LTS) / x86_64 | OK | ERROR | skipped | ||||||||||
| palomino8 | Windows Server 2022 Datacenter / x64 | OK | ERROR | skipped | skipped | |||||||||
| lconway | macOS 12.7.1 Monterey / x86_64 | OK | OK | OK | OK |  | ||||||||
| kunpeng2 | Linux (openEuler 22.03 LTS-SP1) / aarch64 | OK | ERROR | skipped | ||||||||||
| To the developers/maintainers of the debrowser package: - Allow up to 24 hours (and sometimes 48 hours) for your latest push to git@git.bioconductor.org:packages/debrowser.git to reflect on this report. See Troubleshooting Build Report for more information. - Use the following Renviron settings to reproduce errors and warnings. - If 'R CMD check' started to fail recently on the Linux builder(s) over a missing dependency, add the missing dependency to 'Suggests:' in your DESCRIPTION file. See Renviron.bioc for more information. - See Martin Grigorov's blog post for how to debug Linux ARM64 related issues on a x86_64 host. | 
| Package: debrowser | 
| Version: 1.34.0 | 
| Command: /home/biocbuild/R/R/bin/R CMD build --keep-empty-dirs --no-resave-data debrowser | 
| StartedAt: 2024-11-20 00:09:47 -0000 (Wed, 20 Nov 2024) | 
| EndedAt: 2024-11-20 00:11:14 -0000 (Wed, 20 Nov 2024) | 
| EllapsedTime: 87.1 seconds | 
| RetCode: 1 | 
| Status: ERROR | 
| PackageFile: None | 
| PackageFileSize: NA | 
##############################################################################
##############################################################################
###
### Running command:
###
###   /home/biocbuild/R/R/bin/R CMD build --keep-empty-dirs --no-resave-data debrowser
###
##############################################################################
##############################################################################
* checking for file ‘debrowser/DESCRIPTION’ ... OK
* preparing ‘debrowser’:
* checking DESCRIPTION meta-information ... OK
* installing the package to build vignettes
* creating vignettes ... ERROR
--- re-building ‘DEBrowser.Rmd’ using rmarkdown
Could not fetch https://umms.dolphinnext.com/pub/debrowser/debrowser_pics2/data_load.png
HttpExceptionRequest Request {
  host                 = "umms.dolphinnext.com"
  port                 = 443
  secure               = True
  requestHeaders       = []
  path                 = "/pub/debrowser/debrowser_pics2/data_load.png"
  queryString          = ""
  method               = "GET"
  proxy                = Nothing
  rawBody              = False
  redirectCount        = 10
  responseTimeout      = ResponseTimeoutDefault
  requestVersion       = HTTP/1.1
  proxySecureMode      = ProxySecureWithConnect
}
 (InternalException Network.Socket.recvBuf: resource vanished (Connection reset by peer))
Error: processing vignette 'DEBrowser.Rmd' failed with diagnostics:
pandoc document conversion failed with error 61
--- failed re-building ‘DEBrowser.Rmd’
SUMMARY: processing the following file failed:
  ‘DEBrowser.Rmd’
Error: Vignette re-building failed.
Execution halted