| Back to Multiple platform build/check report for BioC 3.20: simplified long |
|
This page was generated on 2025-04-02 19:35 -0400 (Wed, 02 Apr 2025).
| Hostname | OS | Arch (*) | R version | Installed pkgs |
|---|---|---|---|---|
| nebbiolo2 | Linux (Ubuntu 24.04.1 LTS) | x86_64 | 4.4.3 (2025-02-28) -- "Trophy Case" | 4764 |
| palomino8 | Windows Server 2022 Datacenter | x64 | 4.4.3 (2025-02-28 ucrt) -- "Trophy Case" | 4495 |
| merida1 | macOS 12.7.5 Monterey | x86_64 | 4.4.3 (2025-02-28) -- "Trophy Case" | 4522 |
| kjohnson1 | macOS 13.6.6 Ventura | arm64 | 4.4.3 (2025-02-28) -- "Trophy Case" | 4449 |
| taishan | Linux (openEuler 24.03 LTS) | aarch64 | 4.4.3 (2025-02-28) -- "Trophy Case" | 4426 |
| Click on any hostname to see more info about the system (e.g. compilers) (*) as reported by 'uname -p', except on Windows and Mac OS X | ||||
| Package 413/2289 | Hostname | OS / Arch | INSTALL | BUILD | CHECK | BUILD BIN | ||||||||
| coMET 1.38.0 (landing page) Tiphaine Martin
| nebbiolo2 | Linux (Ubuntu 24.04.1 LTS) / x86_64 | OK | OK | ERROR | |||||||||
| palomino8 | Windows Server 2022 Datacenter / x64 | OK | OK | ERROR | OK | |||||||||
| merida1 | macOS 12.7.5 Monterey / x86_64 | OK | OK | WARNINGS | OK | |||||||||
| kjohnson1 | macOS 13.6.6 Ventura / arm64 | OK | OK | ERROR | OK | |||||||||
| taishan | Linux (openEuler 24.03 LTS) / aarch64 | OK | OK | ERROR | ||||||||||
|
To the developers/maintainers of the coMET package: - Allow up to 24 hours (and sometimes 48 hours) for your latest push to git@git.bioconductor.org:packages/coMET.git to reflect on this report. See Troubleshooting Build Report for more information. - Use the following Renviron settings to reproduce errors and warnings. - If 'R CMD check' started to fail recently on the Linux builder(s) over a missing dependency, add the missing dependency to 'Suggests:' in your DESCRIPTION file. See Renviron.bioc for more information. - See Martin Grigorov's blog post for how to debug Linux ARM64 related issues on a x86_64 host. |
| Package: coMET |
| Version: 1.38.0 |
| Command: /home/biocbuild/R/R/bin/R CMD check --install=check:coMET.install-out.txt --library=/home/biocbuild/R/R/site-library --no-vignettes --timings coMET_1.38.0.tar.gz |
| StartedAt: 2025-04-01 05:16:01 -0000 (Tue, 01 Apr 2025) |
| EndedAt: 2025-04-01 05:28:01 -0000 (Tue, 01 Apr 2025) |
| EllapsedTime: 719.5 seconds |
| RetCode: 1 |
| Status: ERROR |
| CheckDir: coMET.Rcheck |
| Warnings: NA |
##############################################################################
##############################################################################
###
### Running command:
###
### /home/biocbuild/R/R/bin/R CMD check --install=check:coMET.install-out.txt --library=/home/biocbuild/R/R/site-library --no-vignettes --timings coMET_1.38.0.tar.gz
###
##############################################################################
##############################################################################
* using log directory ‘/home/biocbuild/bbs-3.20-bioc/meat/coMET.Rcheck’
* using R version 4.4.3 (2025-02-28)
* using platform: aarch64-unknown-linux-gnu
* R was compiled by
aarch64-unknown-linux-gnu-gcc (GCC) 14.2.0
GNU Fortran (GCC) 14.2.0
* running under: openEuler 24.03 (LTS)
* using session charset: UTF-8
* using option ‘--no-vignettes’
* checking for file ‘coMET/DESCRIPTION’ ... OK
* checking extension type ... Package
* this is package ‘coMET’ version ‘1.38.0’
* checking package namespace information ... OK
* checking package dependencies ... OK
* checking if this is a source package ... OK
* checking if there is a namespace ... OK
* checking for hidden files and directories ... OK
* checking for portable file names ... OK
* checking for sufficient/correct file permissions ... OK
* checking whether package ‘coMET’ can be installed ... WARNING
Found the following significant warnings:
Warning: replacing previous import 'utils::findMatches' by 'S4Vectors::findMatches' when loading 'coMET'
See ‘/home/biocbuild/bbs-3.20-bioc/meat/coMET.Rcheck/00install.out’ for details.
* checking installed package size ... NOTE
installed size is 19.0Mb
sub-directories of 1Mb or more:
data 7.6Mb
extdata 10.7Mb
* checking package directory ... OK
* checking ‘build’ directory ... OK
* checking DESCRIPTION meta-information ... OK
* checking top-level files ... NOTE
File
LICENSE
is not mentioned in the DESCRIPTION file.
* checking for left-over files ... OK
* checking index information ... OK
* checking package subdirectories ... OK
* checking code files for non-ASCII characters ... OK
* checking R files for syntax errors ... OK
* checking whether the package can be loaded ... OK
* checking whether the package can be loaded with stated dependencies ... OK
* checking whether the package can be unloaded cleanly ... OK
* checking whether the namespace can be loaded with stated dependencies ... OK
* checking whether the namespace can be unloaded cleanly ... OK
* checking loading without being on the library search path ... OK
* checking dependencies in R code ... OK
* checking S3 generic/method consistency ... OK
* checking replacement functions ... OK
* checking foreign function calls ... OK
* checking R code for possible problems ... NOTE
draw.plot.annotation : <anonymous>: no visible global function
definition for 'ggplotGrob'
draw.plot.annotation: no visible global function definition for
'viewTracks'
draw.plot.annotation: no visible global function definition for
'trackList'
eQTL: no visible binding for global variable 'chromosome_stop'
eQTL: no visible binding for global variable 'chromosome_start'
eQTL: no visible binding for global variable 'chromosome_name'
eQTL_GTEx: no visible binding for global variable 'snp_pos'
eQTL_GTEx: no visible binding for global variable 'snp_chrom'
eQTL_GTEx: no visible binding for global variable 'gene_start'
eQTL_GTEx: no visible binding for global variable 'gene_stop'
eQTL_GTEx: no visible binding for global variable 'gene_chr'
geneExpression_GTEx: no visible global function definition for 'as'
metQTL: no visible binding for global variable 'chromosome_stop'
metQTL: no visible binding for global variable 'chromosome_start'
metQTL: no visible binding for global variable 'chromosome_name'
pizza: no visible global function definition for 'par'
pizza: no visible global function definition for 'plot.new'
pizza: no visible global function definition for 'plot.window'
pizza: no visible global function definition for 'polygon'
pizza: no visible global function definition for 'lines'
pizza: no visible global function definition for 'text'
psiQTL_GTEx: no visible binding for global variable 'pos_snp'
psiQTL_GTEx: no visible binding for global variable 'chr_snp'
psiQTL_GTEx: no visible binding for global variable 'pos_middle_exon'
psiQTL_GTEx: no visible binding for global variable 'chr_exon'
Undefined global functions or variables:
as chr_exon chr_snp chromosome_name chromosome_start chromosome_stop
gene_chr gene_start gene_stop ggplotGrob lines par plot.new
plot.window polygon pos_middle_exon pos_snp snp_chrom snp_pos text
trackList viewTracks
Consider adding
importFrom("graphics", "lines", "par", "plot.new", "plot.window",
"polygon", "text")
importFrom("methods", "as")
to your NAMESPACE file (and ensure that your DESCRIPTION Imports field
contains 'methods').
* checking Rd files ... NOTE
checkRd: (-1) ChIPTF_ENCODE.Rd:36: Escaped LaTeX specials: \#
* checking Rd metadata ... OK
* checking Rd cross-references ... OK
* checking for missing documentation entries ... OK
* checking for code/documentation mismatches ... OK
* checking Rd \usage sections ... NOTE
Objects in \usage without \alias in Rd file 'check.configVar.cometlist.Rd':
‘check.configVar.cometlist’
Functions with \usage entries need to have the appropriate \alias
entries, and all their arguments documented.
The \usage entries must correspond to syntactically valid R code.
See chapter ‘Writing R documentation files’ in the ‘Writing R
Extensions’ manual.
* checking Rd contents ... OK
* checking for unstated dependencies in examples ... OK
* checking contents of ‘data’ directory ... OK
* checking data for non-ASCII characters ... OK
* checking data for ASCII and uncompressed saves ... OK
* checking files in ‘vignettes’ ... OK
* checking examples ... ERROR
Running examples in ‘coMET-Ex.R’ failed
The error most likely occurred in:
> base::assign(".ptime", proc.time(), pos = "CheckExEnv")
> ### Name: imprintedGenes_GTEx
> ### Title: Creates a imprinted genes track from GTEx
> ### Aliases: imprintedGenes_GTEx
> ### Keywords: hplot
>
> ### ** Examples
>
> library("Gviz")
> gen<-"hg19"
> chr<- "chr6"
> start <- 144251437
> end <- 144330541
>
> if(interactive()){
+ allIGtrack <- imprintedGenes_GTEx(gen,chr,start, end,
+ tissues="all", classification="imprinted",showId=TRUE)
+ allimprintedIGtrack <- imprintedGenes_GTEx(gen,chr,start, end,
+ tissues="all", classification="imprinted",showId=TRUE)
+ StomachIGtrack <-imprintedGenes_GTEx(gen,chr,start, end,
+ tissues="Stomach", classification="all",showId=TRUE)
+ PancreasIGtrack <- imprintedGenes_GTEx(gen,chr,start, end,
+ tissues="Pancreas", classification="all",showId=TRUE)
+ PancreasimprintedIGtrack <- imprintedGenes_GTEx(gen,chr,start, end,
+ tissues="Pancreas", classification="biallelic",showId=TRUE)
+
+ imprintinglist <- list(allIGtrack,allimprintedIGtrack,
+ StomachIGtrack,PancreasIGtrack,PancreasimprintedIGtrack)
+
+ plotTracks(imprintinglist, from = start, to = end,
+ fontfamily="sans",fontfamily.title="sans")
+
+ } else {
+
+ data(allIGtrack)
+ data(allimprintedIGtrack)
+ data(StomachIGtrack)
+ data(PancreasIGtrack)
+ data(PancreasimprintedIGtrack)
+
+ imprintinglist <- list(allIGtrack,allimprintedIGtrack,
+ StomachIGtrack,PancreasIGtrack,PancreasimprintedIGtrack)
+
+ plotTracks(imprintinglist, from = start, to = end,
+ fontfamily="sans",fontfamily.title="sans")
+ }
Error in do.call(c, obj@http_config) :
no slot of name "http_config" for this object of class "Mart"
Calls: plotTracks ... list2 -> martHTTPConfig -> martHTTPConfig -> do.call
Execution halted
* checking for unstated dependencies in ‘tests’ ... OK
* checking tests ...
Running ‘runTests.R’
OK
* checking for unstated dependencies in vignettes ... OK
* checking package vignettes ... OK
* checking running R code from vignettes ... SKIPPED
* checking re-building of vignette outputs ... SKIPPED
* checking PDF version of manual ... OK
* DONE
Status: 1 ERROR, 1 WARNING, 5 NOTEs
See
‘/home/biocbuild/bbs-3.20-bioc/meat/coMET.Rcheck/00check.log’
for details.
coMET.Rcheck/00install.out
############################################################################## ############################################################################## ### ### Running command: ### ### /home/biocbuild/R/R/bin/R CMD INSTALL coMET ### ############################################################################## ############################################################################## * installing to library ‘/home/biocbuild/R/R-4.4.3/site-library’ * installing *source* package ‘coMET’ ... ** using staged installation ** R ** data ** inst ** byte-compile and prepare package for lazy loading Warning: replacing previous import 'utils::findMatches' by 'S4Vectors::findMatches' when loading 'coMET' ** help *** installing help indices ** building package indices ** installing vignettes ** testing if installed package can be loaded from temporary location Warning: replacing previous import 'utils::findMatches' by 'S4Vectors::findMatches' when loading 'coMET' ** testing if installed package can be loaded from final location Warning: replacing previous import 'utils::findMatches' by 'S4Vectors::findMatches' when loading 'coMET' ** testing if installed package keeps a record of temporary installation path * DONE (coMET)
coMET.Rcheck/tests/runTests.Rout
R version 4.4.3 (2025-02-28) -- "Trophy Case"
Copyright (C) 2025 The R Foundation for Statistical Computing
Platform: aarch64-unknown-linux-gnu
R is free software and comes with ABSOLUTELY NO WARRANTY.
You are welcome to redistribute it under certain conditions.
Type 'license()' or 'licence()' for distribution details.
R is a collaborative project with many contributors.
Type 'contributors()' for more information and
'citation()' on how to cite R or R packages in publications.
Type 'demo()' for some demos, 'help()' for on-line help, or
'help.start()' for an HTML browser interface to help.
Type 'q()' to quit R.
> require("coMET") || stop("unable to load Package:coMET")
Loading required package: coMET
Loading required package: grid
Loading required package: biomaRt
Loading required package: Gviz
Loading required package: S4Vectors
Loading required package: stats4
Loading required package: BiocGenerics
Attaching package: 'BiocGenerics'
The following objects are masked from 'package:stats':
IQR, mad, sd, var, xtabs
The following objects are masked from 'package:base':
Filter, Find, Map, Position, Reduce, anyDuplicated, aperm, append,
as.data.frame, basename, cbind, colnames, dirname, do.call,
duplicated, eval, evalq, get, grep, grepl, intersect, is.unsorted,
lapply, mapply, match, mget, order, paste, pmax, pmax.int, pmin,
pmin.int, rank, rbind, rownames, sapply, saveRDS, setdiff, table,
tapply, union, unique, unsplit, which.max, which.min
Attaching package: 'S4Vectors'
The following object is masked from 'package:utils':
findMatches
The following objects are masked from 'package:base':
I, expand.grid, unname
Loading required package: IRanges
Loading required package: GenomicRanges
Loading required package: GenomeInfoDb
Loading required package: psych
Attaching package: 'psych'
The following object is masked from 'package:GenomicRanges':
distance
The following objects are masked from 'package:IRanges':
distance, reflect
[1] TRUE
Warning message:
replacing previous import 'utils::findMatches' by 'S4Vectors::findMatches' when loading 'coMET'
> BiocGenerics:::testPackage("coMET")
RUNIT TEST PROTOCOL -- Tue Apr 1 05:27:54 2025
***********************************************
Number of test functions: 1
Number of errors: 0
Number of failures: 0
1 Test Suite :
coMET RUnit Tests - 1 test function, 0 errors, 0 failures
Number of test functions: 1
Number of errors: 0
Number of failures: 0
>
> proc.time()
user system elapsed
19.223 1.406 20.671
coMET.Rcheck/coMET-Ex.timings
| name | user | system | elapsed | |
| COSMIC_UCSC | 2.430 | 0.120 | 2.556 | |
| ChIPTF_ENCODE | 1.128 | 0.024 | 1.155 | |
| ClinVarCnv_UCSC | 0.640 | 0.016 | 0.658 | |
| ClinVarMain_UCSC | 0.625 | 0.004 | 0.631 | |
| CoreillCNV_UCSC | 0.635 | 0.028 | 0.664 | |
| DNAse_UCSC | 0.001 | 0.000 | 0.000 | |
| DNaseI_FANTOM | 0.885 | 0.008 | 0.895 | |
| DNaseI_RoadMap | 0.266 | 0.004 | 0.271 | |
| GAD_UCSC | 0.650 | 0.020 | 0.672 | |
| GWAScatalog_UCSC | 0.492 | 0.000 | 0.494 | |
| GeneReviews_UCSC | 0.781 | 0.000 | 0.784 | |
| HiCdata2matrix | 0.037 | 0.000 | 0.039 | |
| HistoneAll_UCSC | 6.401 | 0.079 | 6.498 | |
| HistoneOne_UCSC | 0.552 | 0.011 | 0.566 | |
| ISCA_UCSC | 0.675 | 0.016 | 0.693 | |
| TFBS_FANTOM | 0.731 | 0.000 | 0.732 | |
| bindingMotifsBiomart_ENSEMBL | 0.201 | 0.004 | 0.206 | |
| chrUCSC2ENSEMBL | 0.000 | 0.000 | 0.001 | |
| chromHMM_RoadMap | 0.996 | 0.024 | 1.023 | |
| chromatinHMMAll_UCSC | 6.576 | 0.052 | 6.646 | |
| chromatinHMMOne_UCSC | 0.700 | 0.000 | 0.702 | |
| coMET-package | 8.862 | 1.001 | 96.270 | |
| col2HSV | 0.001 | 0.000 | 0.000 | |
| comet | 5.548 | 0.355 | 5.918 | |
| comet.list | 1.141 | 0.036 | 1.181 | |
| comet.web | 9.472 | 1.978 | 84.751 | |
| complementary | 0.022 | 0.011 | 0.034 | |
| cpgIslands_UCSC | 0.196 | 0.031 | 0.232 | |
| dgfootprints_RoadMap | 1.041 | 0.258 | 1.315 | |
| eQTL | 2.189 | 0.071 | 2.267 | |
| eQTL_GTEx | 1.858 | 0.016 | 1.879 | |
| gcContent_UCSC | 1.343 | 0.717 | 2.066 | |
| genesName_ENSEMBL | 0.003 | 0.000 | 0.004 | |
| genes_ENSEMBL | 1.125 | 0.032 | 1.160 | |