| Back to Multiple platform build/check report for BioC 3.20: simplified long | 
 | 
This page was generated on 2025-04-02 19:35 -0400 (Wed, 02 Apr 2025).
| Hostname | OS | Arch (*) | R version | Installed pkgs | 
|---|---|---|---|---|
| nebbiolo2 | Linux (Ubuntu 24.04.1 LTS) | x86_64 | 4.4.3 (2025-02-28) -- "Trophy Case" | 4764 | 
| palomino8 | Windows Server 2022 Datacenter | x64 | 4.4.3 (2025-02-28 ucrt) -- "Trophy Case" | 4495 | 
| merida1 | macOS 12.7.5 Monterey | x86_64 | 4.4.3 (2025-02-28) -- "Trophy Case" | 4522 | 
| kjohnson1 | macOS 13.6.6 Ventura | arm64 | 4.4.3 (2025-02-28) -- "Trophy Case" | 4449 | 
| taishan | Linux (openEuler 24.03 LTS) | aarch64 | 4.4.3 (2025-02-28) -- "Trophy Case" | 4426 | 
| Click on any hostname to see more info about the system (e.g. compilers) (*) as reported by 'uname -p', except on Windows and Mac OS X | ||||
| Package 158/2289 | Hostname | OS / Arch | INSTALL | BUILD | CHECK | BUILD BIN | ||||||||
| benchdamic 1.12.2  (landing page) Matteo Calgaro 
 | nebbiolo2 | Linux (Ubuntu 24.04.1 LTS) / x86_64 | OK | OK | OK |  | ||||||||
| palomino8 | Windows Server 2022 Datacenter / x64 | OK | OK | OK | OK |  | ||||||||
| merida1 | macOS 12.7.5 Monterey / x86_64 | OK | TIMEOUT | skipped | skipped | |||||||||
| kjohnson1 | macOS 13.6.6 Ventura / arm64 | OK | OK | OK | OK |  | ||||||||
| taishan | Linux (openEuler 24.03 LTS) / aarch64 | OK | OK | ERROR | ||||||||||
| To the developers/maintainers of the benchdamic package: - Allow up to 24 hours (and sometimes 48 hours) for your latest push to git@git.bioconductor.org:packages/benchdamic.git to reflect on this report. See Troubleshooting Build Report for more information. - Use the following Renviron settings to reproduce errors and warnings. - If 'R CMD check' started to fail recently on the Linux builder(s) over a missing dependency, add the missing dependency to 'Suggests:' in your DESCRIPTION file. See Renviron.bioc for more information. - See Martin Grigorov's blog post for how to debug Linux ARM64 related issues on a x86_64 host. | 
| Package: benchdamic | 
| Version: 1.12.2 | 
| Command: /home/biocbuild/R/R/bin/R CMD check --install=check:benchdamic.install-out.txt --library=/home/biocbuild/R/R/site-library --no-vignettes --timings benchdamic_1.12.2.tar.gz | 
| StartedAt: 2025-04-01 04:08:45 -0000 (Tue, 01 Apr 2025) | 
| EndedAt: 2025-04-01 04:32:59 -0000 (Tue, 01 Apr 2025) | 
| EllapsedTime: 1453.7 seconds | 
| RetCode: 1 | 
| Status: ERROR | 
| CheckDir: benchdamic.Rcheck | 
| Warnings: NA | 
##############################################################################
##############################################################################
###
### Running command:
###
###   /home/biocbuild/R/R/bin/R CMD check --install=check:benchdamic.install-out.txt --library=/home/biocbuild/R/R/site-library --no-vignettes --timings benchdamic_1.12.2.tar.gz
###
##############################################################################
##############################################################################
* using log directory ‘/home/biocbuild/bbs-3.20-bioc/meat/benchdamic.Rcheck’
* using R version 4.4.3 (2025-02-28)
* using platform: aarch64-unknown-linux-gnu
* R was compiled by
    aarch64-unknown-linux-gnu-gcc (GCC) 14.2.0
    GNU Fortran (GCC) 14.2.0
* running under: openEuler 24.03 (LTS)
* using session charset: UTF-8
* using option ‘--no-vignettes’
* checking for file ‘benchdamic/DESCRIPTION’ ... OK
* checking extension type ... Package
* this is package ‘benchdamic’ version ‘1.12.2’
* package encoding: UTF-8
* checking package namespace information ... OK
* checking package dependencies ... OK
* checking if this is a source package ... OK
* checking if there is a namespace ... OK
* checking for hidden files and directories ... OK
* checking for portable file names ... OK
* checking for sufficient/correct file permissions ... OK
* checking whether package ‘benchdamic’ can be installed ... OK
* checking installed package size ... OK
* checking package directory ... OK
* checking ‘build’ directory ... OK
* checking DESCRIPTION meta-information ... OK
* checking top-level files ... OK
* checking for left-over files ... OK
* checking index information ... OK
* checking package subdirectories ... OK
* checking code files for non-ASCII characters ... OK
* checking R files for syntax errors ... OK
* checking whether the package can be loaded ... OK
* checking whether the package can be loaded with stated dependencies ... OK
* checking whether the package can be unloaded cleanly ... OK
* checking whether the namespace can be loaded with stated dependencies ... OK
* checking whether the namespace can be unloaded cleanly ... OK
* checking loading without being on the library search path ... OK
* checking dependencies in R code ... NOTE
Namespace in Imports field not imported from: ‘microbiome’
  All declared Imports should be used.
* checking S3 generic/method consistency ... OK
* checking replacement functions ... OK
* checking foreign function calls ... OK
* checking R code for possible problems ... OK
* checking Rd files ... NOTE
checkRd: (-1) DA_Seurat.Rd:29-31: Lost braces in \itemize; meant \describe ?
checkRd: (-1) DA_Seurat.Rd:32: Lost braces in \itemize; meant \describe ?
checkRd: (-1) DA_Seurat.Rd:33-36: Lost braces in \itemize; meant \describe ?
checkRd: (-1) DA_Seurat.Rd:37: Lost braces in \itemize; meant \describe ?
checkRd: (-1) DA_Seurat.Rd:42-44: Lost braces in \itemize; meant \describe ?
checkRd: (-1) DA_Seurat.Rd:45-46: Lost braces in \itemize; meant \describe ?
checkRd: (-1) DA_Seurat.Rd:47-56: Lost braces in \itemize; meant \describe ?
checkRd: (-1) DA_Seurat.Rd:57-58: Lost braces in \itemize; meant \describe ?
checkRd: (-1) DA_Seurat.Rd:59-61: Lost braces in \itemize; meant \describe ?
checkRd: (-1) DA_Seurat.Rd:62-63: Lost braces in \itemize; meant \describe ?
checkRd: (-1) DA_Seurat.Rd:64-67: Lost braces in \itemize; meant \describe ?
checkRd: (-1) DA_Seurat.Rd:68-70: Lost braces in \itemize; meant \describe ?
checkRd: (-1) DA_Seurat.Rd:71-73: Lost braces in \itemize; meant \describe ?
checkRd: (-1) areaCAT.Rd:18: Lost braces in \itemize; \value handles \item{}{} directly
checkRd: (-1) areaCAT.Rd:19-20: Lost braces in \itemize; \value handles \item{}{} directly
checkRd: (-1) areaCAT.Rd:21: Lost braces in \itemize; \value handles \item{}{} directly
checkRd: (-1) areaCAT.Rd:22: Lost braces in \itemize; \value handles \item{}{} directly
checkRd: (-1) areaCAT.Rd:23: Lost braces in \itemize; \value handles \item{}{} directly
checkRd: (-1) areaCAT.Rd:24-28: Lost braces in \itemize; \value handles \item{}{} directly
checkRd: (-1) areaCAT.Rd:29-30: Lost braces in \itemize; \value handles \item{}{} directly
checkRd: (-1) areaCAT.Rd:31-32: Lost braces in \itemize; \value handles \item{}{} directly
checkRd: (-1) createConcordance.Rd:30: Lost braces in \itemize; \value handles \item{}{} directly
checkRd: (-1) createConcordance.Rd:31-32: Lost braces in \itemize; \value handles \item{}{} directly
checkRd: (-1) createConcordance.Rd:33: Lost braces in \itemize; \value handles \item{}{} directly
checkRd: (-1) createConcordance.Rd:34: Lost braces in \itemize; \value handles \item{}{} directly
checkRd: (-1) createConcordance.Rd:35: Lost braces in \itemize; \value handles \item{}{} directly
checkRd: (-1) createConcordance.Rd:36-40: Lost braces in \itemize; \value handles \item{}{} directly
checkRd: (-1) createEnrichment.Rd:80-81: Lost braces in \itemize; \value handles \item{}{} directly
checkRd: (-1) createEnrichment.Rd:82: Lost braces in \itemize; \value handles \item{}{} directly
checkRd: (-1) createEnrichment.Rd:83-84: Lost braces in \itemize; \value handles \item{}{} directly
checkRd: (-1) createEnrichment.Rd:85-86: Lost braces in \itemize; \value handles \item{}{} directly
checkRd: (-1) createTIEC.Rd:17-19: Lost braces in \itemize; \value handles \item{}{} directly
checkRd: (-1) createTIEC.Rd:20-23: Lost braces in \itemize; \value handles \item{}{} directly
checkRd: (-1) createTIEC.Rd:24-27: Lost braces in \itemize; \value handles \item{}{} directly
checkRd: (-1) createTIEC.Rd:28-30: Lost braces in \itemize; \value handles \item{}{} directly
checkRd: (-1) createTIEC.Rd:31-34: Lost braces in \itemize; \value handles \item{}{} directly
checkRd: (-1) enrichmentTest.Rd:25-26: Lost braces in \itemize; \value handles \item{}{} directly
checkRd: (-1) enrichmentTest.Rd:27: Lost braces in \itemize; \value handles \item{}{} directly
checkRd: (-1) enrichmentTest.Rd:28-29: Lost braces in \itemize; \value handles \item{}{} directly
checkRd: (-1) enrichmentTest.Rd:30-31: Lost braces in \itemize; \value handles \item{}{} directly
checkRd: (-1) extractDA.Rd:62-63: Lost braces in \itemize; \value handles \item{}{} directly
checkRd: (-1) extractDA.Rd:64-66: Lost braces in \itemize; \value handles \item{}{} directly
checkRd: (-1) extractDA.Rd:67-70: Lost braces in \itemize; \value handles \item{}{} directly
checkRd: (-1) getDA.Rd:58-59: Lost braces in \itemize; \value handles \item{}{} directly
checkRd: (-1) getDA.Rd:60-62: Lost braces in \itemize; \value handles \item{}{} directly
checkRd: (-1) getDA.Rd:63-66: Lost braces in \itemize; \value handles \item{}{} directly
checkRd: (-1) get_counts_metadata.Rd:32-33: Lost braces in \itemize; \value handles \item{}{} directly
checkRd: (-1) get_counts_metadata.Rd:34-35: Lost braces in \itemize; \value handles \item{}{} directly
checkRd: (-1) get_counts_metadata.Rd:36-37: Lost braces in \itemize; \value handles \item{}{} directly
checkRd: (-1) plotConcordance.Rd:21-23: Lost braces in \itemize; \value handles \item{}{} directly
checkRd: (-1) plotConcordance.Rd:24-25: Lost braces in \itemize; \value handles \item{}{} directly
checkRd: (-1) set_Seurat.Rd:26-28: Lost braces in \itemize; meant \describe ?
checkRd: (-1) set_Seurat.Rd:29-30: Lost braces in \itemize; meant \describe ?
checkRd: (-1) set_Seurat.Rd:31-40: Lost braces in \itemize; meant \describe ?
checkRd: (-1) set_Seurat.Rd:41-42: Lost braces in \itemize; meant \describe ?
checkRd: (-1) set_Seurat.Rd:43-45: Lost braces in \itemize; meant \describe ?
checkRd: (-1) set_Seurat.Rd:46-47: Lost braces in \itemize; meant \describe ?
checkRd: (-1) set_Seurat.Rd:48-51: Lost braces in \itemize; meant \describe ?
checkRd: (-1) set_Seurat.Rd:52-54: Lost braces in \itemize; meant \describe ?
checkRd: (-1) set_Seurat.Rd:55-57: Lost braces in \itemize; meant \describe ?
checkRd: (-1) set_Seurat.Rd:64-66: Lost braces in \itemize; meant \describe ?
checkRd: (-1) set_Seurat.Rd:67: Lost braces in \itemize; meant \describe ?
checkRd: (-1) set_Seurat.Rd:68-71: Lost braces in \itemize; meant \describe ?
checkRd: (-1) set_Seurat.Rd:72: Lost braces in \itemize; meant \describe ?
* checking Rd metadata ... OK
* checking Rd cross-references ... OK
* checking for missing documentation entries ... OK
* checking for code/documentation mismatches ... OK
* checking Rd \usage sections ... OK
* checking Rd contents ... OK
* checking for unstated dependencies in examples ... OK
* checking contents of ‘data’ directory ... OK
* checking data for non-ASCII characters ... OK
* checking LazyData ... OK
* checking data for ASCII and uncompressed saves ... OK
* checking files in ‘vignettes’ ... OK
* checking examples ... ERROR
Running examples in ‘benchdamic-Ex.R’ failed
The error most likely occurred in:
> base::assign(".ptime", proc.time(), pos = "CheckExEnv")
> ### Name: fitModels
> ### Title: fitModels
> ### Aliases: fitModels
> 
> ### ** Examples
> 
> # Generate some random counts
> counts <- matrix(rnbinom(n = 600, size = 3, prob = 0.5), 
+                  nrow = 100, ncol = 6)
> # Estimate the counts assuming several distributions
> GOF <- fitModels(
+     object = counts, models = c(
+         "NB", "ZINB",
+         "DM", "ZIG", "HURDLE"
+     ), scale_HURDLE = c("median", "default")
+ )
Model: Negative Binomial
Estimating dispersions
Using classic mode.
* checking for unstated dependencies in ‘tests’ ... OK
* checking tests ...
  Running ‘testthat.R’/home/biocbuild/R/R-4.4.3/bin/BATCH: line 60: 2001409 Killed                  ${R_HOME}/bin/R -f ${in} ${opts} ${R_BATCH_OPTIONS} > ${out} 2>&1
 ERROR
Running the tests in ‘tests/testthat.R’ failed.
Complete output:
  > library(testthat)
  > library(benchdamic)
* checking for unstated dependencies in vignettes ... OK
* checking package vignettes ... OK
* checking running R code from vignettes ... SKIPPED
* checking re-building of vignette outputs ... SKIPPED
* checking PDF version of manual ... OK
* DONE
Status: 2 ERRORs, 2 NOTEs
See
  ‘/home/biocbuild/bbs-3.20-bioc/meat/benchdamic.Rcheck/00check.log’
for details.
benchdamic.Rcheck/00install.out
############################################################################## ############################################################################## ### ### Running command: ### ### /home/biocbuild/R/R/bin/R CMD INSTALL benchdamic ### ############################################################################## ############################################################################## * installing to library ‘/home/biocbuild/R/R-4.4.3/site-library’ * installing *source* package ‘benchdamic’ ... ** using staged installation ** R ** data *** moving datasets to lazyload DB ** inst ** byte-compile and prepare package for lazy loading Found more than one class "dist" in cache; using the first, from namespace 'BiocGenerics' Also defined by ‘spam’ ** help *** installing help indices ** building package indices ** installing vignettes ** testing if installed package can be loaded from temporary location Found more than one class "dist" in cache; using the first, from namespace 'BiocGenerics' Also defined by ‘spam’ ** testing if installed package can be loaded from final location Found more than one class "dist" in cache; using the first, from namespace 'BiocGenerics' Also defined by ‘spam’ ** testing if installed package keeps a record of temporary installation path * DONE (benchdamic)
benchdamic.Rcheck/tests/testthat.Rout.fail
R version 4.4.3 (2025-02-28) -- "Trophy Case" Copyright (C) 2025 The R Foundation for Statistical Computing Platform: aarch64-unknown-linux-gnu R is free software and comes with ABSOLUTELY NO WARRANTY. You are welcome to redistribute it under certain conditions. Type 'license()' or 'licence()' for distribution details. R is a collaborative project with many contributors. Type 'contributors()' for more information and 'citation()' on how to cite R or R packages in publications. Type 'demo()' for some demos, 'help()' for on-line help, or 'help.start()' for an HTML browser interface to help. Type 'q()' to quit R. > library(testthat) > library(benchdamic)
benchdamic.Rcheck/benchdamic-Ex.timings
| name | user | system | elapsed | |
| CAT | 0.006 | 0.000 | 0.006 | |
| DA_ALDEx2 | 5.137 | 0.211 | 6.292 | |
| DA_ANCOM | 1.067 | 0.000 | 1.141 | |
| DA_DESeq2 | 4.686 | 0.075 | 4.951 | |
| DA_MAST | 1.759 | 0.028 | 1.815 | |
| DA_Maaslin2 | 0.292 | 0.012 | 0.311 | |
| DA_NOISeq | 1.289 | 0.040 | 1.335 | |
| DA_Seurat | 1.885 | 0.000 | 2.014 | |
| DA_ZicoSeq | 0.960 | 0.000 | 1.152 | |
| DA_basic | 0.043 | 0.000 | 0.106 | |
| DA_corncob | 0.935 | 0.000 | 2.312 | |
| DA_dearseq | 0.072 | 0.004 | 0.195 | |
| DA_edgeR | 0.246 | 0.011 | 0.492 | |
| DA_limma | 0.099 | 0.000 | 0.144 | |
| DA_linda | 0.064 | 0.000 | 0.067 | |
| DA_metagenomeSeq | 0.328 | 0.004 | 0.556 | |
| DA_mixMC | 0.494 | 0.008 | 1.059 | |
| RMSE | 0.001 | 0.000 | 0.001 | |
| addKnowledge | 0.217 | 0.005 | 0.466 | |
| areaCAT | 5.774 | 0.100 | 13.073 | |
| checkNormalization | 0 | 0 | 0 | |
| createColors | 0.006 | 0.000 | 0.019 | |
| createConcordance | 6.636 | 0.080 | 14.459 | |
| createEnrichment | 0.349 | 0.001 | 0.711 | |
| createMocks | 0.003 | 0.000 | 0.009 | |
| createPositives | 1.328 | 0.020 | 3.172 | |
| createSplits | 0.038 | 0.000 | 0.074 | |
| createTIEC | 4.193 | 2.260 | 19.449 | |
| enrichmentTest | 0.147 | 0.048 | 0.223 | |
| extractDA | 0.294 | 0.124 | 1.312 | |
| extractStatistics | 0.400 | 1.929 | 7.902 | |
| fitDM | 0.047 | 0.009 | 0.228 | |
| fitHURDLE | 1.015 | 0.169 | 2.302 | |