| Back to Multiple platform build/check report for BioC 3.20: simplified long |
|
This page was generated on 2024-07-16 11:39 -0400 (Tue, 16 Jul 2024).
| Hostname | OS | Arch (*) | R version | Installed pkgs |
|---|---|---|---|---|
| nebbiolo2 | Linux (Ubuntu 22.04.3 LTS) | x86_64 | 4.4.1 (2024-06-14) -- "Race for Your Life" | 4677 |
| palomino6 | Windows Server 2022 Datacenter | x64 | 4.4.1 (2024-06-14 ucrt) -- "Race for Your Life" | 4416 |
| lconway | macOS 12.7.1 Monterey | x86_64 | 4.4.1 (2024-06-14) -- "Race for Your Life" | 4444 |
| kjohnson3 | macOS 13.6.5 Ventura | arm64 | 4.4.1 (2024-06-14) -- "Race for Your Life" | 4393 |
| palomino8 | Windows Server 2022 Datacenter | x64 | 4.4.1 (2024-06-14 ucrt) -- "Race for Your Life" | 4373 |
| Click on any hostname to see more info about the system (e.g. compilers) (*) as reported by 'uname -p', except on Windows and Mac OS X | ||||
| Package 20/2243 | Hostname | OS / Arch | INSTALL | BUILD | CHECK | BUILD BIN | ||||||||
| adverSCarial 1.3.9 (landing page) Ghislain FIEVET
| nebbiolo2 | Linux (Ubuntu 22.04.3 LTS) / x86_64 | OK | OK | WARNINGS | |||||||||
| palomino6 | Windows Server 2022 Datacenter / x64 | OK | OK | WARNINGS | OK | |||||||||
| lconway | macOS 12.7.1 Monterey / x86_64 | OK | OK | WARNINGS | OK | |||||||||
| kjohnson3 | macOS 13.6.5 Ventura / arm64 | OK | OK | WARNINGS | OK | |||||||||
| palomino8 | Windows Server 2022 Datacenter / x64 | OK | OK | WARNINGS | OK | |||||||||
|
To the developers/maintainers of the adverSCarial package: - Allow up to 24 hours (and sometimes 48 hours) for your latest push to git@git.bioconductor.org:packages/adverSCarial.git to reflect on this report. See Troubleshooting Build Report for more information. - Use the following Renviron settings to reproduce errors and warnings. - If 'R CMD check' started to fail recently on the Linux builder(s) over a missing dependency, add the missing dependency to 'Suggests:' in your DESCRIPTION file. See Renviron.bioc for more information. |
| Package: adverSCarial |
| Version: 1.3.9 |
| Command: C:\Users\biocbuild\bbs-3.20-bioc\R\bin\R.exe CMD check --no-multiarch --install=check:adverSCarial.install-out.txt --library=C:\Users\biocbuild\bbs-3.20-bioc\R\library --no-vignettes --timings adverSCarial_1.3.9.tar.gz |
| StartedAt: 2024-07-15 21:36:52 -0400 (Mon, 15 Jul 2024) |
| EndedAt: 2024-07-15 21:38:38 -0400 (Mon, 15 Jul 2024) |
| EllapsedTime: 105.7 seconds |
| RetCode: 0 |
| Status: WARNINGS |
| CheckDir: adverSCarial.Rcheck |
| Warnings: 2 |
##############################################################################
##############################################################################
###
### Running command:
###
### C:\Users\biocbuild\bbs-3.20-bioc\R\bin\R.exe CMD check --no-multiarch --install=check:adverSCarial.install-out.txt --library=C:\Users\biocbuild\bbs-3.20-bioc\R\library --no-vignettes --timings adverSCarial_1.3.9.tar.gz
###
##############################################################################
##############################################################################
* using log directory 'C:/Users/biocbuild/bbs-3.20-bioc/meat/adverSCarial.Rcheck'
* using R version 4.4.1 (2024-06-14 ucrt)
* using platform: x86_64-w64-mingw32
* R was compiled by
gcc.exe (GCC) 13.2.0
GNU Fortran (GCC) 13.2.0
* running under: Windows Server 2022 x64 (build 20348)
* using session charset: UTF-8
* using option '--no-vignettes'
* checking for file 'adverSCarial/DESCRIPTION' ... OK
* this is package 'adverSCarial' version '1.3.9'
* package encoding: UTF-8
* checking package namespace information ... OK
* checking package dependencies ... OK
* checking if this is a source package ... OK
* checking if there is a namespace ... OK
* checking for hidden files and directories ... NOTE
Found the following hidden files and directories:
vignettes/.RData
These were most likely included in error. See section 'Package
structure' in the 'Writing R Extensions' manual.
* checking for portable file names ... OK
* checking whether package 'adverSCarial' can be installed ... OK
* checking installed package size ... OK
* checking package directory ... OK
* checking 'build' directory ... OK
* checking DESCRIPTION meta-information ... OK
* checking top-level files ... OK
* checking for left-over files ... OK
* checking index information ... OK
* checking package subdirectories ... OK
* checking code files for non-ASCII characters ... OK
* checking R files for syntax errors ... OK
* checking whether the package can be loaded ... OK
* checking whether the package can be loaded with stated dependencies ... OK
* checking whether the package can be unloaded cleanly ... OK
* checking whether the namespace can be loaded with stated dependencies ... OK
* checking whether the namespace can be unloaded cleanly ... OK
* checking dependencies in R code ... OK
* checking S3 generic/method consistency ... OK
* checking replacement functions ... OK
* checking foreign function calls ... OK
* checking R code for possible problems ... NOTE
.advModificationsFunction: no visible global function definition for
'is'
.advModificationsFunction : <anonymous>: no visible global function
definition for 'is'
.advModificationsNotFunction: no visible global function definition for
'is'
.advModificationsNotFunction: no visible global function definition for
'counts'
.advModificationsNotFunction : <anonymous>: no visible global function
definition for 'is'
.randWalkGetSeed: no visible global function definition for
'SingleCellExperiment'
.randWalkGetSeed: no visible global function definition for 'is'
.randWalkTryNewVector: no visible global function definition for
'SingleCellExperiment'
.randWalkTryNewVector: no visible global function definition for 'is'
MClassifier: no visible global function definition for 'is'
MClassifier: no visible global function definition for 'counts'
advChar: no visible global function definition for 'new'
advGridMinChange: no visible global function definition for 'is'
advGridMinChange: no visible global function definition for 'counts'
advGridMinChange: no visible global function definition for
'SingleCellExperiment'
advList: no visible global function definition for 'new'
advMaxChange: no visible global function definition for 'is'
advMaxChange: no visible global function definition for 'counts'
advMaxChange: no visible global function definition for 'new'
advModifications: no visible global function definition for 'is'
advModifications: no visible global function definition for 'counts'
advModifications: no visible global function definition for
'SingleCellExperiment'
advRandWalkMinChange: no visible global function definition for 'is'
advRandWalkMinChange: no visible global function definition for
'counts'
advSingleGene: no visible global function definition for 'is'
advSingleGene: no visible global function definition for 'counts'
advSingleGene: no visible binding for '<<-' assignment to
'lastResLength'
advSingleGene : <anonymous>: no visible binding for global variable
'lastResLength'
advSingleGene : <anonymous>: no visible binding for '<<-' assignment to
'lastResLength'
advSingleGene: no visible global function definition for 'new'
getDistantCouples: no visible global function definition for 'combn'
getSignGenes : <anonymous>: no visible global function definition for
'wilcox.test'
getSignGenes : <anonymous>: no visible global function definition for
't.test'
matrixFromSCE: no visible global function definition for 'is'
matrixFromSCE: no visible global function definition for 'colData'
maxChangeOverview: no visible global function definition for 'is'
maxChangeOverview: no visible global function definition for 'counts'
predictWithNewValue: no visible global function definition for 'is'
sceConvertToHGNC: no visible global function definition for 'is'
sceConvertToHGNC: no visible global function definition for
'SingleCellExperiment'
sceConvertToHGNC: no visible global function definition for 'colData'
singleGeneOverview: no visible global function definition for 'is'
singleGeneOverview: no visible global function definition for 'counts'
Undefined global functions or variables:
SingleCellExperiment colData combn counts is lastResLength new t.test
wilcox.test
Consider adding
importFrom("methods", "is", "new")
importFrom("stats", "t.test", "wilcox.test")
importFrom("utils", "combn")
to your NAMESPACE file (and ensure that your DESCRIPTION Imports field
contains 'methods').
* checking Rd files ... NOTE
checkRd: (-1) advCGD.Rd:31-34: Lost braces
31 | classifier = function(expr, clusters, target){
| ^
checkRd: (-1) advGridMinChange.Rd:34-37: Lost braces
34 | classifier = function(expr, clusters, target){
| ^
checkRd: (-1) advMaxChange.Rd:39-42: Lost braces
39 | classifier = function(expr, clusters, target){
| ^
checkRd: (-1) advRandWalkMinChange.Rd:36-39: Lost braces
36 | classifier = function(expr, clusters, target){
| ^
checkRd: (-1) advSingleGene.Rd:43-46: Lost braces
43 | classifier = function(expr, clusters, target){
| ^
checkRd: (-1) maxChangeOverview.Rd:35-38: Lost braces
35 | classifier = function(expr, clusters, target){
| ^
checkRd: (-1) predictWithNewValue.Rd:36-39: Lost braces
36 | classifier = function(expr, clusters, target){
| ^
checkRd: (-1) singleGeneOverview.Rd:37-40: Lost braces
37 | classifier = function(expr, clusters, target){
| ^
* checking Rd metadata ... OK
* checking Rd cross-references ... OK
* checking for missing documentation entries ... WARNING
Undocumented code objects:
'advTraining'
All user-level objects in a package should have documentation entries.
See chapter 'Writing R documentation files' in the 'Writing R
Extensions' manual.
* checking for code/documentation mismatches ... OK
* checking Rd \usage sections ... WARNING
Undocumented arguments in Rd file 'advMaxChange.Rd'
'slot'
Undocumented arguments in Rd file 'advModifications.Rd'
'slot'
Undocumented arguments in Rd file 'advSingleGene.Rd'
'slot'
Undocumented arguments in Rd file 'predictWithNewValue.Rd'
'slot'
Functions with \usage entries need to have the appropriate \alias
entries, and all their arguments documented.
The \usage entries must correspond to syntactically valid R code.
See chapter 'Writing R documentation files' in the 'Writing R
Extensions' manual.
* checking Rd contents ... OK
* checking for unstated dependencies in examples ... OK
* checking files in 'vignettes' ... NOTE
The following directory looks like a leftover from 'knitr':
'figure'
Please remove from your package.
* checking examples ... OK
Examples with CPU (user + system) or elapsed time > 5s
user system elapsed
MClassifier 22.89 3.36 27.38
sceConvertToHGNC 11.08 1.41 13.03
advChar 7.71 1.77 9.49
matrixFromSCE 6.83 1.55 8.93
* checking for unstated dependencies in 'tests' ... OK
* checking tests ...
Running 'runTests.R'
OK
* checking for unstated dependencies in vignettes ... OK
* checking package vignettes ... OK
* checking running R code from vignettes ... SKIPPED
* checking re-building of vignette outputs ... SKIPPED
* checking PDF version of manual ... OK
* DONE
Status: 2 WARNINGs, 4 NOTEs
See
'C:/Users/biocbuild/bbs-3.20-bioc/meat/adverSCarial.Rcheck/00check.log'
for details.
adverSCarial.Rcheck/00install.out
############################################################################## ############################################################################## ### ### Running command: ### ### C:\Users\biocbuild\bbs-3.20-bioc\R\bin\R.exe CMD INSTALL adverSCarial ### ############################################################################## ############################################################################## * installing to library 'C:/Users/biocbuild/bbs-3.20-bioc/R/library' * installing *source* package 'adverSCarial' ... ** using staged installation ** R ** inst ** byte-compile and prepare package for lazy loading ** help *** installing help indices ** building package indices ** installing vignettes ** testing if installed package can be loaded from temporary location ** testing if installed package can be loaded from final location ** testing if installed package keeps a record of temporary installation path * DONE (adverSCarial)
adverSCarial.Rcheck/tests/runTests.Rout
R version 4.4.1 (2024-06-14 ucrt) -- "Race for Your Life"
Copyright (C) 2024 The R Foundation for Statistical Computing
Platform: x86_64-w64-mingw32/x64
R is free software and comes with ABSOLUTELY NO WARRANTY.
You are welcome to redistribute it under certain conditions.
Type 'license()' or 'licence()' for distribution details.
R is a collaborative project with many contributors.
Type 'contributors()' for more information and
'citation()' on how to cite R or R packages in publications.
Type 'demo()' for some demos, 'help()' for on-line help, or
'help.start()' for an HTML browser interface to help.
Type 'q()' to quit R.
> BiocGenerics:::testPackage("adverSCarial")
Running combination: 1 on 3
Running combination: 2 on 3
Running combination: 3 on 3
predictWithNewValue data.frame data.frame
predictWithNewValue data.frame data.frame
predictWithNewValue data.frame data.frame
predictWithNewValue data.frame data.frame
result length: 3
Running first batch to determine walk seed: 1 on 3
Running first batch to determine walk seed: 2 on 3
Running first batch to determine walk seed: 3 on 3
No modified type, try with a higher firstBatch argument
predictWithNewValue data.frame data.frame
Split number: 1/100
predictWithNewValue data.frame data.frame
cellType: b
classifTarget: b
target: b
Split number: 2/100
predictWithNewValue data.frame data.frame
cellType: b
classifTarget: b
target: b
predictWithNewValue data.frame data.frame
cellType: b
classifTarget: b
target: b
Split number: 4/100
Split time: 0.000190019607543945
Split number: 8/100
Split time: 0.000171899795532227
Split number: 16/100
Split time: 0.000160932540893555
Split number: 32/100
Split time: 0.000168800354003906
Split number: 64/100
Split time: 0.00017094612121582
Split number: 100/100
Split time: 0.000162839889526367
predictWithNewValue data.frame data.frame
predictWithNewValue data.frame data.frame
predictWithNewValue data.frame data.frame
predictWithNewValue data.frame data.frame
result length: 3
predictWithNewValue data.frame data.frame
predictWithNewValue data.frame data.frame
predictWithNewValue data.frame data.frame
predictWithNewValue data.frame data.frame
result length: 3
predictWithNewValue data.frame data.frame
predictWithNewValue data.frame data.frame
predictWithNewValue data.frame data.frame
predictWithNewValue data.frame data.frame
result length: 3
predictWithNewValue data.frame data.frame
predictWithNewValue data.frame data.frame
predictWithNewValue data.frame data.frame
predictWithNewValue data.frame data.frame
result length: 3
predictWithNewValue data.frame data.frame
predictWithNewValue data.frame data.frame
Split number: 1/100
predictWithNewValue data.frame data.frame
cellType: b
classifTarget: b
target: b
Split number: 2/100
predictWithNewValue data.frame data.frame
cellType: b
classifTarget: b
target: b
predictWithNewValue data.frame data.frame
cellType: b
classifTarget: b
target: b
Split number: 4/100
Split time: 0.000133991241455078
Split number: 8/100
Split time: 0.000123023986816406
Split number: 16/100
Split time: 0.00011897087097168
Split number: 32/100
Split time: 0.000124931335449219
Split number: 64/100
Split time: 0.000128984451293945
Split number: 100/100
Split time: 0.000126838684082031
predictWithNewValue data.frame data.frame
Split number: 1/100
predictWithNewValue data.frame data.frame
cellType: b
classifTarget: b
target: t
Split number: 2/100
predictWithNewValue data.frame data.frame
cellType: b
classifTarget: b
target: t
predictWithNewValue data.frame data.frame
cellType: b
classifTarget: b
target: t
Split number: 4/100
Split time: 0.000135183334350586
Split number: 8/100
Split time: 0.000133037567138672
Split number: 16/100
Split time: 0.00024104118347168
Split number: 32/100
Split time: 0.000128984451293945
Split number: 64/100
Split time: 0.000133037567138672
Split number: 100/100
Split time: 0.000127792358398438
predictWithNewValue data.frame data.frame
Split number: 1/100
predictWithNewValue data.frame data.frame
cellType: b
classifTarget: b
target: b
Split number: 2/100
predictWithNewValue data.frame data.frame
cellType: b
classifTarget: b
target: b
predictWithNewValue data.frame data.frame
cellType: b
classifTarget: b
target: b
Split number: 4/100
Split time: 0.000140190124511719
Split number: 8/100
Split time: 0.000136137008666992
Split number: 16/100
Split time: 0.000133037567138672
Split number: 32/100
Split time: 0.00012516975402832
Split number: 64/100
Split time: 0.000128030776977539
Split number: 100/100
Split time: 0.000130891799926758
predictWithNewValue data.frame data.frame
Split number: 1/100
predictWithNewValue data.frame data.frame
cellType: b
classifTarget: b
target: t
Split number: 2/100
predictWithNewValue data.frame data.frame
cellType: b
classifTarget: b
target: t
predictWithNewValue data.frame data.frame
cellType: b
classifTarget: b
target: t
Split number: 4/100
Split time: 0.000133037567138672
Split number: 8/100
Split time: 0.000123023986816406
Split number: 16/100
Split time: 0.000206947326660156
Split number: 32/100
Split time: 0.000127077102661133
Split number: 64/100
Split time: 0.000153064727783203
Split number: 100/100
Split time: 0.000130891799926758
RUNIT TEST PROTOCOL -- Mon Jul 15 21:38:30 2024
***********************************************
Number of test functions: 8
Number of errors: 0
Number of failures: 0
1 Test Suite :
adverSCarial RUnit Tests - 8 test functions, 0 errors, 0 failures
Number of test functions: 8
Number of errors: 0
Number of failures: 0
>
> proc.time()
user system elapsed
4.10 0.31 4.40
adverSCarial.Rcheck/adverSCarial-Ex.timings
| name | user | system | elapsed | |
| MClassifier | 22.89 | 3.36 | 27.38 | |
| advCGD | 0.01 | 0.00 | 0.01 | |
| advChar | 7.71 | 1.77 | 9.49 | |
| advGridMinChange | 0.37 | 0.01 | 0.72 | |
| advList | 0.02 | 0.00 | 0.01 | |
| advMaxChange | 0.15 | 0.02 | 0.17 | |
| advModifications | 0.11 | 0.06 | 0.17 | |
| advRandWalkMinChange | 0.25 | 0.05 | 0.30 | |
| advSingleGene | 0.14 | 0.01 | 0.16 | |
| getSignGenes | 0.02 | 0.00 | 0.02 | |
| matrixFromSCE | 6.83 | 1.55 | 8.93 | |
| maxChangeOverview | 0.17 | 0.02 | 0.19 | |
| predictWithNewValue | 0.11 | 0.04 | 0.16 | |
| sceConvertToHGNC | 11.08 | 1.41 | 13.03 | |
| singleGeneOverview | 0.16 | 0.06 | 0.22 | |