| Back to Multiple platform build/check report for BioC 3.20: simplified long | 
 | 
This page was generated on 2025-04-02 19:32 -0400 (Wed, 02 Apr 2025).
| Hostname | OS | Arch (*) | R version | Installed pkgs | 
|---|---|---|---|---|
| nebbiolo2 | Linux (Ubuntu 24.04.1 LTS) | x86_64 | 4.4.3 (2025-02-28) -- "Trophy Case" | 4764 | 
| palomino8 | Windows Server 2022 Datacenter | x64 | 4.4.3 (2025-02-28 ucrt) -- "Trophy Case" | 4495 | 
| merida1 | macOS 12.7.5 Monterey | x86_64 | 4.4.3 (2025-02-28) -- "Trophy Case" | 4522 | 
| kjohnson1 | macOS 13.6.6 Ventura | arm64 | 4.4.3 (2025-02-28) -- "Trophy Case" | 4449 | 
| taishan | Linux (openEuler 24.03 LTS) | aarch64 | 4.4.3 (2025-02-28) -- "Trophy Case" | 4426 | 
| Click on any hostname to see more info about the system (e.g. compilers) (*) as reported by 'uname -p', except on Windows and Mac OS X | ||||
| Package 1519/2289 | Hostname | OS / Arch | INSTALL | BUILD | CHECK | BUILD BIN | ||||||||
| PDATK 1.14.0  (landing page) Benjamin Haibe-Kains 
 | nebbiolo2 | Linux (Ubuntu 24.04.1 LTS) / x86_64 | OK | OK | WARNINGS |  | ||||||||
| palomino8 | Windows Server 2022 Datacenter / x64 | OK | OK | WARNINGS | OK |  | ||||||||
| merida1 | macOS 12.7.5 Monterey / x86_64 | OK | OK | WARNINGS | OK |  | ||||||||
| kjohnson1 | macOS 13.6.6 Ventura / arm64 | OK | OK | WARNINGS | OK |  | ||||||||
| taishan | Linux (openEuler 24.03 LTS) / aarch64 | OK | TIMEOUT | skipped | ||||||||||
| To the developers/maintainers of the PDATK package: - Allow up to 24 hours (and sometimes 48 hours) for your latest push to git@git.bioconductor.org:packages/PDATK.git to reflect on this report. See Troubleshooting Build Report for more information. - Use the following Renviron settings to reproduce errors and warnings. - If 'R CMD check' started to fail recently on the Linux builder(s) over a missing dependency, add the missing dependency to 'Suggests:' in your DESCRIPTION file. See Renviron.bioc for more information. | 
| Package: PDATK | 
| Version: 1.14.0 | 
| Command: /Library/Frameworks/R.framework/Resources/bin/R CMD check --install=check:PDATK.install-out.txt --library=/Library/Frameworks/R.framework/Resources/library --no-vignettes --timings PDATK_1.14.0.tar.gz | 
| StartedAt: 2025-04-01 07:00:23 -0400 (Tue, 01 Apr 2025) | 
| EndedAt: 2025-04-01 07:10:59 -0400 (Tue, 01 Apr 2025) | 
| EllapsedTime: 635.7 seconds | 
| RetCode: 0 | 
| Status: WARNINGS | 
| CheckDir: PDATK.Rcheck | 
| Warnings: 2 | 
##############################################################################
##############################################################################
###
### Running command:
###
###   /Library/Frameworks/R.framework/Resources/bin/R CMD check --install=check:PDATK.install-out.txt --library=/Library/Frameworks/R.framework/Resources/library --no-vignettes --timings PDATK_1.14.0.tar.gz
###
##############################################################################
##############################################################################
* using log directory ‘/Users/biocbuild/bbs-3.20-bioc/meat/PDATK.Rcheck’
* using R version 4.4.3 (2025-02-28)
* using platform: x86_64-apple-darwin20
* R was compiled by
    Apple clang version 14.0.0 (clang-1400.0.29.202)
    GNU Fortran (GCC) 12.2.0
* running under: macOS Monterey 12.7.6
* using session charset: UTF-8
* using option ‘--no-vignettes’
* checking for file ‘PDATK/DESCRIPTION’ ... OK
* checking extension type ... Package
* this is package ‘PDATK’ version ‘1.14.0’
* package encoding: UTF-8
* checking package namespace information ... OK
* checking package dependencies ... OK
* checking if this is a source package ... OK
* checking if there is a namespace ... OK
* checking for hidden files and directories ... OK
* checking for portable file names ... OK
* checking for sufficient/correct file permissions ... OK
* checking whether package ‘PDATK’ can be installed ... WARNING
Found the following significant warnings:
  Warning: replacing previous import ‘survival::brier’ by ‘verification::brier’ when loading ‘PDATK’
See ‘/Users/biocbuild/bbs-3.20-bioc/meat/PDATK.Rcheck/00install.out’ for details.
* checking installed package size ... OK
* checking package directory ... OK
* checking ‘build’ directory ... OK
* checking DESCRIPTION meta-information ... NOTE
License stub is invalid DCF.
* checking top-level files ... OK
* checking for left-over files ... OK
* checking index information ... OK
* checking package subdirectories ... OK
* checking code files for non-ASCII characters ... OK
* checking R files for syntax errors ... OK
* checking whether the package can be loaded ... OK
* checking whether the package can be loaded with stated dependencies ... OK
* checking whether the package can be unloaded cleanly ... OK
* checking whether the namespace can be loaded with stated dependencies ... OK
* checking whether the namespace can be unloaded cleanly ... OK
* checking dependencies in R code ... OK
* checking S3 generic/method consistency ... OK
* checking replacement functions ... OK
* checking foreign function calls ... OK
* checking R code for possible problems ... NOTE
.calculateMSMthresholds: no visible binding for global variable
  ‘funContext’
.plotNetwork: no visible global function definition for ‘legend’
NCSModel: no visible binding for global variable ‘metric’
NCSModel: no visible binding for global variable ‘comparison’
NCSModel: no visible binding for global variable ‘centroid_K’
NCSModel: no visible binding for global variable ‘assay_K’
NetworkCommunitySearchModel: no visible binding for global variable
  ‘metric’
NetworkCommunitySearchModel: no visible binding for global variable
  ‘comparison’
NetworkCommunitySearchModel: no visible binding for global variable
  ‘centroid_K’
NetworkCommunitySearchModel: no visible binding for global variable
  ‘assay_K’
predictClasses,ConsensusMetaclusteringModel-ANY: no visible global
  function definition for ‘.error’
predictClasses,NCSModel-ANY: no visible binding for global variable
  ‘centroid_cohort’
predictClasses,NCSModel-ANY: no visible binding for global variable
  ‘centroid_K’
predictClasses,NCSModel-ANY: no visible binding for global variable
  ‘assay_cohort’
predictClasses,NCSModel-ANY: no visible binding for global variable
  ‘assay_K’
predictClasses,NCSModel-ANY: no visible binding for global variable
  ‘tmp’
predictClasses,NCSModel-ANY: no visible binding for global variable
  ‘cluster_label’
rankFeatures,MultiAssayExperiment: no visible binding for global
  variable ‘feature’
rankFeatures,MultiAssayExperiment: no visible binding for global
  variable ‘missignAssays’
rankFeatures,MultiAssayExperiment: no visible binding for global
  variable ‘feature_score’
rankFeatures,MultiAssayExperiment: no visible binding for global
  variable ‘feature_rank’
trainModel,ConsensusMetaclusteringModel: no visible global function
  definition for ‘pdf’
trainModel,ConsensusMetaclusteringModel: no visible global function
  definition for ‘dev.off’
trainModel,NCSModel: no visible binding for global variable
  ‘ingroup_proportion’
trainModel,NCSModel: no visible binding for global variable
  ‘cor_threshold’
Undefined global functions or variables:
  .error assay_K assay_cohort centroid_K centroid_cohort cluster_label
  comparison cor_threshold dev.off feature feature_rank feature_score
  funContext ingroup_proportion legend metric missignAssays pdf tmp
Consider adding
  importFrom("grDevices", "dev.off", "pdf")
  importFrom("graphics", "legend")
to your NAMESPACE file.
* checking Rd files ... OK
* checking Rd metadata ... OK
* checking Rd cross-references ... WARNING
Missing link or links in Rd file 'rankFeatures-MultiAssayExperiment-method.Rd':
  ‘[dplyr:ranking]{dplyr::dense_rank}’
See section 'Cross-references' in the 'Writing R Extensions' manual.
* checking for missing documentation entries ... OK
* checking for code/documentation mismatches ... OK
* checking Rd \usage sections ... NOTE
Documented arguments not in \usage in Rd file 'dot-randomSampleIndex.Rd':
  ‘numSamples’
Functions with \usage entries need to have the appropriate \alias
entries, and all their arguments documented.
The \usage entries must correspond to syntactically valid R code.
See chapter ‘Writing R documentation files’ in the ‘Writing R
Extensions’ manual.
* checking Rd contents ... OK
* checking for unstated dependencies in examples ... OK
* checking contents of ‘data’ directory ... OK
* checking data for non-ASCII characters ... OK
* checking data for ASCII and uncompressed saves ... OK
* checking files in ‘vignettes’ ... OK
* checking examples ... OK
Examples with CPU (user + system) or elapsed time > 5s
                 user system elapsed
ModelComparison 5.548  0.076   5.704
* checking for unstated dependencies in ‘tests’ ... OK
* checking tests ...
  Running ‘testthat.R’
 OK
* checking for unstated dependencies in vignettes ... OK
* checking package vignettes ... OK
* checking running R code from vignettes ... SKIPPED
* checking re-building of vignette outputs ... SKIPPED
* checking PDF version of manual ... OK
* DONE
Status: 2 WARNINGs, 3 NOTEs
See
  ‘/Users/biocbuild/bbs-3.20-bioc/meat/PDATK.Rcheck/00check.log’
for details.
PDATK.Rcheck/00install.out
############################################################################## ############################################################################## ### ### Running command: ### ### /Library/Frameworks/R.framework/Resources/bin/R CMD INSTALL PDATK ### ############################################################################## ############################################################################## * installing to library ‘/Library/Frameworks/R.framework/Versions/4.4-x86_64/Resources/library’ * installing *source* package ‘PDATK’ ... ** using staged installation ** R ** data ** byte-compile and prepare package for lazy loading Warning: replacing previous import ‘survival::brier’ by ‘verification::brier’ when loading ‘PDATK’ Warning: replacing previous import ‘limma::logsumexp’ by ‘mclust::logsumexp’ when loading ‘genefu’ ** help *** installing help indices ** building package indices ** installing vignettes ** testing if installed package can be loaded from temporary location Warning: replacing previous import ‘survival::brier’ by ‘verification::brier’ when loading ‘PDATK’ Warning: replacing previous import ‘limma::logsumexp’ by ‘mclust::logsumexp’ when loading ‘genefu’ ** testing if installed package can be loaded from final location Warning: replacing previous import ‘survival::brier’ by ‘verification::brier’ when loading ‘PDATK’ Warning: replacing previous import ‘limma::logsumexp’ by ‘mclust::logsumexp’ when loading ‘genefu’ ** testing if installed package keeps a record of temporary installation path * DONE (PDATK)
PDATK.Rcheck/tests/testthat.Rout
R version 4.4.3 (2025-02-28) -- "Trophy Case"
Copyright (C) 2025 The R Foundation for Statistical Computing
Platform: x86_64-apple-darwin20
R is free software and comes with ABSOLUTELY NO WARRANTY.
You are welcome to redistribute it under certain conditions.
Type 'license()' or 'licence()' for distribution details.
R is a collaborative project with many contributors.
Type 'contributors()' for more information and
'citation()' on how to cite R or R packages in publications.
Type 'demo()' for some demos, 'help()' for on-line help, or
'help.start()' for an HTML browser interface to help.
Type 'q()' to quit R.
> library(testthat)
> library(PDATK)
Loading required package: SummarizedExperiment
Loading required package: MatrixGenerics
Loading required package: matrixStats
Attaching package: 'MatrixGenerics'
The following objects are masked from 'package:matrixStats':
    colAlls, colAnyNAs, colAnys, colAvgsPerRowSet, colCollapse,
    colCounts, colCummaxs, colCummins, colCumprods, colCumsums,
    colDiffs, colIQRDiffs, colIQRs, colLogSumExps, colMadDiffs,
    colMads, colMaxs, colMeans2, colMedians, colMins, colOrderStats,
    colProds, colQuantiles, colRanges, colRanks, colSdDiffs, colSds,
    colSums2, colTabulates, colVarDiffs, colVars, colWeightedMads,
    colWeightedMeans, colWeightedMedians, colWeightedSds,
    colWeightedVars, rowAlls, rowAnyNAs, rowAnys, rowAvgsPerColSet,
    rowCollapse, rowCounts, rowCummaxs, rowCummins, rowCumprods,
    rowCumsums, rowDiffs, rowIQRDiffs, rowIQRs, rowLogSumExps,
    rowMadDiffs, rowMads, rowMaxs, rowMeans2, rowMedians, rowMins,
    rowOrderStats, rowProds, rowQuantiles, rowRanges, rowRanks,
    rowSdDiffs, rowSds, rowSums2, rowTabulates, rowVarDiffs, rowVars,
    rowWeightedMads, rowWeightedMeans, rowWeightedMedians,
    rowWeightedSds, rowWeightedVars
Loading required package: GenomicRanges
Loading required package: stats4
Loading required package: BiocGenerics
Attaching package: 'BiocGenerics'
The following objects are masked from 'package:stats':
    IQR, mad, sd, var, xtabs
The following objects are masked from 'package:base':
    Filter, Find, Map, Position, Reduce, anyDuplicated, aperm, append,
    as.data.frame, basename, cbind, colnames, dirname, do.call,
    duplicated, eval, evalq, get, grep, grepl, intersect, is.unsorted,
    lapply, mapply, match, mget, order, paste, pmax, pmax.int, pmin,
    pmin.int, rank, rbind, rownames, sapply, saveRDS, setdiff, table,
    tapply, union, unique, unsplit, which.max, which.min
Loading required package: S4Vectors
Attaching package: 'S4Vectors'
The following object is masked from 'package:utils':
    findMatches
The following objects are masked from 'package:base':
    I, expand.grid, unname
Loading required package: IRanges
Loading required package: GenomeInfoDb
Loading required package: Biobase
Welcome to Bioconductor
    Vignettes contain introductory material; view with
    'browseVignettes()'. To cite Bioconductor, see
    'citation("Biobase")', and for packages 'citation("pkgname")'.
Attaching package: 'Biobase'
The following object is masked from 'package:MatrixGenerics':
    rowMedians
The following objects are masked from 'package:matrixStats':
    anyMissing, rowMedians
Warning messages:
1: replacing previous import 'survival::brier' by 'verification::brier' when loading 'PDATK' 
2: replacing previous import 'limma::logsumexp' by 'mclust::logsumexp' when loading 'genefu' 
> 
> test_check("PDATK")
[ FAIL 0 | WARN 2 | SKIP 0 | PASS 77 ]
[ FAIL 0 | WARN 2 | SKIP 0 | PASS 77 ]
> 
> proc.time()
   user  system elapsed 
 55.587  11.597  64.790 
PDATK.Rcheck/PDATK-Ex.timings
| name | user | system | elapsed | |
| CSPC_MAE | 0.007 | 0.005 | 0.012 | |
| ClinicalModel-class | 0.175 | 0.009 | 0.195 | |
| ClinicalModel | 0.193 | 0.011 | 0.212 | |
| CohortList | 0.056 | 0.008 | 0.064 | |
| ConsensusMetaclusteringModel | 0.024 | 0.004 | 0.030 | |
| CoxModel | 0.582 | 0.013 | 0.598 | |
| GeneFuModel | 0.237 | 0.005 | 0.243 | |
| ModelComparison | 5.548 | 0.076 | 5.704 | |
| PCOSP | 0.183 | 0.016 | 0.199 | |
| RandomGeneAssignmentModel | 0.151 | 0.011 | 0.161 | |
| RandomLabelShufflingModel | 0.157 | 0.010 | 0.168 | |
| SurvivalExperiment | 0.166 | 0.009 | 0.176 | |
| SurvivalModel-class | 0.074 | 0.008 | 0.082 | |
| SurvivalModel | 0.072 | 0.008 | 0.080 | |
| assignColDataColumn | 0.060 | 0.001 | 0.062 | |
| assignSubtypes-CohortList-list-method | 0.987 | 0.024 | 1.019 | |
| assignSubtypes-SurvivalExperiment-data.frame-method | 0.090 | 0.016 | 0.106 | |
| assignSubtypes | 0.071 | 0.014 | 0.086 | |
| barPlotModelComparison-ClinicalModel-PCOSP_or_RLS_or_RGA-method | 1.575 | 0.042 | 1.635 | |
| barPlotModelComparison | 1.531 | 0.041 | 1.597 | |
| birnbaum | 0.003 | 0.007 | 0.011 | |
| chen | 0.004 | 0.008 | 0.011 | |
| cohortSubtypeDFs | 0.005 | 0.008 | 0.014 | |
| compareModels-ModelComparison-SurvivalModel-method | 1.497 | 0.041 | 1.590 | |
| compareModels-SurvivalModel-SurvivalModel-method | 1.353 | 0.041 | 1.403 | |
| compareModels | 1.370 | 0.042 | 1.464 | |
| dropNotCensored-CohortList-method | 0.966 | 0.015 | 1.196 | |
| dropNotCensored-SurvivalExperiment-method | 0.082 | 0.007 | 0.090 | |
| dropNotCensored | 0.082 | 0.007 | 0.089 | |
| existingClassifierData | 0.004 | 0.008 | 0.012 | |
| findCommonGenes-CohortList-method | 0.032 | 0.008 | 0.041 | |
| findCommonGenes | 0.030 | 0.008 | 0.039 | |
| findCommonSamples-CohortList-method | 0.049 | 0.008 | 0.058 | |
| findCommonSamples | 0.049 | 0.008 | 0.056 | |
| forestPlot-ModelComparison-method | 1.479 | 0.040 | 1.613 | |
| forestPlot-PCOSP_or_ClinicalModel-method | 0.089 | 0.008 | 0.110 | |
| forestPlot | 0.275 | 0.008 | 0.311 | |
| getModelSeed-SurvivalModel-method | 0.011 | 0.007 | 0.017 | |
| getModelSeed | 0.009 | 0.007 | 0.019 | |
| getTopFeatures-PCOSP-method | 0.011 | 0.007 | 0.022 | |
| getTopFeatures-SummarizedExperiment-method | 0.261 | 0.010 | 0.307 | |
| getTopFeatures | 0.010 | 0.007 | 0.021 | |
| haiderSigScores | 0.004 | 0.007 | 0.013 | |
| hasColDataColumns | 0.028 | 0.001 | 0.032 | |
| merge-SurvivalExperiment-SurvivalExperiment-method | 0.289 | 0.010 | 0.333 | |
| modelParams-set | 0.025 | 0.004 | 0.032 | |
| modelParams | 0.023 | 0.004 | 0.027 | |
| models-SurvivalModel-method | 0.010 | 0.008 | 0.018 | |
| models-set-SurvivalModel-SimpleList-method | 0.012 | 0.007 | 0.021 | |
| models-set | 0.024 | 0.005 | 0.031 | |
| models | 0.014 | 0.005 | 0.020 | |
| normalsMAE | 0.003 | 0.005 | 0.008 | |
| plotROC-PCOSP-method | 0.553 | 0.015 | 0.639 | |
| predictClasses-CohortList-ClinicalModel-method | 0.530 | 0.022 | 0.628 | |
| predictClasses-CohortList-PCOSP_or_RLS_or_RGA-method | 0.701 | 0.021 | 0.763 | |
| predictClasses-SurvivalExperiment-ClinicalModel-method | 0.275 | 0.018 | 0.329 | |
| predictClasses-SurvivalExperiment-PCOSP_or_RLS_or_RGA-method | 0.266 | 0.017 | 0.319 | |
| predictClasses | 0.258 | 0.016 | 0.310 | |
| rankFeatures-SummarizedExperiment-method | 0.297 | 0.008 | 0.349 | |
| rankFeatures | 0.221 | 0.008 | 0.269 | |
| removeColDataFactorColumns | 0.033 | 0.007 | 0.048 | |
| removeFactorColumns | 0.006 | 0.001 | 0.009 | |
| renameColDataColumns | 0.036 | 0.007 | 0.050 | |
| renameColumns | 0.004 | 0.001 | 0.005 | |
| sampleClinicalModel | 0.008 | 0.007 | 0.016 | |
| sampleCohortList | 0.030 | 0.007 | 0.042 | |
| sampleICGCmicro | 0.009 | 0.007 | 0.017 | |
| samplePCOSPmodel | 0.009 | 0.007 | 0.018 | |
| samplePCOSPpredList | 0.045 | 0.007 | 0.063 | |
| samplePCSIsurvExp | 0.007 | 0.007 | 0.015 | |
| sampleRGAmodel | 0.008 | 0.006 | 0.016 | |
| sampleRLSmodel | 0.009 | 0.007 | 0.022 | |
| sampleTrainedPCOSPmodel | 0.010 | 0.006 | 0.017 | |
| sampleValPCOSPmodel | 0.049 | 0.008 | 0.066 | |
| show-S4Model-method | 0.150 | 0.005 | 0.172 | |
| subset-CohortList-method | 0.273 | 0.009 | 0.319 | |
| trainData-set | 0.026 | 0.004 | 0.035 | |
| trainData | 0.013 | 0.004 | 0.018 | |
| trainModel-ClinicalModel-method | 0.101 | 0.009 | 0.119 | |
| trainModel-PCOSP-method | 1.270 | 0.019 | 1.469 | |
| trainModel-RGAModel-method | 1.280 | 0.013 | 1.485 | |
| trainModel-RLSModel-method | 1.120 | 0.013 | 1.287 | |
| trainModel | 1.288 | 0.015 | 1.478 | |
| validateModel-ClinicalModel-CohortList-method | 0.492 | 0.018 | 0.580 | |
| validateModel-ClinicalModel-SurvivalExperiment-method | 1.313 | 0.074 | 1.558 | |
| validateModel-GeneFuModel-CohortList-method | 2.521 | 0.234 | 3.409 | |
| validateModel-PCOSP_or_RLS_or_RGA-CohortList-method | 2.335 | 0.097 | 2.753 | |
| validateModel-PCOSP_or_RLS_or_RGA-SurvivalExperiment-method | 2.343 | 0.089 | 2.746 | |
| validateModel | 0.167 | 0.016 | 0.205 | |
| validationData-SurvivalModel-method | 0.011 | 0.008 | 0.024 | |
| validationData-set-SurvivalModel-CohortList-method | 0.009 | 0.007 | 0.019 | |
| validationData-set | 0.015 | 0.004 | 0.022 | |
| validationData | 0.015 | 0.004 | 0.024 | |
| validationStats-SurvivalModel-method | 0.009 | 0.007 | 0.019 | |
| validationStats-set-SurvivalModel-data.frame-method | 0.010 | 0.008 | 0.025 | |
| validationStats-set | 0.015 | 0.004 | 0.020 | |
| validationStats | 0.014 | 0.005 | 0.021 | |