| Back to Multiple platform build/check report for BioC 3.20: simplified long |
|
This page was generated on 2024-11-09 21:31 -0500 (Sat, 09 Nov 2024).
| Hostname | OS | Arch (*) | R version | Installed pkgs |
|---|---|---|---|---|
| teran2 | Linux (Ubuntu 24.04.1 LTS) | x86_64 | 4.4.1 (2024-06-14) -- "Race for Your Life" | 4505 |
| palomino8 | Windows Server 2022 Datacenter | x64 | 4.4.1 (2024-06-14 ucrt) -- "Race for Your Life" | 4506 |
| lconway | macOS 12.7.1 Monterey | x86_64 | 4.4.1 (2024-06-14) -- "Race for Your Life" | 4538 |
| kjohnson3 | macOS 13.6.5 Ventura | arm64 | 4.4.1 (2024-06-14) -- "Race for Your Life" | 4486 |
| kunpeng2 | Linux (openEuler 22.03 LTS-SP1) | aarch64 | 4.4.1 (2024-06-14) -- "Race for Your Life" | 4493 |
| Click on any hostname to see more info about the system (e.g. compilers) (*) as reported by 'uname -p', except on Windows and Mac OS X | ||||
| Package 1195/2289 | Hostname | OS / Arch | INSTALL | BUILD | CHECK | BUILD BIN | ||||||||
| MesKit 1.16.0 (landing page) Mengni Liu
| teran2 | Linux (Ubuntu 24.04.1 LTS) / x86_64 | OK | ERROR | skipped | |||||||||
| palomino8 | Windows Server 2022 Datacenter / x64 | OK | ERROR | skipped | skipped | |||||||||
| lconway | macOS 12.7.1 Monterey / x86_64 | OK | OK | WARNINGS | OK | |||||||||
| kjohnson3 | macOS 13.6.5 Ventura / arm64 | OK | OK | WARNINGS | OK | |||||||||
| kunpeng2 | Linux (openEuler 22.03 LTS-SP1) / aarch64 | OK | OK | WARNINGS | ||||||||||
|
To the developers/maintainers of the MesKit package: - Allow up to 24 hours (and sometimes 48 hours) for your latest push to git@git.bioconductor.org:packages/MesKit.git to reflect on this report. See Troubleshooting Build Report for more information. - Use the following Renviron settings to reproduce errors and warnings. - If 'R CMD check' started to fail recently on the Linux builder(s) over a missing dependency, add the missing dependency to 'Suggests:' in your DESCRIPTION file. See Renviron.bioc for more information. |
| Package: MesKit |
| Version: 1.16.0 |
| Command: /Library/Frameworks/R.framework/Resources/bin/R CMD check --install=check:MesKit.install-out.txt --library=/Library/Frameworks/R.framework/Resources/library --no-vignettes --timings MesKit_1.16.0.tar.gz |
| StartedAt: 2024-11-09 06:33:24 -0500 (Sat, 09 Nov 2024) |
| EndedAt: 2024-11-09 06:39:40 -0500 (Sat, 09 Nov 2024) |
| EllapsedTime: 375.6 seconds |
| RetCode: 0 |
| Status: WARNINGS |
| CheckDir: MesKit.Rcheck |
| Warnings: 1 |
##############################################################################
##############################################################################
###
### Running command:
###
### /Library/Frameworks/R.framework/Resources/bin/R CMD check --install=check:MesKit.install-out.txt --library=/Library/Frameworks/R.framework/Resources/library --no-vignettes --timings MesKit_1.16.0.tar.gz
###
##############################################################################
##############################################################################
* using log directory ‘/Users/biocbuild/bbs-3.20-bioc/meat/MesKit.Rcheck’
* using R version 4.4.1 (2024-06-14)
* using platform: aarch64-apple-darwin20
* R was compiled by
Apple clang version 14.0.0 (clang-1400.0.29.202)
GNU Fortran (GCC) 12.2.0
* running under: macOS Ventura 13.6.7
* using session charset: UTF-8
* using option ‘--no-vignettes’
* checking for file ‘MesKit/DESCRIPTION’ ... OK
* checking extension type ... Package
* this is package ‘MesKit’ version ‘1.16.0’
* package encoding: UTF-8
* checking package namespace information ... OK
* checking package dependencies ...Warning: unable to access index for repository https://CRAN.R-project.org/src/contrib:
cannot open URL 'https://CRAN.R-project.org/src/contrib/PACKAGES'
OK
* checking if this is a source package ... OK
* checking if there is a namespace ... OK
* checking for hidden files and directories ... OK
* checking for portable file names ... OK
* checking for sufficient/correct file permissions ... OK
* checking whether package ‘MesKit’ can be installed ... WARNING
Found the following significant warnings:
Warning: replacing previous import ‘ape::degree’ by ‘circlize::degree’ when loading ‘MesKit’
Warning: replacing previous import ‘ape::where’ by ‘dplyr::where’ when loading ‘MesKit’
See ‘/Users/biocbuild/bbs-3.20-bioc/meat/MesKit.Rcheck/00install.out’ for details.
* checking installed package size ... NOTE
installed size is 5.9Mb
sub-directories of 1Mb or more:
extdata 4.9Mb
* checking package directory ... OK
* checking ‘build’ directory ... OK
* checking DESCRIPTION meta-information ... OK
* checking top-level files ... NOTE
File
LICENSE
is not mentioned in the DESCRIPTION file.
* checking for left-over files ... OK
* checking index information ... OK
* checking package subdirectories ... OK
* checking code files for non-ASCII characters ... OK
* checking R files for syntax errors ... OK
* checking whether the package can be loaded ... OK
* checking whether the package can be loaded with stated dependencies ... OK
* checking whether the package can be unloaded cleanly ... OK
* checking whether the namespace can be loaded with stated dependencies ... OK
* checking whether the namespace can be unloaded cleanly ... OK
* checking dependencies in R code ... OK
* checking S3 generic/method consistency ... OK
* checking replacement functions ... OK
* checking foreign function calls ... OK
* checking R code for possible problems ... NOTE
calJSI : processJSI: no visible binding for global variable ‘CCF’
cna2gene: no visible global function definition for ‘genes’
cna2gene: no visible binding for global variable ‘org.Hs.eg.db’
cna2gene: no visible binding for global variable ‘seqnames’
cna2gene: no visible binding for global variable ‘Chromosome’
cna2gene: no visible binding for global variable ‘Hugo_Symbol’
cna2gene: no visible binding for global variable ‘Start_Position’
cna2gene: no visible binding for global variable ‘End_Position’
cna2gene: no visible binding for global variable ‘i.End_Position’
cna2gene: no visible binding for global variable ‘i.Start_Position’
cna2gene: no visible binding for global variable ‘Patient_ID’
cna2gene: no visible binding for global variable ‘Tumor_Sample_Barcode’
cna2gene: no visible binding for global variable ‘seg_id’
cna2gene: no visible binding for global variable ‘overlap_width’
copyNumberFilter: no visible binding for global variable ‘Patient_ID’
drawVAFCombine: no visible binding for global variable ‘V’
drawVAFCombineVline: no visible binding for global variable ‘V’
fitSignatures : processFitSig: no visible binding for global variable
‘Branch’
fitSignatures : processFitSig: no visible binding for global variable
‘Original’
fitSignatures : processFitSig: no visible binding for global variable
‘Reconstructed’
mutCluster : processVafcluster_sample: no visible binding for global
variable ‘cluster’
plotCNA: no visible binding for global variable ‘Cytoband’
plotCNA: no visible binding for global variable ‘Cytoband_pos’
plotCNA: no visible binding for global variable ‘gene_id’
plotCNA: no visible binding for global variable ‘gene_pos’
plotCNA: no visible binding for global variable ‘Hugo_Symbol’
plotTree: no visible binding for global variable ‘is.match’
plotTree: no visible binding for global variable ‘x’
plotTree: no visible binding for global variable ‘y’
plotTree: no visible binding for global variable ‘xend’
plotTree: no visible binding for global variable ‘yend’
Undefined global functions or variables:
Branch CCF Chromosome Cytoband Cytoband_pos End_Position Hugo_Symbol
Original Patient_ID Reconstructed Start_Position Tumor_Sample_Barcode
V cluster gene_id gene_pos genes i.End_Position i.Start_Position
is.match org.Hs.eg.db overlap_width seg_id seqnames x xend y yend
* checking Rd files ... OK
* checking Rd metadata ... OK
* checking Rd cross-references ... OK
* checking for missing documentation entries ... OK
* checking for code/documentation mismatches ... OK
* checking Rd \usage sections ... OK
* checking Rd contents ... OK
* checking for unstated dependencies in examples ... OK
* checking files in ‘vignettes’ ... OK
* checking examples ... OK
Examples with CPU (user + system) or elapsed time > 5s
user system elapsed
cna2gene 6.615 0.187 6.808
* checking for unstated dependencies in vignettes ... OK
* checking package vignettes ... OK
* checking running R code from vignettes ... SKIPPED
* checking re-building of vignette outputs ... SKIPPED
* checking PDF version of manual ... OK
* DONE
Status: 1 WARNING, 3 NOTEs
See
‘/Users/biocbuild/bbs-3.20-bioc/meat/MesKit.Rcheck/00check.log’
for details.
MesKit.Rcheck/00install.out
############################################################################## ############################################################################## ### ### Running command: ### ### /Library/Frameworks/R.framework/Resources/bin/R CMD INSTALL MesKit ### ############################################################################## ############################################################################## * installing to library ‘/Library/Frameworks/R.framework/Versions/4.4-arm64/Resources/library’ * installing *source* package ‘MesKit’ ... ** using staged installation ** R ** inst ** byte-compile and prepare package for lazy loading Warning: replacing previous import ‘ape::degree’ by ‘circlize::degree’ when loading ‘MesKit’ Warning: replacing previous import ‘ape::where’ by ‘dplyr::where’ when loading ‘MesKit’ ** help *** installing help indices ** building package indices ** installing vignettes ** testing if installed package can be loaded from temporary location Warning: replacing previous import ‘ape::degree’ by ‘circlize::degree’ when loading ‘MesKit’ Warning: replacing previous import ‘ape::where’ by ‘dplyr::where’ when loading ‘MesKit’ ** testing if installed package can be loaded from final location Warning: replacing previous import ‘ape::degree’ by ‘circlize::degree’ when loading ‘MesKit’ Warning: replacing previous import ‘ape::where’ by ‘dplyr::where’ when loading ‘MesKit’ ** testing if installed package keeps a record of temporary installation path * DONE (MesKit)
MesKit.Rcheck/MesKit-Ex.timings
| name | user | system | elapsed | |
| calFst | 4.405 | 0.042 | 4.457 | |
| calJSI | 2.603 | 0.012 | 2.614 | |
| calNeiDist | 2.819 | 0.028 | 2.848 | |
| ccfAUC | 2.727 | 0.026 | 2.755 | |
| classifyMut | 2.466 | 0.119 | 2.584 | |
| cna2gene | 6.615 | 0.187 | 6.808 | |
| compareCCF | 3.177 | 0.279 | 3.460 | |
| compareTree | 2.985 | 0.052 | 3.037 | |
| fitSignatures | 2.484 | 0.056 | 2.539 | |
| getBinaryMatrix | 3.802 | 0.227 | 4.033 | |
| getBootstrapValue | 3.673 | 0.081 | 3.754 | |
| getBranchType | 3.477 | 0.142 | 3.620 | |
| getCCFMatrix | 3.436 | 0.159 | 3.594 | |
| getMafData | 1.710 | 0.006 | 1.716 | |
| getMafPatient | 1.756 | 0.028 | 1.785 | |
| getMafRef | 1.722 | 0.014 | 1.736 | |
| getMutBranches | 3.443 | 0.094 | 3.537 | |
| getNonSyn_vc | 2.088 | 0.009 | 2.098 | |
| getPhyloTree | 3.277 | 0.118 | 3.396 | |
| getPhyloTreePatient | 3.335 | 0.090 | 3.425 | |
| getPhyloTreeRef | 3.364 | 0.079 | 3.443 | |
| getPhyloTreeTsbLabel | 3.371 | 0.079 | 3.450 | |
| getSampleInfo | 1.690 | 0.007 | 1.697 | |
| getTree | 3.387 | 0.087 | 3.474 | |
| getTreeMethod | 3.439 | 0.148 | 3.587 | |
| mathScore | 1.730 | 0.007 | 1.738 | |
| mutCluster | 2.331 | 0.105 | 2.436 | |
| mutHeatmap | 3.368 | 0.039 | 3.408 | |
| mutTrunkBranch | 2.505 | 0.035 | 2.539 | |
| plotCNA | 0.762 | 0.006 | 0.769 | |
| plotMutProfile | 2.296 | 0.020 | 2.316 | |
| plotMutSigProfile | 3.226 | 0.107 | 3.335 | |
| plotPhyloTree | 2.187 | 0.016 | 2.204 | |
| readMaf | 2.241 | 0.019 | 2.259 | |
| readSegment | 0.112 | 0.011 | 0.123 | |
| runMesKit | 0 | 0 | 0 | |
| subMaf | 1.643 | 0.013 | 1.655 | |
| testNeutral | 2.090 | 0.018 | 2.108 | |
| triMatrix | 2.114 | 0.035 | 2.149 | |