| Back to Multiple platform build/check report for BioC 3.20: simplified long |
|
This page was generated on 2024-07-16 11:40 -0400 (Tue, 16 Jul 2024).
| Hostname | OS | Arch (*) | R version | Installed pkgs |
|---|---|---|---|---|
| nebbiolo2 | Linux (Ubuntu 22.04.3 LTS) | x86_64 | 4.4.1 (2024-06-14) -- "Race for Your Life" | 4677 |
| palomino6 | Windows Server 2022 Datacenter | x64 | 4.4.1 (2024-06-14 ucrt) -- "Race for Your Life" | 4416 |
| lconway | macOS 12.7.1 Monterey | x86_64 | 4.4.1 (2024-06-14) -- "Race for Your Life" | 4444 |
| kjohnson3 | macOS 13.6.5 Ventura | arm64 | 4.4.1 (2024-06-14) -- "Race for Your Life" | 4393 |
| palomino8 | Windows Server 2022 Datacenter | x64 | 4.4.1 (2024-06-14 ucrt) -- "Race for Your Life" | 4373 |
| Click on any hostname to see more info about the system (e.g. compilers) (*) as reported by 'uname -p', except on Windows and Mac OS X | ||||
| Package 1325/2243 | Hostname | OS / Arch | INSTALL | BUILD | CHECK | BUILD BIN | ||||||||
| MSstats 4.13.0 (landing page) Meena Choi
| nebbiolo2 | Linux (Ubuntu 22.04.3 LTS) / x86_64 | OK | OK | WARNINGS | |||||||||
| palomino6 | Windows Server 2022 Datacenter / x64 | OK | OK | WARNINGS | OK | |||||||||
| lconway | macOS 12.7.1 Monterey / x86_64 | OK | OK | WARNINGS | OK | |||||||||
| kjohnson3 | macOS 13.6.5 Ventura / arm64 | OK | OK | WARNINGS | OK | |||||||||
| palomino8 | Windows Server 2022 Datacenter / x64 | OK | OK | WARNINGS | OK | |||||||||
|
To the developers/maintainers of the MSstats package: - Allow up to 24 hours (and sometimes 48 hours) for your latest push to git@git.bioconductor.org:packages/MSstats.git to reflect on this report. See Troubleshooting Build Report for more information. - Use the following Renviron settings to reproduce errors and warnings. - If 'R CMD check' started to fail recently on the Linux builder(s) over a missing dependency, add the missing dependency to 'Suggests:' in your DESCRIPTION file. See Renviron.bioc for more information. |
| Package: MSstats |
| Version: 4.13.0 |
| Command: C:\Users\biocbuild\bbs-3.20-bioc\R\bin\R.exe CMD check --no-multiarch --install=check:MSstats.install-out.txt --library=C:\Users\biocbuild\bbs-3.20-bioc\R\library --no-vignettes --timings MSstats_4.13.0.tar.gz |
| StartedAt: 2024-07-16 02:05:44 -0400 (Tue, 16 Jul 2024) |
| EndedAt: 2024-07-16 02:07:59 -0400 (Tue, 16 Jul 2024) |
| EllapsedTime: 134.5 seconds |
| RetCode: 0 |
| Status: WARNINGS |
| CheckDir: MSstats.Rcheck |
| Warnings: 1 |
##############################################################################
##############################################################################
###
### Running command:
###
### C:\Users\biocbuild\bbs-3.20-bioc\R\bin\R.exe CMD check --no-multiarch --install=check:MSstats.install-out.txt --library=C:\Users\biocbuild\bbs-3.20-bioc\R\library --no-vignettes --timings MSstats_4.13.0.tar.gz
###
##############################################################################
##############################################################################
* using log directory 'C:/Users/biocbuild/bbs-3.20-bioc/meat/MSstats.Rcheck'
* using R version 4.4.1 (2024-06-14 ucrt)
* using platform: x86_64-w64-mingw32
* R was compiled by
gcc.exe (GCC) 13.2.0
GNU Fortran (GCC) 13.2.0
* running under: Windows Server 2022 x64 (build 20348)
* using session charset: UTF-8
* using option '--no-vignettes'
* checking for file 'MSstats/DESCRIPTION' ... OK
* this is package 'MSstats' version '4.13.0'
* package encoding: UTF-8
* checking package namespace information ... OK
* checking package dependencies ... OK
* checking if this is a source package ... OK
* checking if there is a namespace ... OK
* checking for hidden files and directories ... OK
* checking for portable file names ... OK
* checking whether package 'MSstats' can be installed ... OK
* used C++ compiler: 'G__~1.EXE (GCC) 13.2.0'
* checking C++ specification ... NOTE
Specified C++11: please drop specification unless essential
* checking installed package size ... OK
* checking package directory ... OK
* checking 'build' directory ... OK
* checking DESCRIPTION meta-information ... OK
* checking top-level files ... OK
* checking for left-over files ... OK
* checking index information ... OK
* checking package subdirectories ... OK
* checking code files for non-ASCII characters ... OK
* checking R files for syntax errors ... OK
* checking whether the package can be loaded ... OK
* checking whether the package can be loaded with stated dependencies ... OK
* checking whether the package can be unloaded cleanly ... OK
* checking whether the namespace can be loaded with stated dependencies ... OK
* checking whether the namespace can be unloaded cleanly ... OK
* checking whether startup messages can be suppressed ... OK
* checking dependencies in R code ... NOTE
Namespace in Imports field not imported from: 'statmod'
All declared Imports should be used.
Unexported object imported by a ':::' call: 'MSstatsConvert:::.standardizeColnames'
See the note in ?`:::` about the use of this operator.
* checking S3 generic/method consistency ... OK
* checking replacement functions ... OK
* checking foreign function calls ... OK
* checking R code for possible problems ... NOTE
.plotHeatmap : <anonymous>: no visible global function definition for
'col2rgb'
.plotProfile: no visible binding for global variable 'newABUNDANCE'
.savePlotlyPlotHTML: no visible global function definition for 'zip'
.setCensoredByThreshold: no visible binding for global variable
'any_censored'
DIANNtoMSstatsFormat: no visible binding for global variable
'DetectionQValue'
DIANNtoMSstatsFormat: no visible binding for global variable
'LibPGQValue'
DIANNtoMSstatsFormat: no visible binding for global variable
'LibQValue'
DIANNtoMSstatsFormat: no visible binding for global variable
'GlobalPGQValue'
DIANNtoMSstatsFormat: no visible binding for global variable
'GlobalQValue'
MSstatsPrepareForSummarization: no visible binding for global variable
'ref'
MSstatsPrepareForSummarization: no visible binding for global variable
'LABEL'
MSstatsPrepareForSummarization: no visible binding for global variable
'RUN'
SDRFtoAnnotation: no visible binding for global variable
'..extract_cols'
extractSDRF: no visible binding for global variable '..extract_cols'
Undefined global functions or variables:
..extract_cols DetectionQValue GlobalPGQValue GlobalQValue LABEL
LibPGQValue LibQValue RUN any_censored col2rgb newABUNDANCE ref zip
Consider adding
importFrom("grDevices", "col2rgb")
importFrom("utils", "zip")
to your NAMESPACE file.
* checking Rd files ... NOTE
checkRd: (-1) MSstatsSummarizationOutput.Rd:35: Lost braces in \itemize; \value handles \item{}{} directly
checkRd: (-1) MSstatsSummarizationOutput.Rd:36: Lost braces in \itemize; \value handles \item{}{} directly
checkRd: (-1) MSstatsSummarizationOutput.Rd:37: Lost braces in \itemize; \value handles \item{}{} directly
* checking Rd metadata ... OK
* checking Rd cross-references ... OK
* checking for missing documentation entries ... WARNING
Undocumented code objects:
'example_SDRF'
Undocumented data sets:
'example_SDRF'
All user-level objects in a package should have documentation entries.
See chapter 'Writing R documentation files' in the 'Writing R
Extensions' manual.
* checking for code/documentation mismatches ... OK
* checking Rd \usage sections ... NOTE
Documented arguments not in \usage in Rd file 'dot-documentFunction.Rd':
'removeFewMeasurements' 'useUniquePeptide' 'summaryforMultipleRows'
'removeProtein_with1Feature' 'removeProtein_with1Peptide'
'removeOxidationMpeptides' 'removeMpeptides' 'use_log_file' 'append'
'verbose' 'log_file_path'
Documented arguments not in \usage in Rd file 'dot-getContrast.Rd':
'contrast_matrix'
Documented arguments not in \usage in Rd file 'dot-getSingleProteinForProfile.Rd':
'dataProcess'
Documented arguments not in \usage in Rd file 'dot-getWideTable.Rd':
'vector'
Functions with \usage entries need to have the appropriate \alias
entries, and all their arguments documented.
The \usage entries must correspond to syntactically valid R code.
See chapter 'Writing R documentation files' in the 'Writing R
Extensions' manual.
* checking Rd contents ... OK
* checking for unstated dependencies in examples ... OK
* checking contents of 'data' directory ... OK
* checking data for non-ASCII characters ... OK
* checking LazyData ... OK
* checking data for ASCII and uncompressed saves ... OK
* checking line endings in C/C++/Fortran sources/headers ... OK
* checking line endings in Makefiles ... OK
* checking compilation flags in Makevars ... OK
* checking for GNU extensions in Makefiles ... OK
* checking for portable use of $(BLAS_LIBS) and $(LAPACK_LIBS) ... OK
* checking use of PKG_*FLAGS in Makefiles ... OK
* checking compiled code ... NOTE
Note: information on .o files for x64 is not available
File 'C:/Users/biocbuild/bbs-3.20-bioc/R/library/MSstats/libs/x64/MSstats.dll':
Found '_exit', possibly from '_exit' (C)
Found 'abort', possibly from 'abort' (C), 'runtime' (Fortran)
Found 'exit', possibly from 'exit' (C), 'stop' (Fortran)
Compiled code should not call entry points which might terminate R nor
write to stdout/stderr instead of to the console, nor use Fortran I/O
nor system RNGs nor [v]sprintf. The detected symbols are linked into
the code but might come from libraries and not actually be called.
See 'Writing portable packages' in the 'Writing R Extensions' manual.
* checking files in 'vignettes' ... OK
* checking examples ... OK
Examples with CPU (user + system) or elapsed time > 5s
user system elapsed
dataProcessPlots 6.94 0 6.94
* checking for unstated dependencies in 'tests' ... OK
* checking tests ...
Running 'tinytest.R'
OK
* checking for unstated dependencies in vignettes ... OK
* checking package vignettes ... OK
* checking running R code from vignettes ... SKIPPED
* checking re-building of vignette outputs ... SKIPPED
* checking PDF version of manual ... OK
* DONE
Status: 1 WARNING, 6 NOTEs
See
'C:/Users/biocbuild/bbs-3.20-bioc/meat/MSstats.Rcheck/00check.log'
for details.
MSstats.Rcheck/00install.out
############################################################################## ############################################################################## ### ### Running command: ### ### C:\Users\biocbuild\bbs-3.20-bioc\R\bin\R.exe CMD INSTALL MSstats ### ############################################################################## ############################################################################## * installing to library 'C:/Users/biocbuild/bbs-3.20-bioc/R/library' * installing *source* package 'MSstats' ... ** using staged installation ** libs using C++ compiler: 'G__~1.EXE (GCC) 13.2.0' using C++11 g++ -std=gnu++11 -I"C:/Users/biocbuild/bbs-3.20-bioc/R/include" -DNDEBUG -I'C:/Users/biocbuild/bbs-3.20-bioc/R/library/Rcpp/include' -I'C:/Users/biocbuild/bbs-3.20-bioc/R/library/RcppArmadillo/include' -I"C:/rtools44/x86_64-w64-mingw32.static.posix/include" -fopenmp -O2 -Wall -mfpmath=sse -msse2 -mstackrealign -c RcppExports.cpp -o RcppExports.o g++ -std=gnu++11 -I"C:/Users/biocbuild/bbs-3.20-bioc/R/include" -DNDEBUG -I'C:/Users/biocbuild/bbs-3.20-bioc/R/library/Rcpp/include' -I'C:/Users/biocbuild/bbs-3.20-bioc/R/library/RcppArmadillo/include' -I"C:/rtools44/x86_64-w64-mingw32.static.posix/include" -fopenmp -O2 -Wall -mfpmath=sse -msse2 -mstackrealign -c common.cpp -o common.o g++ -std=gnu++11 -I"C:/Users/biocbuild/bbs-3.20-bioc/R/include" -DNDEBUG -I'C:/Users/biocbuild/bbs-3.20-bioc/R/library/Rcpp/include' -I'C:/Users/biocbuild/bbs-3.20-bioc/R/library/RcppArmadillo/include' -I"C:/rtools44/x86_64-w64-mingw32.static.posix/include" -fopenmp -O2 -Wall -mfpmath=sse -msse2 -mstackrealign -c comparison_contrasts.cpp -o comparison_contrasts.o g++ -std=gnu++11 -I"C:/Users/biocbuild/bbs-3.20-bioc/R/include" -DNDEBUG -I'C:/Users/biocbuild/bbs-3.20-bioc/R/library/Rcpp/include' -I'C:/Users/biocbuild/bbs-3.20-bioc/R/library/RcppArmadillo/include' -I"C:/rtools44/x86_64-w64-mingw32.static.posix/include" -fopenmp -O2 -Wall -mfpmath=sse -msse2 -mstackrealign -c linear_summary.cpp -o linear_summary.o g++ -std=gnu++11 -I"C:/Users/biocbuild/bbs-3.20-bioc/R/include" -DNDEBUG -I'C:/Users/biocbuild/bbs-3.20-bioc/R/library/Rcpp/include' -I'C:/Users/biocbuild/bbs-3.20-bioc/R/library/RcppArmadillo/include' -I"C:/rtools44/x86_64-w64-mingw32.static.posix/include" -fopenmp -O2 -Wall -mfpmath=sse -msse2 -mstackrealign -c median_polish.cpp -o median_polish.o g++ -shared -s -static-libgcc -o MSstats.dll tmp.def RcppExports.o common.o comparison_contrasts.o linear_summary.o median_polish.o -fopenmp -LC:/Users/biocbuild/bbs-3.20-bioc/R/bin/x64 -lRlapack -LC:/Users/biocbuild/bbs-3.20-bioc/R/bin/x64 -lRblas -lgfortran -lm -lquadmath -LC:/rtools44/x86_64-w64-mingw32.static.posix/lib/x64 -LC:/rtools44/x86_64-w64-mingw32.static.posix/lib -LC:/Users/biocbuild/bbs-3.20-bioc/R/bin/x64 -lR installing to C:/Users/biocbuild/bbs-3.20-bioc/R/library/00LOCK-MSstats/00new/MSstats/libs/x64 ** R ** data *** moving datasets to lazyload DB ** inst ** byte-compile and prepare package for lazy loading ** help *** installing help indices ** building package indices ** installing vignettes ** testing if installed package can be loaded from temporary location ** testing if installed package can be loaded from final location ** testing if installed package keeps a record of temporary installation path * DONE (MSstats)
MSstats.Rcheck/tests/tinytest.Rout
R version 4.4.1 (2024-06-14 ucrt) -- "Race for Your Life"
Copyright (C) 2024 The R Foundation for Statistical Computing
Platform: x86_64-w64-mingw32/x64
R is free software and comes with ABSOLUTELY NO WARRANTY.
You are welcome to redistribute it under certain conditions.
Type 'license()' or 'licence()' for distribution details.
R is a collaborative project with many contributors.
Type 'contributors()' for more information and
'citation()' on how to cite R or R packages in publications.
Type 'demo()' for some demos, 'help()' for on-line help, or
'help.start()' for an HTML browser interface to help.
Type 'q()' to quit R.
> if ( requireNamespace("tinytest", quietly=TRUE) ){
+ tinytest::test_package("MSstats")
+ }
Attaching package: 'MSstats'
The following object is masked from 'package:grDevices':
savePlot
test_MSstatsdev.R............. 1 tests [0;32mOK[0m [0;36m48ms[0m
INFO [2024-07-16 02:07:35] ** Features with one or two measurements across runs are removed.
INFO [2024-07-16 02:07:35] ** Fractionation handled.
INFO [2024-07-16 02:07:35] ** Updated quantification data to make balanced design. Missing values are marked by NA
INFO [2024-07-16 02:07:35] ** Log2 intensities under cutoff = 3.776 were considered as censored missing values.
INFO [2024-07-16 02:07:35] ** Log2 intensities = NA were considered as censored missing values.
INFO [2024-07-16 02:07:35] ** Use all features that the dataset originally has.
INFO [2024-07-16 02:07:35]
# proteins: 2
# peptides per protein: 2-2
# features per peptide: 3-3
INFO [2024-07-16 02:07:35]
1 2 3 4 5 6 7 8 9 10
# runs 3 3 3 3 3 3 3 3 3 3
# bioreplicates 3 3 3 3 3 3 3 3 3 3
# tech. replicates 1 1 1 1 1 1 1 1 1 1
INFO [2024-07-16 02:07:35] == Start the summarization per subplot...
|
| | 0%
|
|=================================== | 50%
|
|======================================================================| 100%
INFO [2024-07-16 02:07:35] == Summarization is done.
test_dataProcess.R............ 0 tests INFO [2024-07-16 02:07:36] ** Features with one or two measurements across runs are removed.
INFO [2024-07-16 02:07:36] ** Fractionation handled.
INFO [2024-07-16 02:07:36] ** Updated quantification data to make balanced design. Missing values are marked by NA
INFO [2024-07-16 02:07:36] ** Use all features that the dataset originally has.
INFO [2024-07-16 02:07:36]
# proteins: 6
# peptides per protein: 11-32
# features per peptide: 1-1
INFO [2024-07-16 02:07:36]
C1 C2 C3 C4 C5 C6
# runs 3 3 3 3 3 3
# bioreplicates 1 1 1 1 1 1
# tech. replicates 3 3 3 3 3 3
INFO [2024-07-16 02:07:36] Some features are completely missing in at least one condition:
D.GPLTGTYR_23_23_NA_NA,
F.HFHWGSSDDQGSEHTVDR_402_402_NA_NA,
G.PLTGTYR_8_8_NA_NA,
H.SFNVEYDDSQDK_465_465_NA_NA,
K.AVVQDPALKPL_156_156_NA_NA ...
INFO [2024-07-16 02:07:36] == Start the summarization per subplot...
|
| | 0%
|
|============ | 17%
|
|======================= | 33%
|
|=================================== | 50%
|
|=============================================== | 67%
|
|========================================================== | 83%
|
|======================================================================| 100%
INFO [2024-07-16 02:07:36] == Summarization is done.
test_dataProcess.R............ 0 tests INFO [2024-07-16 02:07:36] ** Features with one or two measurements across runs are removed.
INFO [2024-07-16 02:07:36] ** Fractionation handled.
INFO [2024-07-16 02:07:36] ** Updated quantification data to make balanced design. Missing values are marked by NA
INFO [2024-07-16 02:07:36] ** Log2 intensities under cutoff = 3.776 were considered as censored missing values.
INFO [2024-07-16 02:07:36] ** Log2 intensities = NA were considered as censored missing values.
INFO [2024-07-16 02:07:36] ** Use all features that the dataset originally has.
INFO [2024-07-16 02:07:36]
# proteins: 2
# peptides per protein: 2-2
# features per peptide: 3-3
INFO [2024-07-16 02:07:36]
1 2 3 4 5 6 7 8 9 10
# runs 3 3 3 3 3 3 3 3 3 3
# bioreplicates 3 3 3 3 3 3 3 3 3 3
# tech. replicates 1 1 1 1 1 1 1 1 1 1
INFO [2024-07-16 02:07:36] == Start the summarization per subplot...
INFO [2024-07-16 02:07:39] == Summarization is done.
test_dataProcess.R............ 0 tests INFO [2024-07-16 02:07:39] ** Features with one or two measurements across runs are removed.
INFO [2024-07-16 02:07:39] ** Fractionation handled.
INFO [2024-07-16 02:07:39] ** Updated quantification data to make balanced design. Missing values are marked by NA
INFO [2024-07-16 02:07:39] ** Use all features that the dataset originally has.
INFO [2024-07-16 02:07:39]
# proteins: 6
# peptides per protein: 11-32
# features per peptide: 1-1
INFO [2024-07-16 02:07:39]
C1 C2 C3 C4 C5 C6
# runs 3 3 3 3 3 3
# bioreplicates 1 1 1 1 1 1
# tech. replicates 3 3 3 3 3 3
INFO [2024-07-16 02:07:39] Some features are completely missing in at least one condition:
D.GPLTGTYR_23_23_NA_NA,
F.HFHWGSSDDQGSEHTVDR_402_402_NA_NA,
G.PLTGTYR_8_8_NA_NA,
H.SFNVEYDDSQDK_465_465_NA_NA,
K.AVVQDPALKPL_156_156_NA_NA ...
INFO [2024-07-16 02:07:39] == Start the summarization per subplot...
INFO [2024-07-16 02:07:42] == Summarization is done.
test_dataProcess.R............ 0 tests
test_dataProcess.R............ 1 tests [0;32mOK[0m
test_dataProcess.R............ 2 tests [0;32mOK[0m [0;34m7.0s[0m
INFO [2024-07-16 02:07:42] ** Features with one or two measurements across runs are removed.
INFO [2024-07-16 02:07:42] ** Fractionation handled.
INFO [2024-07-16 02:07:42] ** Updated quantification data to make balanced design. Missing values are marked by NA
INFO [2024-07-16 02:07:42] ** Log2 intensities under cutoff = 3.776 were considered as censored missing values.
INFO [2024-07-16 02:07:42] ** Log2 intensities = NA were considered as censored missing values.
INFO [2024-07-16 02:07:42] ** Use all features that the dataset originally has.
INFO [2024-07-16 02:07:42]
# proteins: 2
# peptides per protein: 2-2
# features per peptide: 3-3
INFO [2024-07-16 02:07:42]
1 2 3 4 5 6 7 8 9 10
# runs 3 3 3 3 3 3 3 3 3 3
# bioreplicates 3 3 3 3 3 3 3 3 3 3
# tech. replicates 1 1 1 1 1 1 1 1 1 1
INFO [2024-07-16 02:07:42] == Start the summarization per subplot...
|
| | 0%
|
|=================================== | 50%
|
|======================================================================| 100%
INFO [2024-07-16 02:07:42] == Summarization is done.
test_groupComparison.R........ 0 tests
test_groupComparison.R........ 0 tests
test_groupComparison.R........ 0 tests
test_groupComparison.R........ 0 tests
test_groupComparison.R........ 0 tests INFO [2024-07-16 02:07:42] == Start to test and get inference in whole plot ...
|
| | 0%
|
|=================================== | 50%
|
|======================================================================| 100%
INFO [2024-07-16 02:07:43] == Comparisons for all proteins are done.
test_groupComparison.R........ 0 tests INFO [2024-07-16 02:07:43] == Start to test and get inference in whole plot ...
INFO [2024-07-16 02:07:46] == Comparisons for all proteins are done.
test_groupComparison.R........ 0 tests
test_groupComparison.R........ 1 tests [0;32mOK[0m [0;34m3.2s[0m
[0;36m2ms[0m
All ok, 4 results (10.3s)
>
> proc.time()
user system elapsed
3.39 0.60 13.29
MSstats.Rcheck/MSstats-Ex.timings
| name | user | system | elapsed | |
| DDARawData | 0 | 0 | 0 | |
| DDARawData.Skyline | 0 | 0 | 0 | |
| DIANNtoMSstatsFormat | 0 | 0 | 0 | |
| DIARawData | 0 | 0 | 0 | |
| DIAUmpiretoMSstatsFormat | 0.11 | 0.02 | 0.12 | |
| FragPipetoMSstatsFormat | 0.05 | 0.00 | 0.05 | |
| MSstatsGroupComparison | 0.28 | 0.00 | 0.28 | |
| MSstatsGroupComparisonOutput | 0.20 | 0.00 | 0.21 | |
| MSstatsGroupComparisonSingleProtein | 0.21 | 0.00 | 0.20 | |
| MSstatsHandleMissing | 0.07 | 0.00 | 0.08 | |
| MSstatsMergeFractions | 0.10 | 0.00 | 0.09 | |
| MSstatsNormalize | 0.04 | 0.00 | 0.06 | |
| MSstatsPrepareForDataProcess | 0.08 | 0.00 | 0.08 | |
| MSstatsPrepareForGroupComparison | 0.13 | 0.00 | 0.12 | |
| MSstatsPrepareForSummarization | 0.06 | 0.00 | 0.10 | |
| MSstatsSelectFeatures | 0.20 | 0.02 | 0.28 | |
| MSstatsSummarizationOutput | 0.19 | 0.06 | 0.26 | |
| MSstatsSummarize | 0.20 | 0.01 | 0.22 | |
| MSstatsSummarizeSingleLinear | 0.08 | 0.00 | 0.10 | |
| MSstatsSummarizeSingleTMP | 0.11 | 0.00 | 0.15 | |
| MaxQtoMSstatsFormat | 0.15 | 0.02 | 0.22 | |
| OpenMStoMSstatsFormat | 0.08 | 0.00 | 0.08 | |
| OpenSWATHtoMSstatsFormat | 0.05 | 0.00 | 0.05 | |
| PDtoMSstatsFormat | 0.06 | 0.00 | 0.06 | |
| ProgenesistoMSstatsFormat | 0.05 | 0.00 | 0.05 | |
| SDRFtoAnnotation | 0.01 | 0.00 | 0.01 | |
| SRMRawData | 0 | 0 | 0 | |
| SkylinetoMSstatsFormat | 0.07 | 0.03 | 0.10 | |
| SpectronauttoMSstatsFormat | 0.04 | 0.00 | 0.04 | |
| checkRepeatedDesign | 0.11 | 0.00 | 0.11 | |
| dataProcess | 0.33 | 0.03 | 0.36 | |
| dataProcessPlots | 6.94 | 0.00 | 6.94 | |
| designSampleSize | 0.20 | 0.03 | 0.24 | |
| designSampleSizePlots | 0.25 | 0.00 | 0.25 | |
| dot-makeQCPlot | 4.26 | 0.61 | 4.94 | |
| extractSDRF | 0.14 | 0.01 | 0.17 | |
| getProcessed | 0.05 | 0.02 | 0.10 | |
| getSamplesInfo | 0.23 | 0.03 | 0.29 | |
| groupComparison | 0.22 | 0.00 | 0.22 | |
| groupComparisonPlots | 2.17 | 0.06 | 2.24 | |
| makePeptidesDictionary | 0 | 0 | 0 | |
| modelBasedQCPlots | 0.69 | 0.02 | 0.70 | |
| quantification | 0.21 | 0.00 | 0.20 | |