| Back to Multiple platform build/check report for BioC 3.20: simplified long |
|
This page was generated on 2024-07-16 11:40 -0400 (Tue, 16 Jul 2024).
| Hostname | OS | Arch (*) | R version | Installed pkgs |
|---|---|---|---|---|
| nebbiolo2 | Linux (Ubuntu 22.04.3 LTS) | x86_64 | 4.4.1 (2024-06-14) -- "Race for Your Life" | 4677 |
| palomino6 | Windows Server 2022 Datacenter | x64 | 4.4.1 (2024-06-14 ucrt) -- "Race for Your Life" | 4416 |
| lconway | macOS 12.7.1 Monterey | x86_64 | 4.4.1 (2024-06-14) -- "Race for Your Life" | 4444 |
| kjohnson3 | macOS 13.6.5 Ventura | arm64 | 4.4.1 (2024-06-14) -- "Race for Your Life" | 4393 |
| palomino8 | Windows Server 2022 Datacenter | x64 | 4.4.1 (2024-06-14 ucrt) -- "Race for Your Life" | 4373 |
| Click on any hostname to see more info about the system (e.g. compilers) (*) as reported by 'uname -p', except on Windows and Mac OS X | ||||
| Package 1047/2243 | Hostname | OS / Arch | INSTALL | BUILD | CHECK | BUILD BIN | ||||||||
| IsoformSwitchAnalyzeR 2.5.0 (landing page) Kristoffer Vitting-Seerup
| nebbiolo2 | Linux (Ubuntu 22.04.3 LTS) / x86_64 | OK | OK | OK | |||||||||
| palomino6 | Windows Server 2022 Datacenter / x64 | OK | OK | ERROR | OK | |||||||||
| lconway | macOS 12.7.1 Monterey / x86_64 | OK | OK | OK | OK | |||||||||
| kjohnson3 | macOS 13.6.5 Ventura / arm64 | OK | OK | OK | OK | |||||||||
| palomino8 | Windows Server 2022 Datacenter / x64 | OK | OK | OK | OK | |||||||||
|
To the developers/maintainers of the IsoformSwitchAnalyzeR package: - Allow up to 24 hours (and sometimes 48 hours) for your latest push to git@git.bioconductor.org:packages/IsoformSwitchAnalyzeR.git to reflect on this report. See Troubleshooting Build Report for more information. - Use the following Renviron settings to reproduce errors and warnings. - If 'R CMD check' started to fail recently on the Linux builder(s) over a missing dependency, add the missing dependency to 'Suggests:' in your DESCRIPTION file. See Renviron.bioc for more information. |
| Package: IsoformSwitchAnalyzeR |
| Version: 2.5.0 |
| Command: C:\Users\biocbuild\bbs-3.20-bioc\R\bin\R.exe CMD check --no-multiarch --install=check:IsoformSwitchAnalyzeR.install-out.txt --library=C:\Users\biocbuild\bbs-3.20-bioc\R\library --no-vignettes --timings IsoformSwitchAnalyzeR_2.5.0.tar.gz |
| StartedAt: 2024-07-16 01:08:44 -0400 (Tue, 16 Jul 2024) |
| EndedAt: 2024-07-16 01:17:14 -0400 (Tue, 16 Jul 2024) |
| EllapsedTime: 510.5 seconds |
| RetCode: 1 |
| Status: ERROR |
| CheckDir: IsoformSwitchAnalyzeR.Rcheck |
| Warnings: NA |
##############################################################################
##############################################################################
###
### Running command:
###
### C:\Users\biocbuild\bbs-3.20-bioc\R\bin\R.exe CMD check --no-multiarch --install=check:IsoformSwitchAnalyzeR.install-out.txt --library=C:\Users\biocbuild\bbs-3.20-bioc\R\library --no-vignettes --timings IsoformSwitchAnalyzeR_2.5.0.tar.gz
###
##############################################################################
##############################################################################
* using log directory 'C:/Users/biocbuild/bbs-3.20-bioc/meat/IsoformSwitchAnalyzeR.Rcheck'
* using R version 4.4.1 (2024-06-14 ucrt)
* using platform: x86_64-w64-mingw32
* R was compiled by
gcc.exe (GCC) 13.2.0
GNU Fortran (GCC) 13.2.0
* running under: Windows Server 2022 x64 (build 20348)
* using session charset: UTF-8
* using option '--no-vignettes'
* checking for file 'IsoformSwitchAnalyzeR/DESCRIPTION' ... OK
* checking extension type ... Package
* this is package 'IsoformSwitchAnalyzeR' version '2.5.0'
* checking package namespace information ... OK
* checking package dependencies ... NOTE
Depends: includes the non-default packages:
'limma', 'DEXSeq', 'satuRn', 'sva', 'ggplot2', 'pfamAnalyzeR'
Adding so many packages to the search path is excessive and importing
selectively is preferable.
* checking if this is a source package ... OK
* checking if there is a namespace ... OK
* checking for hidden files and directories ... OK
* checking for portable file names ... OK
* checking whether package 'IsoformSwitchAnalyzeR' can be installed ... OK
* used C compiler: 'gcc.exe (GCC) 13.2.0'
* checking installed package size ... NOTE
installed size is 6.8Mb
sub-directories of 1Mb or more:
R 1.0Mb
data 1.1Mb
extdata 4.3Mb
* checking package directory ... OK
* checking 'build' directory ... OK
* checking DESCRIPTION meta-information ... OK
* checking top-level files ... OK
* checking for left-over files ... OK
* checking index information ... OK
* checking package subdirectories ... OK
* checking code files for non-ASCII characters ... OK
* checking R files for syntax errors ... OK
* checking whether the package can be loaded ... OK
* checking whether the package can be loaded with stated dependencies ... OK
* checking whether the package can be unloaded cleanly ... OK
* checking whether the namespace can be loaded with stated dependencies ... OK
* checking whether the namespace can be unloaded cleanly ... OK
* checking dependencies in R code ... OK
* checking S3 generic/method consistency ... OK
* checking replacement functions ... OK
* checking foreign function calls ... OK
* checking R code for possible problems ... NOTE
analyzeNovelIsoformORF: no visible binding for global variable
'orf_origin'
analyzeNovelIsoformORF: no visible binding for global variable
'orfStartGenomic'
analyzeNovelIsoformORF: no visible binding for global variable
'isoform_id'
analyzeNovelIsoformORF: no visible binding for global variable
'orfEndGenomic'
expressionAnalysisPlot: no visible binding for global variable
'Condition'
expressionAnalysisPlot: no visible binding for global variable
'gene_expression'
expressionAnalysisPlot: no visible binding for global variable 'CI_up'
expressionAnalysisPlot: no visible binding for global variable
'CI_down'
expressionAnalysisPlot: no visible binding for global variable
'sigLevelPos'
expressionAnalysisPlot: no visible binding for global variable
'sigLevel'
expressionAnalysisPlot: no visible binding for global variable 'CI_hi'
expressionAnalysisPlot: no visible binding for global variable 'CI_low'
expressionAnalysisPlot: no visible binding for global variable 'ymax'
expressionAnalysisPlot: no visible binding for global variable
'sigEval'
expressionAnalysisPlot: no visible binding for global variable 'idNr'
expressionAnalysisPlot: no visible binding for global variable 'IF'
extractConsequenceEnrichment: no visible binding for global variable
'feature2'
extractConsequenceEnrichment: no visible binding for global variable
'propOfRelevantEvents'
extractConsequenceEnrichment: no visible binding for global variable
'Significant'
extractConsequenceEnrichment: no visible binding for global variable
'propCiLo'
extractConsequenceEnrichment: no visible binding for global variable
'propCiHi'
extractConsequenceEnrichment: no visible binding for global variable
'nTot'
extractConsequenceEnrichmentComparison: no visible binding for global
variable 'Comparison'
extractConsequenceEnrichmentComparison: no visible binding for global
variable 'propOfRelevantEvents'
extractConsequenceEnrichmentComparison: no visible binding for global
variable 'Significant'
extractConsequenceEnrichmentComparison: no visible binding for global
variable 'nTot'
extractConsequenceEnrichmentComparison: no visible binding for global
variable 'propCiHi'
extractConsequenceEnrichmentComparison: no visible binding for global
variable 'propCiLo'
extractConsequenceGenomeWide: no visible binding for global variable
'isoform_feature'
extractConsequenceGenomeWide: no visible binding for global variable
'value'
extractConsequenceGenomeWide: no visible binding for global variable
'variable'
extractConsequenceGenomeWide: no visible binding for global variable
'ymax'
extractConsequenceGenomeWide: no visible binding for global variable
'significance'
extractConsequenceGenomeWide: no visible binding for global variable
'idNr'
extractConsequenceSummary: no visible binding for global variable
'switchConsequence'
extractConsequenceSummary: no visible binding for global variable
'geneFraction'
extractConsequenceSummary: no visible binding for global variable
'nrGenesWithConsequences'
extractConsequenceSummary: no visible binding for global variable
'isoFraction'
extractConsequenceSummary: no visible binding for global variable
'nrIsoWithConsequences'
extractSplicingEnrichment: no visible binding for global variable
'AStype'
extractSplicingEnrichment: no visible binding for global variable
'propUp'
extractSplicingEnrichment: no visible binding for global variable
'Significant'
extractSplicingEnrichment: no visible binding for global variable
'nTot'
extractSplicingEnrichment: no visible binding for global variable
'propUpCiHi'
extractSplicingEnrichment: no visible binding for global variable
'propUpCiLo'
extractSplicingEnrichmentComparison: no visible binding for global
variable 'Comparison'
extractSplicingEnrichmentComparison: no visible binding for global
variable 'propUp'
extractSplicingEnrichmentComparison: no visible binding for global
variable 'Significant'
extractSplicingEnrichmentComparison: no visible binding for global
variable 'nTot'
extractSplicingEnrichmentComparison: no visible binding for global
variable 'propUpCiHi'
extractSplicingEnrichmentComparison: no visible binding for global
variable 'propUpCiLo'
extractSplicingGenomeWide: no visible binding for global variable
'isoform_feature'
extractSplicingGenomeWide: no visible binding for global variable
'value'
extractSplicingGenomeWide: no visible binding for global variable
'variable'
extractSplicingGenomeWide: no visible binding for global variable
'ymax'
extractSplicingGenomeWide: no visible binding for global variable
'significance'
extractSplicingGenomeWide: no visible binding for global variable
'idNr'
extractSplicingSummary: no visible binding for global variable
'splicingResult'
extractSplicingSummary: no visible binding for global variable
'geneFraction'
extractSplicingSummary: no visible binding for global variable
'nrGenesWithConsequences'
extractSplicingSummary: no visible binding for global variable
'isoFraction'
extractSplicingSummary: no visible binding for global variable
'nrIsoWithConsequences'
extractSubCellShifts: no visible binding for global variable 'gene_ref'
extractSubCellShifts: no visible binding for global variable 'gene_id'
extractSubCellShifts: no visible binding for global variable
'condition_1'
extractSubCellShifts: no visible binding for global variable
'condition_2'
extractSubCellShifts: no visible binding for global variable
'isoformUpregulated'
extractSubCellShifts: no visible binding for global variable
'isoformDownregulated'
extractSubCellShifts: no visible binding for global variable
'featureCompared'
extractSubCellShifts: no visible binding for global variable
'isoformsDifferent'
extractSubCellShifts: no visible binding for global variable
'isoform_id'
extractSubCellShifts: no visible binding for global variable
'Localizations'
extractSubCellShifts: no visible binding for global variable
'location_gain'
extractSubCellShifts: no visible binding for global variable
'location_loss'
extractSubCellShifts: no visible binding for global variable 'n_genes'
extractSubCellShifts: no visible binding for global variable 'n_switch'
extractSubCellShifts: no visible binding for global variable 'Genes'
extractSubCellShifts: no visible binding for global variable 'Switch'
importGTF: no visible binding for global variable 'gene_id'
importGTF: no visible binding for global variable 'gene_name'
importRdata: no visible binding for global variable 'isoform_id'
importRdata: no visible binding for global variable 'gene_id'
importRdata: no visible binding for global variable 'ref_gene_id'
importRdata: no visible binding for global variable 'n_ref_gene_ids'
importRdata: no visible binding for global variable 'n_iso_na'
importRdata: no visible binding for global variable 'novel_iso'
importRdata: no visible binding for global variable 'known_ref_gene_id'
importRdata: no visible binding for global variable 'nt_overlap'
importRdata: no visible binding for global variable 'frac_overlap'
importRdata: no visible binding for global variable
'log2_overlap_ratio'
importRdata: no visible binding for global variable 'has_ref_gene_id'
importRdata: no visible binding for global variable 'has_novel_iso'
importRdata: no visible binding for global variable 'gene_name'
importRdata: no visible binding for global variable 'n_ref'
isoformToGeneExp: no visible binding for global variable 'gene_id'
isoformToGeneExp: no visible binding for global variable 'gene_name'
preFilter: no visible global function definition for 'setdff'
switchPlotTranscript: no visible binding for global variable 'topology'
switchPlotTranscript: no visible binding for global variable 'idNr'
switchPlotTranscript: no visible binding for global variable 'Topology'
switchPlotTranscript: no visible binding for global variable 'topGroup'
switchPlotTranscript: no visible binding for global variable 'y'
switchPlotTranscript: no visible binding for global variable 'yend'
switchPlotTranscript: no visible binding for global variable 'x'
switchPlotTranscript: no visible binding for global variable 'ymin'
switchPlotTranscript: no visible binding for global variable 'xmin'
switchPlotTranscript: no visible binding for global variable 'ymax'
switchPlotTranscript: no visible binding for global variable 'xmax'
switchPlotTranscript: no visible binding for global variable 'Domain'
switchPlotTranscript: no visible binding for global variable 'value'
Undefined global functions or variables:
AStype CI_down CI_hi CI_low CI_up Comparison Condition Domain Genes
IF Localizations Significant Switch Topology condition_1 condition_2
feature2 featureCompared frac_overlap geneFraction gene_expression
gene_id gene_name gene_ref has_novel_iso has_ref_gene_id idNr
isoFraction isoformDownregulated isoformUpregulated isoform_feature
isoform_id isoformsDifferent known_ref_gene_id location_gain
location_loss log2_overlap_ratio nTot n_genes n_iso_na n_ref
n_ref_gene_ids n_switch novel_iso nrGenesWithConsequences
nrIsoWithConsequences nt_overlap orfEndGenomic orfStartGenomic
orf_origin propCiHi propCiLo propOfRelevantEvents propUp propUpCiHi
propUpCiLo ref_gene_id setdff sigEval sigLevel sigLevelPos
significance splicingResult switchConsequence topGroup topology value
variable x xmax xmin y yend ymax ymin
* checking Rd files ... NOTE
checkRd: (-1) isoformToGeneExp.Rd:22: Lost braces; missing escapes or markup?
22 | \item{Using the {isoformGeneAnnotation} argument}.
| ^
checkRd: (-1) isoformToIsoformFraction.Rd:23: Lost braces; missing escapes or markup?
23 | \item{Using the {isoformGeneAnnotation} argument}.
| ^
* checking Rd metadata ... OK
* checking Rd cross-references ... OK
* checking for missing documentation entries ... OK
* checking for code/documentation mismatches ... OK
* checking Rd \usage sections ... OK
* checking Rd contents ... OK
* checking for unstated dependencies in examples ... OK
* checking contents of 'data' directory ... OK
* checking data for non-ASCII characters ... OK
* checking data for ASCII and uncompressed saves ... OK
* checking line endings in C/C++/Fortran sources/headers ... OK
* checking compiled code ... NOTE
Note: information on .o files for x64 is not available
File 'C:/Users/biocbuild/bbs-3.20-bioc/R/library/IsoformSwitchAnalyzeR/libs/x64/IsoformSwitchAnalyzeR.dll':
Found '_exit', possibly from '_exit' (C)
Found 'abort', possibly from 'abort' (C), 'runtime' (Fortran)
Compiled code should not call entry points which might terminate R nor
write to stdout/stderr instead of to the console, nor use Fortran I/O
nor system RNGs nor [v]sprintf. The detected symbols are linked into
the code but might come from libraries and not actually be called.
See 'Writing portable packages' in the 'Writing R Extensions' manual.
* checking files in 'vignettes' ... OK
* checking examples ... ERROR
Running examples in 'IsoformSwitchAnalyzeR-Ex.R' failed
The error most likely occurred in:
> base::assign(".ptime", proc.time(), pos = "CheckExEnv")
> ### Name: importSalmonData
> ### Title: Direct creation of a switchAnalyzeRlist from Salmon
> ### quantification
> ### Aliases: importSalmonData
>
> ### ** Examples
>
> ### Please note
> # The way of importing files in the following example with
> # "system.file('pathToFile', package="IsoformSwitchAnalyzeR") is
> # specialized way of accessing the example data in the IsoformSwitchAnalyzeR package
> # and not something you need to do - just supply the string e.g.
> # parentDir = "individual_quantifications_in_subdir/" to the functions
> # path (e.g. "myAnnotation/isoformsQuantified.gtf") to the isoformExonAnnoation argument
>
> ### Prepare data.frame with quant file info
> salmonDf <- prepareSalmonFileDataFrame(
+ system.file("extdata/drosophila", package="IsoformSwitchAnalyzeR")
+ )
Found 4 Salmon quantifications of interest
Adding NAs as conditions. Please modify these manually.
>
> ### Add conditions
> salmonDf$condition <- c('wt','wt','ko','ko')
>
> ### Create switchAnalyzeRlist
> aSwitchList <- importSalmonData(salmonDf)
Importing quantification data...
Error: failed to load resource
name: AH74985
title: Ensembl 98 EnsDb for Drosophila melanogaster
reason: 1 resources failed to download
Execution halted
* checking for unstated dependencies in vignettes ... OK
* checking package vignettes ... OK
* checking running R code from vignettes ... SKIPPED
* checking re-building of vignette outputs ... SKIPPED
* checking PDF version of manual ... OK
* DONE
Status: 1 ERROR, 5 NOTEs
See
'C:/Users/biocbuild/bbs-3.20-bioc/meat/IsoformSwitchAnalyzeR.Rcheck/00check.log'
for details.
IsoformSwitchAnalyzeR.Rcheck/00install.out
############################################################################## ############################################################################## ### ### Running command: ### ### C:\Users\biocbuild\bbs-3.20-bioc\R\bin\R.exe CMD INSTALL IsoformSwitchAnalyzeR ### ############################################################################## ############################################################################## * installing to library 'C:/Users/biocbuild/bbs-3.20-bioc/R/library' * installing *source* package 'IsoformSwitchAnalyzeR' ... ** using staged installation ** libs using C compiler: 'gcc.exe (GCC) 13.2.0' gcc -I"C:/Users/biocbuild/bbs-3.20-bioc/R/include" -DNDEBUG -I"C:/rtools44/x86_64-w64-mingw32.static.posix/include" -O2 -Wall -mfpmath=sse -msse2 -mstackrealign -c utils.c -o utils.o gcc -shared -s -static-libgcc -o IsoformSwitchAnalyzeR.dll tmp.def utils.o -LC:/rtools44/x86_64-w64-mingw32.static.posix/lib/x64 -LC:/rtools44/x86_64-w64-mingw32.static.posix/lib -LC:/Users/biocbuild/bbs-3.20-bioc/R/bin/x64 -lR installing to C:/Users/biocbuild/bbs-3.20-bioc/R/library/00LOCK-IsoformSwitchAnalyzeR/00new/IsoformSwitchAnalyzeR/libs/x64 ** R ** data ** inst ** byte-compile and prepare package for lazy loading ** help *** installing help indices ** building package indices ** installing vignettes ** testing if installed package can be loaded from temporary location ** testing if installed package can be loaded from final location ** testing if installed package keeps a record of temporary installation path * DONE (IsoformSwitchAnalyzeR)
IsoformSwitchAnalyzeR.Rcheck/IsoformSwitchAnalyzeR-Ex.timings
| name | user | system | elapsed | |
| IsoformSwitchTestDEXSeq | 66.25 | 1.22 | 67.39 | |
| IsoformSwitchTestSatuRn | 2.80 | 0.48 | 3.13 | |
| addORFfromGTF | 0.66 | 0.05 | 0.70 | |
| analyzeAlternativSplicing | 7.20 | 0.17 | 7.98 | |
| analyzeCPAT | 0.06 | 0.00 | 0.07 | |
| analyzeCPC2 | 0.03 | 0.02 | 0.04 | |
| analyzeDeepLoc2 | 0.43 | 0.17 | 0.50 | |
| analyzeDeepTMHMM | 0.39 | 0.01 | 0.41 | |
| analyzeIUPred2A | 2.29 | 0.08 | 2.37 | |
| analyzeNovelIsoformORF | 0.52 | 0.00 | 0.52 | |
| analyzeORF | 7.92 | 0.19 | 8.12 | |
| analyzePFAM | 0.38 | 0.03 | 0.41 | |
| analyzeSignalP | 0.07 | 0.02 | 0.09 | |
| analyzeSwitchConsequences | 0.80 | 0.04 | 0.85 | |
| expressionAnalysisPlots | 0.94 | 0.02 | 0.97 | |
| extractConsequenceEnrichment | 0.37 | 0.03 | 0.40 | |
| extractConsequenceEnrichmentComparison | 0.54 | 0.05 | 0.58 | |
| extractConsequenceSummary | 1.42 | 0.01 | 1.44 | |
| extractGeneExpression | 0.03 | 0.02 | 0.05 | |
| extractGenomeWideAnalysis | 3.89 | 0.09 | 3.98 | |
| extractGenomeWideSplicingAnalysis | 3.06 | 0.17 | 2.95 | |
| extractSequence | 8.55 | 0.07 | 8.64 | |
| extractSplicingEnrichment | 1.05 | 0.02 | 1.07 | |
| extractSplicingEnrichmentComparison | 1.06 | 0.01 | 1.08 | |
| extractSplicingSummary | 0.84 | 0.04 | 0.87 | |
| extractSwitchOverlap | 0.31 | 0.03 | 0.34 | |
| extractSwitchSummary | 7.64 | 0.05 | 7.80 | |
| extractTopSwitches | 7.47 | 0.09 | 7.57 | |
| importCufflinksGalaxyData | 0 | 0 | 0 | |
| importGTF | 0.74 | 0.02 | 0.77 | |
| importIsoformExpression | 1.33 | 0.70 | 2.00 | |
| importRdata | 2.84 | 0.47 | 3.06 | |