| Back to Multiple platform build/check report for BioC 3.20: simplified long |
|
This page was generated on 2024-07-16 11:40 -0400 (Tue, 16 Jul 2024).
| Hostname | OS | Arch (*) | R version | Installed pkgs |
|---|---|---|---|---|
| nebbiolo2 | Linux (Ubuntu 22.04.3 LTS) | x86_64 | 4.4.1 (2024-06-14) -- "Race for Your Life" | 4677 |
| palomino6 | Windows Server 2022 Datacenter | x64 | 4.4.1 (2024-06-14 ucrt) -- "Race for Your Life" | 4416 |
| lconway | macOS 12.7.1 Monterey | x86_64 | 4.4.1 (2024-06-14) -- "Race for Your Life" | 4444 |
| kjohnson3 | macOS 13.6.5 Ventura | arm64 | 4.4.1 (2024-06-14) -- "Race for Your Life" | 4393 |
| palomino8 | Windows Server 2022 Datacenter | x64 | 4.4.1 (2024-06-14 ucrt) -- "Race for Your Life" | 4373 |
| Click on any hostname to see more info about the system (e.g. compilers) (*) as reported by 'uname -p', except on Windows and Mac OS X | ||||
| Package 1053/2243 | Hostname | OS / Arch | INSTALL | BUILD | CHECK | BUILD BIN | ||||||||
| IVAS 2.25.0 (landing page) Seonggyun Han
| nebbiolo2 | Linux (Ubuntu 22.04.3 LTS) / x86_64 | OK | OK | WARNINGS | |||||||||
| palomino6 | Windows Server 2022 Datacenter / x64 | OK | OK | WARNINGS | OK | |||||||||
| lconway | macOS 12.7.1 Monterey / x86_64 | OK | OK | WARNINGS | OK | |||||||||
| kjohnson3 | macOS 13.6.5 Ventura / arm64 | OK | OK | WARNINGS | OK | |||||||||
| palomino8 | Windows Server 2022 Datacenter / x64 | OK | OK | WARNINGS | OK | |||||||||
|
To the developers/maintainers of the IVAS package: - Allow up to 24 hours (and sometimes 48 hours) for your latest push to git@git.bioconductor.org:packages/IVAS.git to reflect on this report. See Troubleshooting Build Report for more information. - Use the following Renviron settings to reproduce errors and warnings. - If 'R CMD check' started to fail recently on the Linux builder(s) over a missing dependency, add the missing dependency to 'Suggests:' in your DESCRIPTION file. See Renviron.bioc for more information. |
| Package: IVAS |
| Version: 2.25.0 |
| Command: C:\Users\biocbuild\bbs-3.20-bioc\R\bin\R.exe CMD check --no-multiarch --install=check:IVAS.install-out.txt --library=C:\Users\biocbuild\bbs-3.20-bioc\R\library --no-vignettes --timings IVAS_2.25.0.tar.gz |
| StartedAt: 2024-07-16 01:10:05 -0400 (Tue, 16 Jul 2024) |
| EndedAt: 2024-07-16 01:14:56 -0400 (Tue, 16 Jul 2024) |
| EllapsedTime: 290.3 seconds |
| RetCode: 0 |
| Status: WARNINGS |
| CheckDir: IVAS.Rcheck |
| Warnings: 1 |
##############################################################################
##############################################################################
###
### Running command:
###
### C:\Users\biocbuild\bbs-3.20-bioc\R\bin\R.exe CMD check --no-multiarch --install=check:IVAS.install-out.txt --library=C:\Users\biocbuild\bbs-3.20-bioc\R\library --no-vignettes --timings IVAS_2.25.0.tar.gz
###
##############################################################################
##############################################################################
* using log directory 'C:/Users/biocbuild/bbs-3.20-bioc/meat/IVAS.Rcheck'
* using R version 4.4.1 (2024-06-14 ucrt)
* using platform: x86_64-w64-mingw32
* R was compiled by
gcc.exe (GCC) 13.2.0
GNU Fortran (GCC) 13.2.0
* running under: Windows Server 2022 x64 (build 20348)
* using session charset: UTF-8
* using option '--no-vignettes'
* checking for file 'IVAS/DESCRIPTION' ... OK
* checking extension type ... Package
* this is package 'IVAS' version '2.25.0'
* checking package namespace information ... OK
* checking package dependencies ... OK
* checking if this is a source package ... OK
* checking if there is a namespace ... OK
* checking for hidden files and directories ... OK
* checking for portable file names ... OK
* checking whether package 'IVAS' can be installed ... WARNING
Found the following significant warnings:
Note: next used in wrong context: no loop is visible
See 'C:/Users/biocbuild/bbs-3.20-bioc/meat/IVAS.Rcheck/00install.out' for details.
Information on the location(s) of code generating the 'Note's can be
obtained by re-running with environment variable R_KEEP_PKG_SOURCE set
to 'yes'.
* checking installed package size ... OK
* checking package directory ... OK
* checking 'build' directory ... OK
* checking DESCRIPTION meta-information ... OK
* checking top-level files ... OK
* checking for left-over files ... OK
* checking index information ... OK
* checking package subdirectories ... OK
* checking code files for non-ASCII characters ... OK
* checking R files for syntax errors ... OK
* checking whether the package can be loaded ... OK
* checking whether the package can be loaded with stated dependencies ... OK
* checking whether the package can be unloaded cleanly ... OK
* checking whether the namespace can be loaded with stated dependencies ... OK
* checking whether the namespace can be unloaded cleanly ... OK
* checking dependencies in R code ... OK
* checking S3 generic/method consistency ... OK
* checking replacement functions ... OK
* checking foreign function calls ... OK
* checking R code for possible problems ... OK
* checking Rd files ... OK
* checking Rd metadata ... OK
* checking Rd cross-references ... OK
* checking for missing documentation entries ... OK
* checking for code/documentation mismatches ... OK
* checking Rd \usage sections ... OK
* checking Rd contents ... OK
* checking for unstated dependencies in examples ... OK
* checking contents of 'data' directory ... OK
* checking data for non-ASCII characters ... OK
* checking data for ASCII and uncompressed saves ... OK
* checking sizes of PDF files under 'inst/doc' ... OK
* checking files in 'vignettes' ... OK
* checking examples ... OK
Examples with CPU (user + system) or elapsed time > 5s
user system elapsed
saveBplot 12.46 0.08 12.59
ASdb-class 11.81 0.32 11.75
sQTLsFinder 10.31 0.14 10.60
CalSigSNP 7.00 0.10 7.10
RatioFromFPKM 5.22 0.03 5.25
* checking for unstated dependencies in vignettes ... OK
* checking package vignettes ... OK
* checking running R code from vignettes ... SKIPPED
* checking re-building of vignette outputs ... SKIPPED
* checking PDF version of manual ... OK
* DONE
Status: 1 WARNING
See
'C:/Users/biocbuild/bbs-3.20-bioc/meat/IVAS.Rcheck/00check.log'
for details.
IVAS.Rcheck/00install.out
############################################################################## ############################################################################## ### ### Running command: ### ### C:\Users\biocbuild\bbs-3.20-bioc\R\bin\R.exe CMD INSTALL IVAS ### ############################################################################## ############################################################################## * installing to library 'C:/Users/biocbuild/bbs-3.20-bioc/R/library' * installing *source* package 'IVAS' ... ** using staged installation ** R ** data ** inst ** byte-compile and prepare package for lazy loading Note: next used in wrong context: no loop is visible ** help *** installing help indices ** building package indices ** installing vignettes ** testing if installed package can be loaded from temporary location ** testing if installed package can be loaded from final location ** testing if installed package keeps a record of temporary installation path * DONE (IVAS)
IVAS.Rcheck/IVAS-Ex.timings
| name | user | system | elapsed | |
| ASdb-class | 11.81 | 0.32 | 11.75 | |
| CalSigSNP | 7.0 | 0.1 | 7.1 | |
| RatioFromFPKM | 5.22 | 0.03 | 5.25 | |
| Splicingfinder | 3.16 | 0.08 | 3.25 | |
| chrseparate | 0.06 | 0.01 | 0.08 | |
| findAlternative | 0.44 | 0.03 | 0.46 | |
| findOversnp | 0.45 | 0.05 | 0.50 | |
| sQTLsFinder | 10.31 | 0.14 | 10.60 | |
| sampleexp | 0.00 | 0.02 | 0.01 | |
| samplesnp | 0 | 0 | 0 | |
| samplesnplocus | 0.00 | 0.01 | 0.02 | |
| saveBplot | 12.46 | 0.08 | 12.59 | |