| Back to Multiple platform build/check report for BioC 3.20: simplified long | 
 | 
This page was generated on 2025-04-02 19:28 -0400 (Wed, 02 Apr 2025).
| Hostname | OS | Arch (*) | R version | Installed pkgs | 
|---|---|---|---|---|
| nebbiolo2 | Linux (Ubuntu 24.04.1 LTS) | x86_64 | 4.4.3 (2025-02-28) -- "Trophy Case" | 4764 | 
| palomino8 | Windows Server 2022 Datacenter | x64 | 4.4.3 (2025-02-28 ucrt) -- "Trophy Case" | 4495 | 
| merida1 | macOS 12.7.5 Monterey | x86_64 | 4.4.3 (2025-02-28) -- "Trophy Case" | 4522 | 
| kjohnson1 | macOS 13.6.6 Ventura | arm64 | 4.4.3 (2025-02-28) -- "Trophy Case" | 4449 | 
| taishan | Linux (openEuler 24.03 LTS) | aarch64 | 4.4.3 (2025-02-28) -- "Trophy Case" | 4426 | 
| Click on any hostname to see more info about the system (e.g. compilers) (*) as reported by 'uname -p', except on Windows and Mac OS X | ||||
| Package 971/2289 | Hostname | OS / Arch | INSTALL | BUILD | CHECK | BUILD BIN | ||||||||
| HiTC 1.50.0  (landing page) Nicolas Servant 
 | nebbiolo2 | Linux (Ubuntu 24.04.1 LTS) / x86_64 | OK | OK | WARNINGS |  | ||||||||
| palomino8 | Windows Server 2022 Datacenter / x64 | OK | OK | WARNINGS | OK |  | ||||||||
| merida1 | macOS 12.7.5 Monterey / x86_64 | OK | OK | WARNINGS | OK |  | ||||||||
| kjohnson1 | macOS 13.6.6 Ventura / arm64 | OK | OK | WARNINGS | OK |  | ||||||||
| taishan | Linux (openEuler 24.03 LTS) / aarch64 | OK | OK | WARNINGS | ||||||||||
| To the developers/maintainers of the HiTC package: - Allow up to 24 hours (and sometimes 48 hours) for your latest push to git@git.bioconductor.org:packages/HiTC.git to reflect on this report. See Troubleshooting Build Report for more information. - Use the following Renviron settings to reproduce errors and warnings. - If 'R CMD check' started to fail recently on the Linux builder(s) over a missing dependency, add the missing dependency to 'Suggests:' in your DESCRIPTION file. See Renviron.bioc for more information. | 
| Package: HiTC | 
| Version: 1.50.0 | 
| Command: /home/biocbuild/bbs-3.20-bioc/R/bin/R CMD check --install=check:HiTC.install-out.txt --library=/home/biocbuild/bbs-3.20-bioc/R/site-library --timings HiTC_1.50.0.tar.gz | 
| StartedAt: 2025-03-31 23:00:00 -0400 (Mon, 31 Mar 2025) | 
| EndedAt: 2025-03-31 23:05:45 -0400 (Mon, 31 Mar 2025) | 
| EllapsedTime: 345.4 seconds | 
| RetCode: 0 | 
| Status: WARNINGS | 
| CheckDir: HiTC.Rcheck | 
| Warnings: 2 | 
##############################################################################
##############################################################################
###
### Running command:
###
###   /home/biocbuild/bbs-3.20-bioc/R/bin/R CMD check --install=check:HiTC.install-out.txt --library=/home/biocbuild/bbs-3.20-bioc/R/site-library --timings HiTC_1.50.0.tar.gz
###
##############################################################################
##############################################################################
* using log directory ‘/home/biocbuild/bbs-3.20-bioc/meat/HiTC.Rcheck’
* using R version 4.4.3 (2025-02-28)
* using platform: x86_64-pc-linux-gnu
* R was compiled by
    gcc (Ubuntu 13.3.0-6ubuntu2~24.04) 13.3.0
    GNU Fortran (Ubuntu 13.3.0-6ubuntu2~24.04) 13.3.0
* running under: Ubuntu 24.04.2 LTS
* using session charset: UTF-8
* checking for file ‘HiTC/DESCRIPTION’ ... OK
* checking extension type ... Package
* this is package ‘HiTC’ version ‘1.50.0’
* checking package namespace information ... OK
* checking package dependencies ... OK
* checking if this is a source package ... OK
* checking if there is a namespace ... OK
* checking for hidden files and directories ... OK
* checking for portable file names ... OK
* checking for sufficient/correct file permissions ... OK
* checking whether package ‘HiTC’ can be installed ... OK
* checking installed package size ... OK
* checking package directory ... OK
* checking ‘build’ directory ... OK
* checking DESCRIPTION meta-information ... OK
* checking top-level files ... OK
* checking for left-over files ... OK
* checking index information ... OK
* checking package subdirectories ... NOTE
Problems with news in ‘NEWS’:
  Cannot process chunk/lines:
    SIGNIFICANT USER-VISIBLE CHANGES
  Cannot process chunk/lines:
    BUG FIXES
  Cannot process chunk/lines:
    NEW FEATURES
* checking code files for non-ASCII characters ... OK
* checking R files for syntax errors ... OK
* checking whether the package can be loaded ... OK
* checking whether the package can be loaded with stated dependencies ... OK
* checking whether the package can be unloaded cleanly ... OK
* checking whether the namespace can be loaded with stated dependencies ... OK
* checking whether the namespace can be unloaded cleanly ... OK
* checking loading without being on the library search path ... OK
* checking dependencies in R code ... OK
* checking S3 generic/method consistency ... OK
* checking replacement functions ... OK
* checking foreign function calls ... OK
* checking R code for possible problems ... NOTE
directionalityIndex: no visible global function definition for
  ‘subjectHits’
directionalityIndex: no visible global function definition for
  ‘queryHits’
getBlocsIndex: no visible global function definition for ‘Rle’
getExpectedCountsMean: no visible global function definition for ‘Rle’
normLGF: no visible global function definition for ‘glm.nb’
slidingWindow: no visible binding for global variable ‘consV’
splitCombinedContacts : <anonymous>: no visible global function
  definition for ‘seqlevels<-’
divide,HTCexp-HTCexp: no visible global function definition for
  ‘queryHits’
divide,HTCexp-HTCexp: no visible global function definition for
  ‘subjectHits’
isBinned,HTCexp: no visible global function definition for
  ‘countMatches’
substract,HTCexp-HTCexp: no visible global function definition for
  ‘queryHits’
substract,HTCexp-HTCexp: no visible global function definition for
  ‘subjectHits’
Undefined global functions or variables:
  Rle consV countMatches glm.nb queryHits seqlevels<- subjectHits
* checking Rd files ... WARNING
checkRd: (5) HTClist-class.Rd:52-54: \item in \describe must have non-empty label
* checking Rd metadata ... OK
* checking Rd cross-references ... OK
* checking for missing documentation entries ... OK
* checking for code/documentation mismatches ... OK
* checking Rd \usage sections ... OK
* checking Rd contents ... OK
* checking for unstated dependencies in examples ... OK
* checking contents of ‘data’ directory ... OK
* checking data for non-ASCII characters ... OK
* checking data for ASCII and uncompressed saves ... OK
* checking files in ‘vignettes’ ... OK
* checking examples ... OK
Examples with CPU (user + system) or elapsed time > 5s
                      user system elapsed
directionalityIndex 16.752  0.471  17.224
* checking for unstated dependencies in vignettes ... OK
* checking package vignettes ... OK
* checking re-building of vignette outputs ... WARNING
Warnings in re-building vignettes:
  Warning: file stem ‘./HiTC-plot1’ is not portable
  Warning: file stem ‘./HiTC-plot2’ is not portable
  Warning: file stem ‘./HiTC-normICE’ is not portable
  Warning: file stem ‘./HiTC-tads’ is not portable
  Warning: file stem ‘./HiTC-di’ is not portable
  Warning: file stem ‘./HiTC-qcc’ is not portable
  Warning: file stem ‘./HiTC-bin5C’ is not portable
  Warning: file stem ‘./HiTC-norm5Cznorm’ is not portable
  Warning: file stem ‘./HiTC-annot5C’ is not portable
  Warning: file stem ‘./HiTC-comp5C’ is not portable
  Warning: file stem ‘./HiTC-mapClist’ is not portable
  Warning: file stem ‘./HiTC-mapChic’ is not portable
  Warning: file stem ‘./HiTC-mapNormhic’ is not portable
  Warning: file stem ‘./HiTC-mapCorhic’ is not portable
  Warning: file stem ‘./HiTC-mapPCAhic’ is not portable
* checking PDF version of manual ... OK
* DONE
Status: 2 WARNINGs, 2 NOTEs
See
  ‘/home/biocbuild/bbs-3.20-bioc/meat/HiTC.Rcheck/00check.log’
for details.
HiTC.Rcheck/00install.out
############################################################################## ############################################################################## ### ### Running command: ### ### /home/biocbuild/bbs-3.20-bioc/R/bin/R CMD INSTALL HiTC ### ############################################################################## ############################################################################## * installing to library ‘/home/biocbuild/bbs-3.20-bioc/R/site-library’ * installing *source* package ‘HiTC’ ... ** using staged installation ** R ** data ** inst ** byte-compile and prepare package for lazy loading ** help *** installing help indices ** building package indices ** installing vignettes ** testing if installed package can be loaded from temporary location ** testing if installed package can be loaded from final location ** testing if installed package keeps a record of temporary installation path * DONE (HiTC)
HiTC.Rcheck/HiTC-Ex.timings
| name | user | system | elapsed | |
| CQC | 4.827 | 0.096 | 4.925 | |
| HTCexp-class | 2.881 | 0.099 | 2.980 | |
| HTClist-class | 1.086 | 0.030 | 1.116 | |
| Nora_5C | 0.170 | 0.002 | 0.172 | |
| binningC | 0.915 | 0.002 | 0.918 | |
| directionalityIndex | 16.752 | 0.471 | 17.224 | |
| discretize | 0 | 0 | 0 | |
| export.my5C | 0 | 0 | 0 | |
| exportC | 0 | 0 | 0 | |
| extractRegion | 0.289 | 0.005 | 0.294 | |
| getAnnotatedRestrictionSites | 0 | 0 | 0 | |
| getExpectedCounts | 1.755 | 0.499 | 2.085 | |
| getPearsonMap | 0.437 | 0.006 | 0.443 | |
| getRestrictionFragmentsPerChromosome | 0 | 0 | 0 | |
| import.my5C | 0.083 | 0.000 | 0.083 | |
| importC | 0.000 | 0.000 | 0.001 | |
| intervalsDist | 0.369 | 0.016 | 0.384 | |
| mapC | 3.374 | 0.088 | 3.462 | |
| normICE | 0 | 0 | 0 | |
| normLGF | 0.001 | 0.000 | 0.001 | |
| pca.hic | 0.422 | 0.000 | 0.422 | |
| removeIntervals | 0.23 | 0.00 | 0.23 | |
| setGenomicFeatures | 0 | 0 | 0 | |
| setIntervalScale | 0.798 | 0.001 | 0.799 | |