| Back to Multiple platform build/check report for BioC 3.20: simplified long | 
 | 
This page was generated on 2025-04-02 19:35 -0400 (Wed, 02 Apr 2025).
| Hostname | OS | Arch (*) | R version | Installed pkgs | 
|---|---|---|---|---|
| nebbiolo2 | Linux (Ubuntu 24.04.1 LTS) | x86_64 | 4.4.3 (2025-02-28) -- "Trophy Case" | 4764 | 
| palomino8 | Windows Server 2022 Datacenter | x64 | 4.4.3 (2025-02-28 ucrt) -- "Trophy Case" | 4495 | 
| merida1 | macOS 12.7.5 Monterey | x86_64 | 4.4.3 (2025-02-28) -- "Trophy Case" | 4522 | 
| kjohnson1 | macOS 13.6.6 Ventura | arm64 | 4.4.3 (2025-02-28) -- "Trophy Case" | 4449 | 
| taishan | Linux (openEuler 24.03 LTS) | aarch64 | 4.4.3 (2025-02-28) -- "Trophy Case" | 4426 | 
| Click on any hostname to see more info about the system (e.g. compilers) (*) as reported by 'uname -p', except on Windows and Mac OS X | ||||
| Package 949/2289 | Hostname | OS / Arch | INSTALL | BUILD | CHECK | BUILD BIN | ||||||||
| HGC 1.14.0  (landing page) XGlab 
 | nebbiolo2 | Linux (Ubuntu 24.04.1 LTS) / x86_64 | OK | OK | WARNINGS |  | ||||||||
| palomino8 | Windows Server 2022 Datacenter / x64 | OK | OK | WARNINGS | OK |  | ||||||||
| merida1 | macOS 12.7.5 Monterey / x86_64 | OK | OK | WARNINGS | OK |  | ||||||||
| kjohnson1 | macOS 13.6.6 Ventura / arm64 | OK | OK | WARNINGS | OK |  | ||||||||
| taishan | Linux (openEuler 24.03 LTS) / aarch64 | OK | OK | WARNINGS | ||||||||||
| To the developers/maintainers of the HGC package: - Allow up to 24 hours (and sometimes 48 hours) for your latest push to git@git.bioconductor.org:packages/HGC.git to reflect on this report. See Troubleshooting Build Report for more information. - Use the following Renviron settings to reproduce errors and warnings. - If 'R CMD check' started to fail recently on the Linux builder(s) over a missing dependency, add the missing dependency to 'Suggests:' in your DESCRIPTION file. See Renviron.bioc for more information. - See Martin Grigorov's blog post for how to debug Linux ARM64 related issues on a x86_64 host. | 
| Package: HGC | 
| Version: 1.14.0 | 
| Command: /home/biocbuild/R/R/bin/R CMD check --install=check:HGC.install-out.txt --library=/home/biocbuild/R/R/site-library --no-vignettes --timings HGC_1.14.0.tar.gz | 
| StartedAt: 2025-04-01 07:18:16 -0000 (Tue, 01 Apr 2025) | 
| EndedAt: 2025-04-01 07:22:50 -0000 (Tue, 01 Apr 2025) | 
| EllapsedTime: 274.2 seconds | 
| RetCode: 0 | 
| Status: WARNINGS | 
| CheckDir: HGC.Rcheck | 
| Warnings: 2 | 
##############################################################################
##############################################################################
###
### Running command:
###
###   /home/biocbuild/R/R/bin/R CMD check --install=check:HGC.install-out.txt --library=/home/biocbuild/R/R/site-library --no-vignettes --timings HGC_1.14.0.tar.gz
###
##############################################################################
##############################################################################
* using log directory ‘/home/biocbuild/bbs-3.20-bioc/meat/HGC.Rcheck’
* using R version 4.4.3 (2025-02-28)
* using platform: aarch64-unknown-linux-gnu
* R was compiled by
    aarch64-unknown-linux-gnu-gcc (GCC) 14.2.0
    GNU Fortran (GCC) 14.2.0
* running under: openEuler 24.03 (LTS)
* using session charset: UTF-8
* using option ‘--no-vignettes’
* checking for file ‘HGC/DESCRIPTION’ ... OK
* checking extension type ... Package
* this is package ‘HGC’ version ‘1.14.0’
* package encoding: UTF-8
* checking package namespace information ... OK
* checking package dependencies ... OK
* checking if this is a source package ... OK
* checking if there is a namespace ... OK
* checking for hidden files and directories ... OK
* checking for portable file names ... OK
* checking for sufficient/correct file permissions ... OK
* checking whether package ‘HGC’ can be installed ... WARNING
Found the following significant warnings:
  /home/biocbuild/R/R-4.4.3/site-library/RcppEigen/include/Eigen/src/Core/arch/NEON/PacketMath.h:1671:9: warning: ‘void* memcpy(void*, const void*, size_t)’ copying an object of non-trivial type ‘Eigen::internal::Packet4c’ {aka ‘struct Eigen::internal::eigen_packet_wrapper<int, 2>’} from an array of ‘const int8_t’ {aka ‘const signed char’} [-Wclass-memaccess]
  /home/biocbuild/R/R-4.4.3/site-library/RcppEigen/include/Eigen/src/Core/arch/NEON/PacketMath.h:1716:9: warning: ‘void* memcpy(void*, const void*, size_t)’ copying an object of non-trivial type ‘Eigen::internal::Packet4c’ {aka ‘struct Eigen::internal::eigen_packet_wrapper<int, 2>’} from an array of ‘const int8_t’ {aka ‘const signed char’} [-Wclass-memaccess]
See ‘/home/biocbuild/bbs-3.20-bioc/meat/HGC.Rcheck/00install.out’ for details.
* used C++ compiler: ‘aarch64-unknown-linux-gnu-g++ (GCC) 14.2.0’
* checking C++ specification ... NOTE
  Specified C++11: please drop specification unless essential
* checking installed package size ... OK
* checking package directory ... OK
* checking ‘build’ directory ... OK
* checking DESCRIPTION meta-information ... OK
* checking top-level files ... OK
* checking for left-over files ... OK
* checking index information ... OK
* checking package subdirectories ... OK
* checking code files for non-ASCII characters ... OK
* checking R files for syntax errors ... OK
* checking whether the package can be loaded ... OK
* checking whether the package can be loaded with stated dependencies ... OK
* checking whether the package can be unloaded cleanly ... OK
* checking whether the namespace can be loaded with stated dependencies ... OK
* checking whether the namespace can be unloaded cleanly ... OK
* checking loading without being on the library search path ... OK
* checking dependencies in R code ... WARNING
'::' or ':::' imports not declared from:
  ‘Seurat’ ‘igraph’
'library' or 'require' calls not declared from:
  ‘Matrix’ ‘Seurat’ ‘igraph’
'library' or 'require' calls in package code:
  ‘Matrix’ ‘Seurat’ ‘igraph’
  Please use :: or requireNamespace() instead.
  See section 'Suggested packages' in the 'Writing R Extensions' manual.
* checking S3 generic/method consistency ... OK
* checking replacement functions ... OK
* checking foreign function calls ... OK
* checking R code for possible problems ... OK
* checking Rd files ... OK
* checking Rd metadata ... OK
* checking Rd cross-references ... OK
* checking for missing documentation entries ... OK
* checking for code/documentation mismatches ... OK
* checking Rd \usage sections ... OK
* checking Rd contents ... OK
* checking for unstated dependencies in examples ... OK
* checking contents of ‘data’ directory ... OK
* checking data for non-ASCII characters ... OK
* checking data for ASCII and uncompressed saves ... OK
* checking line endings in C/C++/Fortran sources/headers ... OK
* checking compiled code ... NOTE
Note: information on .o files is not available
* checking files in ‘vignettes’ ... OK
* checking examples ... OK
Examples with CPU (user + system) or elapsed time > 5s
                    user system elapsed
PMSTConstruction 145.033  0.156 145.758
MSTConstruction    7.535  0.080   7.632
* checking for unstated dependencies in ‘tests’ ... OK
* checking tests ...
  Running ‘testthat.R’
 OK
* checking for unstated dependencies in vignettes ... OK
* checking package vignettes ... OK
* checking running R code from vignettes ... SKIPPED
* checking re-building of vignette outputs ... SKIPPED
* checking PDF version of manual ... OK
* DONE
Status: 2 WARNINGs, 2 NOTEs
See
  ‘/home/biocbuild/bbs-3.20-bioc/meat/HGC.Rcheck/00check.log’
for details.
HGC.Rcheck/00install.out
##############################################################################
##############################################################################
###
### Running command:
###
###   /home/biocbuild/R/R/bin/R CMD INSTALL HGC
###
##############################################################################
##############################################################################
* installing to library ‘/home/biocbuild/R/R-4.4.3/site-library’
* installing *source* package ‘HGC’ ...
** using staged installation
** libs
using C++ compiler: ‘aarch64-unknown-linux-gnu-g++ (GCC) 14.2.0’
using C++11
/opt/ohpc/pub/compiler/gcc/14.2.0/bin/aarch64-unknown-linux-gnu-g++ -std=gnu++11 -I"/home/biocbuild/R/R-4.4.3/include" -DNDEBUG  -I'/home/biocbuild/R/R-4.4.3/site-library/Rcpp/include' -I'/home/biocbuild/R/R-4.4.3/site-library/RcppEigen/include' -I/usr/local/include    -fPIC  -g -O2  -Wall  -c HGC_unordered_map.cpp -o HGC_unordered_map.o
In file included from /home/biocbuild/R/R-4.4.3/site-library/RcppEigen/include/Eigen/Core:214,
                 from /home/biocbuild/R/R-4.4.3/site-library/RcppEigen/include/Eigen/Dense:1,
                 from /home/biocbuild/R/R-4.4.3/site-library/RcppEigen/include/RcppEigenForward.h:28,
                 from /home/biocbuild/R/R-4.4.3/site-library/RcppEigen/include/RcppEigen.h:25,
                 from HGC_unordered_map.cpp:6:
/home/biocbuild/R/R-4.4.3/site-library/RcppEigen/include/Eigen/src/Core/arch/NEON/PacketMath.h: In function ‘Packet Eigen::internal::pload(const typename unpacket_traits<T>::type*) [with Packet = eigen_packet_wrapper<int, 2>; typename unpacket_traits<T>::type = signed char]’:
/home/biocbuild/R/R-4.4.3/site-library/RcppEigen/include/Eigen/src/Core/arch/NEON/PacketMath.h:1671:9: warning: ‘void* memcpy(void*, const void*, size_t)’ copying an object of non-trivial type ‘Eigen::internal::Packet4c’ {aka ‘struct Eigen::internal::eigen_packet_wrapper<int, 2>’} from an array of ‘const int8_t’ {aka ‘const signed char’} [-Wclass-memaccess]
 1671 |   memcpy(&res, from, sizeof(Packet4c));
      |   ~~~~~~^~~~~~~~~~~~~~~~~~~~~~~~~~~~~~
In file included from /home/biocbuild/R/R-4.4.3/site-library/RcppEigen/include/Eigen/Core:172:
/home/biocbuild/R/R-4.4.3/site-library/RcppEigen/include/Eigen/src/Core/GenericPacketMath.h:159:8: note: ‘Eigen::internal::Packet4c’ {aka ‘struct Eigen::internal::eigen_packet_wrapper<int, 2>’} declared here
  159 | struct eigen_packet_wrapper
      |        ^~~~~~~~~~~~~~~~~~~~
/home/biocbuild/R/R-4.4.3/site-library/RcppEigen/include/Eigen/src/Core/arch/NEON/PacketMath.h: In function ‘Packet Eigen::internal::ploadu(const typename unpacket_traits<T>::type*) [with Packet = eigen_packet_wrapper<int, 2>; typename unpacket_traits<T>::type = signed char]’:
/home/biocbuild/R/R-4.4.3/site-library/RcppEigen/include/Eigen/src/Core/arch/NEON/PacketMath.h:1716:9: warning: ‘void* memcpy(void*, const void*, size_t)’ copying an object of non-trivial type ‘Eigen::internal::Packet4c’ {aka ‘struct Eigen::internal::eigen_packet_wrapper<int, 2>’} from an array of ‘const int8_t’ {aka ‘const signed char’} [-Wclass-memaccess]
 1716 |   memcpy(&res, from, sizeof(Packet4c));
      |   ~~~~~~^~~~~~~~~~~~~~~~~~~~~~~~~~~~~~
/home/biocbuild/R/R-4.4.3/site-library/RcppEigen/include/Eigen/src/Core/GenericPacketMath.h:159:8: note: ‘Eigen::internal::Packet4c’ {aka ‘struct Eigen::internal::eigen_packet_wrapper<int, 2>’} declared here
  159 | struct eigen_packet_wrapper
      |        ^~~~~~~~~~~~~~~~~~~~
HGC_unordered_map.cpp: In member function ‘void Graph::add_node(int)’:
HGC_unordered_map.cpp:165:12: warning: comparison of integer expressions of different signedness: ‘int’ and ‘std::vector<std::unordered_map<int, double> >::size_type’ {aka ‘long unsigned int’} [-Wsign-compare]
  165 |   if (node == adj.size()) {
      |       ~~~~~^~~~~~~~~~~~~
HGC_unordered_map.cpp: In member function ‘void Graph::add_edge(Edge)’:
HGC_unordered_map.cpp:177:15: warning: comparison of integer expressions of different signedness: ‘int’ and ‘std::vector<std::unordered_map<int, double> >::size_type’ {aka ‘long unsigned int’} [-Wsign-compare]
  177 |   if (e.node1 < adj.size() && e.node2 < adj.size()) {
      |       ~~~~~~~~^~~~~~~~~~~~
HGC_unordered_map.cpp:177:39: warning: comparison of integer expressions of different signedness: ‘int’ and ‘std::vector<std::unordered_map<int, double> >::size_type’ {aka ‘long unsigned int’} [-Wsign-compare]
  177 |   if (e.node1 < adj.size() && e.node2 < adj.size()) {
      |                               ~~~~~~~~^~~~~~~~~~~~
/opt/ohpc/pub/compiler/gcc/14.2.0/bin/aarch64-unknown-linux-gnu-g++ -std=gnu++11 -I"/home/biocbuild/R/R-4.4.3/include" -DNDEBUG  -I'/home/biocbuild/R/R-4.4.3/site-library/Rcpp/include' -I'/home/biocbuild/R/R-4.4.3/site-library/RcppEigen/include' -I/usr/local/include    -fPIC  -g -O2  -Wall  -c RHGC_unordered_map.cpp -o RHGC_unordered_map.o
In file included from /home/biocbuild/R/R-4.4.3/site-library/RcppEigen/include/Eigen/Core:214,
                 from /home/biocbuild/R/R-4.4.3/site-library/RcppEigen/include/Eigen/Dense:1,
                 from /home/biocbuild/R/R-4.4.3/site-library/RcppEigen/include/RcppEigenForward.h:28,
                 from /home/biocbuild/R/R-4.4.3/site-library/RcppEigen/include/RcppEigen.h:25,
                 from RHGC_unordered_map.cpp:8:
/home/biocbuild/R/R-4.4.3/site-library/RcppEigen/include/Eigen/src/Core/arch/NEON/PacketMath.h: In function ‘Packet Eigen::internal::pload(const typename unpacket_traits<T>::type*) [with Packet = eigen_packet_wrapper<int, 2>; typename unpacket_traits<T>::type = signed char]’:
/home/biocbuild/R/R-4.4.3/site-library/RcppEigen/include/Eigen/src/Core/arch/NEON/PacketMath.h:1671:9: warning: ‘void* memcpy(void*, const void*, size_t)’ copying an object of non-trivial type ‘Eigen::internal::Packet4c’ {aka ‘struct Eigen::internal::eigen_packet_wrapper<int, 2>’} from an array of ‘const int8_t’ {aka ‘const signed char’} [-Wclass-memaccess]
 1671 |   memcpy(&res, from, sizeof(Packet4c));
      |   ~~~~~~^~~~~~~~~~~~~~~~~~~~~~~~~~~~~~
In file included from /home/biocbuild/R/R-4.4.3/site-library/RcppEigen/include/Eigen/Core:172:
/home/biocbuild/R/R-4.4.3/site-library/RcppEigen/include/Eigen/src/Core/GenericPacketMath.h:159:8: note: ‘Eigen::internal::Packet4c’ {aka ‘struct Eigen::internal::eigen_packet_wrapper<int, 2>’} declared here
  159 | struct eigen_packet_wrapper
      |        ^~~~~~~~~~~~~~~~~~~~
/home/biocbuild/R/R-4.4.3/site-library/RcppEigen/include/Eigen/src/Core/arch/NEON/PacketMath.h: In function ‘Packet Eigen::internal::ploadu(const typename unpacket_traits<T>::type*) [with Packet = eigen_packet_wrapper<int, 2>; typename unpacket_traits<T>::type = signed char]’:
/home/biocbuild/R/R-4.4.3/site-library/RcppEigen/include/Eigen/src/Core/arch/NEON/PacketMath.h:1716:9: warning: ‘void* memcpy(void*, const void*, size_t)’ copying an object of non-trivial type ‘Eigen::internal::Packet4c’ {aka ‘struct Eigen::internal::eigen_packet_wrapper<int, 2>’} from an array of ‘const int8_t’ {aka ‘const signed char’} [-Wclass-memaccess]
 1716 |   memcpy(&res, from, sizeof(Packet4c));
      |   ~~~~~~^~~~~~~~~~~~~~~~~~~~~~~~~~~~~~
/home/biocbuild/R/R-4.4.3/site-library/RcppEigen/include/Eigen/src/Core/GenericPacketMath.h:159:8: note: ‘Eigen::internal::Packet4c’ {aka ‘struct Eigen::internal::eigen_packet_wrapper<int, 2>’} declared here
  159 | struct eigen_packet_wrapper
      |        ^~~~~~~~~~~~~~~~~~~~
RHGC_unordered_map.cpp: In function ‘Rcpp::NumericMatrix HierarCluster_paris(Eigen::SparseMatrix<double, 0, int>)’:
RHGC_unordered_map.cpp:35:27: warning: comparison of integer expressions of different signedness: ‘int’ and ‘std::vector<std::unordered_map<int, double> >::size_type’ {aka ‘long unsigned int’} [-Wsign-compare]
   35 |         for (int i = 0; i < G.adj.size(); i++) {
      |                         ~~^~~~~~~~~~~~~~
RHGC_unordered_map.cpp:43:31: warning: comparison of integer expressions of different signedness: ‘int’ and ‘std::vector<std::unordered_map<int, double> >::size_type’ {aka ‘long unsigned int’} [-Wsign-compare]
   43 |             for (int i = 0; i < G.adj.size(); i++) {
      |                             ~~^~~~~~~~~~~~~~
RHGC_unordered_map.cpp:133:27: warning: comparison of integer expressions of different signedness: ‘int’ and ‘std::vector<std::vector<int> >::size_type’ {aka ‘long unsigned int’} [-Wsign-compare]
  133 |         for (int i = 0; i < cc.size(); i++) {
      |                         ~~^~~~~~~~~~~
/opt/ohpc/pub/compiler/gcc/14.2.0/bin/aarch64-unknown-linux-gnu-g++ -std=gnu++11 -I"/home/biocbuild/R/R-4.4.3/include" -DNDEBUG  -I'/home/biocbuild/R/R-4.4.3/site-library/Rcpp/include' -I'/home/biocbuild/R/R-4.4.3/site-library/RcppEigen/include' -I/usr/local/include    -fPIC  -g -O2  -Wall  -c RTime.cpp -o RTime.o
In file included from /home/biocbuild/R/R-4.4.3/site-library/RcppEigen/include/Eigen/Core:214,
                 from /home/biocbuild/R/R-4.4.3/site-library/RcppEigen/include/Eigen/Dense:1,
                 from /home/biocbuild/R/R-4.4.3/site-library/RcppEigen/include/RcppEigenForward.h:28,
                 from /home/biocbuild/R/R-4.4.3/site-library/RcppEigen/include/RcppEigen.h:25,
                 from RTime.cpp:6:
/home/biocbuild/R/R-4.4.3/site-library/RcppEigen/include/Eigen/src/Core/arch/NEON/PacketMath.h: In function ‘Packet Eigen::internal::pload(const typename unpacket_traits<T>::type*) [with Packet = eigen_packet_wrapper<int, 2>; typename unpacket_traits<T>::type = signed char]’:
/home/biocbuild/R/R-4.4.3/site-library/RcppEigen/include/Eigen/src/Core/arch/NEON/PacketMath.h:1671:9: warning: ‘void* memcpy(void*, const void*, size_t)’ copying an object of non-trivial type ‘Eigen::internal::Packet4c’ {aka ‘struct Eigen::internal::eigen_packet_wrapper<int, 2>’} from an array of ‘const int8_t’ {aka ‘const signed char’} [-Wclass-memaccess]
 1671 |   memcpy(&res, from, sizeof(Packet4c));
      |   ~~~~~~^~~~~~~~~~~~~~~~~~~~~~~~~~~~~~
In file included from /home/biocbuild/R/R-4.4.3/site-library/RcppEigen/include/Eigen/Core:172:
/home/biocbuild/R/R-4.4.3/site-library/RcppEigen/include/Eigen/src/Core/GenericPacketMath.h:159:8: note: ‘Eigen::internal::Packet4c’ {aka ‘struct Eigen::internal::eigen_packet_wrapper<int, 2>’} declared here
  159 | struct eigen_packet_wrapper
      |        ^~~~~~~~~~~~~~~~~~~~
/home/biocbuild/R/R-4.4.3/site-library/RcppEigen/include/Eigen/src/Core/arch/NEON/PacketMath.h: In function ‘Packet Eigen::internal::ploadu(const typename unpacket_traits<T>::type*) [with Packet = eigen_packet_wrapper<int, 2>; typename unpacket_traits<T>::type = signed char]’:
/home/biocbuild/R/R-4.4.3/site-library/RcppEigen/include/Eigen/src/Core/arch/NEON/PacketMath.h:1716:9: warning: ‘void* memcpy(void*, const void*, size_t)’ copying an object of non-trivial type ‘Eigen::internal::Packet4c’ {aka ‘struct Eigen::internal::eigen_packet_wrapper<int, 2>’} from an array of ‘const int8_t’ {aka ‘const signed char’} [-Wclass-memaccess]
 1716 |   memcpy(&res, from, sizeof(Packet4c));
      |   ~~~~~~^~~~~~~~~~~~~~~~~~~~~~~~~~~~~~
/home/biocbuild/R/R-4.4.3/site-library/RcppEigen/include/Eigen/src/Core/GenericPacketMath.h:159:8: note: ‘Eigen::internal::Packet4c’ {aka ‘struct Eigen::internal::eigen_packet_wrapper<int, 2>’} declared here
  159 | struct eigen_packet_wrapper
      |        ^~~~~~~~~~~~~~~~~~~~
RTime.cpp: In function ‘Rcpp::NumericMatrix HierarCluster_paris_time(Eigen::SparseMatrix<double, 0, int>)’:
RTime.cpp:36:23: warning: comparison of integer expressions of different signedness: ‘int’ and ‘std::vector<std::unordered_map<int, double> >::size_type’ {aka ‘long unsigned int’} [-Wsign-compare]
   36 |     for (int i = 0; i < G.adj.size(); i++) {
      |                     ~~^~~~~~~~~~~~~~
RTime.cpp:44:25: warning: comparison of integer expressions of different signedness: ‘int’ and ‘std::vector<std::unordered_map<int, double> >::size_type’ {aka ‘long unsigned int’} [-Wsign-compare]
   44 |       for (int i = 0; i < G.adj.size(); i++) {
      |                       ~~^~~~~~~~~~~~~~
RTime.cpp:132:17: warning: comparison of integer expressions of different signedness: ‘int’ and ‘std::vector<int>::size_type’ {aka ‘long unsigned int’} [-Wsign-compare]
  132 |   for(int i=0; i<chain_record.size(); i++){
      |                ~^~~~~~~~~~~~~~~~~~~~
RTime.cpp:135:17: warning: comparison of integer expressions of different signedness: ‘int’ and ‘std::vector<int>::size_type’ {aka ‘long unsigned int’} [-Wsign-compare]
  135 |   for(int i=0; i<chain_record.size(); i++){
      |                ~^~~~~~~~~~~~~~~~~~~~
/opt/ohpc/pub/compiler/gcc/14.2.0/bin/aarch64-unknown-linux-gnu-g++ -std=gnu++11 -I"/home/biocbuild/R/R-4.4.3/include" -DNDEBUG  -I'/home/biocbuild/R/R-4.4.3/site-library/Rcpp/include' -I'/home/biocbuild/R/R-4.4.3/site-library/RcppEigen/include' -I/usr/local/include    -fPIC  -g -O2  -Wall  -c RcppExports.cpp -o RcppExports.o
In file included from /home/biocbuild/R/R-4.4.3/site-library/RcppEigen/include/Eigen/Core:214,
                 from /home/biocbuild/R/R-4.4.3/site-library/RcppEigen/include/Eigen/Dense:1,
                 from /home/biocbuild/R/R-4.4.3/site-library/RcppEigen/include/RcppEigenForward.h:28,
                 from /home/biocbuild/R/R-4.4.3/site-library/RcppEigen/include/RcppEigen.h:25,
                 from RcppExports.cpp:4:
/home/biocbuild/R/R-4.4.3/site-library/RcppEigen/include/Eigen/src/Core/arch/NEON/PacketMath.h: In function ‘Packet Eigen::internal::pload(const typename unpacket_traits<T>::type*) [with Packet = eigen_packet_wrapper<int, 2>; typename unpacket_traits<T>::type = signed char]’:
/home/biocbuild/R/R-4.4.3/site-library/RcppEigen/include/Eigen/src/Core/arch/NEON/PacketMath.h:1671:9: warning: ‘void* memcpy(void*, const void*, size_t)’ copying an object of non-trivial type ‘Eigen::internal::Packet4c’ {aka ‘struct Eigen::internal::eigen_packet_wrapper<int, 2>’} from an array of ‘const int8_t’ {aka ‘const signed char’} [-Wclass-memaccess]
 1671 |   memcpy(&res, from, sizeof(Packet4c));
      |   ~~~~~~^~~~~~~~~~~~~~~~~~~~~~~~~~~~~~
In file included from /home/biocbuild/R/R-4.4.3/site-library/RcppEigen/include/Eigen/Core:172:
/home/biocbuild/R/R-4.4.3/site-library/RcppEigen/include/Eigen/src/Core/GenericPacketMath.h:159:8: note: ‘Eigen::internal::Packet4c’ {aka ‘struct Eigen::internal::eigen_packet_wrapper<int, 2>’} declared here
  159 | struct eigen_packet_wrapper
      |        ^~~~~~~~~~~~~~~~~~~~
/home/biocbuild/R/R-4.4.3/site-library/RcppEigen/include/Eigen/src/Core/arch/NEON/PacketMath.h: In function ‘Packet Eigen::internal::ploadu(const typename unpacket_traits<T>::type*) [with Packet = eigen_packet_wrapper<int, 2>; typename unpacket_traits<T>::type = signed char]’:
/home/biocbuild/R/R-4.4.3/site-library/RcppEigen/include/Eigen/src/Core/arch/NEON/PacketMath.h:1716:9: warning: ‘void* memcpy(void*, const void*, size_t)’ copying an object of non-trivial type ‘Eigen::internal::Packet4c’ {aka ‘struct Eigen::internal::eigen_packet_wrapper<int, 2>’} from an array of ‘const int8_t’ {aka ‘const signed char’} [-Wclass-memaccess]
 1716 |   memcpy(&res, from, sizeof(Packet4c));
      |   ~~~~~~^~~~~~~~~~~~~~~~~~~~~~~~~~~~~~
/home/biocbuild/R/R-4.4.3/site-library/RcppEigen/include/Eigen/src/Core/GenericPacketMath.h:159:8: note: ‘Eigen::internal::Packet4c’ {aka ‘struct Eigen::internal::eigen_packet_wrapper<int, 2>’} declared here
  159 | struct eigen_packet_wrapper
      |        ^~~~~~~~~~~~~~~~~~~~
/opt/ohpc/pub/compiler/gcc/14.2.0/bin/aarch64-unknown-linux-gnu-g++ -std=gnu++11 -I"/home/biocbuild/R/R-4.4.3/include" -DNDEBUG  -I'/home/biocbuild/R/R-4.4.3/site-library/Rcpp/include' -I'/home/biocbuild/R/R-4.4.3/site-library/RcppEigen/include' -I/usr/local/include    -fPIC  -g -O2  -Wall  -c Rget_leaves.cpp -o Rget_leaves.o
/opt/ohpc/pub/compiler/gcc/14.2.0/bin/aarch64-unknown-linux-gnu-g++ -std=gnu++11 -I"/home/biocbuild/R/R-4.4.3/include" -DNDEBUG  -I'/home/biocbuild/R/R-4.4.3/site-library/Rcpp/include' -I'/home/biocbuild/R/R-4.4.3/site-library/RcppEigen/include' -I/usr/local/include    -fPIC  -g -O2  -Wall  -c snn.cpp -o snn.o
In file included from /home/biocbuild/R/R-4.4.3/site-library/RcppEigen/include/Eigen/Core:214,
                 from /home/biocbuild/R/R-4.4.3/site-library/RcppEigen/include/Eigen/Dense:1,
                 from /home/biocbuild/R/R-4.4.3/site-library/RcppEigen/include/RcppEigenForward.h:28,
                 from /home/biocbuild/R/R-4.4.3/site-library/RcppEigen/include/RcppEigen.h:25,
                 from snn.cpp:1:
/home/biocbuild/R/R-4.4.3/site-library/RcppEigen/include/Eigen/src/Core/arch/NEON/PacketMath.h: In function ‘Packet Eigen::internal::pload(const typename unpacket_traits<T>::type*) [with Packet = eigen_packet_wrapper<int, 2>; typename unpacket_traits<T>::type = signed char]’:
/home/biocbuild/R/R-4.4.3/site-library/RcppEigen/include/Eigen/src/Core/arch/NEON/PacketMath.h:1671:9: warning: ‘void* memcpy(void*, const void*, size_t)’ copying an object of non-trivial type ‘Eigen::internal::Packet4c’ {aka ‘struct Eigen::internal::eigen_packet_wrapper<int, 2>’} from an array of ‘const int8_t’ {aka ‘const signed char’} [-Wclass-memaccess]
 1671 |   memcpy(&res, from, sizeof(Packet4c));
      |   ~~~~~~^~~~~~~~~~~~~~~~~~~~~~~~~~~~~~
In file included from /home/biocbuild/R/R-4.4.3/site-library/RcppEigen/include/Eigen/Core:172:
/home/biocbuild/R/R-4.4.3/site-library/RcppEigen/include/Eigen/src/Core/GenericPacketMath.h:159:8: note: ‘Eigen::internal::Packet4c’ {aka ‘struct Eigen::internal::eigen_packet_wrapper<int, 2>’} declared here
  159 | struct eigen_packet_wrapper
      |        ^~~~~~~~~~~~~~~~~~~~
/home/biocbuild/R/R-4.4.3/site-library/RcppEigen/include/Eigen/src/Core/arch/NEON/PacketMath.h: In function ‘Packet Eigen::internal::ploadu(const typename unpacket_traits<T>::type*) [with Packet = eigen_packet_wrapper<int, 2>; typename unpacket_traits<T>::type = signed char]’:
/home/biocbuild/R/R-4.4.3/site-library/RcppEigen/include/Eigen/src/Core/arch/NEON/PacketMath.h:1716:9: warning: ‘void* memcpy(void*, const void*, size_t)’ copying an object of non-trivial type ‘Eigen::internal::Packet4c’ {aka ‘struct Eigen::internal::eigen_packet_wrapper<int, 2>’} from an array of ‘const int8_t’ {aka ‘const signed char’} [-Wclass-memaccess]
 1716 |   memcpy(&res, from, sizeof(Packet4c));
      |   ~~~~~~^~~~~~~~~~~~~~~~~~~~~~~~~~~~~~
/home/biocbuild/R/R-4.4.3/site-library/RcppEigen/include/Eigen/src/Core/GenericPacketMath.h:159:8: note: ‘Eigen::internal::Packet4c’ {aka ‘struct Eigen::internal::eigen_packet_wrapper<int, 2>’} declared here
  159 | struct eigen_packet_wrapper
      |        ^~~~~~~~~~~~~~~~~~~~
snn.cpp: In function ‘std::vector<double> SNN_SmallestNonzero_Dist(Eigen::SparseMatrix<double, 0, int>, Eigen::MatrixXd, int, std::vector<double>)’:
snn.cpp:96:13: warning: comparison of integer expressions of different signedness: ‘int’ and ‘std::vector<long unsigned int>::size_type’ {aka ‘long unsigned int’} [-Wsign-compare]
   96 |     if (n_i > nonzero_order.size()) n_i = nonzero_order.size();
      |         ~~~~^~~~~~~~~~~~~~~~~~~~~~
snn.cpp:98:23: warning: comparison of integer expressions of different signedness: ‘int’ and ‘std::vector<long unsigned int>::size_type’ {aka ‘long unsigned int’} [-Wsign-compare]
   98 |     for (int j = 0; j < nonzero_order.size(); ++j) {
      |                     ~~^~~~~~~~~~~~~~~~~~~~~~
snn.cpp:102:23: warning: comparison of integer expressions of different signedness: ‘std::vector<double>::size_type’ {aka ‘long unsigned int’} and ‘int’ [-Wsign-compare]
  102 |       if(dists.size() < n_i  || nonzero[nonzero_order[j]] == nonzero[nonzero_order[n_i-1]]) {
      |          ~~~~~~~~~~~~~^~~~~
snn.cpp:114:22: warning: comparison of integer expressions of different signedness: ‘std::vector<double>::size_type’ {aka ‘long unsigned int’} and ‘int’ [-Wsign-compare]
  114 |     if (dists.size() > n_i) {
      |         ~~~~~~~~~~~~~^~~~~
/opt/ohpc/pub/compiler/gcc/14.2.0/bin/aarch64-unknown-linux-gnu-g++ -std=gnu++11 -shared -L/home/biocbuild/R/R-4.4.3/lib -L/usr/local/lib -o HGC.so HGC_unordered_map.o RHGC_unordered_map.o RTime.o RcppExports.o Rget_leaves.o snn.o -L/home/biocbuild/R/R-4.4.3/lib -lR
installing to /home/biocbuild/R/R-4.4.3/site-library/00LOCK-HGC/00new/HGC/libs
** R
** data
** inst
** byte-compile and prepare package for lazy loading
** help
*** installing help indices
** building package indices
** installing vignettes
** testing if installed package can be loaded from temporary location
** checking absolute paths in shared objects and dynamic libraries
** testing if installed package can be loaded from final location
** testing if installed package keeps a record of temporary installation path
* DONE (HGC)
HGC.Rcheck/tests/testthat.Rout
R version 4.4.3 (2025-02-28) -- "Trophy Case"
Copyright (C) 2025 The R Foundation for Statistical Computing
Platform: aarch64-unknown-linux-gnu
R is free software and comes with ABSOLUTELY NO WARRANTY.
You are welcome to redistribute it under certain conditions.
Type 'license()' or 'licence()' for distribution details.
R is a collaborative project with many contributors.
Type 'contributors()' for more information and
'citation()' on how to cite R or R packages in publications.
Type 'demo()' for some demos, 'help()' for on-line help, or
'help.start()' for an HTML browser interface to help.
Type 'q()' to quit R.
> library(testthat)
> library(HGC)
> 
> test_check("HGC")
[ FAIL 0 | WARN 8 | SKIP 8 | PASS 62 ]
══ Skipped tests (8) ═══════════════════════════════════════════════════════════
• On CRAN (8): 'test_CKNN.R:8:5', 'test_Dendrogram.R:10:5', 'test_KNN.R:8:5',
  'test_MST.R:8:5', 'test_PMST.R:8:5', 'test_Parameter.R:10:5',
  'test_RNN.R:8:3', 'test_SNN.R:8:5'
[ FAIL 0 | WARN 8 | SKIP 8 | PASS 62 ]
> 
> proc.time()
   user  system elapsed 
 19.972   0.538  20.595 
HGC.Rcheck/HGC-Ex.timings
| name | user | system | elapsed | |
| CKNNConstruction | 0.102 | 0.020 | 0.122 | |
| KNNConstruction | 0.041 | 0.000 | 0.041 | |
| MSTConstruction | 7.535 | 0.080 | 7.632 | |
| PMSTConstruction | 145.033 | 0.156 | 145.758 | |
| RAPI_FindClusteringTree | 0.000 | 0.000 | 0.001 | |
| RHGC | 0.023 | 0.000 | 0.023 | |
| RHGCPlotARIs | 0.382 | 0.008 | 0.391 | |
| RHGCPlotDendrogram | 0.553 | 0.000 | 0.554 | |
| RHGCPlotParameter | 0.806 | 0.000 | 0.808 | |
| RNNConstruction | 0.015 | 0.000 | 0.015 | |
| RTime | 0.02 | 0.00 | 0.02 | |
| SNNConstruction | 0.011 | 0.000 | 0.011 | |