| Back to Multiple platform build/check report for BioC 3.20: simplified long | 
 | 
This page was generated on 2025-04-02 19:34 -0400 (Wed, 02 Apr 2025).
| Hostname | OS | Arch (*) | R version | Installed pkgs | 
|---|---|---|---|---|
| nebbiolo2 | Linux (Ubuntu 24.04.1 LTS) | x86_64 | 4.4.3 (2025-02-28) -- "Trophy Case" | 4764 | 
| palomino8 | Windows Server 2022 Datacenter | x64 | 4.4.3 (2025-02-28 ucrt) -- "Trophy Case" | 4495 | 
| merida1 | macOS 12.7.5 Monterey | x86_64 | 4.4.3 (2025-02-28) -- "Trophy Case" | 4522 | 
| kjohnson1 | macOS 13.6.6 Ventura | arm64 | 4.4.3 (2025-02-28) -- "Trophy Case" | 4449 | 
| taishan | Linux (openEuler 24.03 LTS) | aarch64 | 4.4.3 (2025-02-28) -- "Trophy Case" | 4426 | 
| Click on any hostname to see more info about the system (e.g. compilers) (*) as reported by 'uname -p', except on Windows and Mac OS X | ||||
| Package 930/2289 | Hostname | OS / Arch | INSTALL | BUILD | CHECK | BUILD BIN | ||||||||
| GWENA 1.16.0  (landing page) Gwenaëlle Lemoine 
 | nebbiolo2 | Linux (Ubuntu 24.04.1 LTS) / x86_64 | OK | OK | WARNINGS |  | ||||||||
| palomino8 | Windows Server 2022 Datacenter / x64 | OK | OK | WARNINGS | OK |  | ||||||||
| merida1 | macOS 12.7.5 Monterey / x86_64 | OK | OK | WARNINGS | OK |  | ||||||||
| kjohnson1 | macOS 13.6.6 Ventura / arm64 | OK | OK | WARNINGS | OK |  | ||||||||
| taishan | Linux (openEuler 24.03 LTS) / aarch64 | OK | OK | WARNINGS | ||||||||||
| To the developers/maintainers of the GWENA package: - Allow up to 24 hours (and sometimes 48 hours) for your latest push to git@git.bioconductor.org:packages/GWENA.git to reflect on this report. See Troubleshooting Build Report for more information. - Use the following Renviron settings to reproduce errors and warnings. - If 'R CMD check' started to fail recently on the Linux builder(s) over a missing dependency, add the missing dependency to 'Suggests:' in your DESCRIPTION file. See Renviron.bioc for more information. | 
| Package: GWENA | 
| Version: 1.16.0 | 
| Command: /Library/Frameworks/R.framework/Resources/bin/R CMD check --install=check:GWENA.install-out.txt --library=/Library/Frameworks/R.framework/Resources/library --no-vignettes --timings GWENA_1.16.0.tar.gz | 
| StartedAt: 2025-04-01 21:28:56 -0400 (Tue, 01 Apr 2025) | 
| EndedAt: 2025-04-01 21:38:23 -0400 (Tue, 01 Apr 2025) | 
| EllapsedTime: 566.5 seconds | 
| RetCode: 0 | 
| Status: WARNINGS | 
| CheckDir: GWENA.Rcheck | 
| Warnings: 2 | 
##############################################################################
##############################################################################
###
### Running command:
###
###   /Library/Frameworks/R.framework/Resources/bin/R CMD check --install=check:GWENA.install-out.txt --library=/Library/Frameworks/R.framework/Resources/library --no-vignettes --timings GWENA_1.16.0.tar.gz
###
##############################################################################
##############################################################################
* using log directory ‘/Users/biocbuild/bbs-3.20-bioc/meat/GWENA.Rcheck’
* using R version 4.4.3 (2025-02-28)
* using platform: aarch64-apple-darwin20
* R was compiled by
    Apple clang version 14.0.0 (clang-1400.0.29.202)
    GNU Fortran (GCC) 12.2.0
* running under: macOS Ventura 13.7.1
* using session charset: UTF-8
* using option ‘--no-vignettes’
* checking for file ‘GWENA/DESCRIPTION’ ... OK
* this is package ‘GWENA’ version ‘1.16.0’
* package encoding: UTF-8
* checking package namespace information ... OK
* checking package dependencies ... OK
* checking if this is a source package ... OK
* checking if there is a namespace ... OK
* checking for hidden files and directories ... OK
* checking for portable file names ... OK
* checking for sufficient/correct file permissions ... OK
* checking whether package ‘GWENA’ can be installed ... WARNING
Found the following significant warnings:
  Warning: bad markup (extra space?) at compare_conditions.Rd:91:72
  Warning: bad markup (extra space?) at compare_conditions.Rd:96:77
  Warning: bad markup (extra space?) at compare_conditions.Rd:98:74
  Warning: bad markup (extra space?) at compare_conditions.Rd:100:69
See ‘/Users/biocbuild/bbs-3.20-bioc/meat/GWENA.Rcheck/00install.out’ for details.
* checking installed package size ... OK
* checking package directory ... OK
* checking ‘build’ directory ... OK
* checking DESCRIPTION meta-information ... OK
* checking top-level files ... OK
* checking for left-over files ... OK
* checking index information ... OK
* checking package subdirectories ... NOTE
Problems with news in ‘NEWS.md’:
No news entries found.
* checking code files for non-ASCII characters ... OK
* checking R files for syntax errors ... OK
* checking whether the package can be loaded ... OK
* checking whether the package can be loaded with stated dependencies ... OK
* checking whether the package can be unloaded cleanly ... OK
* checking whether the namespace can be loaded with stated dependencies ... OK
* checking whether the namespace can be unloaded cleanly ... OK
* checking dependencies in R code ... OK
* checking S3 generic/method consistency ... OK
* checking replacement functions ... OK
* checking foreign function calls ... OK
* checking R code for possible problems ... OK
* checking Rd files ... WARNING
prepare_Rd: bad markup (extra space?) at compare_conditions.Rd:91:72
prepare_Rd: bad markup (extra space?) at compare_conditions.Rd:96:77
prepare_Rd: bad markup (extra space?) at compare_conditions.Rd:98:74
prepare_Rd: bad markup (extra space?) at compare_conditions.Rd:100:69
* checking Rd metadata ... OK
* checking Rd cross-references ... OK
* checking for missing documentation entries ... OK
* checking for code/documentation mismatches ... OK
* checking Rd \usage sections ... OK
* checking Rd contents ... OK
* checking for unstated dependencies in examples ... OK
* checking contents of ‘data’ directory ... OK
* checking data for non-ASCII characters ... OK
* checking LazyData ... OK
* checking data for ASCII and uncompressed saves ... OK
* checking files in ‘vignettes’ ... OK
* checking examples ... OK
Examples with CPU (user + system) or elapsed time > 5s
                     user system elapsed
z_summary          16.023  0.115  18.338
compare_conditions 10.008  0.087  11.197
plot_enrichment     1.237  0.081   5.886
bio_enrich          0.288  0.025   8.304
* checking for unstated dependencies in ‘tests’ ... OK
* checking tests ...
  Running ‘testthat.R’
 OK
* checking for unstated dependencies in vignettes ... OK
* checking package vignettes ... OK
* checking running R code from vignettes ... SKIPPED
* checking re-building of vignette outputs ... SKIPPED
* checking PDF version of manual ... OK
* DONE
Status: 2 WARNINGs, 1 NOTE
See
  ‘/Users/biocbuild/bbs-3.20-bioc/meat/GWENA.Rcheck/00check.log’
for details.
GWENA.Rcheck/00install.out
############################################################################## ############################################################################## ### ### Running command: ### ### /Library/Frameworks/R.framework/Resources/bin/R CMD INSTALL GWENA ### ############################################################################## ############################################################################## * installing to library ‘/Library/Frameworks/R.framework/Versions/4.4-arm64/Resources/library’ * installing *source* package ‘GWENA’ ... ** using staged installation ** R ** data *** moving datasets to lazyload DB ** inst ** byte-compile and prepare package for lazy loading ** help Warning: bad markup (extra space?) at compare_conditions.Rd:91:72 Warning: bad markup (extra space?) at compare_conditions.Rd:96:77 Warning: bad markup (extra space?) at compare_conditions.Rd:98:74 Warning: bad markup (extra space?) at compare_conditions.Rd:100:69 *** installing help indices ** building package indices ** installing vignettes ** testing if installed package can be loaded from temporary location ** testing if installed package can be loaded from final location ** testing if installed package keeps a record of temporary installation path * DONE (GWENA)
GWENA.Rcheck/tests/testthat.Rout
R version 4.4.3 (2025-02-28) -- "Trophy Case"
Copyright (C) 2025 The R Foundation for Statistical Computing
Platform: aarch64-apple-darwin20
R is free software and comes with ABSOLUTELY NO WARRANTY.
You are welcome to redistribute it under certain conditions.
Type 'license()' or 'licence()' for distribution details.
R is a collaborative project with many contributors.
Type 'contributors()' for more information and
'citation()' on how to cite R or R packages in publications.
Type 'demo()' for some demos, 'help()' for on-line help, or
'help.start()' for an HTML browser interface to help.
Type 'q()' to quit R.
> library(testthat)
> library(GWENA)
> 
> test_check("GWENA")
[ FAIL 0 | WARN 0 | SKIP 0 | PASS 278 ]
> 
> proc.time()
   user  system elapsed 
366.559   6.260 290.347 
GWENA.Rcheck/GWENA-Ex.timings
| name | user | system | elapsed | |
| associate_phenotype | 0.029 | 0.003 | 0.031 | |
| bio_enrich | 0.288 | 0.025 | 8.304 | |
| build_graph_from_sq_mat | 0.105 | 0.002 | 0.106 | |
| build_net | 3.903 | 0.032 | 3.941 | |
| compare_conditions | 10.008 | 0.087 | 11.197 | |
| detect_modules | 1.915 | 0.026 | 1.940 | |
| filter_RNA_seq | 0.001 | 0.000 | 0.002 | |
| filter_low_var | 0.010 | 0.000 | 0.011 | |
| get_fit.cor | 0.895 | 0.005 | 0.900 | |
| get_fit.expr | 0.867 | 0.005 | 0.871 | |
| get_hub_degree | 0.079 | 0.001 | 0.079 | |
| get_hub_genes | 0.001 | 0.000 | 0.001 | |
| get_hub_high_co | 0 | 0 | 0 | |
| get_hub_kleinberg | 0.151 | 0.001 | 0.152 | |
| get_sub_clusters | 1.885 | 0.020 | 1.905 | |
| is_data_expr | 0.001 | 0.000 | 0.001 | |
| is_gost | 0.024 | 0.004 | 1.742 | |
| is_module | 0.000 | 0.000 | 0.001 | |
| is_network | 0 | 0 | 0 | |
| join_gost | 0.028 | 0.005 | 0.791 | |
| plot_comparison_stats | 0.226 | 0.005 | 0.232 | |
| plot_enrichment | 1.237 | 0.081 | 5.886 | |
| plot_expression_profiles | 2.813 | 0.060 | 2.877 | |
| plot_module | 0.174 | 0.004 | 0.179 | |
| plot_modules_merge | 2.097 | 0.022 | 2.121 | |
| plot_modules_phenotype | 0.418 | 0.004 | 0.422 | |
| z_summary | 16.023 | 0.115 | 18.338 | |