| Back to Multiple platform build/check report for BioC 3.20: simplified long | 
 | 
This page was generated on 2025-04-02 19:28 -0400 (Wed, 02 Apr 2025).
| Hostname | OS | Arch (*) | R version | Installed pkgs | 
|---|---|---|---|---|
| nebbiolo2 | Linux (Ubuntu 24.04.1 LTS) | x86_64 | 4.4.3 (2025-02-28) -- "Trophy Case" | 4764 | 
| palomino8 | Windows Server 2022 Datacenter | x64 | 4.4.3 (2025-02-28 ucrt) -- "Trophy Case" | 4495 | 
| merida1 | macOS 12.7.5 Monterey | x86_64 | 4.4.3 (2025-02-28) -- "Trophy Case" | 4522 | 
| kjohnson1 | macOS 13.6.6 Ventura | arm64 | 4.4.3 (2025-02-28) -- "Trophy Case" | 4449 | 
| taishan | Linux (openEuler 24.03 LTS) | aarch64 | 4.4.3 (2025-02-28) -- "Trophy Case" | 4426 | 
| Click on any hostname to see more info about the system (e.g. compilers) (*) as reported by 'uname -p', except on Windows and Mac OS X | ||||
| Package 375/2289 | Hostname | OS / Arch | INSTALL | BUILD | CHECK | BUILD BIN | ||||||||
| ClusterFoldSimilarity 1.2.0  (landing page) Oscar Gonzalez-Velasco 
 | nebbiolo2 | Linux (Ubuntu 24.04.1 LTS) / x86_64 | OK | OK | WARNINGS |  | ||||||||
| palomino8 | Windows Server 2022 Datacenter / x64 | OK | OK | WARNINGS | OK |  | ||||||||
| merida1 | macOS 12.7.5 Monterey / x86_64 | OK | OK | WARNINGS | OK |  | ||||||||
| kjohnson1 | macOS 13.6.6 Ventura / arm64 | OK | OK | WARNINGS | OK |  | ||||||||
| taishan | Linux (openEuler 24.03 LTS) / aarch64 | OK | OK | WARNINGS | ||||||||||
| To the developers/maintainers of the ClusterFoldSimilarity package: - Allow up to 24 hours (and sometimes 48 hours) for your latest push to git@git.bioconductor.org:packages/ClusterFoldSimilarity.git to reflect on this report. See Troubleshooting Build Report for more information. - Use the following Renviron settings to reproduce errors and warnings. - If 'R CMD check' started to fail recently on the Linux builder(s) over a missing dependency, add the missing dependency to 'Suggests:' in your DESCRIPTION file. See Renviron.bioc for more information. | 
| Package: ClusterFoldSimilarity | 
| Version: 1.2.0 | 
| Command: /home/biocbuild/bbs-3.20-bioc/R/bin/R CMD check --install=check:ClusterFoldSimilarity.install-out.txt --library=/home/biocbuild/bbs-3.20-bioc/R/site-library --timings ClusterFoldSimilarity_1.2.0.tar.gz | 
| StartedAt: 2025-03-31 20:51:28 -0400 (Mon, 31 Mar 2025) | 
| EndedAt: 2025-03-31 21:02:46 -0400 (Mon, 31 Mar 2025) | 
| EllapsedTime: 677.7 seconds | 
| RetCode: 0 | 
| Status: WARNINGS | 
| CheckDir: ClusterFoldSimilarity.Rcheck | 
| Warnings: 1 | 
##############################################################################
##############################################################################
###
### Running command:
###
###   /home/biocbuild/bbs-3.20-bioc/R/bin/R CMD check --install=check:ClusterFoldSimilarity.install-out.txt --library=/home/biocbuild/bbs-3.20-bioc/R/site-library --timings ClusterFoldSimilarity_1.2.0.tar.gz
###
##############################################################################
##############################################################################
* using log directory ‘/home/biocbuild/bbs-3.20-bioc/meat/ClusterFoldSimilarity.Rcheck’
* using R version 4.4.3 (2025-02-28)
* using platform: x86_64-pc-linux-gnu
* R was compiled by
    gcc (Ubuntu 13.3.0-6ubuntu2~24.04) 13.3.0
    GNU Fortran (Ubuntu 13.3.0-6ubuntu2~24.04) 13.3.0
* running under: Ubuntu 24.04.2 LTS
* using session charset: UTF-8
* checking for file ‘ClusterFoldSimilarity/DESCRIPTION’ ... OK
* checking extension type ... Package
* this is package ‘ClusterFoldSimilarity’ version ‘1.2.0’
* package encoding: UTF-8
* checking package namespace information ... OK
* checking package dependencies ... OK
* checking if this is a source package ... OK
* checking if there is a namespace ... OK
* checking for hidden files and directories ... OK
* checking for portable file names ... OK
* checking for sufficient/correct file permissions ... OK
* checking whether package ‘ClusterFoldSimilarity’ can be installed ... OK
* checking installed package size ... OK
* checking package directory ... OK
* checking ‘build’ directory ... OK
* checking DESCRIPTION meta-information ... NOTE
Malformed Description field: should contain one or more complete sentences.
* checking top-level files ... NOTE
File
  LICENSE
is not mentioned in the DESCRIPTION file.
* checking for left-over files ... OK
* checking index information ... OK
* checking package subdirectories ... OK
* checking code files for non-ASCII characters ... OK
* checking R files for syntax errors ... OK
* checking whether the package can be loaded ... OK
* checking whether the package can be loaded with stated dependencies ... OK
* checking whether the package can be unloaded cleanly ... OK
* checking whether the namespace can be loaded with stated dependencies ... OK
* checking whether the namespace can be unloaded cleanly ... OK
* checking loading without being on the library search path ... OK
* checking dependencies in R code ... NOTE
Namespace in Imports field not imported from: ‘SeuratObject’
  All declared Imports should be used.
* checking S3 generic/method consistency ... OK
* checking replacement functions ... OK
* checking foreign function calls ... OK
* checking R code for possible problems ... NOTE
clusterFoldSimilarity: no visible global function definition for ‘show’
findCommunitiesSimmilarity: no visible global function definition for
  ‘hcl.colors’
similarityHeatmap : <anonymous>: no visible binding for global variable
  ‘datasetL’
similarityHeatmap : <anonymous>: no visible binding for global variable
  ‘datasetR’
similarityHeatmap : <anonymous>: no visible global function definition
  for ‘desc’
similarityHeatmap : <anonymous>: no visible binding for global variable
  ‘clusterL’
similarityHeatmap : <anonymous>: no visible binding for global variable
  ‘clusterR’
similarityHeatmap : <anonymous>: no visible binding for global variable
  ‘similarityValue’
Undefined global functions or variables:
  clusterL clusterR datasetL datasetR desc hcl.colors show
  similarityValue
Consider adding
  importFrom("grDevices", "hcl.colors")
  importFrom("methods", "show")
to your NAMESPACE file (and ensure that your DESCRIPTION Imports field
contains 'methods').
* checking Rd files ... OK
* checking Rd metadata ... OK
* checking Rd cross-references ... OK
* checking for missing documentation entries ... OK
* checking for code/documentation mismatches ... WARNING
Codoc mismatches from Rd file 'findCommunitiesSimmilarity.Rd':
findCommunitiesSimmilarity
  Code: function(similarityTable = NULL, nIterations = 10,
                 leidenResolution = 1)
  Docs: function(similarityTable = NULL)
  Argument names in code not in docs:
    nIterations leidenResolution
* checking Rd \usage sections ... OK
* checking Rd contents ... OK
* checking for unstated dependencies in examples ... OK
* checking files in ‘vignettes’ ... OK
* checking examples ... OK
* checking for unstated dependencies in vignettes ... OK
* checking package vignettes ... OK
* checking re-building of vignette outputs ... OK
* checking PDF version of manual ... OK
* DONE
Status: 1 WARNING, 4 NOTEs
See
  ‘/home/biocbuild/bbs-3.20-bioc/meat/ClusterFoldSimilarity.Rcheck/00check.log’
for details.
ClusterFoldSimilarity.Rcheck/00install.out
############################################################################## ############################################################################## ### ### Running command: ### ### /home/biocbuild/bbs-3.20-bioc/R/bin/R CMD INSTALL ClusterFoldSimilarity ### ############################################################################## ############################################################################## * installing to library ‘/home/biocbuild/bbs-3.20-bioc/R/site-library’ * installing *source* package ‘ClusterFoldSimilarity’ ... ** using staged installation ** R ** byte-compile and prepare package for lazy loading ** help *** installing help indices ** building package indices ** installing vignettes ** testing if installed package can be loaded from temporary location ** testing if installed package can be loaded from final location ** testing if installed package keeps a record of temporary installation path * DONE (ClusterFoldSimilarity)
ClusterFoldSimilarity.Rcheck/ClusterFoldSimilarity-Ex.timings
| name | user | system | elapsed | |
| clusterFoldSimilarity | 2.416 | 0.071 | 2.487 | |
| findCommunitiesSimmilarity | 2.318 | 0.088 | 2.406 | |
| plotClustersGraph | 1.523 | 0.031 | 1.554 | |
| similarityHeatmap | 2.386 | 0.117 | 2.504 | |