| Back to Multiple platform build/check report for BioC 3.20: simplified long |
|
This page was generated on 2024-07-01 11:40 -0400 (Mon, 01 Jul 2024).
| Hostname | OS | Arch (*) | R version | Installed pkgs |
|---|---|---|---|---|
| nebbiolo2 | Linux (Ubuntu 22.04.3 LTS) | x86_64 | 4.4.0 RC (2024-04-16 r86468) -- "Puppy Cup" | 4693 |
| palomino6 | Windows Server 2022 Datacenter | x64 | 4.4.1 (2024-06-14 ucrt) -- "Race for Your Life" | 4409 |
| lconway | macOS 12.7.1 Monterey | x86_64 | 4.4.1 RC (2024-06-06 r86719) -- "Race for Your Life" | 4407 |
| kjohnson3 | macOS 13.6.5 Ventura | arm64 | 4.4.1 RC (2024-06-06 r86719) -- "Race for Your Life" | 4356 |
| kunpeng2 | Linux (openEuler 22.03 LTS-SP1) | aarch64 | 4.4.0 (2024-04-24) -- "Puppy Cup" | 4407 |
| Click on any hostname to see more info about the system (e.g. compilers) (*) as reported by 'uname -p', except on Windows and Mac OS X | ||||
| Package 374/2243 | Hostname | OS / Arch | INSTALL | BUILD | CHECK | BUILD BIN | ||||||||
| ClustIRR 1.3.8 (landing page) Simo Kitanovski
| nebbiolo2 | Linux (Ubuntu 22.04.3 LTS) / x86_64 | OK | OK | WARNINGS | |||||||||
| palomino6 | Windows Server 2022 Datacenter / x64 | OK | OK | WARNINGS | OK | |||||||||
| lconway | macOS 12.7.1 Monterey / x86_64 | OK | OK | WARNINGS | OK | |||||||||
| kjohnson3 | macOS 13.6.5 Ventura / arm64 | OK | OK | WARNINGS | OK | |||||||||
| kunpeng2 | Linux (openEuler 22.03 LTS-SP1) / aarch64 | OK | OK | WARNINGS | ||||||||||
|
To the developers/maintainers of the ClustIRR package: - Allow up to 24 hours (and sometimes 48 hours) for your latest push to git@git.bioconductor.org:packages/ClustIRR.git to reflect on this report. See Troubleshooting Build Report for more information. - Use the following Renviron settings to reproduce errors and warnings. - If 'R CMD check' started to fail recently on the Linux builder(s) over a missing dependency, add the missing dependency to 'Suggests:' in your DESCRIPTION file. See Renviron.bioc for more information. |
| Package: ClustIRR |
| Version: 1.3.8 |
| Command: C:\Users\biocbuild\bbs-3.20-bioc\R\bin\R.exe CMD check --no-multiarch --install=check:ClustIRR.install-out.txt --library=C:\Users\biocbuild\bbs-3.20-bioc\R\library --no-vignettes --timings ClustIRR_1.3.8.tar.gz |
| StartedAt: 2024-06-30 23:35:36 -0400 (Sun, 30 Jun 2024) |
| EndedAt: 2024-06-30 23:37:50 -0400 (Sun, 30 Jun 2024) |
| EllapsedTime: 133.8 seconds |
| RetCode: 0 |
| Status: WARNINGS |
| CheckDir: ClustIRR.Rcheck |
| Warnings: 2 |
##############################################################################
##############################################################################
###
### Running command:
###
### C:\Users\biocbuild\bbs-3.20-bioc\R\bin\R.exe CMD check --no-multiarch --install=check:ClustIRR.install-out.txt --library=C:\Users\biocbuild\bbs-3.20-bioc\R\library --no-vignettes --timings ClustIRR_1.3.8.tar.gz
###
##############################################################################
##############################################################################
* using log directory 'C:/Users/biocbuild/bbs-3.20-bioc/meat/ClustIRR.Rcheck'
* using R version 4.4.1 (2024-06-14 ucrt)
* using platform: x86_64-w64-mingw32
* R was compiled by
gcc.exe (GCC) 13.2.0
GNU Fortran (GCC) 13.2.0
* running under: Windows Server 2022 x64 (build 20348)
* using session charset: UTF-8
* using option '--no-vignettes'
* checking for file 'ClustIRR/DESCRIPTION' ... OK
* checking extension type ... Package
* this is package 'ClustIRR' version '1.3.8'
* package encoding: UTF-8
* checking package namespace information ... OK
* checking package dependencies ... OK
* checking if this is a source package ... OK
* checking if there is a namespace ... OK
* checking for hidden files and directories ... OK
* checking for portable file names ... OK
* checking whether package 'ClustIRR' can be installed ... OK
* checking installed package size ... OK
* checking package directory ... OK
* checking 'build' directory ... OK
* checking DESCRIPTION meta-information ... OK
* checking top-level files ... OK
* checking for left-over files ... OK
* checking index information ... OK
* checking package subdirectories ... OK
* checking code files for non-ASCII characters ... OK
* checking R files for syntax errors ... OK
* checking whether the package can be loaded ... OK
* checking whether the package can be loaded with stated dependencies ... OK
* checking whether the package can be unloaded cleanly ... OK
* checking whether the namespace can be loaded with stated dependencies ... OK
* checking whether the namespace can be unloaded cleanly ... OK
* checking dependencies in R code ... OK
* checking S3 generic/method consistency ... OK
* checking replacement functions ... OK
* checking foreign function calls ... OK
* checking R code for possible problems ... NOTE
plot_graph: no visible global function definition for 'adjustcolor'
Undefined global functions or variables:
adjustcolor
Consider adding
importFrom("grDevices", "adjustcolor")
to your NAMESPACE file.
* checking Rd files ... NOTE
checkRd: (-1) clust_irr-class.Rd:30-80: Lost braces in \itemize; meant \describe ?
checkRd: (-1) clust_irr-class.Rd:81: Lost braces in \itemize; meant \describe ?
* checking Rd metadata ... OK
* checking Rd cross-references ... OK
* checking for missing documentation entries ... OK
* checking for code/documentation mismatches ... WARNING
Codoc mismatches from Rd file 'plot_graph.Rd':
plot_graph
Code: function(g, select_by = "Ag_species", as_visnet = FALSE,
show_singletons = TRUE, node_opacity = 1)
Docs: function(g, select_by = "Ag_species", as_visnet = FALSE,
show_singletons = TRUE)
Argument names in code not in docs:
node_opacity
* checking Rd \usage sections ... OK
* checking Rd contents ... OK
* checking for unstated dependencies in examples ... OK
* checking contents of 'data' directory ... OK
* checking data for non-ASCII characters ... WARNING
Warning: found non-ASCII strings
'LGTGNQFYF<a0>' in object 'mcpas'
'YQLTF<a0>' in object 'mcpas'
'PYSSASKIIF<a0>' in object 'mcpas'
'STSFGSNYGQNFVF<a0>' in object 'mcpas'
'Inflammatory bowel disease (IBD)<a0>' in object 'mcpas'
'Flagellin<a0>' in object 'mcpas'
* checking data for ASCII and uncompressed saves ... OK
* checking files in 'vignettes' ... OK
* checking examples ... OK
* checking for unstated dependencies in 'tests' ... OK
* checking tests ...
Running 'testthat.R'
OK
* checking for unstated dependencies in vignettes ... OK
* checking package vignettes ... OK
* checking running R code from vignettes ... SKIPPED
* checking re-building of vignette outputs ... SKIPPED
* checking PDF version of manual ... OK
* DONE
Status: 2 WARNINGs, 2 NOTEs
See
'C:/Users/biocbuild/bbs-3.20-bioc/meat/ClustIRR.Rcheck/00check.log'
for details.
ClustIRR.Rcheck/00install.out
############################################################################## ############################################################################## ### ### Running command: ### ### C:\Users\biocbuild\bbs-3.20-bioc\R\bin\R.exe CMD INSTALL ClustIRR ### ############################################################################## ############################################################################## * installing to library 'C:/Users/biocbuild/bbs-3.20-bioc/R/library' * installing *source* package 'ClustIRR' ... ** using staged installation ** R ** data ** inst ** byte-compile and prepare package for lazy loading ** help *** installing help indices ** building package indices ** installing vignettes ** testing if installed package can be loaded from temporary location ** testing if installed package can be loaded from final location ** testing if installed package keeps a record of temporary installation path * DONE (ClustIRR)
ClustIRR.Rcheck/tests/testthat.Rout
R version 4.4.1 (2024-06-14 ucrt) -- "Race for Your Life"
Copyright (C) 2024 The R Foundation for Statistical Computing
Platform: x86_64-w64-mingw32/x64
R is free software and comes with ABSOLUTELY NO WARRANTY.
You are welcome to redistribute it under certain conditions.
Type 'license()' or 'licence()' for distribution details.
R is a collaborative project with many contributors.
Type 'contributors()' for more information and
'citation()' on how to cite R or R packages in publications.
Type 'demo()' for some demos, 'help()' for on-line help, or
'help.start()' for an HTML browser interface to help.
Type 'q()' to quit R.
> library(testthat)
> library(ClustIRR)
> test_check("ClustIRR")
Analyze database: 100.0% (500.0)
Index database: 100.0% (500.0)
Read queries: 100.0% (10 kB)
Read queries: 100.0% (10 kB)
Read queries: 100.0% (10 kB)
Read queries: 100.0% (10 kB)
Read queries: 100.0% (10 kB)
Read queries: 100.0% (10 kB)
Read queries: 100.0% (10 kB)
Read queries: 100.0% (10 kB)
Search database: 74.4% (372.0)
Search database: 100.0% (500.0)
Write hits: 100.0% (597.0)
[ FAIL 0 | WARN 0 | SKIP 0 | PASS 87 ]
>
> proc.time()
user system elapsed
21.20 0.84 21.75
ClustIRR.Rcheck/ClustIRR-Ex.timings
| name | user | system | elapsed | |
| CDR3ab | 0.03 | 0.00 | 0.04 | |
| clust_irr-class | 4.31 | 0.22 | 3.08 | |
| cluster | 1.11 | 0.08 | 1.25 | |
| get_graph | 0.70 | 0.04 | 0.81 | |
| get_joint_graph | 2.36 | 0.04 | 2.44 | |
| mcpas | 0.05 | 0.00 | 0.05 | |
| plot_graph | 0.68 | 0.03 | 0.72 | |
| tcr3d | 0.02 | 0.00 | 0.01 | |
| vdjdb | 0.14 | 0.00 | 0.14 | |