gQTLBase 1.1.8 VJ Carey
 | Snapshot Date: 2015-08-23 16:24:14 -0700 (Sun, 23 Aug 2015) |  | URL: https://hedgehog.fhcrc.org/bioconductor/trunk/madman/Rpacks/gQTLBase |  | Last Changed Rev: 107664 / Revision: 107696 |  | Last Changed Date: 2015-08-21 09:56:09 -0700 (Fri, 21 Aug 2015) |  
  | zin1  | Linux (Ubuntu 14.04.2 LTS) / x86_64  |  OK  |  ERROR  |  skipped  |  |  | 
| perceval  | Mac OS X Snow Leopard (10.6.8) / x86_64  |  OK  | [ ERROR ] |  skipped  |  skipped  |  | 
| oaxaca  | Mac OS X Mavericks (10.9.5) / x86_64  |  OK  |  ERROR  |  skipped  |  skipped  |  | 
##############################################################################
##############################################################################
###
### Running command:
###
###   /Library/Frameworks/R.framework/Versions/Current/Resources/bin/R CMD build --keep-empty-dirs --no-resave-data gQTLBase
###
##############################################################################
##############################################################################
* checking for file ‘gQTLBase/DESCRIPTION’ ... OK
* preparing ‘gQTLBase’:
* checking DESCRIPTION meta-information ... OK
* installing the package to process help pages
* saving partial Rd database
* creating vignettes ... ERROR
Quitting from lines 196-200 (gQTLBase.Rmd) 
Error: processing vignette 'gQTLBase.Rmd' failed with diagnostics:
could not find function "ffappend"
Execution halted