| Back to Multiple platform build/check report for BioC 3.19: simplified long |
|
This page was generated on 2024-06-28 17:42 -0400 (Fri, 28 Jun 2024).
| Hostname | OS | Arch (*) | R version | Installed pkgs |
|---|---|---|---|---|
| nebbiolo1 | Linux (Ubuntu 22.04.3 LTS) | x86_64 | 4.4.0 (2024-04-24) -- "Puppy Cup" | 4760 |
| palomino3 | Windows Server 2022 Datacenter | x64 | 4.4.0 (2024-04-24 ucrt) -- "Puppy Cup" | 4494 |
| merida1 | macOS 12.7.4 Monterey | x86_64 | 4.4.0 (2024-04-24) -- "Puppy Cup" | 4508 |
| kjohnson1 | macOS 13.6.6 Ventura | arm64 | 4.4.0 (2024-04-24) -- "Puppy Cup" | 4466 |
| palomino7 | Windows Server 2022 Datacenter | x64 | 4.4.1 (2024-06-14 ucrt) -- "Race for Your Life" | 4362 |
| Click on any hostname to see more info about the system (e.g. compilers) (*) as reported by 'uname -p', except on Windows and Mac OS X | ||||
| Package 1760/2300 | Hostname | OS / Arch | INSTALL | BUILD | CHECK | BUILD BIN | ||||||||
| rhdf5 2.48.0 (landing page) Mike Smith
| nebbiolo1 | Linux (Ubuntu 22.04.3 LTS) / x86_64 | OK | OK | WARNINGS | |||||||||
| palomino3 | Windows Server 2022 Datacenter / x64 | OK | OK | WARNINGS | OK | |||||||||
| merida1 | macOS 12.7.4 Monterey / x86_64 | OK | OK | WARNINGS | OK | |||||||||
| kjohnson1 | macOS 13.6.6 Ventura / arm64 | OK | OK | WARNINGS | OK | |||||||||
| palomino7 | Windows Server 2022 Datacenter / x64 | OK | OK | WARNINGS | OK | |||||||||
|
To the developers/maintainers of the rhdf5 package: - Allow up to 24 hours (and sometimes 48 hours) for your latest push to git@git.bioconductor.org:packages/rhdf5.git to reflect on this report. See Troubleshooting Build Report for more information. - Use the following Renviron settings to reproduce errors and warnings. - If 'R CMD check' started to fail recently on the Linux builder(s) over a missing dependency, add the missing dependency to 'Suggests:' in your DESCRIPTION file. See Renviron.bioc for more information. |
| Package: rhdf5 |
| Version: 2.48.0 |
| Command: F:\biocbuild\bbs-3.19-bioc\R\bin\R.exe CMD check --no-multiarch --install=check:rhdf5.install-out.txt --library=F:\biocbuild\bbs-3.19-bioc\R\library --no-vignettes --timings rhdf5_2.48.0.tar.gz |
| StartedAt: 2024-06-27 05:22:57 -0400 (Thu, 27 Jun 2024) |
| EndedAt: 2024-06-27 05:25:25 -0400 (Thu, 27 Jun 2024) |
| EllapsedTime: 147.9 seconds |
| RetCode: 0 |
| Status: WARNINGS |
| CheckDir: rhdf5.Rcheck |
| Warnings: 1 |
##############################################################################
##############################################################################
###
### Running command:
###
### F:\biocbuild\bbs-3.19-bioc\R\bin\R.exe CMD check --no-multiarch --install=check:rhdf5.install-out.txt --library=F:\biocbuild\bbs-3.19-bioc\R\library --no-vignettes --timings rhdf5_2.48.0.tar.gz
###
##############################################################################
##############################################################################
* using log directory 'F:/biocbuild/bbs-3.19-bioc/meat/rhdf5.Rcheck'
* using R version 4.4.0 (2024-04-24 ucrt)
* using platform: x86_64-w64-mingw32
* R was compiled by
gcc.exe (GCC) 13.2.0
GNU Fortran (GCC) 13.2.0
* running under: Windows Server 2022 x64 (build 20348)
* using session charset: UTF-8
* using option '--no-vignettes'
* checking for file 'rhdf5/DESCRIPTION' ... OK
* checking extension type ... Package
* this is package 'rhdf5' version '2.48.0'
* package encoding: UTF-8
* checking package namespace information ... OK
* checking package dependencies ... OK
* checking if this is a source package ... OK
* checking if there is a namespace ... OK
* checking for hidden files and directories ... OK
* checking for portable file names ... OK
* checking whether package 'rhdf5' can be installed ... WARNING
Found the following significant warnings:
HandleListWrap.c:151:16: warning: format '%ld' expects argument of type 'long int', but argument 2 has type 'ssize_t' {aka 'long long int'} [-Wformat=]
See 'F:/biocbuild/bbs-3.19-bioc/meat/rhdf5.Rcheck/00install.out' for details.
* used C compiler: 'gcc.exe (GCC) 13.2.0'
* used C++ compiler: 'G__~1.EXE (GCC) 13.2.0'
* checking installed package size ... NOTE
installed size is 7.6Mb
sub-directories of 1Mb or more:
libs 6.6Mb
* checking package directory ... OK
* checking 'build' directory ... OK
* checking DESCRIPTION meta-information ... OK
* checking top-level files ... OK
* checking for left-over files ... OK
* checking index information ... OK
* checking package subdirectories ... OK
* checking code files for non-ASCII characters ... OK
* checking R files for syntax errors ... OK
* checking whether the package can be loaded ... OK
* checking whether the package can be loaded with stated dependencies ... OK
* checking whether the package can be unloaded cleanly ... OK
* checking whether the namespace can be loaded with stated dependencies ... OK
* checking whether the namespace can be unloaded cleanly ... OK
* checking whether startup messages can be suppressed ... OK
* checking dependencies in R code ... OK
* checking S3 generic/method consistency ... OK
* checking replacement functions ... OK
* checking foreign function calls ... OK
* checking R code for possible problems ... OK
* checking Rd files ... OK
* checking Rd metadata ... OK
* checking Rd cross-references ... OK
* checking for missing documentation entries ... OK
* checking for code/documentation mismatches ... OK
* checking Rd \usage sections ... OK
* checking Rd contents ... OK
* checking for unstated dependencies in examples ... OK
* checking line endings in shell scripts ... OK
* checking line endings in C/C++/Fortran sources/headers ... OK
* checking line endings in Makefiles ... OK
* checking compilation flags in Makevars ... OK
* checking for GNU extensions in Makefiles ... NOTE
GNU make is a SystemRequirements.
* checking for portable use of $(BLAS_LIBS) and $(LAPACK_LIBS) ... OK
* checking use of PKG_*FLAGS in Makefiles ... OK
* checking compiled code ... NOTE
Note: information on .o files for x64 is not available
File 'F:/biocbuild/bbs-3.19-bioc/R/library/rhdf5/libs/x64/rhdf5.dll':
Found '_assert', possibly from 'assert' (C)
Found '_exit', possibly from '_exit' (C)
Found 'abort', possibly from 'abort' (C), 'runtime' (Fortran)
Found 'exit', possibly from 'exit' (C), 'stop' (Fortran)
Compiled code should not call entry points which might terminate R nor
write to stdout/stderr instead of to the console, nor use Fortran I/O
nor system RNGs nor [v]sprintf. The detected symbols are linked into
the code but might come from libraries and not actually be called.
See 'Writing portable packages' in the 'Writing R Extensions' manual.
* checking files in 'vignettes' ... OK
* checking examples ... OK
* checking for unstated dependencies in 'tests' ... OK
* checking tests ...
Running 'testthat.R'
OK
* checking for unstated dependencies in vignettes ... OK
* checking package vignettes ... OK
* checking running R code from vignettes ... SKIPPED
* checking re-building of vignette outputs ... SKIPPED
* checking PDF version of manual ... OK
* DONE
Status: 1 WARNING, 3 NOTEs
See
'F:/biocbuild/bbs-3.19-bioc/meat/rhdf5.Rcheck/00check.log'
for details.
rhdf5.Rcheck/00install.out
##############################################################################
##############################################################################
###
### Running command:
###
### F:\biocbuild\bbs-3.19-bioc\R\bin\R.exe CMD INSTALL rhdf5
###
##############################################################################
##############################################################################
* installing to library 'F:/biocbuild/bbs-3.19-bioc/R/library'
* installing *source* package 'rhdf5' ...
** using staged installation
** libs
using C compiler: 'gcc.exe (GCC) 13.2.0'
using C++ compiler: 'G__~1.EXE (GCC) 13.2.0'
gcc -I"F:/biocbuild/bbs-3.19-bioc/R/include" -DNDEBUG -D__USE_MINGW_ANSI_STDIO -I'F:/biocbuild/bbs-3.19-bioc/R/library/Rhdf5lib/include' -I"C:/rtools44/x86_64-w64-mingw32.static.posix/include" -O2 -Wall -mfpmath=sse -msse2 -mstackrealign -c H5.c -o H5.o
gcc -I"F:/biocbuild/bbs-3.19-bioc/R/include" -DNDEBUG -D__USE_MINGW_ANSI_STDIO -I'F:/biocbuild/bbs-3.19-bioc/R/library/Rhdf5lib/include' -I"C:/rtools44/x86_64-w64-mingw32.static.posix/include" -O2 -Wall -mfpmath=sse -msse2 -mstackrealign -c H5A.c -o H5A.o
gcc -I"F:/biocbuild/bbs-3.19-bioc/R/include" -DNDEBUG -D__USE_MINGW_ANSI_STDIO -I'F:/biocbuild/bbs-3.19-bioc/R/library/Rhdf5lib/include' -I"C:/rtools44/x86_64-w64-mingw32.static.posix/include" -O2 -Wall -mfpmath=sse -msse2 -mstackrealign -c H5D.c -o H5D.o
gcc -I"F:/biocbuild/bbs-3.19-bioc/R/include" -DNDEBUG -D__USE_MINGW_ANSI_STDIO -I'F:/biocbuild/bbs-3.19-bioc/R/library/Rhdf5lib/include' -I"C:/rtools44/x86_64-w64-mingw32.static.posix/include" -O2 -Wall -mfpmath=sse -msse2 -mstackrealign -c H5E.c -o H5E.o
gcc -I"F:/biocbuild/bbs-3.19-bioc/R/include" -DNDEBUG -D__USE_MINGW_ANSI_STDIO -I'F:/biocbuild/bbs-3.19-bioc/R/library/Rhdf5lib/include' -I"C:/rtools44/x86_64-w64-mingw32.static.posix/include" -O2 -Wall -mfpmath=sse -msse2 -mstackrealign -c H5F.c -o H5F.o
gcc -I"F:/biocbuild/bbs-3.19-bioc/R/include" -DNDEBUG -D__USE_MINGW_ANSI_STDIO -I'F:/biocbuild/bbs-3.19-bioc/R/library/Rhdf5lib/include' -I"C:/rtools44/x86_64-w64-mingw32.static.posix/include" -O2 -Wall -mfpmath=sse -msse2 -mstackrealign -c H5G.c -o H5G.o
gcc -I"F:/biocbuild/bbs-3.19-bioc/R/include" -DNDEBUG -D__USE_MINGW_ANSI_STDIO -I'F:/biocbuild/bbs-3.19-bioc/R/library/Rhdf5lib/include' -I"C:/rtools44/x86_64-w64-mingw32.static.posix/include" -O2 -Wall -mfpmath=sse -msse2 -mstackrealign -c H5I.c -o H5I.o
gcc -I"F:/biocbuild/bbs-3.19-bioc/R/include" -DNDEBUG -D__USE_MINGW_ANSI_STDIO -I'F:/biocbuild/bbs-3.19-bioc/R/library/Rhdf5lib/include' -I"C:/rtools44/x86_64-w64-mingw32.static.posix/include" -O2 -Wall -mfpmath=sse -msse2 -mstackrealign -c H5L.c -o H5L.o
gcc -I"F:/biocbuild/bbs-3.19-bioc/R/include" -DNDEBUG -D__USE_MINGW_ANSI_STDIO -I'F:/biocbuild/bbs-3.19-bioc/R/library/Rhdf5lib/include' -I"C:/rtools44/x86_64-w64-mingw32.static.posix/include" -O2 -Wall -mfpmath=sse -msse2 -mstackrealign -c H5O.c -o H5O.o
gcc -I"F:/biocbuild/bbs-3.19-bioc/R/include" -DNDEBUG -D__USE_MINGW_ANSI_STDIO -I'F:/biocbuild/bbs-3.19-bioc/R/library/Rhdf5lib/include' -I"C:/rtools44/x86_64-w64-mingw32.static.posix/include" -O2 -Wall -mfpmath=sse -msse2 -mstackrealign -c H5P.c -o H5P.o
gcc -I"F:/biocbuild/bbs-3.19-bioc/R/include" -DNDEBUG -D__USE_MINGW_ANSI_STDIO -I'F:/biocbuild/bbs-3.19-bioc/R/library/Rhdf5lib/include' -I"C:/rtools44/x86_64-w64-mingw32.static.posix/include" -O2 -Wall -mfpmath=sse -msse2 -mstackrealign -c H5PL.c -o H5PL.o
gcc -I"F:/biocbuild/bbs-3.19-bioc/R/include" -DNDEBUG -D__USE_MINGW_ANSI_STDIO -I'F:/biocbuild/bbs-3.19-bioc/R/library/Rhdf5lib/include' -I"C:/rtools44/x86_64-w64-mingw32.static.posix/include" -O2 -Wall -mfpmath=sse -msse2 -mstackrealign -c H5R.c -o H5R.o
gcc -I"F:/biocbuild/bbs-3.19-bioc/R/include" -DNDEBUG -D__USE_MINGW_ANSI_STDIO -I'F:/biocbuild/bbs-3.19-bioc/R/library/Rhdf5lib/include' -I"C:/rtools44/x86_64-w64-mingw32.static.posix/include" -O2 -Wall -mfpmath=sse -msse2 -mstackrealign -c H5S.c -o H5S.o
gcc -I"F:/biocbuild/bbs-3.19-bioc/R/include" -DNDEBUG -D__USE_MINGW_ANSI_STDIO -I'F:/biocbuild/bbs-3.19-bioc/R/library/Rhdf5lib/include' -I"C:/rtools44/x86_64-w64-mingw32.static.posix/include" -O2 -Wall -mfpmath=sse -msse2 -mstackrealign -c H5S_extras.c -o H5S_extras.o
gcc -I"F:/biocbuild/bbs-3.19-bioc/R/include" -DNDEBUG -D__USE_MINGW_ANSI_STDIO -I'F:/biocbuild/bbs-3.19-bioc/R/library/Rhdf5lib/include' -I"C:/rtools44/x86_64-w64-mingw32.static.posix/include" -O2 -Wall -mfpmath=sse -msse2 -mstackrealign -c H5T.c -o H5T.o
gcc -I"F:/biocbuild/bbs-3.19-bioc/R/include" -DNDEBUG -D__USE_MINGW_ANSI_STDIO -I'F:/biocbuild/bbs-3.19-bioc/R/library/Rhdf5lib/include' -I"C:/rtools44/x86_64-w64-mingw32.static.posix/include" -O2 -Wall -mfpmath=sse -msse2 -mstackrealign -c H5T_extras.c -o H5T_extras.o
gcc -I"F:/biocbuild/bbs-3.19-bioc/R/include" -DNDEBUG -D__USE_MINGW_ANSI_STDIO -I'F:/biocbuild/bbs-3.19-bioc/R/library/Rhdf5lib/include' -I"C:/rtools44/x86_64-w64-mingw32.static.posix/include" -O2 -Wall -mfpmath=sse -msse2 -mstackrealign -c H5Z.c -o H5Z.o
gcc -I"F:/biocbuild/bbs-3.19-bioc/R/include" -DNDEBUG -D__USE_MINGW_ANSI_STDIO -I'F:/biocbuild/bbs-3.19-bioc/R/library/Rhdf5lib/include' -I"C:/rtools44/x86_64-w64-mingw32.static.posix/include" -O2 -Wall -mfpmath=sse -msse2 -mstackrealign -c H5constants.c -o H5constants.o
g++ -std=gnu++17 -I"F:/biocbuild/bbs-3.19-bioc/R/include" -DNDEBUG -D__USE_MINGW_ANSI_STDIO -I'F:/biocbuild/bbs-3.19-bioc/R/library/Rhdf5lib/include' -I"C:/rtools44/x86_64-w64-mingw32.static.posix/include" -O2 -Wall -mfpmath=sse -msse2 -mstackrealign -c HandleList.cpp -o HandleList.o
gcc -I"F:/biocbuild/bbs-3.19-bioc/R/include" -DNDEBUG -D__USE_MINGW_ANSI_STDIO -I'F:/biocbuild/bbs-3.19-bioc/R/library/Rhdf5lib/include' -I"C:/rtools44/x86_64-w64-mingw32.static.posix/include" -O2 -Wall -mfpmath=sse -msse2 -mstackrealign -c HandleListWrap.c -o HandleListWrap.o
HandleListWrap.c: In function '_h5listOpenObjects':
HandleListWrap.c:151:16: warning: format '%ld' expects argument of type 'long int', but argument 2 has type 'ssize_t' {aka 'long long int'} [-Wformat=]
151 | Rprintf("%ld object(s) open\n", count);
| ~~^ ~~~~~
| | |
| long int ssize_t {aka long long int}
| %lld
gcc -I"F:/biocbuild/bbs-3.19-bioc/R/include" -DNDEBUG -D__USE_MINGW_ANSI_STDIO -I'F:/biocbuild/bbs-3.19-bioc/R/library/Rhdf5lib/include' -I"C:/rtools44/x86_64-w64-mingw32.static.posix/include" -O2 -Wall -mfpmath=sse -msse2 -mstackrealign -c bit64conversion.c -o bit64conversion.o
gcc -I"F:/biocbuild/bbs-3.19-bioc/R/include" -DNDEBUG -D__USE_MINGW_ANSI_STDIO -I'F:/biocbuild/bbs-3.19-bioc/R/library/Rhdf5lib/include' -I"C:/rtools44/x86_64-w64-mingw32.static.posix/include" -O2 -Wall -mfpmath=sse -msse2 -mstackrealign -c external_filters.c -o external_filters.o
gcc -I"F:/biocbuild/bbs-3.19-bioc/R/include" -DNDEBUG -D__USE_MINGW_ANSI_STDIO -I'F:/biocbuild/bbs-3.19-bioc/R/library/Rhdf5lib/include' -I"C:/rtools44/x86_64-w64-mingw32.static.posix/include" -O2 -Wall -mfpmath=sse -msse2 -mstackrealign -c h5dump.c -o h5dump.o
gcc -I"F:/biocbuild/bbs-3.19-bioc/R/include" -DNDEBUG -D__USE_MINGW_ANSI_STDIO -I'F:/biocbuild/bbs-3.19-bioc/R/library/Rhdf5lib/include' -I"C:/rtools44/x86_64-w64-mingw32.static.posix/include" -O2 -Wall -mfpmath=sse -msse2 -mstackrealign -c h5ls.c -o h5ls.o
gcc -I"F:/biocbuild/bbs-3.19-bioc/R/include" -DNDEBUG -D__USE_MINGW_ANSI_STDIO -I'F:/biocbuild/bbs-3.19-bioc/R/library/Rhdf5lib/include' -I"C:/rtools44/x86_64-w64-mingw32.static.posix/include" -O2 -Wall -mfpmath=sse -msse2 -mstackrealign -c h5testLock.c -o h5testLock.o
gcc -I"F:/biocbuild/bbs-3.19-bioc/R/include" -DNDEBUG -D__USE_MINGW_ANSI_STDIO -I'F:/biocbuild/bbs-3.19-bioc/R/library/Rhdf5lib/include' -I"C:/rtools44/x86_64-w64-mingw32.static.posix/include" -O2 -Wall -mfpmath=sse -msse2 -mstackrealign -c h5writeDataFrame.c -o h5writeDataFrame.o
gcc -I"F:/biocbuild/bbs-3.19-bioc/R/include" -DNDEBUG -D__USE_MINGW_ANSI_STDIO -I'F:/biocbuild/bbs-3.19-bioc/R/library/Rhdf5lib/include' -I"C:/rtools44/x86_64-w64-mingw32.static.posix/include" -O2 -Wall -mfpmath=sse -msse2 -mstackrealign -c printdatatype.c -o printdatatype.o
gcc -I"F:/biocbuild/bbs-3.19-bioc/R/include" -DNDEBUG -D__USE_MINGW_ANSI_STDIO -I'F:/biocbuild/bbs-3.19-bioc/R/library/Rhdf5lib/include' -I"C:/rtools44/x86_64-w64-mingw32.static.posix/include" -O2 -Wall -mfpmath=sse -msse2 -mstackrealign -c utils.c -o utils.o
gcc -I"F:/biocbuild/bbs-3.19-bioc/R/include" -DNDEBUG -D__USE_MINGW_ANSI_STDIO -I'F:/biocbuild/bbs-3.19-bioc/R/library/Rhdf5lib/include' -I"C:/rtools44/x86_64-w64-mingw32.static.posix/include" -O2 -Wall -mfpmath=sse -msse2 -mstackrealign -c wrap.c -o wrap.o
g++ -std=gnu++17 -shared -s -static-libgcc -o rhdf5.dll tmp.def H5.o H5A.o H5D.o H5E.o H5F.o H5G.o H5I.o H5L.o H5O.o H5P.o H5PL.o H5R.o H5S.o H5S_extras.o H5T.o H5T_extras.o H5Z.o H5constants.o HandleList.o HandleListWrap.o bit64conversion.o external_filters.o h5dump.o h5ls.o h5testLock.o h5writeDataFrame.o printdatatype.o utils.o wrap.o -LF:/biocbuild/bbs-3.19-bioc/R/library/Rhdf5lib/lib/x64-ucrt -lhdf5 -lcurl -lssh2 -lssl -lcrypto -lwldap32 -lws2_32 -lcrypt32 -lsz -laec -lz -lpsapi -LC:/rtools44/x86_64-w64-mingw32.static.posix/lib/x64 -LC:/rtools44/x86_64-w64-mingw32.static.posix/lib -LF:/biocbuild/bbs-3.19-bioc/R/bin/x64 -lR
installing to F:/biocbuild/bbs-3.19-bioc/R/library/00LOCK-rhdf5/00new/rhdf5/libs/x64
** R
** inst
** byte-compile and prepare package for lazy loading
** help
*** installing help indices
*** copying figures
** building package indices
** installing vignettes
** testing if installed package can be loaded from temporary location
** testing if installed package can be loaded from final location
** testing if installed package keeps a record of temporary installation path
* DONE (rhdf5)
rhdf5.Rcheck/tests/testthat.Rout
R version 4.4.0 (2024-04-24 ucrt) -- "Puppy Cup"
Copyright (C) 2024 The R Foundation for Statistical Computing
Platform: x86_64-w64-mingw32/x64
R is free software and comes with ABSOLUTELY NO WARRANTY.
You are welcome to redistribute it under certain conditions.
Type 'license()' or 'licence()' for distribution details.
R is a collaborative project with many contributors.
Type 'contributors()' for more information and
'citation()' on how to cite R or R packages in publications.
Type 'demo()' for some demos, 'help()' for on-line help, or
'help.start()' for an HTML browser interface to help.
Type 'q()' to quit R.
> library(testthat)
> library(rhdf5)
>
> test_check("rhdf5")
[ FAIL 0 | WARN 0 | SKIP 2 | PASS 1107 ]
══ Skipped tests (2) ═══════════════════════════════════════════════════════════
• On Bioconductor (2): 'test_S3.R:20:9', 'test_S3.R:31:9'
[ FAIL 0 | WARN 0 | SKIP 2 | PASS 1107 ]
>
> proc.time()
user system elapsed
10.32 3.92 31.45
rhdf5.Rcheck/rhdf5-Ex.timings
| name | user | system | elapsed | |
| H5Dopen | 0.01 | 0.00 | 0.05 | |
| H5Fget_name | 0.01 | 0.00 | 0.02 | |
| H5Gget_info | 0 | 0 | 0 | |
| H5Iget_type | 0.01 | 0.00 | 0.02 | |
| H5Iis_valid | 0 | 0 | 0 | |
| H5Lcreate_external | 0.02 | 0.00 | 0.03 | |
| H5Ldelete | 0.00 | 0.00 | 0.01 | |
| H5Lmove | 0.02 | 0.00 | 0.08 | |
| H5Ocopy | 0.02 | 0.00 | 0.06 | |
| H5Olink | 0.00 | 0.00 | 0.01 | |
| H5Oopen | 0.02 | 0.00 | 0.05 | |
| H5P_create_intermediate_group | 0 | 0 | 0 | |
| H5Pset_fapl_ros3 | 0 | 0 | 0 | |
| H5R | 0.03 | 0.00 | 0.10 | |
| H5Scombine_hyperslab | 0 | 0 | 0 | |
| H5Scombine_select | 0 | 0 | 0 | |
| H5Sselect_hyperslab | 0 | 0 | 0 | |
| H5Sselect_index | 0.00 | 0.02 | 0.01 | |
| H5T_enum | 0 | 0 | 0 | |
| H5T_ops | 0 | 0 | 0 | |
| H5functions | 0 | 0 | 0 | |
| h5_FileLocking | 0 | 0 | 0 | |
| h5_createAttribute | 0.00 | 0.00 | 0.05 | |
| h5_createDataset | 0.13 | 0.03 | 0.32 | |
| h5_createFile | 0.01 | 0.00 | 0.03 | |
| h5_createGroup | 0.02 | 0.01 | 0.04 | |
| h5_dump | 0.00 | 0.03 | 0.07 | |
| h5_errorHandling | 0 | 0 | 0 | |
| h5_read | 0.03 | 0.02 | 0.11 | |
| h5_save | 0.03 | 0.00 | 0.05 | |
| h5_set_extent | 0.05 | 0.00 | 0.06 | |
| h5_write | 0.00 | 0.00 | 1.22 | |
| h5closeAll | 0.00 | 0.00 | 0.14 | |
| h5constants | 0 | 0 | 0 | |
| h5listObjects | 0.02 | 0.00 | 0.08 | |
| h5ls | 0.02 | 0.00 | 0.17 | |
| h5version | 0.00 | 0.02 | 0.01 | |