| Back to Multiple platform build/check report for BioC 3.19: simplified long |
|
This page was generated on 2024-10-18 20:40 -0400 (Fri, 18 Oct 2024).
| Hostname | OS | Arch (*) | R version | Installed pkgs |
|---|---|---|---|---|
| nebbiolo1 | Linux (Ubuntu 22.04.3 LTS) | x86_64 | 4.4.1 (2024-06-14) -- "Race for Your Life" | 4763 |
| palomino7 | Windows Server 2022 Datacenter | x64 | 4.4.1 (2024-06-14 ucrt) -- "Race for Your Life" | 4500 |
| merida1 | macOS 12.7.5 Monterey | x86_64 | 4.4.1 (2024-06-14) -- "Race for Your Life" | 4530 |
| kjohnson1 | macOS 13.6.6 Ventura | arm64 | 4.4.1 (2024-06-14) -- "Race for Your Life" | 4480 |
| Click on any hostname to see more info about the system (e.g. compilers) (*) as reported by 'uname -p', except on Windows and Mac OS X | ||||
| Package 1647/2300 | Hostname | OS / Arch | INSTALL | BUILD | CHECK | BUILD BIN | ||||||||
| qsea 1.30.0 (landing page) Matthias Lienhard
| nebbiolo1 | Linux (Ubuntu 22.04.3 LTS) / x86_64 | OK | OK | WARNINGS | |||||||||
| palomino7 | Windows Server 2022 Datacenter / x64 | OK | OK | WARNINGS | OK | |||||||||
| merida1 | macOS 12.7.5 Monterey / x86_64 | OK | OK | WARNINGS | OK | |||||||||
| kjohnson1 | macOS 13.6.6 Ventura / arm64 | OK | OK | WARNINGS | OK | |||||||||
|
To the developers/maintainers of the qsea package: - Allow up to 24 hours (and sometimes 48 hours) for your latest push to git@git.bioconductor.org:packages/qsea.git to reflect on this report. See Troubleshooting Build Report for more information. - Use the following Renviron settings to reproduce errors and warnings. - If 'R CMD check' started to fail recently on the Linux builder(s) over a missing dependency, add the missing dependency to 'Suggests:' in your DESCRIPTION file. See Renviron.bioc for more information. |
| Package: qsea |
| Version: 1.30.0 |
| Command: E:\biocbuild\bbs-3.19-bioc\R\bin\R.exe CMD check --no-multiarch --install=check:qsea.install-out.txt --library=E:\biocbuild\bbs-3.19-bioc\R\library --no-vignettes --timings qsea_1.30.0.tar.gz |
| StartedAt: 2024-10-17 04:44:13 -0400 (Thu, 17 Oct 2024) |
| EndedAt: 2024-10-17 04:49:26 -0400 (Thu, 17 Oct 2024) |
| EllapsedTime: 312.9 seconds |
| RetCode: 0 |
| Status: WARNINGS |
| CheckDir: qsea.Rcheck |
| Warnings: 1 |
##############################################################################
##############################################################################
###
### Running command:
###
### E:\biocbuild\bbs-3.19-bioc\R\bin\R.exe CMD check --no-multiarch --install=check:qsea.install-out.txt --library=E:\biocbuild\bbs-3.19-bioc\R\library --no-vignettes --timings qsea_1.30.0.tar.gz
###
##############################################################################
##############################################################################
* using log directory 'E:/biocbuild/bbs-3.19-bioc/meat/qsea.Rcheck'
* using R version 4.4.1 (2024-06-14 ucrt)
* using platform: x86_64-w64-mingw32
* R was compiled by
gcc.exe (GCC) 13.2.0
GNU Fortran (GCC) 13.2.0
* running under: Windows Server 2022 x64 (build 20348)
* using session charset: UTF-8
* using option '--no-vignettes'
* checking for file 'qsea/DESCRIPTION' ... OK
* checking extension type ... Package
* this is package 'qsea' version '1.30.0'
* checking package namespace information ... OK
* checking package dependencies ... OK
* checking if this is a source package ... OK
* checking if there is a namespace ... OK
* checking for hidden files and directories ... OK
* checking for portable file names ... OK
* checking whether package 'qsea' can be installed ... WARNING
Found the following significant warnings:
lm.c:63:13: warning: format '%d' expects argument of type 'int', but argument 4 has type 'R_xlen_t' {aka 'long long int'} [-Wformat=]
See 'E:/biocbuild/bbs-3.19-bioc/meat/qsea.Rcheck/00install.out' for details.
* used C compiler: 'gcc.exe (GCC) 13.2.0'
* checking installed package size ... OK
* checking package directory ... OK
* checking 'build' directory ... OK
* checking DESCRIPTION meta-information ... OK
* checking top-level files ... OK
* checking for left-over files ... OK
* checking index information ... OK
* checking package subdirectories ... OK
* checking code files for non-ASCII characters ... OK
* checking R files for syntax errors ... OK
* checking whether the package can be loaded ... OK
* checking whether the package can be loaded with stated dependencies ... OK
* checking whether the package can be unloaded cleanly ... OK
* checking whether the namespace can be loaded with stated dependencies ... OK
* checking whether the namespace can be unloaded cleanly ... OK
* checking dependencies in R code ... OK
* checking S3 generic/method consistency ... OK
* checking replacement functions ... OK
* checking foreign function calls ... OK
* checking R code for possible problems ... OK
* checking Rd files ... NOTE
checkRd: (-1) fitNBglm.Rd:16: Lost braces
16 | dQuote{log} link function is implemented. }
| ^
checkRd: (-1) fitNBglm.Rd:19: Lost braces
19 | Allowed values are dQuote{region_wise} for independent window wise estimates,
| ^
checkRd: (-1) fitNBglm.Rd:20: Lost braces
20 | dQuote{common} for a single estimate for all windows,
| ^
checkRd: (-1) fitNBglm.Rd:21: Lost braces
21 | dQuote{cutAtQuantiles} for window wise estimates trimmed at the 25\% and 75\%
| ^
checkRd: (-1) fitNBglm.Rd:23: Lost braces
23 | or dQuote{initial} for using the dispersion parameters provided with the
| ^
checkRd: (-1) plotCNV.Rd:20: Lost braces
20 | \item{dist}{distance measure for clustering. dQuote{euclid}ian
| ^
checkRd: (-1) plotCNV.Rd:21: Lost braces
21 | or dQuote{cor}relation based (1-cor)}
| ^
* checking Rd metadata ... OK
* checking Rd cross-references ... OK
* checking for missing documentation entries ... OK
* checking for code/documentation mismatches ... OK
* checking Rd \usage sections ... OK
* checking Rd contents ... OK
* checking for unstated dependencies in examples ... OK
* checking R/sysdata.rda ... OK
* checking line endings in C/C++/Fortran sources/headers ... OK
* checking compiled code ... NOTE
Note: information on .o files for x64 is not available
File 'E:/biocbuild/bbs-3.19-bioc/R/library/qsea/libs/x64/qsea.dll':
Found '_exit', possibly from '_exit' (C)
Found 'abort', possibly from 'abort' (C), 'runtime' (Fortran)
Compiled code should not call entry points which might terminate R nor
write to stdout/stderr instead of to the console, nor use Fortran I/O
nor system RNGs nor [v]sprintf. The detected symbols are linked into
the code but might come from libraries and not actually be called.
See 'Writing portable packages' in the 'Writing R Extensions' manual.
* checking files in 'vignettes' ... OK
* checking examples ... OK
Examples with CPU (user + system) or elapsed time > 5s
user system elapsed
addNewSamples 17.39 0.69 19.31
addPatternDensity 9.48 0.51 10.00
addCNV 7.72 0.40 8.54
* checking for unstated dependencies in 'tests' ... OK
* checking tests ...
Running 'testthat.R'
OK
* checking for unstated dependencies in vignettes ... OK
* checking package vignettes ... OK
* checking running R code from vignettes ... SKIPPED
* checking re-building of vignette outputs ... SKIPPED
* checking PDF version of manual ... OK
* DONE
Status: 1 WARNING, 2 NOTEs
See
'E:/biocbuild/bbs-3.19-bioc/meat/qsea.Rcheck/00check.log'
for details.
qsea.Rcheck/00install.out
##############################################################################
##############################################################################
###
### Running command:
###
### E:\biocbuild\bbs-3.19-bioc\R\bin\R.exe CMD INSTALL qsea
###
##############################################################################
##############################################################################
* installing to library 'E:/biocbuild/bbs-3.19-bioc/R/library'
* installing *source* package 'qsea' ...
** using staged installation
** libs
using C compiler: 'gcc.exe (GCC) 13.2.0'
gcc -I"E:/biocbuild/bbs-3.19-bioc/R/include" -DNDEBUG -I"C:/rtools44/x86_64-w64-mingw32.static.posix/include" -O2 -Wall -mfpmath=sse -msse2 -mstackrealign -c lm.c -o lm.o
lm.c: In function 'Cdqrls':
lm.c:63:13: warning: format '%d' expects argument of type 'int', but argument 4 has type 'R_xlen_t' {aka 'long long int'} [-Wformat=]
63 | error(_("dimensions of 'x' (%d,%d) and 'y' (%d) do not match"),
| ^~~~~~~~~~~~~~~~~~~~~~~~~~~~~~~~~~~~~~~~~~~~~~~~~~~~~
lm.c:31:38: note: in definition of macro '_'
31 | #define _(String) dgettext ("stats", String)
| ^~~~~~
lm.c:63:50: note: format string is defined here
63 | error(_("dimensions of 'x' (%d,%d) and 'y' (%d) do not match"),
| ~^
| |
| int
| %lld
gcc -shared -s -static-libgcc -o qsea.dll tmp.def lm.o -LC:/rtools44/x86_64-w64-mingw32.static.posix/lib/x64 -LC:/rtools44/x86_64-w64-mingw32.static.posix/lib -LE:/biocbuild/bbs-3.19-bioc/R/bin/x64 -lR
installing to E:/biocbuild/bbs-3.19-bioc/R/library/00LOCK-qsea/00new/qsea/libs/x64
** R
** inst
** preparing package for lazy loading
** help
*** installing help indices
** building package indices
** installing vignettes
** testing if installed package can be loaded from temporary location
** testing if installed package can be loaded from final location
** testing if installed package keeps a record of temporary installation path
* DONE (qsea)
qsea.Rcheck/tests/testthat.Rout
R version 4.4.1 (2024-06-14 ucrt) -- "Race for Your Life"
Copyright (C) 2024 The R Foundation for Statistical Computing
Platform: x86_64-w64-mingw32/x64
R is free software and comes with ABSOLUTELY NO WARRANTY.
You are welcome to redistribute it under certain conditions.
Type 'license()' or 'licence()' for distribution details.
R is a collaborative project with many contributors.
Type 'contributors()' for more information and
'citation()' on how to cite R or R packages in publications.
Type 'demo()' for some demos, 'help()' for on-line help, or
'help.start()' for an HTML browser interface to help.
Type 'q()' to quit R.
> library(testthat)
> library(qsea)
>
> test_check("qsea")
[ FAIL 0 | WARN 0 | SKIP 0 | PASS 3 ]
>
> proc.time()
user system elapsed
12.48 0.98 13.50
qsea.Rcheck/qsea-Ex.timings
| name | user | system | elapsed | |
| addCNV | 7.72 | 0.40 | 8.54 | |
| addContrast | 1.49 | 0.07 | 1.55 | |
| addCoverage | 2.39 | 0.17 | 2.56 | |
| addEnrichmentParameters | 0.42 | 0.01 | 0.44 | |
| addLibraryFactors | 1.97 | 0.13 | 2.11 | |
| addNewSamples | 17.39 | 0.69 | 19.31 | |
| addOffset | 0.25 | 0.03 | 0.29 | |
| addPatternDensity | 9.48 | 0.51 | 10.00 | |
| createQseaSet | 0.20 | 0.08 | 0.28 | |
| example | 0.28 | 0.00 | 0.28 | |
| fitNBglm | 0.89 | 0.08 | 0.97 | |
| getPCA | 0.61 | 0.02 | 0.63 | |
| isSignificant | 1.50 | 0.06 | 1.56 | |
| makeTable | 1.28 | 0.15 | 1.44 | |
| normMethod | 0 | 0 | 0 | |
| plotCNV | 0.22 | 0.04 | 0.25 | |
| plotCoverage | 0.75 | 0.04 | 0.79 | |
| plotEnrichmentProfile | 0.45 | 0.03 | 0.49 | |
| plotPCA | 0.83 | 0.08 | 0.91 | |
| qseaGLM-class | 0 | 0 | 0 | |
| qseaPCA-class | 0 | 0 | 0 | |
| qseaSet-class | 0 | 0 | 0 | |
| regionStats | 0.78 | 0.00 | 0.78 | |