| Back to Multiple platform build/check report for BioC 3.19: simplified long |
|
This page was generated on 2024-10-18 20:39 -0400 (Fri, 18 Oct 2024).
| Hostname | OS | Arch (*) | R version | Installed pkgs |
|---|---|---|---|---|
| nebbiolo1 | Linux (Ubuntu 22.04.3 LTS) | x86_64 | 4.4.1 (2024-06-14) -- "Race for Your Life" | 4763 |
| palomino7 | Windows Server 2022 Datacenter | x64 | 4.4.1 (2024-06-14 ucrt) -- "Race for Your Life" | 4500 |
| merida1 | macOS 12.7.5 Monterey | x86_64 | 4.4.1 (2024-06-14) -- "Race for Your Life" | 4530 |
| kjohnson1 | macOS 13.6.6 Ventura | arm64 | 4.4.1 (2024-06-14) -- "Race for Your Life" | 4480 |
| Click on any hostname to see more info about the system (e.g. compilers) (*) as reported by 'uname -p', except on Windows and Mac OS X | ||||
| Package 1288/2300 | Hostname | OS / Arch | INSTALL | BUILD | CHECK | BUILD BIN | ||||||||
| miRNAmeConverter 1.32.0 (landing page) Stefan J. Haunsberger
| nebbiolo1 | Linux (Ubuntu 22.04.3 LTS) / x86_64 | OK | OK | WARNINGS | |||||||||
| palomino7 | Windows Server 2022 Datacenter / x64 | OK | OK | WARNINGS | OK | |||||||||
| merida1 | macOS 12.7.5 Monterey / x86_64 | OK | OK | WARNINGS | OK | |||||||||
| kjohnson1 | macOS 13.6.6 Ventura / arm64 | OK | OK | WARNINGS | OK | |||||||||
|
To the developers/maintainers of the miRNAmeConverter package: - Allow up to 24 hours (and sometimes 48 hours) for your latest push to git@git.bioconductor.org:packages/miRNAmeConverter.git to reflect on this report. See Troubleshooting Build Report for more information. - Use the following Renviron settings to reproduce errors and warnings. - If 'R CMD check' started to fail recently on the Linux builder(s) over a missing dependency, add the missing dependency to 'Suggests:' in your DESCRIPTION file. See Renviron.bioc for more information. |
| Package: miRNAmeConverter |
| Version: 1.32.0 |
| Command: E:\biocbuild\bbs-3.19-bioc\R\bin\R.exe CMD check --no-multiarch --install=check:miRNAmeConverter.install-out.txt --library=E:\biocbuild\bbs-3.19-bioc\R\library --no-vignettes --timings miRNAmeConverter_1.32.0.tar.gz |
| StartedAt: 2024-10-17 03:25:19 -0400 (Thu, 17 Oct 2024) |
| EndedAt: 2024-10-17 03:27:35 -0400 (Thu, 17 Oct 2024) |
| EllapsedTime: 136.1 seconds |
| RetCode: 0 |
| Status: WARNINGS |
| CheckDir: miRNAmeConverter.Rcheck |
| Warnings: 1 |
##############################################################################
##############################################################################
###
### Running command:
###
### E:\biocbuild\bbs-3.19-bioc\R\bin\R.exe CMD check --no-multiarch --install=check:miRNAmeConverter.install-out.txt --library=E:\biocbuild\bbs-3.19-bioc\R\library --no-vignettes --timings miRNAmeConverter_1.32.0.tar.gz
###
##############################################################################
##############################################################################
* using log directory 'E:/biocbuild/bbs-3.19-bioc/meat/miRNAmeConverter.Rcheck'
* using R version 4.4.1 (2024-06-14 ucrt)
* using platform: x86_64-w64-mingw32
* R was compiled by
gcc.exe (GCC) 13.2.0
GNU Fortran (GCC) 13.2.0
* running under: Windows Server 2022 x64 (build 20348)
* using session charset: UTF-8
* using option '--no-vignettes'
* checking for file 'miRNAmeConverter/DESCRIPTION' ... OK
* checking extension type ... Package
* this is package 'miRNAmeConverter' version '1.32.0'
* checking package namespace information ... NOTE
Found export directive that requires package 'methods':
'exportMethods'
Remove all such namespace directives (if obsolete) or ensure that the
DESCRIPTION Depends or Imports field contains 'methods'.
* checking package dependencies ... NOTE
Vignette dependency required without any vignettes:: 'knitr'
* checking if this is a source package ... OK
* checking if there is a namespace ... OK
* checking for hidden files and directories ... OK
* checking for portable file names ... OK
* checking whether package 'miRNAmeConverter' can be installed ... OK
* checking installed package size ... OK
* checking package directory ... OK
* checking DESCRIPTION meta-information ...Warning in person1(given = given[[i]], family = family[[i]], middle = middle[[i]], :
It is recommended to use 'given' instead of 'middle'.
OK
* checking top-level files ... OK
* checking for left-over files ... OK
* checking index information ... OK
* checking package subdirectories ... OK
* checking code files for non-ASCII characters ... OK
* checking R files for syntax errors ... OK
* checking whether the package can be loaded ... OK
* checking whether the package can be loaded with stated dependencies ... OK
* checking whether the package can be unloaded cleanly ... OK
* checking whether the namespace can be loaded with stated dependencies ... OK
* checking whether the namespace can be unloaded cleanly ... OK
* checking dependencies in R code ... OK
* checking S3 generic/method consistency ... OK
* checking replacement functions ... OK
* checking foreign function calls ... OK
* checking R code for possible problems ... NOTE
MiRNANameConverter,ANY: no visible global function definition for 'new'
Undefined global functions or variables:
new
Consider adding
importFrom("methods", "new")
to your NAMESPACE file (and ensure that your DESCRIPTION Imports field
contains 'methods').
* checking Rd files ... NOTE
checkRd: (-1) translateMiRNAName.Rd:24: Lost braces; missing escapes or markup?
24 | {1=only sequences, 2=miRNA name and sequence}}
| ^
* checking Rd metadata ... OK
* checking Rd cross-references ... OK
* checking for missing documentation entries ... WARNING
Undocumented code objects:
'getMirnasForMirbaseVersion'
Undocumented S4 methods:
generic 'getMirnasForMirbaseVersion' and siglist 'MiRNANameConverter'
All user-level objects in a package (including S4 classes and methods)
should have documentation entries.
See chapter 'Writing R documentation files' in the 'Writing R
Extensions' manual.
* checking for code/documentation mismatches ... OK
* checking Rd \usage sections ... OK
* checking Rd contents ... OK
* checking for unstated dependencies in examples ... OK
* checking contents of 'data' directory ... OK
* checking data for non-ASCII characters ... OK
* checking LazyData ... OK
* checking data for ASCII and uncompressed saves ... OK
* checking examples ... OK
* checking for unstated dependencies in 'tests' ... OK
* checking tests ...
Running 'testthat.R'
OK
* checking PDF version of manual ... OK
* DONE
Status: 1 WARNING, 4 NOTEs
See
'E:/biocbuild/bbs-3.19-bioc/meat/miRNAmeConverter.Rcheck/00check.log'
for details.
miRNAmeConverter.Rcheck/00install.out
############################################################################## ############################################################################## ### ### Running command: ### ### E:\biocbuild\bbs-3.19-bioc\R\bin\R.exe CMD INSTALL miRNAmeConverter ### ############################################################################## ############################################################################## * installing to library 'E:/biocbuild/bbs-3.19-bioc/R/library' * installing *source* package 'miRNAmeConverter' ... ** using staged installation Warning in person1(given = given[[i]], family = family[[i]], middle = middle[[i]], : It is recommended to use 'given' instead of 'middle'. ** R ** data *** moving datasets to lazyload DB ** inst ** byte-compile and prepare package for lazy loading Creating a generic function from function 'MiRNANameConverter' in package 'miRNAmeConverter' ** help *** installing help indices ** building package indices ** testing if installed package can be loaded from temporary location ** testing if installed package can be loaded from final location ** testing if installed package keeps a record of temporary installation path * DONE (miRNAmeConverter)
miRNAmeConverter.Rcheck/tests/testthat.Rout
R version 4.4.1 (2024-06-14 ucrt) -- "Race for Your Life"
Copyright (C) 2024 The R Foundation for Statistical Computing
Platform: x86_64-w64-mingw32/x64
R is free software and comes with ABSOLUTELY NO WARRANTY.
You are welcome to redistribute it under certain conditions.
Type 'license()' or 'licence()' for distribution details.
R is a collaborative project with many contributors.
Type 'contributors()' for more information and
'citation()' on how to cite R or R packages in publications.
Type 'demo()' for some demos, 'help()' for on-line help, or
'help.start()' for an HTML browser interface to help.
Type 'q()' to quit R.
> library(testthat)
> library(miRNAmeConverter)
Loading required package: miRBaseVersions.db
>
> test_check("miRNAmeConverter")
miRNA 'hsa-let-7a-3p' is the same as 'hsa-let-7a*'.
->hsa-let-7a-3p is the most recent one and will be used. The other ones will be neglected.
[ FAIL 0 | WARN 0 | SKIP 0 | PASS 11 ]
>
> proc.time()
user system elapsed
8.71 0.50 9.23
miRNAmeConverter.Rcheck/miRNAmeConverter-Ex.timings
| name | user | system | elapsed | |
| MiRNANameConverter-ANY-method | 0.09 | 0.24 | 1.17 | |
| assessVersion | 0.28 | 0.00 | 0.29 | |
| checkMiRNAName | 0.15 | 0.00 | 0.16 | |
| currentVersion | 0.08 | 0.00 | 0.08 | |
| miRNAmeConverter | 0.59 | 0.00 | 0.59 | |
| nOrganisms | 0.08 | 0.00 | 0.08 | |
| nTotalEntries | 0.08 | 0.00 | 0.08 | |
| saveResults | 0.75 | 0.01 | 0.76 | |
| translateMiRNAName | 0.92 | 0.00 | 0.92 | |
| validOrganisms | 0.06 | 0.00 | 0.07 | |
| validVersions | 0.08 | 0.00 | 0.07 | |