| Back to Multiple platform build/check report for BioC 3.19: simplified long |
|
This page was generated on 2024-10-18 20:39 -0400 (Fri, 18 Oct 2024).
| Hostname | OS | Arch (*) | R version | Installed pkgs |
|---|---|---|---|---|
| nebbiolo1 | Linux (Ubuntu 22.04.3 LTS) | x86_64 | 4.4.1 (2024-06-14) -- "Race for Your Life" | 4763 |
| palomino7 | Windows Server 2022 Datacenter | x64 | 4.4.1 (2024-06-14 ucrt) -- "Race for Your Life" | 4500 |
| merida1 | macOS 12.7.5 Monterey | x86_64 | 4.4.1 (2024-06-14) -- "Race for Your Life" | 4530 |
| kjohnson1 | macOS 13.6.6 Ventura | arm64 | 4.4.1 (2024-06-14) -- "Race for Your Life" | 4480 |
| Click on any hostname to see more info about the system (e.g. compilers) (*) as reported by 'uname -p', except on Windows and Mac OS X | ||||
| Package 941/2300 | Hostname | OS / Arch | INSTALL | BUILD | CHECK | BUILD BIN | ||||||||
| h5vc 2.38.0 (landing page) Paul Theodor Pyl
| nebbiolo1 | Linux (Ubuntu 22.04.3 LTS) / x86_64 | OK | OK | WARNINGS | |||||||||
| palomino7 | Windows Server 2022 Datacenter / x64 | OK | OK | WARNINGS | OK | |||||||||
| merida1 | macOS 12.7.5 Monterey / x86_64 | OK | OK | WARNINGS | OK | |||||||||
| kjohnson1 | macOS 13.6.6 Ventura / arm64 | OK | OK | WARNINGS | OK | |||||||||
|
To the developers/maintainers of the h5vc package: - Allow up to 24 hours (and sometimes 48 hours) for your latest push to git@git.bioconductor.org:packages/h5vc.git to reflect on this report. See Troubleshooting Build Report for more information. - Use the following Renviron settings to reproduce errors and warnings. - If 'R CMD check' started to fail recently on the Linux builder(s) over a missing dependency, add the missing dependency to 'Suggests:' in your DESCRIPTION file. See Renviron.bioc for more information. |
| Package: h5vc |
| Version: 2.38.0 |
| Command: E:\biocbuild\bbs-3.19-bioc\R\bin\R.exe CMD check --no-multiarch --install=check:h5vc.install-out.txt --library=E:\biocbuild\bbs-3.19-bioc\R\library --no-vignettes --timings h5vc_2.38.0.tar.gz |
| StartedAt: 2024-10-17 02:13:55 -0400 (Thu, 17 Oct 2024) |
| EndedAt: 2024-10-17 02:18:58 -0400 (Thu, 17 Oct 2024) |
| EllapsedTime: 303.3 seconds |
| RetCode: 0 |
| Status: WARNINGS |
| CheckDir: h5vc.Rcheck |
| Warnings: 1 |
##############################################################################
##############################################################################
###
### Running command:
###
### E:\biocbuild\bbs-3.19-bioc\R\bin\R.exe CMD check --no-multiarch --install=check:h5vc.install-out.txt --library=E:\biocbuild\bbs-3.19-bioc\R\library --no-vignettes --timings h5vc_2.38.0.tar.gz
###
##############################################################################
##############################################################################
* using log directory 'E:/biocbuild/bbs-3.19-bioc/meat/h5vc.Rcheck'
* using R version 4.4.1 (2024-06-14 ucrt)
* using platform: x86_64-w64-mingw32
* R was compiled by
gcc.exe (GCC) 13.2.0
GNU Fortran (GCC) 13.2.0
* running under: Windows Server 2022 x64 (build 20348)
* using session charset: UTF-8
* using option '--no-vignettes'
* checking for file 'h5vc/DESCRIPTION' ... OK
* checking extension type ... Package
* this is package 'h5vc' version '2.38.0'
* checking package namespace information ... OK
* checking package dependencies ... OK
* checking if this is a source package ... OK
* checking if there is a namespace ... OK
* checking for hidden files and directories ... OK
* checking for portable file names ... OK
* checking whether package 'h5vc' can be installed ... WARNING
Found the following significant warnings:
Warning: replacing previous import 'Biostrings::pattern' by 'grid::pattern' when loading 'h5vc'
See 'E:/biocbuild/bbs-3.19-bioc/meat/h5vc.Rcheck/00install.out' for details.
* used C compiler: 'gcc.exe (GCC) 13.2.0'
* used C++ compiler: 'G__~1.EXE (GCC) 13.2.0'
* checking installed package size ... NOTE
installed size is 10.3Mb
sub-directories of 1Mb or more:
libs 10.0Mb
* checking package directory ... OK
* checking 'build' directory ... OK
* checking DESCRIPTION meta-information ... NOTE
Versioned 'LinkingTo' value for 'Rhtslib' is only usable in R >= 3.0.2
* checking top-level files ... OK
* checking for left-over files ... OK
* checking index information ... OK
* checking package subdirectories ... OK
* checking code files for non-ASCII characters ... OK
* checking R files for syntax errors ... OK
* checking whether the package can be loaded ... OK
* checking whether the package can be loaded with stated dependencies ... OK
* checking whether the package can be unloaded cleanly ... OK
* checking whether the namespace can be loaded with stated dependencies ... OK
* checking whether the namespace can be unloaded cleanly ... OK
* checking dependencies in R code ... OK
* checking S3 generic/method consistency ... OK
* checking replacement functions ... OK
* checking foreign function calls ... OK
* checking R code for possible problems ... NOTE
.h5dapplyIRanges: no visible binding for global variable 'Sample'
binnedAFs : <anonymous>: no visible global function definition for
'hist'
callVariantsPaired : <anonymous> : <anonymous>: no visible global
function definition for 'binom.test'
callVariantsPairedFisher : <anonymous> : <anonymous> : <anonymous>: no
visible global function definition for 'fisher.test'
callVariantsPairedFisher : <anonymous> : <anonymous>: no visible
binding for global variable 'pValue'
callVariantsPairedFisher : <anonymous> : <anonymous>: no visible
binding for global variable 'BlockID'
callVariantsSingle : <anonymous> : <anonymous>: no visible binding for
global variable 'Support'
callVariantsSingle : <anonymous> : <anonymous>: no visible binding for
global variable 'AF'
callVariantsSingle : <anonymous> : <anonymous>: no visible binding for
global variable 'SupFwd'
callVariantsSingle : <anonymous> : <anonymous>: no visible binding for
global variable 'SupRev'
callVariantsSingle : <anonymous> : <anonymous> : binom.test.safe: no
visible global function definition for 'binom.test'
callVariantsSingle : <anonymous> : <anonymous> : <anonymous>: no
visible global function definition for 'fisher.test'
callVariantsSingle : <anonymous> : <anonymous>: no visible binding for
global variable 'BlockID'
mergeTallyFiles : <anonymous>: no visible binding for global variable
'group'
mergeTallyFiles: no visible binding for global variable 'SourceFile'
mismatchPlot: no visible binding for global variable 'Sample'
plotMutationSpectrum: no visible binding for global variable
'altAllele'
plotMutationSpectrum: no visible binding for global variable 'tmp'
rerunBatchTallies: no visible binding for global variable 'regID'
resizeCohort: no visible binding for global variable 'newSamples'
tallyRangesBatch : <anonymous>: no visible binding for global variable
'bamFiles'
tallyRangesBatch: no visible binding for global variable 'verbose'
Undefined global functions or variables:
AF BlockID Sample SourceFile SupFwd SupRev Support altAllele bamFiles
binom.test fisher.test group hist newSamples pValue regID tmp verbose
Consider adding
importFrom("graphics", "hist")
importFrom("stats", "binom.test", "fisher.test")
to your NAMESPACE file.
* checking Rd files ... NOTE
checkRd: (-1) prepareTallyFile.Rd:30: Lost braces
30 | \code{resizeCohort}{Resizes the datasets to a new number of samples, this is limited by the value of \code{maxsamples} that was provided in the initial call to \code{prepareTallyFile}}
| ^
* checking Rd metadata ... OK
* checking Rd cross-references ... OK
* checking for missing documentation entries ... OK
* checking for code/documentation mismatches ... OK
* checking Rd \usage sections ... OK
* checking Rd contents ... OK
* checking for unstated dependencies in examples ... OK
* checking contents of 'data' directory ... OK
* checking data for non-ASCII characters ... OK
* checking data for ASCII and uncompressed saves ... OK
* checking line endings in C/C++/Fortran sources/headers ... OK
* checking line endings in Makefiles ... OK
* checking compilation flags in Makevars ... OK
* checking for GNU extensions in Makefiles ... NOTE
GNU make is a SystemRequirements.
* checking for portable use of $(BLAS_LIBS) and $(LAPACK_LIBS) ... OK
* checking use of PKG_*FLAGS in Makefiles ... OK
* checking compiled code ... NOTE
Note: information on .o files for x64 is not available
File 'E:/biocbuild/bbs-3.19-bioc/R/library/h5vc/libs/x64/h5vc.dll':
Found '_assert', possibly from 'assert' (C)
Found '_exit', possibly from '_exit' (C)
Found 'abort', possibly from 'abort' (C), 'runtime' (Fortran)
Found 'exit', possibly from 'exit' (C), 'stop' (Fortran)
Compiled code should not call entry points which might terminate R nor
write to stdout/stderr instead of to the console, nor use Fortran I/O
nor system RNGs nor [v]sprintf. The detected symbols are linked into
the code but might come from libraries and not actually be called.
See 'Writing portable packages' in the 'Writing R Extensions' manual.
* checking installed files from 'inst/doc' ... OK
* checking files in 'vignettes' ... OK
* checking examples ... OK
Examples with CPU (user + system) or elapsed time > 5s
user system elapsed
applyTallies 24.65 0.75 45.43
callVariantsFisher 9.04 0.18 9.25
writeToTallyFile 6.64 0.76 7.47
mismatchPlot 5.49 0.15 5.75
tallyRanges 4.05 0.47 5.89
* checking for unstated dependencies in 'tests' ... OK
* checking tests ...
Running 'runTests.R'
OK
* checking for unstated dependencies in vignettes ... OK
* checking package vignettes ... OK
* checking running R code from vignettes ... SKIPPED
* checking re-building of vignette outputs ... SKIPPED
* checking PDF version of manual ... OK
* DONE
Status: 1 WARNING, 6 NOTEs
See
'E:/biocbuild/bbs-3.19-bioc/meat/h5vc.Rcheck/00check.log'
for details.
h5vc.Rcheck/00install.out
##############################################################################
##############################################################################
###
### Running command:
###
### E:\biocbuild\bbs-3.19-bioc\R\bin\R.exe CMD INSTALL h5vc
###
##############################################################################
##############################################################################
* installing to library 'E:/biocbuild/bbs-3.19-bioc/R/library'
* installing *source* package 'h5vc' ...
** using staged installation
** libs
using C compiler: 'gcc.exe (GCC) 13.2.0'
using C++ compiler: 'G__~1.EXE (GCC) 13.2.0'
gcc -I"E:/biocbuild/bbs-3.19-bioc/R/include" -DNDEBUG -D_FILE_OFFSET_BITS=64 -I'E:/biocbuild/bbs-3.19-bioc/R/library/Rhtslib/include' -I"C:/rtools44/x86_64-w64-mingw32.static.posix/include" -O2 -Wall -mfpmath=sse -msse2 -mstackrealign -c bam_plbuf.c -o bam_plbuf.o
g++ -std=gnu++17 -I"E:/biocbuild/bbs-3.19-bioc/R/include" -DNDEBUG -D_FILE_OFFSET_BITS=64 -I'E:/biocbuild/bbs-3.19-bioc/R/library/Rhtslib/include' -I"C:/rtools44/x86_64-w64-mingw32.static.posix/include" -O2 -Wall -mfpmath=sse -msse2 -mstackrealign -c tallyBAM.cpp -o tallyBAM.o
tallyBAM.cpp: In function 'int pileup_func_old(uint32_t, hts_pos_t, int, const bam_pileup1_t*, void*)':
tallyBAM.cpp:47:7: warning: unused variable 'len' [-Wunused-variable]
47 | int len = nttable->end - nttable->beg;
| ^~~
tallyBAM.cpp: In function 'int pileup_func(uint32_t, hts_pos_t, int, const bam_pileup1_t*, void*)':
tallyBAM.cpp:96:7: warning: unused variable 'len' [-Wunused-variable]
96 | int len = nttable->end - nttable->beg;
| ^~~
tallyBAM.cpp: In function 'int _tallyBAM(char**, char**, int*, int*, int*, int*, int*, int*, int*, int*)':
tallyBAM.cpp:140:13: warning: unused variable 'c' [-Wunused-variable]
140 | int c = 0;
| ^
tallyBAM.cpp: At global scope:
tallyBAM.cpp:43:12: warning: 'int pileup_func_old(uint32_t, hts_pos_t, int, const bam_pileup1_t*, void*)' defined but not used [-Wunused-function]
43 | static int pileup_func_old(uint32_t tid, hts_pos_t pos, int n, const bam_pileup1_t *pl, void *data)
| ^~~~~~~~~~~~~~~
g++ -std=gnu++17 -shared -s -static-libgcc -o h5vc.dll tmp.def bam_plbuf.o tallyBAM.o E:/biocbuild/bbs-3.19-bioc/R/library/Rhtslib/usrlib/x64/libhts.a -lm -lbz2 -llzma -lcurl -lpsl -lbrotlidec -lbrotlicommon -lbcrypt -lidn2 -lunistring -liconv -lssl -lcrypto -lz -lcrypt32 -lwsock32 -lwldap32 -lssh2 -lgcrypt -lgpg-error -lws2_32 -lzstd -lregex -LC:/rtools44/x86_64-w64-mingw32.static.posix/lib/x64 -LC:/rtools44/x86_64-w64-mingw32.static.posix/lib -LE:/biocbuild/bbs-3.19-bioc/R/bin/x64 -lR
installing to E:/biocbuild/bbs-3.19-bioc/R/library/00LOCK-h5vc/00new/h5vc/libs/x64
** R
** data
** inst
** byte-compile and prepare package for lazy loading
Warning: replacing previous import 'Biostrings::pattern' by 'grid::pattern' when loading 'h5vc'
** help
*** installing help indices
** building package indices
** installing vignettes
** testing if installed package can be loaded from temporary location
Warning: replacing previous import 'Biostrings::pattern' by 'grid::pattern' when loading 'h5vc'
** testing if installed package can be loaded from final location
Warning: replacing previous import 'Biostrings::pattern' by 'grid::pattern' when loading 'h5vc'
** testing if installed package keeps a record of temporary installation path
* DONE (h5vc)
h5vc.Rcheck/tests/runTests.Rout
R version 4.4.1 (2024-06-14 ucrt) -- "Race for Your Life"
Copyright (C) 2024 The R Foundation for Statistical Computing
Platform: x86_64-w64-mingw32/x64
R is free software and comes with ABSOLUTELY NO WARRANTY.
You are welcome to redistribute it under certain conditions.
Type 'license()' or 'licence()' for distribution details.
R is a collaborative project with many contributors.
Type 'contributors()' for more information and
'citation()' on how to cite R or R packages in publications.
Type 'demo()' for some demos, 'help()' for on-line help, or
'help.start()' for an HTML browser interface to help.
Type 'q()' to quit R.
> BiocGenerics:::testPackage("h5vc")
RUNIT TEST PROTOCOL -- Thu Oct 17 02:18:46 2024
***********************************************
Number of test functions: 1
Number of errors: 0
Number of failures: 0
1 Test Suite :
h5vc RUnit Tests - 1 test function, 0 errors, 0 failures
Number of test functions: 1
Number of errors: 0
Number of failures: 0
Warning message:
replacing previous import 'Biostrings::pattern' by 'grid::pattern' when loading 'h5vc'
>
> proc.time()
user system elapsed
5.90 0.39 6.28
h5vc.Rcheck/h5vc-Ex.timings
| name | user | system | elapsed | |
| applyTallies | 24.65 | 0.75 | 45.43 | |
| batchTallies | 0 | 0 | 0 | |
| binGenome | 0.31 | 0.07 | 0.39 | |
| binnedAFs | 3.03 | 0.31 | 3.36 | |
| callVariants | 0.64 | 0.08 | 0.75 | |
| callVariantsFisher | 9.04 | 0.18 | 9.25 | |
| callVariantsSingle | 1.17 | 0.08 | 1.25 | |
| coverage | 3.65 | 0.31 | 3.97 | |
| geom_h5vc | 0.94 | 0.04 | 0.97 | |
| getSampleData | 0.05 | 0.01 | 0.11 | |
| h5dapply | 1.01 | 0.11 | 1.12 | |
| h5readBlock | 0.24 | 0.06 | 0.30 | |
| helpers | 0.19 | 0.02 | 0.20 | |
| mergeTallies | 1.04 | 0.08 | 1.13 | |
| mergeTallyFiles | 0 | 0 | 0 | |
| mismatchPlot | 5.49 | 0.15 | 5.75 | |
| mutationSpectrum | 3.64 | 1.21 | 4.86 | |
| plotMutationSpectrum | 3.34 | 1.14 | 4.47 | |
| prepareForHDF5 | 0.89 | 0.06 | 0.95 | |
| prepareTallyFile | 0.08 | 0.03 | 0.13 | |
| tallyBAM | 0.06 | 0.00 | 0.06 | |
| tallyRanges | 4.05 | 0.47 | 5.89 | |
| writeReference | 0.28 | 0.05 | 0.36 | |
| writeToTallyFile | 6.64 | 0.76 | 7.47 | |