| Back to Multiple platform build/check report for BioC 3.19: simplified long |
|
This page was generated on 2024-06-28 17:41 -0400 (Fri, 28 Jun 2024).
| Hostname | OS | Arch (*) | R version | Installed pkgs |
|---|---|---|---|---|
| nebbiolo1 | Linux (Ubuntu 22.04.3 LTS) | x86_64 | 4.4.0 (2024-04-24) -- "Puppy Cup" | 4760 |
| palomino3 | Windows Server 2022 Datacenter | x64 | 4.4.0 (2024-04-24 ucrt) -- "Puppy Cup" | 4494 |
| merida1 | macOS 12.7.4 Monterey | x86_64 | 4.4.0 (2024-04-24) -- "Puppy Cup" | 4508 |
| kjohnson1 | macOS 13.6.6 Ventura | arm64 | 4.4.0 (2024-04-24) -- "Puppy Cup" | 4466 |
| palomino7 | Windows Server 2022 Datacenter | x64 | 4.4.1 (2024-06-14 ucrt) -- "Race for Your Life" | 4362 |
| Click on any hostname to see more info about the system (e.g. compilers) (*) as reported by 'uname -p', except on Windows and Mac OS X | ||||
| Package 727/2300 | Hostname | OS / Arch | INSTALL | BUILD | CHECK | BUILD BIN | ||||||||
| flagme 1.60.0 (landing page) Mark Robinson
| nebbiolo1 | Linux (Ubuntu 22.04.3 LTS) / x86_64 | OK | OK | WARNINGS | |||||||||
| palomino3 | Windows Server 2022 Datacenter / x64 | OK | OK | WARNINGS | OK | |||||||||
| merida1 | macOS 12.7.4 Monterey / x86_64 | OK | OK | WARNINGS | OK | |||||||||
| kjohnson1 | macOS 13.6.6 Ventura / arm64 | OK | OK | WARNINGS | OK | |||||||||
| palomino7 | Windows Server 2022 Datacenter / x64 | OK | OK | WARNINGS | OK | |||||||||
|
To the developers/maintainers of the flagme package: - Allow up to 24 hours (and sometimes 48 hours) for your latest push to git@git.bioconductor.org:packages/flagme.git to reflect on this report. See Troubleshooting Build Report for more information. - Use the following Renviron settings to reproduce errors and warnings. - If 'R CMD check' started to fail recently on the Linux builder(s) over a missing dependency, add the missing dependency to 'Suggests:' in your DESCRIPTION file. See Renviron.bioc for more information. |
| Package: flagme |
| Version: 1.60.0 |
| Command: F:\biocbuild\bbs-3.19-bioc\R\bin\R.exe CMD check --no-multiarch --install=check:flagme.install-out.txt --library=F:\biocbuild\bbs-3.19-bioc\R\library --no-vignettes --timings flagme_1.60.0.tar.gz |
| StartedAt: 2024-06-27 01:41:01 -0400 (Thu, 27 Jun 2024) |
| EndedAt: 2024-06-27 02:03:25 -0400 (Thu, 27 Jun 2024) |
| EllapsedTime: 1343.8 seconds |
| RetCode: 0 |
| Status: WARNINGS |
| CheckDir: flagme.Rcheck |
| Warnings: 2 |
##############################################################################
##############################################################################
###
### Running command:
###
### F:\biocbuild\bbs-3.19-bioc\R\bin\R.exe CMD check --no-multiarch --install=check:flagme.install-out.txt --library=F:\biocbuild\bbs-3.19-bioc\R\library --no-vignettes --timings flagme_1.60.0.tar.gz
###
##############################################################################
##############################################################################
* using log directory 'F:/biocbuild/bbs-3.19-bioc/meat/flagme.Rcheck'
* using R version 4.4.0 (2024-04-24 ucrt)
* using platform: x86_64-w64-mingw32
* R was compiled by
gcc.exe (GCC) 13.2.0
GNU Fortran (GCC) 13.2.0
* running under: Windows Server 2022 x64 (build 20348)
* using session charset: UTF-8
* using option '--no-vignettes'
* checking for file 'flagme/DESCRIPTION' ... OK
* this is package 'flagme' version '1.60.0'
* package encoding: UTF-8
* checking package namespace information ... OK
* checking package dependencies ... OK
* checking if this is a source package ... OK
* checking if there is a namespace ... OK
* checking for hidden files and directories ... OK
* checking for portable file names ... OK
* checking whether package 'flagme' can be installed ... OK
* used C compiler: 'gcc.exe (GCC) 13.2.0'
* checking installed package size ... OK
* checking package directory ... OK
* checking 'build' directory ... OK
* checking DESCRIPTION meta-information ... OK
* checking top-level files ... OK
* checking for left-over files ... OK
* checking index information ... OK
* checking package subdirectories ... OK
* checking code files for non-ASCII characters ... OK
* checking R files for syntax errors ... OK
* checking whether the package can be loaded ... OK
* checking whether the package can be loaded with stated dependencies ... OK
* checking whether the package can be unloaded cleanly ... OK
* checking whether the namespace can be loaded with stated dependencies ... OK
* checking whether the namespace can be unloaded cleanly ... OK
* checking whether startup messages can be suppressed ... OK
* checking dependencies in R code ... NOTE
Unexported object imported by a ':::' call: 'xcms:::rectUnique'
See the note in ?`:::` about the use of this operator.
* checking S3 generic/method consistency ... OK
* checking replacement functions ... OK
* checking foreign function calls ... OK
* checking R code for possible problems ... NOTE
addXCMSPeaks: no visible global function definition for 'bpparam'
addXCMSPeaks: no visible global function definition for 'sampnames'
addXCMSPeaks : <anonymous> : <anonymous>: no visible global function
definition for 'setNames'
importSpec : <anonymous>: no visible global function definition for
'setNames'
Undefined global functions or variables:
bpparam sampnames setNames
Consider adding
importFrom("stats", "setNames")
to your NAMESPACE file.
* checking Rd files ... OK
* checking Rd metadata ... OK
* checking Rd cross-references ... WARNING
Missing link or links in Rd file 'addXCMSPeaks.Rd':
'[xcms]{findPeaks-matchedFilter}' '[xcms]{findPeaks-centWave}'
'[xcms]{peaksDataset}'
Missing link or links in Rd file 'plotAlignment-peaksAlignment-method.Rd':
'plotAlignment'
Missing link or links in Rd file 'plotClustAlignment-clusterAlignment-method.Rd':
'plotAlignment'
See section 'Cross-references' in the 'Writing R Extensions' manual.
* checking for missing documentation entries ... WARNING
Undocumented code objects:
'plotAlignment' 'plotChrom' 'plotClustAlignment'
Undocumented S4 methods:
generic 'show' and siglist 'betweenAlignment'
All user-level objects in a package (including S4 classes and methods)
should have documentation entries.
See chapter 'Writing R documentation files' in the 'Writing R
Extensions' manual.
* checking for code/documentation mismatches ... OK
* checking Rd \usage sections ... OK
* checking Rd contents ... OK
* checking for unstated dependencies in examples ... OK
* checking line endings in C/C++/Fortran sources/headers ... OK
* checking compiled code ... NOTE
Note: information on .o files for x64 is not available
File 'F:/biocbuild/bbs-3.19-bioc/R/library/flagme/libs/x64/flagme.dll':
Found '_exit', possibly from '_exit' (C)
Found 'abort', possibly from 'abort' (C), 'runtime' (Fortran)
Compiled code should not call entry points which might terminate R nor
write to stdout/stderr instead of to the console, nor use Fortran I/O
nor system RNGs nor [v]sprintf. The detected symbols are linked into
the code but might come from libraries and not actually be called.
See 'Writing portable packages' in the 'Writing R Extensions' manual.
* checking sizes of PDF files under 'inst/doc' ... OK
* checking files in 'vignettes' ... OK
* checking examples ... OK
Examples with CPU (user + system) or elapsed time > 5s
user system elapsed
plotAlignedFrags 42.08 3.01 105.32
addXCMSPeaks 26.90 1.39 86.31
corPrt 25.16 1.86 84.79
peaksAlignment-class 23.94 1.91 84.69
plotAlignment-peaksAlignment-method 23.93 1.69 79.87
ndpRT 23.81 1.47 88.58
dynRT 23.19 1.55 83.60
progressiveAlignment-class 22.81 1.61 79.35
retFatMatrix 22.47 1.69 79.57
plotFrags 21.97 1.54 77.82
imputePeaks 12.42 0.66 34.12
plotChrom-peaksDataset-method 11.00 0.66 11.60
gatherInfo 9.03 0.37 9.38
calcTimeDiffs 8.52 0.81 10.08
clusterAlignment 8.00 0.41 8.39
multipleAlignment-class 7.67 0.64 8.28
rmaFitUnit 7.61 0.70 8.28
dp 7.70 0.43 8.14
normDotProduct 6.95 0.53 7.47
plotClustAlignment-clusterAlignment-method 6.32 0.33 6.64
peaksDataset 5.75 0.31 6.01
addAMDISPeaks 5.56 0.26 8.22
addChromaTOFPeaks 5.14 0.16 5.30
* checking for unstated dependencies in vignettes ... OK
* checking package vignettes ... OK
* checking running R code from vignettes ... SKIPPED
* checking re-building of vignette outputs ... SKIPPED
* checking PDF version of manual ... OK
* DONE
Status: 2 WARNINGs, 3 NOTEs
See
'F:/biocbuild/bbs-3.19-bioc/meat/flagme.Rcheck/00check.log'
for details.
flagme.Rcheck/00install.out
##############################################################################
##############################################################################
###
### Running command:
###
### F:\biocbuild\bbs-3.19-bioc\R\bin\R.exe CMD INSTALL flagme
###
##############################################################################
##############################################################################
* installing to library 'F:/biocbuild/bbs-3.19-bioc/R/library'
* installing *source* package 'flagme' ...
** using staged installation
** libs
using C compiler: 'gcc.exe (GCC) 13.2.0'
gcc -I"F:/biocbuild/bbs-3.19-bioc/R/include" -DNDEBUG -I"C:/rtools44/x86_64-w64-mingw32.static.posix/include" -O2 -Wall -mfpmath=sse -msse2 -mstackrealign -c dp.c -o dp.o
dp.c: In function 'dp':
dp.c:264:35: warning: 'tb' may be used uninitialized [-Wmaybe-uninitialized]
264 | phi[(i+1)+(j+1)*(nr+1)] = tb;
| ~~~~~~~~~~~~~~~~~~~~~~~~^~~~
dp.c:217:30: note: 'tb' was declared here
217 | int i,j, nr=*nr_, nc=*nc_, tb, count=0, done=0;
| ^~
dp.c:263:33: warning: 'cur_min' may be used uninitialized [-Wmaybe-uninitialized]
263 | D[(i+1)+(j+1)*(nr+1)] = cur_min;
| ~~~~~~~~~~~~~~~~~~~~~~^~~~~~~~~
dp.c:218:21: note: 'cur_min' was declared here
218 | double gap=*gap_, cur_min, a, b, c;
| ^~~~~~~
gcc -I"F:/biocbuild/bbs-3.19-bioc/R/include" -DNDEBUG -I"C:/rtools44/x86_64-w64-mingw32.static.posix/include" -O2 -Wall -mfpmath=sse -msse2 -mstackrealign -c init.c -o init.o
gcc -I"F:/biocbuild/bbs-3.19-bioc/R/include" -DNDEBUG -I"C:/rtools44/x86_64-w64-mingw32.static.posix/include" -O2 -Wall -mfpmath=sse -msse2 -mstackrealign -c pearson.c -o pearson.o
gcc -shared -s -static-libgcc -o flagme.dll tmp.def dp.o init.o pearson.o -LC:/rtools44/x86_64-w64-mingw32.static.posix/lib/x64 -LC:/rtools44/x86_64-w64-mingw32.static.posix/lib -LF:/biocbuild/bbs-3.19-bioc/R/bin/x64 -lR
installing to F:/biocbuild/bbs-3.19-bioc/R/library/00LOCK-flagme/00new/flagme/libs/x64
** R
** inst
** byte-compile and prepare package for lazy loading
** help
*** installing help indices
** building package indices
** installing vignettes
** testing if installed package can be loaded from temporary location
** testing if installed package can be loaded from final location
** testing if installed package keeps a record of temporary installation path
* DONE (flagme)
flagme.Rcheck/flagme-Ex.timings
| name | user | system | elapsed | |
| addAMDISPeaks | 5.56 | 0.26 | 8.22 | |
| addChromaTOFPeaks | 5.14 | 0.16 | 5.30 | |
| addXCMSPeaks | 26.90 | 1.39 | 86.31 | |
| betweenAlignment | 0 | 0 | 0 | |
| calcTimeDiffs | 8.52 | 0.81 | 10.08 | |
| clusterAlignment | 8.00 | 0.41 | 8.39 | |
| corPrt | 25.16 | 1.86 | 84.79 | |
| dp | 7.70 | 0.43 | 8.14 | |
| dynRT | 23.19 | 1.55 | 83.60 | |
| gatherInfo | 9.03 | 0.37 | 9.38 | |
| imputePeaks | 12.42 | 0.66 | 34.12 | |
| multipleAlignment-class | 7.67 | 0.64 | 8.28 | |
| ndpRT | 23.81 | 1.47 | 88.58 | |
| normDotProduct | 6.95 | 0.53 | 7.47 | |
| parseChromaTOF | 3.66 | 0.03 | 4.92 | |
| parseELU | 2.17 | 0.00 | 2.17 | |
| peaksAlignment-class | 23.94 | 1.91 | 84.69 | |
| peaksDataset | 5.75 | 0.31 | 6.01 | |
| plotAlignedFrags | 42.08 | 3.01 | 105.32 | |
| plotAlignment-peaksAlignment-method | 23.93 | 1.69 | 79.87 | |
| plotChrom-peaksDataset-method | 11.00 | 0.66 | 11.60 | |
| plotClustAlignment-clusterAlignment-method | 6.32 | 0.33 | 6.64 | |
| plotFrags | 21.97 | 1.54 | 77.82 | |
| plotImage | 4.28 | 0.31 | 4.54 | |
| progressiveAlignment-class | 22.81 | 1.61 | 79.35 | |
| retFatMatrix | 22.47 | 1.69 | 79.57 | |
| rmaFitUnit | 7.61 | 0.70 | 8.28 | |