| Back to Multiple platform build/check report for BioC 3.19: simplified long | 
  | 
This page was generated on 2024-05-09 11:40:48 -0400 (Thu, 09 May 2024).
| Hostname | OS | Arch (*) | R version | Installed pkgs | 
|---|---|---|---|---|
| nebbiolo1 | Linux (Ubuntu 22.04.3 LTS) | x86_64 | 4.4.0 (2024-04-24) -- "Puppy Cup" | 4748 | 
| palomino3 | Windows Server 2022 Datacenter | x64 | 4.4.0 (2024-04-24 ucrt) -- "Puppy Cup" | 4484 | 
| lconway | macOS 12.7.1 Monterey | x86_64 | 4.4.0 (2024-04-24) -- "Puppy Cup" | 4514 | 
| kunpeng2 | Linux (openEuler 22.03 LTS-SP1) | aarch64 | 4.4.0 beta (2024-04-15 r86425) -- "Puppy Cup" | 4480 | 
| Click on any hostname to see more info about the system (e.g. compilers) (*) as reported by 'uname -p', except on Windows and Mac OS X | ||||
| Package 653/2300 | Hostname | OS / Arch | INSTALL | BUILD | CHECK | BUILD BIN | ||||||||
Zheng Wei 
  | nebbiolo1 | Linux (Ubuntu 22.04.3 LTS) / x86_64 | OK | OK | ERROR | |||||||||
| palomino3 | Windows Server 2022 Datacenter / x64 | OK | OK | OK | OK | |||||||||
| lconway | macOS 12.7.1 Monterey / x86_64 | OK | OK | OK | OK | |||||||||
| kunpeng2 | Linux (openEuler 22.03 LTS-SP1) / aarch64 | OK | OK | ERROR | ||||||||||
| kjohnson3 | macOS 13.6.5 Ventura / arm64 | see weekly results here | ||||||||||||
| 
To the developers/maintainers of the enrichTF package: - Allow up to 24 hours (and sometimes 48 hours) for your latest push to git@git.bioconductor.org:packages/enrichTF.git to reflect on this report. See Troubleshooting Build Report for more information. - Use the following Renviron settings to reproduce errors and warnings. - If 'R CMD check' started to fail recently on the Linux builder(s) over a missing dependency, add the missing dependency to 'Suggests:' in your DESCRIPTION file. See Renviron.bioc for more information. - See Martin Grigorov's blog post for how to debug Linux ARM64 related issues on a x86_64 host.  | 
| Package: enrichTF | 
| Version: 1.20.0 | 
| Command: /home/biocbuild/R/R-beta-2024-04-15_r86425/bin/R CMD check --install=check:enrichTF.install-out.txt --library=/home/biocbuild/R/R-beta-2024-04-15_r86425/site-library --no-vignettes --timings enrichTF_1.20.0.tar.gz | 
| StartedAt: 2024-05-09 07:07:12 -0000 (Thu, 09 May 2024) | 
| EndedAt: 2024-05-09 07:14:34 -0000 (Thu, 09 May 2024) | 
| EllapsedTime: 442.7 seconds | 
| RetCode: 1 | 
| Status: ERROR | 
| CheckDir: enrichTF.Rcheck | 
| Warnings: NA | 
##############################################################################
##############################################################################
###
### Running command:
###
###   /home/biocbuild/R/R-beta-2024-04-15_r86425/bin/R CMD check --install=check:enrichTF.install-out.txt --library=/home/biocbuild/R/R-beta-2024-04-15_r86425/site-library --no-vignettes --timings enrichTF_1.20.0.tar.gz
###
##############################################################################
##############################################################################
* using log directory ‘/home/biocbuild/bbs-3.19-bioc/meat/enrichTF.Rcheck’
* using R version 4.4.0 beta (2024-04-15 r86425)
* using platform: aarch64-unknown-linux-gnu
* R was compiled by
    gcc (GCC) 10.3.1
    GNU Fortran (GCC) 10.3.1
* running under: openEuler 22.03 (LTS-SP1)
* using session charset: UTF-8
* using option ‘--no-vignettes’
* checking for file ‘enrichTF/DESCRIPTION’ ... OK
* checking extension type ... Package
* this is package ‘enrichTF’ version ‘1.20.0’
* package encoding: UTF-8
* checking package namespace information ... OK
* checking package dependencies ... OK
* checking if this is a source package ... OK
* checking if there is a namespace ... OK
* checking for hidden files and directories ... OK
* checking for portable file names ... OK
* checking for sufficient/correct file permissions ... OK
* checking whether package ‘enrichTF’ can be installed ... OK
* checking installed package size ... OK
* checking package directory ... OK
* checking ‘build’ directory ... OK
* checking DESCRIPTION meta-information ... OK
* checking top-level files ... OK
* checking for left-over files ... OK
* checking index information ... OK
* checking package subdirectories ... OK
* checking code files for non-ASCII characters ... OK
* checking R files for syntax errors ... OK
* checking whether the package can be loaded ... OK
* checking whether the package can be loaded with stated dependencies ... OK
* checking whether the package can be unloaded cleanly ... OK
* checking whether the namespace can be loaded with stated dependencies ... OK
* checking whether the namespace can be unloaded cleanly ... OK
* checking loading without being on the library search path ... OK
* checking whether startup messages can be suppressed ... OK
* checking dependencies in R code ... OK
* checking S3 generic/method consistency ... OK
* checking replacement functions ... OK
* checking foreign function calls ... OK
* checking R code for possible problems ... NOTE
processing,TissueOpennessConserve: no visible global function
  definition for ‘as’
processing,TissueOpennessConserve: no visible binding for global
  variable ‘X2’
processing,TissueOpennessSpecificity: no visible global function
  definition for ‘as’
Undefined global functions or variables:
  X2 as
Consider adding
  importFrom("methods", "as")
to your NAMESPACE file (and ensure that your DESCRIPTION Imports field
contains 'methods').
* checking Rd files ... OK
* checking Rd metadata ... OK
* checking Rd cross-references ... OK
* checking for missing documentation entries ... OK
* checking for code/documentation mismatches ... OK
* checking Rd \usage sections ... OK
* checking Rd contents ... OK
* checking for unstated dependencies in examples ... OK
* checking files in ‘vignettes’ ... OK
* checking examples ... ERROR
Running examples in ‘enrichTF-Ex.R’ failed
The error most likely occurred in:
> base::assign(".ptime", proc.time(), pos = "CheckExEnv")
> ### Name: GenBackground
> ### Title: Generate background regions and reset the size of foreground
> ###   regions
> ### Aliases: GenBackground enrichGenBackground,Step-method
> ###   enrichGenBackground genBackground
> 
> ### ** Examples
> 
> setGenome("testgenome") #Use "hg19","hg38",etc. for your application
Configure bsgenome ...
Error in get_data_annotation_contrib_url(type) : 
  Install 'BiocManager' from CRAN to get 'BioCann' contrib.url
Calls: setGenome ... checkAndInstallBSgenome -> <Anonymous> -> get_data_annotation_contrib_url
Execution halted
* checking for unstated dependencies in ‘tests’ ... OK
* checking tests ...
  Running ‘testthat.R’
 ERROR
Running the tests in ‘tests/testthat.R’ failed.
Last 13 lines of output:
  Backtrace:
      ▆
   1. └─pipeFrame::setGenome("testgenome") at test-pipe.R:8:5
   2.   └─base::lapply(checkAndInstall, function(cai) cai())
   3.     └─pipeFrame (local) FUN(X[[i]], ...)
   4.       └─enrichTF (local) cai()
   5.         └─pipeFrame::runWithFinishCheck(...)
   6.           └─enrichTF (local) func(NULL)
   7.             └─pipeFrame::checkAndInstallBSgenome(refFilePath, genome)
   8.               └─BSgenome::available.genomes()
   9.                 └─BSgenome:::get_data_annotation_contrib_url(type)
  
  [ FAIL 1 | WARN 0 | SKIP 0 | PASS 0 ]
  Error: Test failures
  Execution halted
* checking for unstated dependencies in vignettes ... OK
* checking package vignettes ... OK
* checking running R code from vignettes ... SKIPPED
* checking re-building of vignette outputs ... SKIPPED
* checking PDF version of manual ... OK
* DONE
Status: 2 ERRORs, 1 NOTE
See
  ‘/home/biocbuild/bbs-3.19-bioc/meat/enrichTF.Rcheck/00check.log’
for details.
enrichTF.Rcheck/00install.out
############################################################################## ############################################################################## ### ### Running command: ### ### /home/biocbuild/R/R-beta-2024-04-15_r86425/bin/R CMD INSTALL enrichTF ### ############################################################################## ############################################################################## * installing to library ‘/home/biocbuild/R/R-beta-2024-04-15_r86425/site-library’ * installing *source* package ‘enrichTF’ ... ** using staged installation ** R ** inst ** byte-compile and prepare package for lazy loading ** help *** installing help indices ** building package indices ** installing vignettes ** testing if installed package can be loaded from temporary location Warning in fun(libname, pkgname) : Package 'enrichTF' is deprecated and will be removed from Bioconductor version 3.20 ** testing if installed package can be loaded from final location Warning in fun(libname, pkgname) : Package 'enrichTF' is deprecated and will be removed from Bioconductor version 3.20 ** testing if installed package keeps a record of temporary installation path * DONE (enrichTF)
enrichTF.Rcheck/tests/testthat.Rout.fail
R version 4.4.0 beta (2024-04-15 r86425) -- "Puppy Cup"
Copyright (C) 2024 The R Foundation for Statistical Computing
Platform: aarch64-unknown-linux-gnu
R is free software and comes with ABSOLUTELY NO WARRANTY.
You are welcome to redistribute it under certain conditions.
Type 'license()' or 'licence()' for distribution details.
R is a collaborative project with many contributors.
Type 'contributors()' for more information and
'citation()' on how to cite R or R packages in publications.
Type 'demo()' for some demos, 'help()' for on-line help, or
'help.start()' for an HTML browser interface to help.
Type 'q()' to quit R.
> library(testthat)
> library(enrichTF)
Loading required package: pipeFrame
Warning message:
In fun(libname, pkgname) :
  Package 'enrichTF' is deprecated and will be removed from Bioconductor
  version 3.20
> 
> test_check("enrichTF")
[ FAIL 1 | WARN 0 | SKIP 0 | PASS 0 ]
══ Failed tests ════════════════════════════════════════════════════════════════
── Error ('test-pipe.R:8:5'): test whole pipeline ──────────────────────────────
Error in `get_data_annotation_contrib_url(type)`: Install 'BiocManager' from CRAN to get 'BioCann' contrib.url
Backtrace:
    ▆
 1. └─pipeFrame::setGenome("testgenome") at test-pipe.R:8:5
 2.   └─base::lapply(checkAndInstall, function(cai) cai())
 3.     └─pipeFrame (local) FUN(X[[i]], ...)
 4.       └─enrichTF (local) cai()
 5.         └─pipeFrame::runWithFinishCheck(...)
 6.           └─enrichTF (local) func(NULL)
 7.             └─pipeFrame::checkAndInstallBSgenome(refFilePath, genome)
 8.               └─BSgenome::available.genomes()
 9.                 └─BSgenome:::get_data_annotation_contrib_url(type)
[ FAIL 1 | WARN 0 | SKIP 0 | PASS 0 ]
Error: Test failures
Execution halted
enrichTF.Rcheck/enrichTF-Ex.timings
| name | user | system | elapsed |