| Back to Multiple platform build/check report for BioC 3.19: simplified long |
|
This page was generated on 2024-05-09 11:41:22 -0400 (Thu, 09 May 2024).
| Hostname | OS | Arch (*) | R version | Installed pkgs |
|---|---|---|---|---|
| nebbiolo1 | Linux (Ubuntu 22.04.3 LTS) | x86_64 | 4.4.0 (2024-04-24) -- "Puppy Cup" | 4748 |
| palomino3 | Windows Server 2022 Datacenter | x64 | 4.4.0 (2024-04-24 ucrt) -- "Puppy Cup" | 4484 |
| lconway | macOS 12.7.1 Monterey | x86_64 | 4.4.0 (2024-04-24) -- "Puppy Cup" | 4514 |
| kunpeng2 | Linux (openEuler 22.03 LTS-SP1) | aarch64 | 4.4.0 beta (2024-04-15 r86425) -- "Puppy Cup" | 4480 |
| Click on any hostname to see more info about the system (e.g. compilers) (*) as reported by 'uname -p', except on Windows and Mac OS X | ||||
| Package 1796/2300 | Hostname | OS / Arch | INSTALL | BUILD | CHECK | BUILD BIN | ||||||||
| RNAsense 1.18.0 (landing page) Marcus Rosenblatt
| nebbiolo1 | Linux (Ubuntu 22.04.3 LTS) / x86_64 | OK | OK | WARNINGS | |||||||||
| palomino3 | Windows Server 2022 Datacenter / x64 | OK | OK | WARNINGS | OK | |||||||||
| lconway | macOS 12.7.1 Monterey / x86_64 | OK | OK | WARNINGS | OK | |||||||||
| kunpeng2 | Linux (openEuler 22.03 LTS-SP1) / aarch64 | OK | OK | WARNINGS | ||||||||||
| kjohnson3 | macOS 13.6.5 Ventura / arm64 | see weekly results here | ||||||||||||
|
To the developers/maintainers of the RNAsense package: - Allow up to 24 hours (and sometimes 48 hours) for your latest push to git@git.bioconductor.org:packages/RNAsense.git to reflect on this report. See Troubleshooting Build Report for more information. - Use the following Renviron settings to reproduce errors and warnings. - If 'R CMD check' started to fail recently on the Linux builder(s) over a missing dependency, add the missing dependency to 'Suggests:' in your DESCRIPTION file. See Renviron.bioc for more information. - See Martin Grigorov's blog post for how to debug Linux ARM64 related issues on a x86_64 host. |
| Package: RNAsense |
| Version: 1.18.0 |
| Command: /home/biocbuild/R/R-beta-2024-04-15_r86425/bin/R CMD check --install=check:RNAsense.install-out.txt --library=/home/biocbuild/R/R-beta-2024-04-15_r86425/site-library --no-vignettes --timings RNAsense_1.18.0.tar.gz |
| StartedAt: 2024-05-09 11:20:33 -0000 (Thu, 09 May 2024) |
| EndedAt: 2024-05-09 11:37:21 -0000 (Thu, 09 May 2024) |
| EllapsedTime: 1008.3 seconds |
| RetCode: 0 |
| Status: WARNINGS |
| CheckDir: RNAsense.Rcheck |
| Warnings: 1 |
##############################################################################
##############################################################################
###
### Running command:
###
### /home/biocbuild/R/R-beta-2024-04-15_r86425/bin/R CMD check --install=check:RNAsense.install-out.txt --library=/home/biocbuild/R/R-beta-2024-04-15_r86425/site-library --no-vignettes --timings RNAsense_1.18.0.tar.gz
###
##############################################################################
##############################################################################
* using log directory ‘/home/biocbuild/bbs-3.19-bioc/meat/RNAsense.Rcheck’
* using R version 4.4.0 beta (2024-04-15 r86425)
* using platform: aarch64-unknown-linux-gnu
* R was compiled by
gcc (GCC) 10.3.1
GNU Fortran (GCC) 10.3.1
* running under: openEuler 22.03 (LTS-SP1)
* using session charset: UTF-8
* using option ‘--no-vignettes’
* checking for file ‘RNAsense/DESCRIPTION’ ... OK
* checking extension type ... Package
* this is package ‘RNAsense’ version ‘1.18.0’
* package encoding: UTF-8
* checking package namespace information ... OK
* checking package dependencies ... OK
* checking if this is a source package ... OK
* checking if there is a namespace ... OK
* checking for hidden files and directories ... OK
* checking for portable file names ... OK
* checking for sufficient/correct file permissions ... OK
* checking whether package ‘RNAsense’ can be installed ... OK
* checking installed package size ... OK
* checking package directory ... OK
* checking ‘build’ directory ... OK
* checking DESCRIPTION meta-information ... OK
* checking top-level files ... OK
* checking for left-over files ... OK
* checking index information ... OK
* checking package subdirectories ... OK
* checking code files for non-ASCII characters ... OK
* checking R files for syntax errors ... OK
* checking whether the package can be loaded ... OK
* checking whether the package can be loaded with stated dependencies ... OK
* checking whether the package can be unloaded cleanly ... OK
* checking whether the namespace can be loaded with stated dependencies ... OK
* checking whether the namespace can be unloaded cleanly ... OK
* checking loading without being on the library search path ... OK
* checking dependencies in R code ... OK
* checking S3 generic/method consistency ... OK
* checking replacement functions ... OK
* checking foreign function calls ... OK
* checking R code for possible problems ... NOTE
combineResults: no visible binding for global variable ‘resultSwitch’
combineResults: no visible binding for global variable ‘resultFC’
combineResults : getFCupdown: no visible binding for global variable
‘resultFC’
combineResults : getFCupdown: no visible binding for global variable
‘name’
combineResults : getFCupdown: no visible binding for global variable
‘FCdetect’
getFC: no visible binding for global variable ‘mydata’
getFC: no visible binding for global variable ‘analyzeConditions’
getFC: no visible binding for global variable ‘times’
getSwitch: no visible binding for global variable ‘mydata’
getSwitch: no visible binding for global variable ‘times’
outputGeneTables: no visible binding for global variable
‘resultCombined’
outputGeneTables: no visible binding for global variable ‘times’
outputGeneTables: no visible binding for global variable
‘analyzeConditions’
outputGeneTables: no visible binding for global variable ‘timepoint’
outputGeneTables: no visible binding for global variable ‘FCdown’
outputGeneTables: no visible binding for global variable ‘FCup’
outputGeneTables: no visible binding for global variable ‘experiment’
plotSSGS: no visible binding for global variable ‘resultCombined’
plotSSGS: no visible binding for global variable ‘times’
plotSSGS: no visible binding for global variable ‘analyzeConditions’
plotSSGS : getFT: no visible binding for global variable ‘result’
plotSSGS : getFT: no visible binding for global variable ‘timepoint’
plotSSGS : getFT: no visible binding for global variable ‘FCdown’
plotSSGS : getFT: no visible binding for global variable ‘FCup’
plotSSGS : <anonymous> : <anonymous> : <anonymous> : <anonymous>: no
visible binding for global variable ‘experiment’
plotSSGS: no visible binding for global variable ‘xaxis’
plotSSGS: no visible binding for global variable ‘cluster’
Undefined global functions or variables:
FCdetect FCdown FCup analyzeConditions cluster experiment mydata name
result resultCombined resultFC resultSwitch timepoint times xaxis
* checking Rd files ... NOTE
checkRd: (-1) MZsox.Rd:9: Lost braces in \itemize; meant \describe ?
checkRd: (-1) MZsox.Rd:10: Lost braces in \itemize; meant \describe ?
checkRd: (-1) MZsox.Rd:11: Lost braces in \itemize; meant \describe ?
checkRd: (-1) MZsox.Rd:12: Lost braces in \itemize; meant \describe ?
checkRd: (-1) MZsox.Rd:13: Lost braces in \itemize; meant \describe ?
* checking Rd metadata ... OK
* checking Rd cross-references ... WARNING
Missing link or links in Rd file 'getFC.Rd':
‘DataFrame’
Missing link or links in Rd file 'getSwitch.Rd':
‘DataFrame’
See section 'Cross-references' in the 'Writing R Extensions' manual.
* checking for missing documentation entries ... OK
* checking for code/documentation mismatches ... OK
* checking Rd \usage sections ... OK
* checking Rd contents ... OK
* checking for unstated dependencies in examples ... OK
* checking contents of ‘data’ directory ... OK
* checking data for non-ASCII characters ... OK
* checking data for ASCII and uncompressed saves ... OK
* checking files in ‘vignettes’ ... OK
* checking examples ... OK
Examples with CPU (user + system) or elapsed time > 5s
user system elapsed
combineResults 211.866 0.814 213.115
outputGeneTables 206.796 0.611 207.821
plotSSGS 202.263 0.443 203.109
getSwitch 131.853 0.375 132.501
getFC 52.636 0.112 52.900
* checking for unstated dependencies in vignettes ... OK
* checking package vignettes ... OK
* checking running R code from vignettes ... SKIPPED
* checking re-building of vignette outputs ... SKIPPED
* checking PDF version of manual ... OK
* DONE
Status: 1 WARNING, 2 NOTEs
See
‘/home/biocbuild/bbs-3.19-bioc/meat/RNAsense.Rcheck/00check.log’
for details.
RNAsense.Rcheck/00install.out
############################################################################## ############################################################################## ### ### Running command: ### ### /home/biocbuild/R/R-beta-2024-04-15_r86425/bin/R CMD INSTALL RNAsense ### ############################################################################## ############################################################################## * installing to library ‘/home/biocbuild/R/R-beta-2024-04-15_r86425/site-library’ * installing *source* package ‘RNAsense’ ... ** using staged installation ** R ** data ** byte-compile and prepare package for lazy loading ** help *** installing help indices ** building package indices ** installing vignettes ** testing if installed package can be loaded from temporary location ** testing if installed package can be loaded from final location ** testing if installed package keeps a record of temporary installation path * DONE (RNAsense)
RNAsense.Rcheck/RNAsense-Ex.timings
| name | user | system | elapsed | |
| combineResults | 211.866 | 0.814 | 213.115 | |
| getFC | 52.636 | 0.112 | 52.900 | |
| getSwitch | 131.853 | 0.375 | 132.501 | |
| outputGeneTables | 206.796 | 0.611 | 207.821 | |
| plotSSGS | 202.263 | 0.443 | 203.109 | |