| Back to Multiple platform build/check report for BioC 3.19: simplified long | 
  | 
This page was generated on 2024-10-18 20:42 -0400 (Fri, 18 Oct 2024).
| Hostname | OS | Arch (*) | R version | Installed pkgs | 
|---|---|---|---|---|
| nebbiolo1 | Linux (Ubuntu 22.04.3 LTS) | x86_64 | 4.4.1 (2024-06-14) -- "Race for Your Life" | 4763 | 
| palomino7 | Windows Server 2022 Datacenter | x64 | 4.4.1 (2024-06-14 ucrt) -- "Race for Your Life" | 4500 | 
| merida1 | macOS 12.7.5 Monterey | x86_64 | 4.4.1 (2024-06-14) -- "Race for Your Life" | 4530 | 
| kjohnson1 | macOS 13.6.6 Ventura | arm64 | 4.4.1 (2024-06-14) -- "Race for Your Life" | 4480 | 
| Click on any hostname to see more info about the system (e.g. compilers) (*) as reported by 'uname -p', except on Windows and Mac OS X | ||||
| Package 1204/2300 | Hostname | OS / Arch | INSTALL | BUILD | CHECK | BUILD BIN | ||||||||
| MesKit 1.14.0  (landing page) Mengni Liu 
  | nebbiolo1 | Linux (Ubuntu 22.04.3 LTS) / x86_64 | OK | OK | WARNINGS | |||||||||
| palomino7 | Windows Server 2022 Datacenter / x64 | OK | OK | WARNINGS | OK | |||||||||
| merida1 | macOS 12.7.5 Monterey / x86_64 | OK | OK | WARNINGS | OK | |||||||||
| kjohnson1 | macOS 13.6.6 Ventura / arm64 | OK | OK | WARNINGS | OK | |||||||||
| 
To the developers/maintainers of the MesKit package: - Allow up to 24 hours (and sometimes 48 hours) for your latest push to git@git.bioconductor.org:packages/MesKit.git to reflect on this report. See Troubleshooting Build Report for more information. - Use the following Renviron settings to reproduce errors and warnings. - If 'R CMD check' started to fail recently on the Linux builder(s) over a missing dependency, add the missing dependency to 'Suggests:' in your DESCRIPTION file. See Renviron.bioc for more information.  | 
| Package: MesKit | 
| Version: 1.14.0 | 
| Command: /Library/Frameworks/R.framework/Resources/bin/R CMD check --install=check:MesKit.install-out.txt --library=/Library/Frameworks/R.framework/Resources/library --no-vignettes --timings MesKit_1.14.0.tar.gz | 
| StartedAt: 2024-10-18 03:04:11 -0400 (Fri, 18 Oct 2024) | 
| EndedAt: 2024-10-18 03:13:35 -0400 (Fri, 18 Oct 2024) | 
| EllapsedTime: 563.2 seconds | 
| RetCode: 0 | 
| Status: WARNINGS | 
| CheckDir: MesKit.Rcheck | 
| Warnings: 1 | 
##############################################################################
##############################################################################
###
### Running command:
###
###   /Library/Frameworks/R.framework/Resources/bin/R CMD check --install=check:MesKit.install-out.txt --library=/Library/Frameworks/R.framework/Resources/library --no-vignettes --timings MesKit_1.14.0.tar.gz
###
##############################################################################
##############################################################################
* using log directory ‘/Users/biocbuild/bbs-3.19-bioc/meat/MesKit.Rcheck’
* using R version 4.4.1 (2024-06-14)
* using platform: aarch64-apple-darwin20
* R was compiled by
    Apple clang version 14.0.0 (clang-1400.0.29.202)
    GNU Fortran (GCC) 12.2.0
* running under: macOS Ventura 13.6.6
* using session charset: UTF-8
* using option ‘--no-vignettes’
* checking for file ‘MesKit/DESCRIPTION’ ... OK
* checking extension type ... Package
* this is package ‘MesKit’ version ‘1.14.0’
* package encoding: UTF-8
* checking package namespace information ... OK
* checking package dependencies ... OK
* checking if this is a source package ... OK
* checking if there is a namespace ... OK
* checking for hidden files and directories ... OK
* checking for portable file names ... OK
* checking for sufficient/correct file permissions ... OK
* checking whether package ‘MesKit’ can be installed ... WARNING
Found the following significant warnings:
  Warning: replacing previous import ‘ape::degree’ by ‘circlize::degree’ when loading ‘MesKit’
  Warning: replacing previous import ‘ape::where’ by ‘dplyr::where’ when loading ‘MesKit’
See ‘/Users/biocbuild/bbs-3.19-bioc/meat/MesKit.Rcheck/00install.out’ for details.
* checking installed package size ... NOTE
  installed size is  5.9Mb
  sub-directories of 1Mb or more:
    extdata   4.9Mb
* checking package directory ... OK
* checking ‘build’ directory ... OK
* checking DESCRIPTION meta-information ... OK
* checking top-level files ... NOTE
File
  LICENSE
is not mentioned in the DESCRIPTION file.
* checking for left-over files ... OK
* checking index information ... OK
* checking package subdirectories ... OK
* checking code files for non-ASCII characters ... OK
* checking R files for syntax errors ... OK
* checking whether the package can be loaded ... OK
* checking whether the package can be loaded with stated dependencies ... OK
* checking whether the package can be unloaded cleanly ... OK
* checking whether the namespace can be loaded with stated dependencies ... OK
* checking whether the namespace can be unloaded cleanly ... OK
* checking dependencies in R code ... OK
* checking S3 generic/method consistency ... OK
* checking replacement functions ... OK
* checking foreign function calls ... OK
* checking R code for possible problems ... NOTE
calJSI : processJSI: no visible binding for global variable ‘CCF’
cna2gene: no visible global function definition for ‘genes’
cna2gene: no visible binding for global variable ‘org.Hs.eg.db’
cna2gene: no visible binding for global variable ‘seqnames’
cna2gene: no visible binding for global variable ‘Chromosome’
cna2gene: no visible binding for global variable ‘Hugo_Symbol’
cna2gene: no visible binding for global variable ‘Start_Position’
cna2gene: no visible binding for global variable ‘End_Position’
cna2gene: no visible binding for global variable ‘i.End_Position’
cna2gene: no visible binding for global variable ‘i.Start_Position’
cna2gene: no visible binding for global variable ‘Patient_ID’
cna2gene: no visible binding for global variable ‘Tumor_Sample_Barcode’
cna2gene: no visible binding for global variable ‘seg_id’
cna2gene: no visible binding for global variable ‘overlap_width’
copyNumberFilter: no visible binding for global variable ‘Patient_ID’
drawVAFCombine: no visible binding for global variable ‘V’
drawVAFCombineVline: no visible binding for global variable ‘V’
fitSignatures : processFitSig: no visible binding for global variable
  ‘Branch’
fitSignatures : processFitSig: no visible binding for global variable
  ‘Original’
fitSignatures : processFitSig: no visible binding for global variable
  ‘Reconstructed’
mutCluster : processVafcluster_sample: no visible binding for global
  variable ‘cluster’
plotCNA: no visible binding for global variable ‘Cytoband’
plotCNA: no visible binding for global variable ‘Cytoband_pos’
plotCNA: no visible binding for global variable ‘gene_id’
plotCNA: no visible binding for global variable ‘gene_pos’
plotCNA: no visible binding for global variable ‘Hugo_Symbol’
plotTree: no visible binding for global variable ‘is.match’
plotTree: no visible binding for global variable ‘x’
plotTree: no visible binding for global variable ‘y’
plotTree: no visible binding for global variable ‘xend’
plotTree: no visible binding for global variable ‘yend’
Undefined global functions or variables:
  Branch CCF Chromosome Cytoband Cytoband_pos End_Position Hugo_Symbol
  Original Patient_ID Reconstructed Start_Position Tumor_Sample_Barcode
  V cluster gene_id gene_pos genes i.End_Position i.Start_Position
  is.match org.Hs.eg.db overlap_width seg_id seqnames x xend y yend
* checking Rd files ... OK
* checking Rd metadata ... OK
* checking Rd cross-references ... OK
* checking for missing documentation entries ... OK
* checking for code/documentation mismatches ... OK
* checking Rd \usage sections ... OK
* checking Rd contents ... OK
* checking for unstated dependencies in examples ... OK
* checking files in ‘vignettes’ ... OK
* checking examples ... OK
Examples with CPU (user + system) or elapsed time > 5s
                       user system elapsed
cna2gene             23.431  0.981  24.024
calFst               16.226  0.383  16.976
plotMutSigProfile    14.453  0.311  14.612
getCCFMatrix         14.268  0.352  14.406
getBinaryMatrix      13.934  0.361  14.058
getPhyloTreeTsbLabel 13.897  0.296  13.979
getTreeMethod        13.657  0.353  13.912
getTree              13.733  0.268  14.023
getBranchType        13.682  0.235  13.623
getPhyloTreePatient  13.538  0.230  13.688
getPhyloTreeRef      13.462  0.277  13.446
getMutBranches       13.211  0.436  14.050
getBootstrapValue    13.320  0.301  13.529
getPhyloTree         13.144  0.259  13.225
compareCCF           11.812  1.081  12.655
mutHeatmap           12.286  0.143  12.111
calNeiDist           10.668  0.126  11.078
mutCluster            9.655  0.525   9.935
calJSI               10.049  0.126  10.471
compareTree           9.800  0.245   9.840
ccfAUC                9.870  0.171  10.037
fitSignatures         9.531  0.327   9.716
mutTrunkBranch        9.579  0.267   9.511
triMatrix             9.011  0.234   8.956
plotMutProfile        8.808  0.117   8.657
getNonSyn_vc          8.302  0.158   8.305
plotPhyloTree         8.290  0.116   8.183
testNeutral           7.904  0.088   8.352
classifyMut           7.339  0.501   7.635
getMafData            7.068  0.084   8.095
mathScore             6.907  0.083   6.760
readMaf               6.773  0.095   6.900
subMaf                6.760  0.093   6.858
getMafPatient         6.740  0.067   6.939
getMafRef             6.387  0.076   6.361
getSampleInfo         6.336  0.078   6.393
* checking for unstated dependencies in vignettes ... OK
* checking package vignettes ... OK
* checking running R code from vignettes ... SKIPPED
* checking re-building of vignette outputs ... SKIPPED
* checking PDF version of manual ... OK
* DONE
Status: 1 WARNING, 3 NOTEs
See
  ‘/Users/biocbuild/bbs-3.19-bioc/meat/MesKit.Rcheck/00check.log’
for details.
MesKit.Rcheck/00install.out
############################################################################## ############################################################################## ### ### Running command: ### ### /Library/Frameworks/R.framework/Resources/bin/R CMD INSTALL MesKit ### ############################################################################## ############################################################################## * installing to library ‘/Library/Frameworks/R.framework/Versions/4.4-arm64/Resources/library’ * installing *source* package ‘MesKit’ ... ** using staged installation ** R ** inst ** byte-compile and prepare package for lazy loading Warning: replacing previous import ‘ape::degree’ by ‘circlize::degree’ when loading ‘MesKit’ Warning: replacing previous import ‘ape::where’ by ‘dplyr::where’ when loading ‘MesKit’ ** help *** installing help indices ** building package indices ** installing vignettes ** testing if installed package can be loaded from temporary location Warning: replacing previous import ‘ape::degree’ by ‘circlize::degree’ when loading ‘MesKit’ Warning: replacing previous import ‘ape::where’ by ‘dplyr::where’ when loading ‘MesKit’ ** testing if installed package can be loaded from final location Warning: replacing previous import ‘ape::degree’ by ‘circlize::degree’ when loading ‘MesKit’ Warning: replacing previous import ‘ape::where’ by ‘dplyr::where’ when loading ‘MesKit’ ** testing if installed package keeps a record of temporary installation path * DONE (MesKit)
MesKit.Rcheck/MesKit-Ex.timings
| name | user | system | elapsed | |
| calFst | 16.226 | 0.383 | 16.976 | |
| calJSI | 10.049 | 0.126 | 10.471 | |
| calNeiDist | 10.668 | 0.126 | 11.078 | |
| ccfAUC | 9.870 | 0.171 | 10.037 | |
| classifyMut | 7.339 | 0.501 | 7.635 | |
| cna2gene | 23.431 | 0.981 | 24.024 | |
| compareCCF | 11.812 | 1.081 | 12.655 | |
| compareTree | 9.800 | 0.245 | 9.840 | |
| fitSignatures | 9.531 | 0.327 | 9.716 | |
| getBinaryMatrix | 13.934 | 0.361 | 14.058 | |
| getBootstrapValue | 13.320 | 0.301 | 13.529 | |
| getBranchType | 13.682 | 0.235 | 13.623 | |
| getCCFMatrix | 14.268 | 0.352 | 14.406 | |
| getMafData | 7.068 | 0.084 | 8.095 | |
| getMafPatient | 6.740 | 0.067 | 6.939 | |
| getMafRef | 6.387 | 0.076 | 6.361 | |
| getMutBranches | 13.211 | 0.436 | 14.050 | |
| getNonSyn_vc | 8.302 | 0.158 | 8.305 | |
| getPhyloTree | 13.144 | 0.259 | 13.225 | |
| getPhyloTreePatient | 13.538 | 0.230 | 13.688 | |
| getPhyloTreeRef | 13.462 | 0.277 | 13.446 | |
| getPhyloTreeTsbLabel | 13.897 | 0.296 | 13.979 | |
| getSampleInfo | 6.336 | 0.078 | 6.393 | |
| getTree | 13.733 | 0.268 | 14.023 | |
| getTreeMethod | 13.657 | 0.353 | 13.912 | |
| mathScore | 6.907 | 0.083 | 6.760 | |
| mutCluster | 9.655 | 0.525 | 9.935 | |
| mutHeatmap | 12.286 | 0.143 | 12.111 | |
| mutTrunkBranch | 9.579 | 0.267 | 9.511 | |
| plotCNA | 3.703 | 0.160 | 2.931 | |
| plotMutProfile | 8.808 | 0.117 | 8.657 | |
| plotMutSigProfile | 14.453 | 0.311 | 14.612 | |
| plotPhyloTree | 8.290 | 0.116 | 8.183 | |
| readMaf | 6.773 | 0.095 | 6.900 | |
| readSegment | 0.706 | 0.047 | 0.473 | |
| runMesKit | 0 | 0 | 0 | |
| subMaf | 6.760 | 0.093 | 6.858 | |
| testNeutral | 7.904 | 0.088 | 8.352 | |
| triMatrix | 9.011 | 0.234 | 8.956 | |