| Back to Multiple platform build/check report for BioC 3.19: simplified long | 
  | 
This page was generated on 2024-10-18 20:40 -0400 (Fri, 18 Oct 2024).
| Hostname | OS | Arch (*) | R version | Installed pkgs | 
|---|---|---|---|---|
| nebbiolo1 | Linux (Ubuntu 22.04.3 LTS) | x86_64 | 4.4.1 (2024-06-14) -- "Race for Your Life" | 4763 | 
| palomino7 | Windows Server 2022 Datacenter | x64 | 4.4.1 (2024-06-14 ucrt) -- "Race for Your Life" | 4500 | 
| merida1 | macOS 12.7.5 Monterey | x86_64 | 4.4.1 (2024-06-14) -- "Race for Your Life" | 4530 | 
| kjohnson1 | macOS 13.6.6 Ventura | arm64 | 4.4.1 (2024-06-14) -- "Race for Your Life" | 4480 | 
| Click on any hostname to see more info about the system (e.g. compilers) (*) as reported by 'uname -p', except on Windows and Mac OS X | ||||
| Package 825/2300 | Hostname | OS / Arch | INSTALL | BUILD | CHECK | BUILD BIN | ||||||||
| GenomAutomorphism 1.6.0  (landing page) Robersy Sanchez 
  | nebbiolo1 | Linux (Ubuntu 22.04.3 LTS) / x86_64 | OK | OK | WARNINGS | |||||||||
| palomino7 | Windows Server 2022 Datacenter / x64 | OK | OK | WARNINGS | OK | |||||||||
| merida1 | macOS 12.7.5 Monterey / x86_64 | OK | OK | WARNINGS | OK | |||||||||
| kjohnson1 | macOS 13.6.6 Ventura / arm64 | OK | OK | ERROR | OK | |||||||||
| 
To the developers/maintainers of the GenomAutomorphism package: - Allow up to 24 hours (and sometimes 48 hours) for your latest push to git@git.bioconductor.org:packages/GenomAutomorphism.git to reflect on this report. See Troubleshooting Build Report for more information. - Use the following Renviron settings to reproduce errors and warnings. - If 'R CMD check' started to fail recently on the Linux builder(s) over a missing dependency, add the missing dependency to 'Suggests:' in your DESCRIPTION file. See Renviron.bioc for more information.  | 
| Package: GenomAutomorphism | 
| Version: 1.6.0 | 
| Command: /Library/Frameworks/R.framework/Resources/bin/R CMD check --install=check:GenomAutomorphism.install-out.txt --library=/Library/Frameworks/R.framework/Resources/library --no-vignettes --timings GenomAutomorphism_1.6.0.tar.gz | 
| StartedAt: 2024-10-17 05:49:06 -0400 (Thu, 17 Oct 2024) | 
| EndedAt: 2024-10-17 06:03:24 -0400 (Thu, 17 Oct 2024) | 
| EllapsedTime: 858.1 seconds | 
| RetCode: 0 | 
| Status: WARNINGS | 
| CheckDir: GenomAutomorphism.Rcheck | 
| Warnings: 1 | 
##############################################################################
##############################################################################
###
### Running command:
###
###   /Library/Frameworks/R.framework/Resources/bin/R CMD check --install=check:GenomAutomorphism.install-out.txt --library=/Library/Frameworks/R.framework/Resources/library --no-vignettes --timings GenomAutomorphism_1.6.0.tar.gz
###
##############################################################################
##############################################################################
* using log directory ‘/Users/biocbuild/bbs-3.19-bioc/meat/GenomAutomorphism.Rcheck’
* using R version 4.4.1 (2024-06-14)
* using platform: x86_64-apple-darwin20
* R was compiled by
    Apple clang version 14.0.0 (clang-1400.0.29.202)
    GNU Fortran (GCC) 12.2.0
* running under: macOS Monterey 12.7.6
* using session charset: UTF-8
* using option ‘--no-vignettes’
* checking for file ‘GenomAutomorphism/DESCRIPTION’ ... OK
* this is package ‘GenomAutomorphism’ version ‘1.6.0’
* package encoding: UTF-8
* checking package namespace information ... OK
* checking package dependencies ... OK
* checking if this is a source package ... OK
* checking if there is a namespace ... OK
* checking for hidden files and directories ... OK
* checking for portable file names ... OK
* checking for sufficient/correct file permissions ... OK
* checking whether package ‘GenomAutomorphism’ can be installed ... OK
* checking installed package size ... OK
* checking package directory ... OK
* checking ‘build’ directory ... OK
* checking DESCRIPTION meta-information ... OK
* checking top-level files ... OK
* checking for left-over files ... OK
* checking index information ... OK
* checking package subdirectories ... OK
* checking code files for non-ASCII characters ... OK
* checking R files for syntax errors ... OK
* checking whether the package can be loaded ... OK
* checking whether the package can be loaded with stated dependencies ... OK
* checking whether the package can be unloaded cleanly ... OK
* checking whether the namespace can be loaded with stated dependencies ... OK
* checking whether the namespace can be unloaded cleanly ... OK
* checking dependencies in R code ... OK
* checking S3 generic/method consistency ... OK
* checking replacement functions ... OK
* checking foreign function calls ... OK
* checking R code for possible problems ... OK
* checking Rd files ... OK
* checking Rd metadata ... OK
* checking Rd cross-references ... OK
* checking for missing documentation entries ... WARNING
Undocumented S4 methods:
  generic '[' and siglist 'AutomorphismList,ANY'
  generic '[' and siglist 'ListCodonMatrix,ANY'
  generic '[' and siglist 'MatrixSeq,ANY'
  generic '[[' and siglist 'AutomorphismList'
  generic '[[' and siglist 'ListCodonMatrix'
  generic 'names<-' and siglist 'AutomorphismList'
  generic 'names<-' and siglist 'MatrixSeq'
All user-level objects in a package (including S4 classes and methods)
should have documentation entries.
See chapter ‘Writing R documentation files’ in the ‘Writing R
Extensions’ manual.
* checking for code/documentation mismatches ... OK
* checking Rd \usage sections ... OK
* checking Rd contents ... OK
* checking for unstated dependencies in examples ... OK
* checking contents of ‘data’ directory ... OK
* checking data for non-ASCII characters ... OK
* checking data for ASCII and uncompressed saves ... OK
* checking files in ‘vignettes’ ... OK
* checking examples ... OK
Examples with CPU (user + system) or elapsed time > 5s
                   user system elapsed
automorphisms     7.878  0.253 133.154
aminoacid_dist    4.468  1.361  20.678
AutomorphismList  5.003  0.104   5.881
autZ64            3.020  0.090  45.108
aut3D             2.485  0.192  43.326
autZ125           2.373  0.075  33.369
autZ5             1.787  0.077  42.684
codon_dist_matrix 0.075  0.014  17.530
* checking for unstated dependencies in ‘tests’ ... OK
* checking tests ...
  Running ‘spelling.R’
  Running ‘testthat.R’
 OK
* checking for unstated dependencies in vignettes ... OK
* checking package vignettes ... OK
* checking running R code from vignettes ... SKIPPED
* checking re-building of vignette outputs ... SKIPPED
* checking PDF version of manual ... OK
* DONE
Status: 1 WARNING
See
  ‘/Users/biocbuild/bbs-3.19-bioc/meat/GenomAutomorphism.Rcheck/00check.log’
for details.
GenomAutomorphism.Rcheck/00install.out
############################################################################## ############################################################################## ### ### Running command: ### ### /Library/Frameworks/R.framework/Resources/bin/R CMD INSTALL GenomAutomorphism ### ############################################################################## ############################################################################## * installing to library ‘/Library/Frameworks/R.framework/Versions/4.4-x86_64/Resources/library’ * installing *source* package ‘GenomAutomorphism’ ... ** using staged installation ** R ** data ** inst ** byte-compile and prepare package for lazy loading ** help *** installing help indices *** copying figures ** building package indices ** installing vignettes ** testing if installed package can be loaded from temporary location ** testing if installed package can be loaded from final location ** testing if installed package keeps a record of temporary installation path * DONE (GenomAutomorphism)
GenomAutomorphism.Rcheck/tests/spelling.Rout
R version 4.4.1 (2024-06-14) -- "Race for Your Life"
Copyright (C) 2024 The R Foundation for Statistical Computing
Platform: x86_64-apple-darwin20
R is free software and comes with ABSOLUTELY NO WARRANTY.
You are welcome to redistribute it under certain conditions.
Type 'license()' or 'licence()' for distribution details.
R is a collaborative project with many contributors.
Type 'contributors()' for more information and
'citation()' on how to cite R or R packages in publications.
Type 'demo()' for some demos, 'help()' for on-line help, or
'help.start()' for an HTML browser interface to help.
Type 'q()' to quit R.
> if (requireNamespace("spelling", quietly = TRUE)) {
+     spelling::spell_check_test(
+         vignettes = TRUE, error = FALSE,
+         skip_on_cran = TRUE
+     )
+ }
NULL
> 
> proc.time()
   user  system elapsed 
  0.361   0.119   0.469 
GenomAutomorphism.Rcheck/tests/testthat.Rout
R version 4.4.1 (2024-06-14) -- "Race for Your Life"
Copyright (C) 2024 The R Foundation for Statistical Computing
Platform: x86_64-apple-darwin20
R is free software and comes with ABSOLUTELY NO WARRANTY.
You are welcome to redistribute it under certain conditions.
Type 'license()' or 'licence()' for distribution details.
R is a collaborative project with many contributors.
Type 'contributors()' for more information and
'citation()' on how to cite R or R packages in publications.
Type 'demo()' for some demos, 'help()' for on-line help, or
'help.start()' for an HTML browser interface to help.
Type 'q()' to quit R.
> library(testthat)
> library(GenomAutomorphism)
> 
> test_check("GenomAutomorphism")
[ FAIL 0 | WARN 0 | SKIP 0 | PASS 33 ]
> 
> proc.time()
   user  system elapsed 
 35.456   1.997 153.051 
GenomAutomorphism.Rcheck/GenomAutomorphism-Ex.timings
| name | user | system | elapsed | |
| AutomorphismByCoef | 1.039 | 0.032 | 1.164 | |
| AutomorphismList | 5.003 | 0.104 | 5.881 | |
| CodonMatrix | 0.435 | 0.007 | 0.490 | |
| CodonSeq | 0.953 | 0.048 | 1.114 | |
| GRangesMatrixSeq | 0.443 | 0.047 | 0.550 | |
| ListCodonMatrix | 0.623 | 0.016 | 0.697 | |
| MatrixSeq | 0.221 | 0.009 | 0.247 | |
| aa_phychem_index | 0.169 | 0.023 | 0.204 | |
| aaindex1 | 0.059 | 0.003 | 0.069 | |
| aaindex2 | 0.025 | 0.003 | 0.031 | |
| aaindex3 | 0.016 | 0.003 | 0.020 | |
| aln | 0.156 | 0.006 | 0.174 | |
| aminoacid_dist | 4.468 | 1.361 | 20.678 | |
| as.AutomorphismList | 1.265 | 0.099 | 1.486 | |
| aut3D | 2.485 | 0.192 | 43.326 | |
| autZ125 | 2.373 | 0.075 | 33.369 | |
| autZ5 | 1.787 | 0.077 | 42.684 | |
| autZ64 | 3.020 | 0.090 | 45.108 | |
| autby_coef | 0.671 | 0.011 | 0.744 | |
| autm | 0.138 | 0.013 | 0.170 | |
| autm_3d | 0.213 | 0.012 | 0.274 | |
| autm_z125 | 0.170 | 0.011 | 0.248 | |
| automorphismByRanges | 0.275 | 0.016 | 0.356 | |
| automorphism_bycoef | 0.247 | 0.018 | 0.302 | |
| automorphisms | 7.878 | 0.253 | 133.154 | |
| base2codon | 0.128 | 0.020 | 0.177 | |
| base2int | 0.015 | 0.004 | 0.022 | |
| base_methods | 0.950 | 0.065 | 1.124 | |
| brca1_aln | 0.140 | 0.013 | 0.161 | |
| brca1_aln2 | 0.153 | 0.013 | 0.178 | |
| brca1_autm | 0.916 | 0.034 | 1.155 | |
| cdm_z64 | 0.586 | 1.440 | 2.209 | |
| codon_coord | 1.191 | 0.021 | 1.411 | |
| codon_dist | 0.668 | 0.021 | 0.777 | |
| codon_dist_matrix | 0.075 | 0.014 | 17.530 | |
| codon_matrix | 1.444 | 0.048 | 1.808 | |
| conserved_regions | 1.004 | 0.022 | 1.237 | |
| covid_aln | 0.150 | 0.007 | 0.197 | |
| covid_autm | 0.182 | 0.012 | 0.254 | |
| cyc_aln | 0.222 | 0.010 | 0.322 | |
| cyc_autm | 0.336 | 0.015 | 0.448 | |
| dna_phyche | 0.012 | 0.005 | 0.026 | |
| dna_phychem | 0.005 | 0.003 | 0.008 | |
| extract-methods | 1.099 | 0.031 | 1.547 | |
| getAutomorphisms | 0.464 | 0.030 | 0.670 | |
| get_coord | 0.857 | 0.029 | 1.164 | |
| get_mutscore | 0.384 | 0.016 | 0.617 | |
| matrices | 0.806 | 0.020 | 1.044 | |
| mod | 0.004 | 0.003 | 0.007 | |
| modeq | 0.002 | 0.002 | 0.003 | |
| modlineq | 0.005 | 0.006 | 0.014 | |
| mut_type | 0.004 | 0.002 | 0.005 | |
| peptide_phychem_index | 0.210 | 0.016 | 0.293 | |
| reexports | 0.254 | 0.015 | 0.311 | |
| seqranges | 0.920 | 0.021 | 1.306 | |
| slapply | 0.005 | 0.003 | 0.022 | |
| sortByChromAndStart | 0.155 | 0.004 | 0.202 | |
| str2chr | 0.001 | 0.002 | 0.002 | |
| str2dig | 0.001 | 0.002 | 0.003 | |
| translation | 1.069 | 0.024 | 1.424 | |