| Back to Multiple platform build/check report for BioC 3.19: simplified long |
|
This page was generated on 2024-06-11 14:43 -0400 (Tue, 11 Jun 2024).
| Hostname | OS | Arch (*) | R version | Installed pkgs |
|---|---|---|---|---|
| nebbiolo1 | Linux (Ubuntu 22.04.3 LTS) | x86_64 | 4.4.0 (2024-04-24) -- "Puppy Cup" | 4757 |
| palomino3 | Windows Server 2022 Datacenter | x64 | 4.4.0 (2024-04-24 ucrt) -- "Puppy Cup" | 4491 |
| lconway | macOS 12.7.1 Monterey | x86_64 | 4.4.0 (2024-04-24) -- "Puppy Cup" | 4522 |
| kjohnson3 | macOS 13.6.5 Ventura | arm64 | 4.4.0 (2024-04-24) -- "Puppy Cup" | 4468 |
| Click on any hostname to see more info about the system (e.g. compilers) (*) as reported by 'uname -p', except on Windows and Mac OS X | ||||
| Package 387/2300 | Hostname | OS / Arch | INSTALL | BUILD | CHECK | BUILD BIN | ||||||||
| CNEr 1.40.0 (landing page) Ge Tan
| nebbiolo1 | Linux (Ubuntu 22.04.3 LTS) / x86_64 | OK | OK | WARNINGS | |||||||||
| palomino3 | Windows Server 2022 Datacenter / x64 | OK | OK | WARNINGS | OK | |||||||||
| lconway | macOS 12.7.1 Monterey / x86_64 | OK | OK | WARNINGS | OK | |||||||||
| kjohnson3 | macOS 13.6.5 Ventura / arm64 | OK | OK | ERROR | OK | |||||||||
|
To the developers/maintainers of the CNEr package: - Allow up to 24 hours (and sometimes 48 hours) for your latest push to git@git.bioconductor.org:packages/CNEr.git to reflect on this report. See Troubleshooting Build Report for more information. - Use the following Renviron settings to reproduce errors and warnings. - If 'R CMD check' started to fail recently on the Linux builder(s) over a missing dependency, add the missing dependency to 'Suggests:' in your DESCRIPTION file. See Renviron.bioc for more information. |
| Package: CNEr |
| Version: 1.40.0 |
| Command: /Library/Frameworks/R.framework/Resources/bin/R CMD check --install=check:CNEr.install-out.txt --library=/Library/Frameworks/R.framework/Resources/library --no-vignettes --timings CNEr_1.40.0.tar.gz |
| StartedAt: 2024-06-10 11:04:59 -0400 (Mon, 10 Jun 2024) |
| EndedAt: 2024-06-10 11:20:19 -0400 (Mon, 10 Jun 2024) |
| EllapsedTime: 919.2 seconds |
| RetCode: 1 |
| Status: ERROR |
| CheckDir: CNEr.Rcheck |
| Warnings: NA |
##############################################################################
##############################################################################
###
### Running command:
###
### /Library/Frameworks/R.framework/Resources/bin/R CMD check --install=check:CNEr.install-out.txt --library=/Library/Frameworks/R.framework/Resources/library --no-vignettes --timings CNEr_1.40.0.tar.gz
###
##############################################################################
##############################################################################
* using log directory ‘/Users/biocbuild/bbs-3.19-bioc/meat/CNEr.Rcheck’
* using R version 4.4.0 (2024-04-24)
* using platform: aarch64-apple-darwin20
* R was compiled by
Apple clang version 14.0.0 (clang-1400.0.29.202)
GNU Fortran (GCC) 12.2.0
* running under: macOS Ventura 13.6.5
* using session charset: UTF-8
* using option ‘--no-vignettes’
* checking for file ‘CNEr/DESCRIPTION’ ... OK
* checking extension type ... Package
* this is package ‘CNEr’ version ‘1.40.0’
* checking package namespace information ... OK
* checking package dependencies ... OK
* checking if this is a source package ... OK
* checking if there is a namespace ... OK
* checking for hidden files and directories ... OK
* checking for portable file names ... OK
* checking for sufficient/correct file permissions ... OK
* checking whether package ‘CNEr’ can be installed ... WARNING
Found the following significant warnings:
ucsc/common.c:360:13: warning: passing arguments to a function without a prototype is deprecated in all versions of C and is not supported in C2x [-Wdeprecated-non-prototype]
ucsc/hash.c:625:17: warning: passing arguments to a function without a prototype is deprecated in all versions of C and is not supported in C2x [-Wdeprecated-non-prototype]
See ‘/Users/biocbuild/bbs-3.19-bioc/meat/CNEr.Rcheck/00install.out’ for details.
* used C compiler: ‘Apple clang version 15.0.0 (clang-1500.1.0.2.5)’
* used SDK: ‘MacOSX11.3.sdk’
* checking installed package size ... NOTE
installed size is 17.6Mb
sub-directories of 1Mb or more:
extdata 15.9Mb
* checking package directory ... OK
* checking ‘build’ directory ... OK
* checking DESCRIPTION meta-information ... OK
* checking top-level files ... OK
* checking for left-over files ... OK
* checking index information ... OK
* checking package subdirectories ... OK
* checking code files for non-ASCII characters ... OK
* checking R files for syntax errors ... OK
* checking whether the package can be loaded ... OK
* checking whether the package can be loaded with stated dependencies ... OK
* checking whether the package can be unloaded cleanly ... OK
* checking whether the namespace can be loaded with stated dependencies ... OK
* checking whether the namespace can be unloaded cleanly ... OK
* checking dependencies in R code ... NOTE
Unexported objects imported by ':::' calls:
‘BiocGenerics:::replaceSlots’ ‘S4Vectors:::make_zero_col_DataFrame’
See the note in ?`:::` about the use of this operator.
* checking S3 generic/method consistency ... OK
* checking replacement functions ... OK
* checking foreign function calls ... OK
* checking R code for possible problems ... OK
* checking Rd files ... WARNING
checkRd: (5) GRangePairs-class.Rd:58-62: \item in \describe must have non-empty label
checkRd: (5) GRangePairs-class.Rd:69-72: \item in \describe must have non-empty label
checkRd: (5) GRangePairs-class.Rd:73-76: \item in \describe must have non-empty label
checkRd: (5) GRangePairs-class.Rd:77-85: \item in \describe must have non-empty label
checkRd: (5) GRangePairs-class.Rd:86-93: \item in \describe must have non-empty label
checkRd: (5) GRangePairs-class.Rd:94-98: \item in \describe must have non-empty label
checkRd: (5) GRangePairs-class.Rd:99-102: \item in \describe must have non-empty label
checkRd: (5) GRangePairs-class.Rd:103-106: \item in \describe must have non-empty label
checkRd: (5) GRangePairs-class.Rd:115-119: \item in \describe must have non-empty label
checkRd: (5) GRangePairs-class.Rd:127-133: \item in \describe must have non-empty label
checkRd: (5) GRangePairs-class.Rd:141-156: \item in \describe must have non-empty label
checkRd: (5) GRangePairs-class.Rd:157-160: \item in \describe must have non-empty label
checkRd: (5) GRangePairs-class.Rd:161-164: \item in \describe must have non-empty label
checkRd: (5) GRangePairs-class.Rd:172-175: \item in \describe must have non-empty label
checkRd: (5) GRangePairs-class.Rd:176-179: \item in \describe must have non-empty label
checkRd: (5) GRangePairs-class.Rd:180-187: \item in \describe must have non-empty label
checkRd: (-1) lavToPsl.Rd:22: Lost braces
22 | code{character}(n): file names of output \emph{psl} files.
| ^
* checking Rd metadata ... OK
* checking Rd cross-references ... OK
* checking for missing documentation entries ... OK
* checking for code/documentation mismatches ... OK
* checking Rd \usage sections ... OK
* checking Rd contents ... OK
* checking for unstated dependencies in examples ... OK
* checking contents of ‘data’ directory ... OK
* checking data for non-ASCII characters ... OK
* checking data for ASCII and uncompressed saves ... OK
* checking line endings in C/C++/Fortran sources/headers ... OK
* checking line endings in Makefiles ... OK
* checking compilation flags in Makevars ... OK
* checking for GNU extensions in Makefiles ... OK
* checking for portable use of $(BLAS_LIBS) and $(LAPACK_LIBS) ... OK
* checking use of PKG_*FLAGS in Makefiles ... OK
* checking compiled code ... WARNING
Note: information on .o files is not available
File ‘/Library/Frameworks/R.framework/Versions/4.4-arm64/Resources/library/CNEr/libs/CNEr.so’:
Found ‘___sprintf_chk’, possibly from ‘sprintf’ (C)
Found ‘___stderrp’, possibly from ‘stderr’ (C)
Found ‘___stdoutp’, possibly from ‘stdout’ (C)
Found ‘_abort’, possibly from ‘abort’ (C)
Found ‘_exit’, possibly from ‘exit’ (C)
Found ‘_printf’, possibly from ‘printf’ (C)
Found ‘_puts’, possibly from ‘printf’ (C), ‘puts’ (C)
Found ‘_rand’, possibly from ‘rand’ (C)
Found ‘_sprintf’, possibly from ‘sprintf’ (C)
Compiled code should not call entry points which might terminate R nor
write to stdout/stderr instead of to the console, nor use Fortran I/O
nor system RNGs nor [v]sprintf. The detected symbols are linked into
the code but might come from libraries and not actually be called.
See ‘Writing portable packages’ in the ‘Writing R Extensions’ manual.
* checking files in ‘vignettes’ ... OK
* checking examples ... OK
Examples with CPU (user + system) or elapsed time > 5s
user system elapsed
makeGRBs 195.048 3.819 304.370
plotCNEWidth 7.985 0.348 12.683
syntenicDotplot 1.936 0.399 5.764
* checking for unstated dependencies in ‘tests’ ... OK
* checking tests ...
Running ‘testthat.R’
ERROR
Running the tests in ‘tests/testthat.R’ failed.
Last 13 lines of output:
The number of axt alignments is 352
[ FAIL 1 | WARN 0 | SKIP 1 | PASS 85 ]
══ Skipped tests (1) ═══════════════════════════════════════════════════════════
• empty test (1): 'test_GRBs.R:1:1'
══ Failed tests ════════════════════════════════════════════════════════════════
── Failure ('test_GRangePairs.R:100:3'): test_GRangePairs ──────────────────────
ans$first$pars not equal to 3.976482.
1/1 mismatches
[1] 3.98 - 3.98 == -0.00019
[ FAIL 1 | WARN 0 | SKIP 1 | PASS 85 ]
Error: Test failures
Execution halted
* checking for unstated dependencies in vignettes ... OK
* checking package vignettes ... OK
* checking running R code from vignettes ... SKIPPED
* checking re-building of vignette outputs ... SKIPPED
* checking PDF version of manual ... OK
* DONE
Status: 1 ERROR, 3 WARNINGs, 2 NOTEs
See
‘/Users/biocbuild/bbs-3.19-bioc/meat/CNEr.Rcheck/00check.log’
for details.
CNEr.Rcheck/00install.out
##############################################################################
##############################################################################
###
### Running command:
###
### /Library/Frameworks/R.framework/Resources/bin/R CMD INSTALL CNEr
###
##############################################################################
##############################################################################
* installing to library ‘/Library/Frameworks/R.framework/Versions/4.4-arm64/Resources/library’
* installing *source* package ‘CNEr’ ...
** using staged installation
** libs
using C compiler: ‘Apple clang version 15.0.0 (clang-1500.1.0.2.5)’
using SDK: ‘MacOSX11.3.sdk’
clang -arch arm64 -I"/Library/Frameworks/R.framework/Resources/include" -DNDEBUG -D_FILE_OFFSET_BITS=64 -I'/Library/Frameworks/R.framework/Versions/4.4-arm64/Resources/library/S4Vectors/include' -I'/Library/Frameworks/R.framework/Versions/4.4-arm64/Resources/library/IRanges/include' -I'/Library/Frameworks/R.framework/Versions/4.4-arm64/Resources/library/XVector/include' -I/opt/R/arm64/include -g -fPIC -falign-functions=64 -Wall -g -O2 -c S4Vectors_stubs.c -o S4Vectors_stubs.o
clang -arch arm64 -I"/Library/Frameworks/R.framework/Resources/include" -DNDEBUG -D_FILE_OFFSET_BITS=64 -I'/Library/Frameworks/R.framework/Versions/4.4-arm64/Resources/library/S4Vectors/include' -I'/Library/Frameworks/R.framework/Versions/4.4-arm64/Resources/library/IRanges/include' -I'/Library/Frameworks/R.framework/Versions/4.4-arm64/Resources/library/XVector/include' -I/opt/R/arm64/include -g -fPIC -falign-functions=64 -Wall -g -O2 -c IRanges_stubs.c -o IRanges_stubs.o
clang -arch arm64 -I"/Library/Frameworks/R.framework/Resources/include" -DNDEBUG -D_FILE_OFFSET_BITS=64 -I'/Library/Frameworks/R.framework/Versions/4.4-arm64/Resources/library/S4Vectors/include' -I'/Library/Frameworks/R.framework/Versions/4.4-arm64/Resources/library/IRanges/include' -I'/Library/Frameworks/R.framework/Versions/4.4-arm64/Resources/library/XVector/include' -I/opt/R/arm64/include -g -fPIC -falign-functions=64 -Wall -g -O2 -c XVector_stubs.c -o XVector_stubs.o
clang -arch arm64 -I"/Library/Frameworks/R.framework/Resources/include" -DNDEBUG -D_FILE_OFFSET_BITS=64 -I'/Library/Frameworks/R.framework/Versions/4.4-arm64/Resources/library/S4Vectors/include' -I'/Library/Frameworks/R.framework/Versions/4.4-arm64/Resources/library/IRanges/include' -I'/Library/Frameworks/R.framework/Versions/4.4-arm64/Resources/library/XVector/include' -I/opt/R/arm64/include -g -fPIC -falign-functions=64 -Wall -g -O2 -c R_init_CNEr.c -o R_init_CNEr.o
clang -arch arm64 -I"/Library/Frameworks/R.framework/Resources/include" -DNDEBUG -D_FILE_OFFSET_BITS=64 -I'/Library/Frameworks/R.framework/Versions/4.4-arm64/Resources/library/S4Vectors/include' -I'/Library/Frameworks/R.framework/Versions/4.4-arm64/Resources/library/IRanges/include' -I'/Library/Frameworks/R.framework/Versions/4.4-arm64/Resources/library/XVector/include' -I/opt/R/arm64/include -g -fPIC -falign-functions=64 -Wall -g -O2 -c utils.c -o utils.o
utils.c:49:7: warning: unused variable '_binFirstShift' [-Wunused-variable]
int _binFirstShift = binFirstShift();
^
utils.c:50:7: warning: unused variable '_binNextShift' [-Wunused-variable]
int _binNextShift = binNextShift();
^
2 warnings generated.
clang -arch arm64 -I"/Library/Frameworks/R.framework/Resources/include" -DNDEBUG -D_FILE_OFFSET_BITS=64 -I'/Library/Frameworks/R.framework/Versions/4.4-arm64/Resources/library/S4Vectors/include' -I'/Library/Frameworks/R.framework/Versions/4.4-arm64/Resources/library/IRanges/include' -I'/Library/Frameworks/R.framework/Versions/4.4-arm64/Resources/library/XVector/include' -I/opt/R/arm64/include -g -fPIC -falign-functions=64 -Wall -g -O2 -c io.c -o io.o
io.c:94:26: warning: unused variable 'curAxt' [-Wunused-variable]
struct axt *axt=NULL, *curAxt;
^
1 warning generated.
clang -arch arm64 -I"/Library/Frameworks/R.framework/Resources/include" -DNDEBUG -D_FILE_OFFSET_BITS=64 -I'/Library/Frameworks/R.framework/Versions/4.4-arm64/Resources/library/S4Vectors/include' -I'/Library/Frameworks/R.framework/Versions/4.4-arm64/Resources/library/IRanges/include' -I'/Library/Frameworks/R.framework/Versions/4.4-arm64/Resources/library/XVector/include' -I/opt/R/arm64/include -g -fPIC -falign-functions=64 -Wall -g -O2 -c ceScan.c -o ceScan.o
ceScan.c:613:10: warning: unused variable 'n' [-Wunused-variable]
int i, n;
^
ceScan.c:615:8: warning: unused variable 'rest' [-Wunused-variable]
char rest, path[PATH_LEN];
^
ceScan.c:673:23: warning: unused variable 'thresholds' [-Wunused-variable]
struct slThreshold *thresholds, *nextThreshold, *el_threshold;
^
ceScan.c:674:17: warning: unused variable 'CNE' [-Wunused-variable]
struct slCNE *CNE, *nextCNE, *el_CNE;
^
ceScan.c:865:17: warning: unused variable 'CNE' [-Wunused-variable]
struct slCNE *CNE;
^
ceScan.c:868:7: warning: unused variable 'nrCNE' [-Wunused-variable]
int nrCNE[nrThresholds], i;
^
ceScan.c:868:28: warning: unused variable 'i' [-Wunused-variable]
int nrCNE[nrThresholds], i;
^
ceScan.c:898:7: warning: unused variable 'nrThresholds' [-Wunused-variable]
int nrThresholds = GET_LENGTH(winSize);
^
8 warnings generated.
clang -arch arm64 -I"/Library/Frameworks/R.framework/Resources/include" -DNDEBUG -D_FILE_OFFSET_BITS=64 -I'/Library/Frameworks/R.framework/Versions/4.4-arm64/Resources/library/S4Vectors/include' -I'/Library/Frameworks/R.framework/Versions/4.4-arm64/Resources/library/IRanges/include' -I'/Library/Frameworks/R.framework/Versions/4.4-arm64/Resources/library/XVector/include' -I/opt/R/arm64/include -g -fPIC -falign-functions=64 -Wall -g -O2 -c ucsc/axt.c -o ucsc/axt.o
clang -arch arm64 -I"/Library/Frameworks/R.framework/Resources/include" -DNDEBUG -D_FILE_OFFSET_BITS=64 -I'/Library/Frameworks/R.framework/Versions/4.4-arm64/Resources/library/S4Vectors/include' -I'/Library/Frameworks/R.framework/Versions/4.4-arm64/Resources/library/IRanges/include' -I'/Library/Frameworks/R.framework/Versions/4.4-arm64/Resources/library/XVector/include' -I/opt/R/arm64/include -g -fPIC -falign-functions=64 -Wall -g -O2 -c ucsc/base64.c -o ucsc/base64.o
clang -arch arm64 -I"/Library/Frameworks/R.framework/Resources/include" -DNDEBUG -D_FILE_OFFSET_BITS=64 -I'/Library/Frameworks/R.framework/Versions/4.4-arm64/Resources/library/S4Vectors/include' -I'/Library/Frameworks/R.framework/Versions/4.4-arm64/Resources/library/IRanges/include' -I'/Library/Frameworks/R.framework/Versions/4.4-arm64/Resources/library/XVector/include' -I/opt/R/arm64/include -g -fPIC -falign-functions=64 -Wall -g -O2 -c ucsc/binRange.c -o ucsc/binRange.o
clang -arch arm64 -I"/Library/Frameworks/R.framework/Resources/include" -DNDEBUG -D_FILE_OFFSET_BITS=64 -I'/Library/Frameworks/R.framework/Versions/4.4-arm64/Resources/library/S4Vectors/include' -I'/Library/Frameworks/R.framework/Versions/4.4-arm64/Resources/library/IRanges/include' -I'/Library/Frameworks/R.framework/Versions/4.4-arm64/Resources/library/XVector/include' -I/opt/R/arm64/include -g -fPIC -falign-functions=64 -Wall -g -O2 -c ucsc/bits.c -o ucsc/bits.o
clang -arch arm64 -I"/Library/Frameworks/R.framework/Resources/include" -DNDEBUG -D_FILE_OFFSET_BITS=64 -I'/Library/Frameworks/R.framework/Versions/4.4-arm64/Resources/library/S4Vectors/include' -I'/Library/Frameworks/R.framework/Versions/4.4-arm64/Resources/library/IRanges/include' -I'/Library/Frameworks/R.framework/Versions/4.4-arm64/Resources/library/XVector/include' -I/opt/R/arm64/include -g -fPIC -falign-functions=64 -Wall -g -O2 -c ucsc/chain.c -o ucsc/chain.o
ucsc/chain.c:399:5: warning: variable 'usedCount' set but not used [-Wunused-but-set-variable]
int usedCount = 0, count = 0;
^
ucsc/chain.c:399:20: warning: variable 'count' set but not used [-Wunused-but-set-variable]
int usedCount = 0, count = 0;
^
2 warnings generated.
clang -arch arm64 -I"/Library/Frameworks/R.framework/Resources/include" -DNDEBUG -D_FILE_OFFSET_BITS=64 -I'/Library/Frameworks/R.framework/Versions/4.4-arm64/Resources/library/S4Vectors/include' -I'/Library/Frameworks/R.framework/Versions/4.4-arm64/Resources/library/IRanges/include' -I'/Library/Frameworks/R.framework/Versions/4.4-arm64/Resources/library/XVector/include' -I/opt/R/arm64/include -g -fPIC -falign-functions=64 -Wall -g -O2 -c ucsc/_cheapcgi.c -o ucsc/_cheapcgi.o
clang -arch arm64 -I"/Library/Frameworks/R.framework/Resources/include" -DNDEBUG -D_FILE_OFFSET_BITS=64 -I'/Library/Frameworks/R.framework/Versions/4.4-arm64/Resources/library/S4Vectors/include' -I'/Library/Frameworks/R.framework/Versions/4.4-arm64/Resources/library/IRanges/include' -I'/Library/Frameworks/R.framework/Versions/4.4-arm64/Resources/library/XVector/include' -I/opt/R/arm64/include -g -fPIC -falign-functions=64 -Wall -g -O2 -c ucsc/cirTree.c -o ucsc/cirTree.o
ucsc/cirTree.c:475:16: warning: unused function 'cirTreeOverlaps' [-Wunused-function]
INLINE boolean cirTreeOverlaps(int qChrom, int qStart, int qEnd,
^
1 warning generated.
clang -arch arm64 -I"/Library/Frameworks/R.framework/Resources/include" -DNDEBUG -D_FILE_OFFSET_BITS=64 -I'/Library/Frameworks/R.framework/Versions/4.4-arm64/Resources/library/S4Vectors/include' -I'/Library/Frameworks/R.framework/Versions/4.4-arm64/Resources/library/IRanges/include' -I'/Library/Frameworks/R.framework/Versions/4.4-arm64/Resources/library/XVector/include' -I/opt/R/arm64/include -g -fPIC -falign-functions=64 -Wall -g -O2 -c ucsc/common.c -o ucsc/common.o
ucsc/common.c:360:13: warning: passing arguments to a function without a prototype is deprecated in all versions of C and is not supported in C2x [-Wdeprecated-non-prototype]
free(el);
^
ucsc/common.c:1982:18: warning: equality comparison with extraneous parentheses [-Wparentheses-equality]
if ((*in == '"'))
~~~~^~~~~~
ucsc/common.c:1982:18: note: remove extraneous parentheses around the comparison to silence this warning
if ((*in == '"'))
~ ^ ~
ucsc/common.c:1982:18: note: use '=' to turn this equality comparison into an assignment
if ((*in == '"'))
^~
=
2 warnings generated.
clang -arch arm64 -I"/Library/Frameworks/R.framework/Resources/include" -DNDEBUG -D_FILE_OFFSET_BITS=64 -I'/Library/Frameworks/R.framework/Versions/4.4-arm64/Resources/library/S4Vectors/include' -I'/Library/Frameworks/R.framework/Versions/4.4-arm64/Resources/library/IRanges/include' -I'/Library/Frameworks/R.framework/Versions/4.4-arm64/Resources/library/XVector/include' -I/opt/R/arm64/include -g -fPIC -falign-functions=64 -Wall -g -O2 -c ucsc/dlist.c -o ucsc/dlist.o
clang -arch arm64 -I"/Library/Frameworks/R.framework/Resources/include" -DNDEBUG -D_FILE_OFFSET_BITS=64 -I'/Library/Frameworks/R.framework/Versions/4.4-arm64/Resources/library/S4Vectors/include' -I'/Library/Frameworks/R.framework/Versions/4.4-arm64/Resources/library/IRanges/include' -I'/Library/Frameworks/R.framework/Versions/4.4-arm64/Resources/library/XVector/include' -I/opt/R/arm64/include -g -fPIC -falign-functions=64 -Wall -g -O2 -c ucsc/dnaseq.c -o ucsc/dnaseq.o
clang -arch arm64 -I"/Library/Frameworks/R.framework/Resources/include" -DNDEBUG -D_FILE_OFFSET_BITS=64 -I'/Library/Frameworks/R.framework/Versions/4.4-arm64/Resources/library/S4Vectors/include' -I'/Library/Frameworks/R.framework/Versions/4.4-arm64/Resources/library/IRanges/include' -I'/Library/Frameworks/R.framework/Versions/4.4-arm64/Resources/library/XVector/include' -I/opt/R/arm64/include -g -fPIC -falign-functions=64 -Wall -g -O2 -c ucsc/dnautil.c -o ucsc/dnautil.o
ucsc/dnautil.c:942:5: warning: variable 'pastPoly' set but not used [-Wunused-but-set-variable]
int pastPoly = 0;
^
1 warning generated.
clang -arch arm64 -I"/Library/Frameworks/R.framework/Resources/include" -DNDEBUG -D_FILE_OFFSET_BITS=64 -I'/Library/Frameworks/R.framework/Versions/4.4-arm64/Resources/library/S4Vectors/include' -I'/Library/Frameworks/R.framework/Versions/4.4-arm64/Resources/library/IRanges/include' -I'/Library/Frameworks/R.framework/Versions/4.4-arm64/Resources/library/XVector/include' -I/opt/R/arm64/include -g -fPIC -falign-functions=64 -Wall -g -O2 -c ucsc/dystring.c -o ucsc/dystring.o
clang -arch arm64 -I"/Library/Frameworks/R.framework/Resources/include" -DNDEBUG -D_FILE_OFFSET_BITS=64 -I'/Library/Frameworks/R.framework/Versions/4.4-arm64/Resources/library/S4Vectors/include' -I'/Library/Frameworks/R.framework/Versions/4.4-arm64/Resources/library/IRanges/include' -I'/Library/Frameworks/R.framework/Versions/4.4-arm64/Resources/library/XVector/include' -I/opt/R/arm64/include -g -fPIC -falign-functions=64 -Wall -g -O2 -c ucsc/errabort.c -o ucsc/errabort.o
ucsc/errabort.c:30:19: warning: unused variable 'rcsid' [-Wunused-const-variable]
static char const rcsid[] = "$Id: errabort.c,v 1.16 2010/01/12 18:16:27 markd Exp $";
^
1 warning generated.
clang -arch arm64 -I"/Library/Frameworks/R.framework/Resources/include" -DNDEBUG -D_FILE_OFFSET_BITS=64 -I'/Library/Frameworks/R.framework/Versions/4.4-arm64/Resources/library/S4Vectors/include' -I'/Library/Frameworks/R.framework/Versions/4.4-arm64/Resources/library/IRanges/include' -I'/Library/Frameworks/R.framework/Versions/4.4-arm64/Resources/library/XVector/include' -I/opt/R/arm64/include -g -fPIC -falign-functions=64 -Wall -g -O2 -c ucsc/hash.c -o ucsc/hash.o
ucsc/hash.c:625:17: warning: passing arguments to a function without a prototype is deprecated in all versions of C and is not supported in C2x [-Wdeprecated-non-prototype]
freeFunc(&hel->val);
^
1 warning generated.
clang -arch arm64 -I"/Library/Frameworks/R.framework/Resources/include" -DNDEBUG -D_FILE_OFFSET_BITS=64 -I'/Library/Frameworks/R.framework/Versions/4.4-arm64/Resources/library/S4Vectors/include' -I'/Library/Frameworks/R.framework/Versions/4.4-arm64/Resources/library/IRanges/include' -I'/Library/Frameworks/R.framework/Versions/4.4-arm64/Resources/library/XVector/include' -I/opt/R/arm64/include -g -fPIC -falign-functions=64 -Wall -g -O2 -c ucsc/https.c -o ucsc/https.o
clang -arch arm64 -I"/Library/Frameworks/R.framework/Resources/include" -DNDEBUG -D_FILE_OFFSET_BITS=64 -I'/Library/Frameworks/R.framework/Versions/4.4-arm64/Resources/library/S4Vectors/include' -I'/Library/Frameworks/R.framework/Versions/4.4-arm64/Resources/library/IRanges/include' -I'/Library/Frameworks/R.framework/Versions/4.4-arm64/Resources/library/XVector/include' -I/opt/R/arm64/include -g -fPIC -falign-functions=64 -Wall -g -O2 -c ucsc/intExp.c -o ucsc/intExp.o
clang -arch arm64 -I"/Library/Frameworks/R.framework/Resources/include" -DNDEBUG -D_FILE_OFFSET_BITS=64 -I'/Library/Frameworks/R.framework/Versions/4.4-arm64/Resources/library/S4Vectors/include' -I'/Library/Frameworks/R.framework/Versions/4.4-arm64/Resources/library/IRanges/include' -I'/Library/Frameworks/R.framework/Versions/4.4-arm64/Resources/library/XVector/include' -I/opt/R/arm64/include -g -fPIC -falign-functions=64 -Wall -g -O2 -c ucsc/kxTok.c -o ucsc/kxTok.o
clang -arch arm64 -I"/Library/Frameworks/R.framework/Resources/include" -DNDEBUG -D_FILE_OFFSET_BITS=64 -I'/Library/Frameworks/R.framework/Versions/4.4-arm64/Resources/library/S4Vectors/include' -I'/Library/Frameworks/R.framework/Versions/4.4-arm64/Resources/library/IRanges/include' -I'/Library/Frameworks/R.framework/Versions/4.4-arm64/Resources/library/XVector/include' -I/opt/R/arm64/include -g -fPIC -falign-functions=64 -Wall -g -O2 -c ucsc/linefile.c -o ucsc/linefile.o
clang -arch arm64 -I"/Library/Frameworks/R.framework/Resources/include" -DNDEBUG -D_FILE_OFFSET_BITS=64 -I'/Library/Frameworks/R.framework/Versions/4.4-arm64/Resources/library/S4Vectors/include' -I'/Library/Frameworks/R.framework/Versions/4.4-arm64/Resources/library/IRanges/include' -I'/Library/Frameworks/R.framework/Versions/4.4-arm64/Resources/library/XVector/include' -I/opt/R/arm64/include -g -fPIC -falign-functions=64 -Wall -g -O2 -c ucsc/localmem.c -o ucsc/localmem.o
clang -arch arm64 -I"/Library/Frameworks/R.framework/Resources/include" -DNDEBUG -D_FILE_OFFSET_BITS=64 -I'/Library/Frameworks/R.framework/Versions/4.4-arm64/Resources/library/S4Vectors/include' -I'/Library/Frameworks/R.framework/Versions/4.4-arm64/Resources/library/IRanges/include' -I'/Library/Frameworks/R.framework/Versions/4.4-arm64/Resources/library/XVector/include' -I/opt/R/arm64/include -g -fPIC -falign-functions=64 -Wall -g -O2 -c ucsc/memalloc.c -o ucsc/memalloc.o
clang -arch arm64 -I"/Library/Frameworks/R.framework/Resources/include" -DNDEBUG -D_FILE_OFFSET_BITS=64 -I'/Library/Frameworks/R.framework/Versions/4.4-arm64/Resources/library/S4Vectors/include' -I'/Library/Frameworks/R.framework/Versions/4.4-arm64/Resources/library/IRanges/include' -I'/Library/Frameworks/R.framework/Versions/4.4-arm64/Resources/library/XVector/include' -I/opt/R/arm64/include -g -fPIC -falign-functions=64 -Wall -g -O2 -c ucsc/obscure.c -o ucsc/obscure.o
clang -arch arm64 -I"/Library/Frameworks/R.framework/Resources/include" -DNDEBUG -D_FILE_OFFSET_BITS=64 -I'/Library/Frameworks/R.framework/Versions/4.4-arm64/Resources/library/S4Vectors/include' -I'/Library/Frameworks/R.framework/Versions/4.4-arm64/Resources/library/IRanges/include' -I'/Library/Frameworks/R.framework/Versions/4.4-arm64/Resources/library/XVector/include' -I/opt/R/arm64/include -g -fPIC -falign-functions=64 -Wall -g -O2 -c ucsc/options.c -o ucsc/options.o
ucsc/options.c:49:11: warning: variable 'discardMe' set but not used [-Wunused-but-set-variable]
long long discardMe = 0;
^
1 warning generated.
clang -arch arm64 -I"/Library/Frameworks/R.framework/Resources/include" -DNDEBUG -D_FILE_OFFSET_BITS=64 -I'/Library/Frameworks/R.framework/Versions/4.4-arm64/Resources/library/S4Vectors/include' -I'/Library/Frameworks/R.framework/Versions/4.4-arm64/Resources/library/IRanges/include' -I'/Library/Frameworks/R.framework/Versions/4.4-arm64/Resources/library/XVector/include' -I/opt/R/arm64/include -g -fPIC -falign-functions=64 -Wall -g -O2 -c ucsc/pipeline.c -o ucsc/pipeline.o
ucsc/pipeline.c:366:9: warning: variable 'l' set but not used [-Wunused-but-set-variable]
ssize_t l = read(proc->execPipeParent, buf, sizeof(buf));
^
1 warning generated.
clang -arch arm64 -I"/Library/Frameworks/R.framework/Resources/include" -DNDEBUG -D_FILE_OFFSET_BITS=64 -I'/Library/Frameworks/R.framework/Versions/4.4-arm64/Resources/library/S4Vectors/include' -I'/Library/Frameworks/R.framework/Versions/4.4-arm64/Resources/library/IRanges/include' -I'/Library/Frameworks/R.framework/Versions/4.4-arm64/Resources/library/XVector/include' -I/opt/R/arm64/include -g -fPIC -falign-functions=64 -Wall -g -O2 -c ucsc/_portimpl.c -o ucsc/_portimpl.o
clang -arch arm64 -I"/Library/Frameworks/R.framework/Resources/include" -DNDEBUG -D_FILE_OFFSET_BITS=64 -I'/Library/Frameworks/R.framework/Versions/4.4-arm64/Resources/library/S4Vectors/include' -I'/Library/Frameworks/R.framework/Versions/4.4-arm64/Resources/library/IRanges/include' -I'/Library/Frameworks/R.framework/Versions/4.4-arm64/Resources/library/XVector/include' -I/opt/R/arm64/include -g -fPIC -falign-functions=64 -Wall -g -O2 -c ucsc/sqlList.c -o ucsc/sqlList.o
clang -arch arm64 -I"/Library/Frameworks/R.framework/Resources/include" -DNDEBUG -D_FILE_OFFSET_BITS=64 -I'/Library/Frameworks/R.framework/Versions/4.4-arm64/Resources/library/S4Vectors/include' -I'/Library/Frameworks/R.framework/Versions/4.4-arm64/Resources/library/IRanges/include' -I'/Library/Frameworks/R.framework/Versions/4.4-arm64/Resources/library/XVector/include' -I/opt/R/arm64/include -g -fPIC -falign-functions=64 -Wall -g -O2 -c ucsc/sqlNum.c -o ucsc/sqlNum.o
clang -arch arm64 -I"/Library/Frameworks/R.framework/Resources/include" -DNDEBUG -D_FILE_OFFSET_BITS=64 -I'/Library/Frameworks/R.framework/Versions/4.4-arm64/Resources/library/S4Vectors/include' -I'/Library/Frameworks/R.framework/Versions/4.4-arm64/Resources/library/IRanges/include' -I'/Library/Frameworks/R.framework/Versions/4.4-arm64/Resources/library/XVector/include' -I/opt/R/arm64/include -g -fPIC -falign-functions=64 -Wall -g -O2 -c ucsc/verbose.c -o ucsc/verbose.o
clang -arch arm64 -I"/Library/Frameworks/R.framework/Resources/include" -DNDEBUG -D_FILE_OFFSET_BITS=64 -I'/Library/Frameworks/R.framework/Versions/4.4-arm64/Resources/library/S4Vectors/include' -I'/Library/Frameworks/R.framework/Versions/4.4-arm64/Resources/library/IRanges/include' -I'/Library/Frameworks/R.framework/Versions/4.4-arm64/Resources/library/XVector/include' -I/opt/R/arm64/include -g -fPIC -falign-functions=64 -Wall -g -O2 -c ucsc/os.c -o ucsc/os.o
clang -arch arm64 -I"/Library/Frameworks/R.framework/Resources/include" -DNDEBUG -D_FILE_OFFSET_BITS=64 -I'/Library/Frameworks/R.framework/Versions/4.4-arm64/Resources/library/S4Vectors/include' -I'/Library/Frameworks/R.framework/Versions/4.4-arm64/Resources/library/IRanges/include' -I'/Library/Frameworks/R.framework/Versions/4.4-arm64/Resources/library/XVector/include' -I/opt/R/arm64/include -g -fPIC -falign-functions=64 -Wall -g -O2 -c ucsc/wildcmp.c -o ucsc/wildcmp.o
clang -arch arm64 -dynamiclib -Wl,-headerpad_max_install_names -undefined dynamic_lookup -L/Library/Frameworks/R.framework/Resources/lib -L/opt/R/arm64/lib -o CNEr.so S4Vectors_stubs.o IRanges_stubs.o XVector_stubs.o R_init_CNEr.o utils.o io.o ceScan.o ucsc/axt.o ucsc/base64.o ucsc/binRange.o ucsc/bits.o ucsc/chain.o ucsc/_cheapcgi.o ucsc/cirTree.o ucsc/common.o ucsc/dlist.o ucsc/dnaseq.o ucsc/dnautil.o ucsc/dystring.o ucsc/errabort.o ucsc/hash.o ucsc/https.o ucsc/intExp.o ucsc/kxTok.o ucsc/linefile.o ucsc/localmem.o ucsc/memalloc.o ucsc/obscure.o ucsc/options.o ucsc/pipeline.o ucsc/_portimpl.o ucsc/sqlList.o ucsc/sqlNum.o ucsc/verbose.o ucsc/os.o ucsc/wildcmp.o -lz -F/Library/Frameworks/R.framework/.. -framework R -Wl,-framework -Wl,CoreFoundation
installing to /Library/Frameworks/R.framework/Versions/4.4-arm64/Resources/library/00LOCK-CNEr/00new/CNEr/libs
** R
** data
** inst
** byte-compile and prepare package for lazy loading
** help
*** installing help indices
** building package indices
** installing vignettes
** testing if installed package can be loaded from temporary location
** checking absolute paths in shared objects and dynamic libraries
** testing if installed package can be loaded from final location
** testing if installed package keeps a record of temporary installation path
* DONE (CNEr)
CNEr.Rcheck/tests/testthat.Rout.fail
R version 4.4.0 (2024-04-24) -- "Puppy Cup"
Copyright (C) 2024 The R Foundation for Statistical Computing
Platform: aarch64-apple-darwin20
R is free software and comes with ABSOLUTELY NO WARRANTY.
You are welcome to redistribute it under certain conditions.
Type 'license()' or 'licence()' for distribution details.
R is a collaborative project with many contributors.
Type 'contributors()' for more information and
'citation()' on how to cite R or R packages in publications.
Type 'demo()' for some demos, 'help()' for on-line help, or
'help.start()' for an HTML browser interface to help.
Type 'q()' to quit R.
> library(testthat)
> library(CNEr)
>
> test_check("CNEr")
The number of axt files 1
The number of axt alignments is 50
The number of axt files 1
The number of axt alignments is 352
The number of axt files 1
The number of axt alignments is 352
The number of axt files 1
The number of axt alignments is 352
The number of axt files 1
The number of axt alignments is 50
The number of axt files 1
The number of axt alignments is 50
The number of axt files 1
The number of axt alignments is 50
The number of axt files 1
The number of axt alignments is 50
The number of axt files 1
The number of axt alignments is 352
[ FAIL 1 | WARN 0 | SKIP 1 | PASS 85 ]
══ Skipped tests (1) ═══════════════════════════════════════════════════════════
• empty test (1): 'test_GRBs.R:1:1'
══ Failed tests ════════════════════════════════════════════════════════════════
── Failure ('test_GRangePairs.R:100:3'): test_GRangePairs ──────────────────────
ans$first$pars not equal to 3.976482.
1/1 mismatches
[1] 3.98 - 3.98 == -0.00019
[ FAIL 1 | WARN 0 | SKIP 1 | PASS 85 ]
Error: Test failures
Execution halted
CNEr.Rcheck/CNEr-Ex.timings
| name | user | system | elapsed | |
| AssemblyStats | 0.015 | 0.013 | 0.048 | |
| Axt-class | 1.007 | 0.048 | 1.805 | |
| Axt-util | 1.571 | 0.018 | 2.534 | |
| CNE-class | 0.256 | 0.016 | 0.367 | |
| CNEDanRer10Hg38 | 0.009 | 0.003 | 0.019 | |
| CNEDensity | 0.580 | 0.018 | 0.903 | |
| GRangePairs-class | 0.778 | 0.067 | 1.424 | |
| addAncestorGO | 0 | 0 | 0 | |
| axisTrack | 0.005 | 0.006 | 0.022 | |
| axtChain | 0.001 | 0.000 | 0.001 | |
| axtInfo | 0.002 | 0.001 | 0.003 | |
| binner | 0.003 | 0.001 | 0.008 | |
| blatCNE | 0.000 | 0.000 | 0.001 | |
| ceScan-methods | 1.992 | 0.163 | 3.566 | |
| chainMergeSort | 0.000 | 0.000 | 0.001 | |
| chainNetSyntenic | 0 | 0 | 0 | |
| chainPreNet | 0.001 | 0.001 | 0.000 | |
| cneFinalListDanRer10Hg38 | 0.026 | 0.003 | 0.043 | |
| cneMerge | 0.590 | 0.031 | 1.006 | |
| fetchChromSizes | 0 | 0 | 0 | |
| fixCoordinates | 0.614 | 0.071 | 1.091 | |
| grangesPairsForDotplot | 0.002 | 0.002 | 0.007 | |
| last | 0.000 | 0.001 | 0.004 | |
| lastz | 0.000 | 0.000 | 0.001 | |
| lavToPsl | 0 | 0 | 0 | |
| makeAncoraFiles | 0.038 | 0.003 | 0.066 | |
| makeAxtTracks | 0.293 | 0.013 | 0.495 | |
| makeCNEDensity | 0 | 0 | 0 | |
| makeGRBs | 195.048 | 3.819 | 304.370 | |
| matchDistribution | 0.386 | 0.015 | 0.647 | |
| netToAxt | 0 | 0 | 0 | |
| orgKEGGIds2EntrezIDs | 0 | 0 | 0 | |
| plotCNEDistribution | 0.542 | 0.018 | 0.814 | |
| plotCNEWidth | 7.985 | 0.348 | 12.683 | |
| psubAxt | 0.529 | 0.029 | 0.812 | |
| read.rmMask.GRanges | 0.027 | 0.002 | 0.037 | |
| read.rmskFasta | 0.043 | 0.002 | 0.077 | |
| readAncora | 0.095 | 0.003 | 0.157 | |
| readAncoraIntoSQLite | 1.085 | 0.033 | 1.721 | |
| readAxt | 0.080 | 0.009 | 0.147 | |
| readBed | 0.061 | 0.013 | 0.102 | |
| readCNERangesFromSQLite | 0.102 | 0.013 | 0.187 | |
| reverseCigar | 0.002 | 0.000 | 0.002 | |
| saveCNEToSQLite | 0.290 | 0.018 | 0.464 | |
| scoringMatrix | 0.000 | 0.000 | 0.001 | |
| subAxt-methods | 1.030 | 0.043 | 1.724 | |
| syntenicDotplot | 1.936 | 0.399 | 5.764 | |
| writeAxt | 0.092 | 0.010 | 0.164 | |