| Back to Mac ARM64 build report for BioC 3.18 |
|
This page was generated on 2024-04-18 11:32:16 -0400 (Thu, 18 Apr 2024).
| Hostname | OS | Arch (*) | R version | Installed pkgs |
|---|---|---|---|---|
| kjohnson1 | macOS 13.6.1 Ventura | arm64 | 4.3.3 (2024-02-29) -- "Angel Food Cake" | 4388 |
| Click on any hostname to see more info about the system (e.g. compilers) (*) as reported by 'uname -p', except on Windows and Mac OS X | ||||
| Package 1611/2266 | Hostname | OS / Arch | INSTALL | BUILD | CHECK | BUILD BIN | ||||||||
| ptairMS 1.10.0 (landing page) camille Roquencourt
| kjohnson1 | macOS 13.6.1 Ventura / arm64 | OK | OK | ERROR | OK | ||||||||
|
To the developers/maintainers of the ptairMS package: - Use the following Renviron settings to reproduce errors and warnings. - If 'R CMD check' started to fail recently on the Linux builder(s) over a missing dependency, add the missing dependency to 'Suggests:' in your DESCRIPTION file. See Renviron.bioc for more information. |
| Package: ptairMS |
| Version: 1.10.0 |
| Command: /Library/Frameworks/R.framework/Resources/bin/R CMD check --install=check:ptairMS.install-out.txt --library=/Library/Frameworks/R.framework/Resources/library --no-vignettes --timings ptairMS_1.10.0.tar.gz |
| StartedAt: 2024-04-17 23:49:25 -0400 (Wed, 17 Apr 2024) |
| EndedAt: 2024-04-17 23:58:57 -0400 (Wed, 17 Apr 2024) |
| EllapsedTime: 572.2 seconds |
| RetCode: 1 |
| Status: ERROR |
| CheckDir: ptairMS.Rcheck |
| Warnings: NA |
##############################################################################
##############################################################################
###
### Running command:
###
### /Library/Frameworks/R.framework/Resources/bin/R CMD check --install=check:ptairMS.install-out.txt --library=/Library/Frameworks/R.framework/Resources/library --no-vignettes --timings ptairMS_1.10.0.tar.gz
###
##############################################################################
##############################################################################
* using log directory ‘/Users/biocbuild/bbs-3.18-bioc-mac-arm64/meat/ptairMS.Rcheck’
* using R version 4.3.3 (2024-02-29)
* using platform: aarch64-apple-darwin20 (64-bit)
* R was compiled by
Apple clang version 14.0.0 (clang-1400.0.29.202)
GNU Fortran (GCC) 12.2.0
* running under: macOS Ventura 13.6.1
* using session charset: UTF-8
* using option ‘--no-vignettes’
* checking for file ‘ptairMS/DESCRIPTION’ ... OK
* this is package ‘ptairMS’ version ‘1.10.0’
* package encoding: UTF-8
* checking package namespace information ... OK
* checking package dependencies ... OK
* checking if this is a source package ... OK
* checking if there is a namespace ... OK
* checking for hidden files and directories ... OK
* checking for portable file names ... OK
* checking for sufficient/correct file permissions ... OK
* checking whether package ‘ptairMS’ can be installed ... WARNING
Found the following significant warnings:
Warning: replacing previous import ‘Biobase::cache’ by ‘bit64::cache’ when loading ‘ptairMS’
See ‘/Users/biocbuild/bbs-3.18-bioc-mac-arm64/meat/ptairMS.Rcheck/00install.out’ for details.
* used C++ compiler: ‘Apple clang version 15.0.0 (clang-1500.0.40.1)’
* used SDK: ‘MacOSX11.3.sdk’
* checking installed package size ... OK
* checking package directory ... OK
* checking ‘build’ directory ... OK
* checking DESCRIPTION meta-information ... OK
* checking top-level files ... OK
* checking for left-over files ... OK
* checking index information ... OK
* checking package subdirectories ... OK
* checking R files for non-ASCII characters ... OK
* checking R files for syntax errors ... OK
* checking whether the package can be loaded ... OK
* checking whether the package can be loaded with stated dependencies ... OK
* checking whether the package can be unloaded cleanly ... OK
* checking whether the namespace can be loaded with stated dependencies ... OK
* checking whether the namespace can be unloaded cleanly ... OK
* checking dependencies in R code ... WARNING
'::' or ':::' imports not declared from:
‘htmlwidgets’ ‘plyr’
There are ::: calls to the package's namespace in its code. A package
almost never needs to use ::: for its own objects:
‘getCalibrationInfo’ ‘getPeakList’ ‘getPeaksInfo’ ‘getTimeInfo’
‘processFileTemporalNominalMass’ ‘tofToMz’
* checking S3 generic/method consistency ... OK
* checking replacement functions ... OK
* checking foreign function calls ... OK
* checking R code for possible problems ... OK
* checking Rd files ... OK
* checking Rd metadata ... OK
* checking Rd cross-references ... OK
* checking for missing documentation entries ... OK
* checking for code/documentation mismatches ... OK
* checking Rd \usage sections ... OK
* checking Rd contents ... OK
* checking for unstated dependencies in examples ... OK
* checking line endings in C/C++/Fortran sources/headers ... OK
* checking compiled code ... NOTE
Note: information on .o files is not available
* checking files in ‘vignettes’ ... OK
* checking examples ... OK
Examples with CPU (user + system) or elapsed time > 5s
user system elapsed
detectPeak 99.877 5.732 110.381
imputeMat 16.697 1.440 18.157
alignSamples 16.254 1.381 17.700
writeEset 15.347 1.867 17.256
getPeakList 14.402 1.319 15.746
impute 14.329 1.230 15.571
annotation 14.206 1.204 15.536
plotTIC 12.976 1.102 14.136
plot 12.737 0.885 13.674
plotRaw 11.503 0.931 12.448
plotFeatures 11.274 0.967 12.341
resetSampleMetadata 10.920 0.724 11.709
rmPeakList 10.843 0.619 11.468
defineKnots 10.445 0.829 11.343
plotCalib 9.734 0.752 10.510
updatePtrSet 9.616 0.787 10.477
exportSampleMetada 9.189 0.954 10.187
getDirectory 9.302 0.774 10.110
importSampleMetadata 9.214 0.787 10.066
changeTimeLimits 9.095 0.798 9.924
setSampleMetadata 8.998 0.818 9.870
createPtrSet 8.737 0.792 9.561
getFileNames 8.816 0.616 9.473
getSampleMetadata 8.724 0.680 9.427
convert_to_mzML 7.454 0.267 7.735
* checking for unstated dependencies in ‘tests’ ... OK
* checking tests ...
Running ‘testthat.R’
ERROR
Running the tests in ‘tests/testthat.R’ failed.
Last 13 lines of output:
1. └─ptairMS (local) test_alignSamples()
2. └─testthat::expect_equal(nrow(Biobase::exprs(eset)), 1) at test-alignment.R:40:3
── Failure ('test-annotation.R:32:1'): annotateVOC function and findIsotope ────
Biobase::fData(bacteria.eset)[1, "isotope"] not equal to row.names(Biobase::fData(bacteria.eset))[2].
1/1 mismatches
x[1]: "60.0514"
y[1]: "59.0608"
Backtrace:
▆
1. └─ptairMS (local) test_annotateVOC_and_isotope()
2. └─testthat::expect_equal(...) at test-annotation.R:28:3
[ FAIL 3 | WARN 0 | SKIP 0 | PASS 56 ]
Error: Test failures
Execution halted
* checking for unstated dependencies in vignettes ... OK
* checking package vignettes in ‘inst/doc’ ... OK
* checking running R code from vignettes ... SKIPPED
* checking re-building of vignette outputs ... SKIPPED
* checking PDF version of manual ... OK
* DONE
Status: 1 ERROR, 2 WARNINGs, 1 NOTE
See
‘/Users/biocbuild/bbs-3.18-bioc-mac-arm64/meat/ptairMS.Rcheck/00check.log’
for details.
ptairMS.Rcheck/00install.out
############################################################################## ############################################################################## ### ### Running command: ### ### /Library/Frameworks/R.framework/Resources/bin/R CMD INSTALL ptairMS ### ############################################################################## ############################################################################## * installing to library ‘/Library/Frameworks/R.framework/Versions/4.3-arm64/Resources/library’ * installing *source* package ‘ptairMS’ ... ** using staged installation ** libs using C++ compiler: ‘Apple clang version 15.0.0 (clang-1500.0.40.1)’ using SDK: ‘MacOSX11.3.sdk’ clang++ -arch arm64 -std=gnu++17 -I"/Library/Frameworks/R.framework/Resources/include" -DNDEBUG -I'/Library/Frameworks/R.framework/Versions/4.3-arm64/Resources/library/Rcpp/include' -I/opt/R/arm64/include -fPIC -falign-functions=64 -Wall -g -O2 -c RcppExports.cpp -o RcppExports.o clang++ -arch arm64 -std=gnu++17 -I"/Library/Frameworks/R.framework/Resources/include" -DNDEBUG -I'/Library/Frameworks/R.framework/Versions/4.3-arm64/Resources/library/Rcpp/include' -I/opt/R/arm64/include -fPIC -falign-functions=64 -Wall -g -O2 -c align.cpp -o align.o clang++ -arch arm64 -std=gnu++17 -I"/Library/Frameworks/R.framework/Resources/include" -DNDEBUG -I'/Library/Frameworks/R.framework/Versions/4.3-arm64/Resources/library/Rcpp/include' -I/opt/R/arm64/include -fPIC -falign-functions=64 -Wall -g -O2 -c findEqualGreaterM.cpp -o findEqualGreaterM.o clang++ -arch arm64 -std=gnu++17 -dynamiclib -Wl,-headerpad_max_install_names -undefined dynamic_lookup -L/Library/Frameworks/R.framework/Resources/lib -L/opt/R/arm64/lib -o ptairMS.so RcppExports.o align.o findEqualGreaterM.o -F/Library/Frameworks/R.framework/.. -framework R -Wl,-framework -Wl,CoreFoundation installing to /Library/Frameworks/R.framework/Versions/4.3-arm64/Resources/library/00LOCK-ptairMS/00new/ptairMS/libs ** R ** inst ** byte-compile and prepare package for lazy loading Warning: replacing previous import ‘Biobase::cache’ by ‘bit64::cache’ when loading ‘ptairMS’ ** help *** installing help indices ** building package indices ** installing vignettes ** testing if installed package can be loaded from temporary location Warning: replacing previous import ‘Biobase::cache’ by ‘bit64::cache’ when loading ‘ptairMS’ ** checking absolute paths in shared objects and dynamic libraries ** testing if installed package can be loaded from final location Warning: replacing previous import ‘Biobase::cache’ by ‘bit64::cache’ when loading ‘ptairMS’ ** testing if installed package keeps a record of temporary installation path * DONE (ptairMS)
ptairMS.Rcheck/tests/testthat.Rout.fail
R version 4.3.3 (2024-02-29) -- "Angel Food Cake"
Copyright (C) 2024 The R Foundation for Statistical Computing
Platform: aarch64-apple-darwin20 (64-bit)
R is free software and comes with ABSOLUTELY NO WARRANTY.
You are welcome to redistribute it under certain conditions.
Type 'license()' or 'licence()' for distribution details.
R is a collaborative project with many contributors.
Type 'contributors()' for more information and
'citation()' on how to cite R or R packages in publications.
Type 'demo()' for some demos, 'help()' for on-line help, or
'help.start()' for an HTML browser interface to help.
Type 'q()' to quit R.
> library(testthat)
> library(ptairMS)
Warning message:
replacing previous import 'Biobase::cache' by 'bit64::cache' when loading 'ptairMS'
>
> test_check("ptairMS")
Control1.h5 : 3 peaks detected
Control2.h5 : 4 peaks detected
Specie-a1.h5 : 2 peaks detected
Specie-a2.h5 : 3 peaks detected
specie-b1.h5 : 4 peaks detected
specie-b2.h5 : 3 peaks detected
Control1.h5 : 2 peaks detected
Control2.h5 : 2 peaks detected
Specie-a1.h5 : 3 peaks detected
Specie-a2.h5 : 3 peaks detected
specie-b1.h5 : 2 peaks detected
specie-b2.h5 : 3 peaks detected
Control1.h5 : 4 peaks detected
Control2.h5 : 6 peaks detected
Specie-a1.h5 : 3 peaks detected
Specie-a2.h5 : 4 peaks detected
specie-b1.h5 : 5 peaks detected
specie-b2.h5 : 4 peaks detected
Control1.h5 : 3 peaks detected
Control2.h5 : 2 peaks detected
Specie-a1.h5 : 3 peaks detected
Specie-a2.h5 : 3 peaks detected
specie-b1.h5 : 4 peaks detected
specie-b2.h5 : 4 peaks detected
[ FAIL 3 | WARN 0 | SKIP 0 | PASS 56 ]
══ Failed tests ════════════════════════════════════════════════════════════════
── Failure ('test-alignment.R:59:1'): alignSamples() works correctly. ──────────
nrow(Biobase::exprs(eset)) not equal to 2.
1/1 mismatches
[1] 3 - 2 == 1
Backtrace:
▆
1. └─ptairMS (local) test_alignSamples()
2. └─testthat::expect_equal(nrow(Biobase::exprs(eset)), 2) at test-alignment.R:34:3
── Failure ('test-alignment.R:59:1'): alignSamples() works correctly. ──────────
nrow(Biobase::exprs(eset)) not equal to 1.
1/1 mismatches
[1] 2 - 1 == 1
Backtrace:
▆
1. └─ptairMS (local) test_alignSamples()
2. └─testthat::expect_equal(nrow(Biobase::exprs(eset)), 1) at test-alignment.R:40:3
── Failure ('test-annotation.R:32:1'): annotateVOC function and findIsotope ────
Biobase::fData(bacteria.eset)[1, "isotope"] not equal to row.names(Biobase::fData(bacteria.eset))[2].
1/1 mismatches
x[1]: "60.0514"
y[1]: "59.0608"
Backtrace:
▆
1. └─ptairMS (local) test_annotateVOC_and_isotope()
2. └─testthat::expect_equal(...) at test-annotation.R:28:3
[ FAIL 3 | WARN 0 | SKIP 0 | PASS 56 ]
Error: Test failures
Execution halted
ptairMS.Rcheck/ptairMS-Ex.timings
| name | user | system | elapsed | |
| LocalMaximaSG | 0.037 | 0.004 | 0.041 | |
| PeakList | 0.971 | 0.145 | 1.122 | |
| RunShinnyApp | 0 | 0 | 0 | |
| alignSamples | 16.254 | 1.381 | 17.700 | |
| annotation | 14.206 | 1.204 | 15.536 | |
| calibration | 0.790 | 0.081 | 0.876 | |
| changeTimeLimits | 9.095 | 0.798 | 9.924 | |
| convert_to_mzML | 7.454 | 0.267 | 7.735 | |
| createPtrSet | 8.737 | 0.792 | 9.561 | |
| defineKnots | 10.445 | 0.829 | 11.343 | |
| detectPeak | 99.877 | 5.732 | 110.381 | |
| exportSampleMetada | 9.189 | 0.954 | 10.187 | |
| formula2mass | 0.004 | 0.000 | 0.004 | |
| getDirectory | 9.302 | 0.774 | 10.110 | |
| getFileNames | 8.816 | 0.616 | 9.473 | |
| getPeakList | 14.402 | 1.319 | 15.746 | |
| getSampleMetadata | 8.724 | 0.680 | 9.427 | |
| importSampleMetadata | 9.214 | 0.787 | 10.066 | |
| impute | 14.329 | 1.230 | 15.571 | |
| imputeMat | 16.697 | 1.440 | 18.157 | |
| plot | 12.737 | 0.885 | 13.674 | |
| plotCalib | 9.734 | 0.752 | 10.510 | |
| plotFeatures | 11.274 | 0.967 | 12.341 | |
| plotRaw | 11.503 | 0.931 | 12.448 | |
| plotTIC | 12.976 | 1.102 | 14.136 | |
| readRaw | 0.140 | 0.037 | 0.178 | |
| resetSampleMetadata | 10.920 | 0.724 | 11.709 | |
| rmPeakList | 10.843 | 0.619 | 11.468 | |
| setSampleMetadata | 8.998 | 0.818 | 9.870 | |
| timeLimits | 1.611 | 0.086 | 1.702 | |
| updatePtrSet | 9.616 | 0.787 | 10.477 | |
| writeEset | 15.347 | 1.867 | 17.256 | |