| Back to Multiple platform build/check report for BioC 3.17 |
|
This page was generated on 2023-03-16 10:55:30 -0400 (Thu, 16 Mar 2023).
| Hostname | OS | Arch (*) | R version | Installed pkgs |
|---|---|---|---|---|
| nebbiolo1 | Linux (Ubuntu 22.04.1 LTS) | x86_64 | R Under development (unstable) (2023-01-10 r83596) -- "Unsuffered Consequences" | 4540 |
| nebbiolo2 | Linux (Ubuntu 20.04.5 LTS) | x86_64 | R Under development (unstable) (2023-02-14 r83833) -- "Unsuffered Consequences" | 4290 |
| Click on any hostname to see more info about the system (e.g. compilers) (*) as reported by 'uname -p', except on Windows and Mac OS X | ||||
|
To the developers/maintainers of the fcoex package: - Please allow up to 24 hours (and sometimes 48 hours) for your latest push to git@git.bioconductor.org:packages/fcoex.git to reflect on this report. See How and When does the builder pull? When will my changes propagate? for more information. - Make sure to use the following settings in order to reproduce any error or warning you see on this page. |
| Package 674/2189 | Hostname | OS / Arch | INSTALL | BUILD | CHECK | BUILD BIN | ||||||||
| fcoex 1.13.0 (landing page) Tiago Lubiana
| nebbiolo1 | Linux (Ubuntu 22.04.1 LTS) / x86_64 | OK | OK | WARNINGS | |||||||||
| nebbiolo2 | Linux (Ubuntu 20.04.5 LTS) / x86_64 | OK | OK | ERROR | ||||||||||
| Package: fcoex |
| Version: 1.13.0 |
| Command: /home/biocbuild/bbs-3.17-bioc/R/bin/R CMD check --install=check:fcoex.install-out.txt --library=/home/biocbuild/bbs-3.17-bioc/R/library --timings fcoex_1.13.0.tar.gz |
| StartedAt: 2023-03-15 20:20:12 -0400 (Wed, 15 Mar 2023) |
| EndedAt: 2023-03-15 20:27:54 -0400 (Wed, 15 Mar 2023) |
| EllapsedTime: 462.0 seconds |
| RetCode: 0 |
| Status: WARNINGS |
| CheckDir: fcoex.Rcheck |
| Warnings: 2 |
##############################################################################
##############################################################################
###
### Running command:
###
### /home/biocbuild/bbs-3.17-bioc/R/bin/R CMD check --install=check:fcoex.install-out.txt --library=/home/biocbuild/bbs-3.17-bioc/R/library --timings fcoex_1.13.0.tar.gz
###
##############################################################################
##############################################################################
* using log directory ‘/home/biocbuild/bbs-3.17-bioc/meat/fcoex.Rcheck’
* using R Under development (unstable) (2023-01-10 r83596)
* using platform: x86_64-pc-linux-gnu (64-bit)
* R was compiled by
gcc (Ubuntu 11.3.0-1ubuntu1~22.04) 11.3.0
GNU Fortran (Ubuntu 11.3.0-1ubuntu1~22.04) 11.3.0
* running under: Ubuntu 22.04.2 LTS
* using session charset: UTF-8
* checking for file ‘fcoex/DESCRIPTION’ ... OK
* this is package ‘fcoex’ version ‘1.13.0’
* package encoding: UTF-8
* checking package namespace information ... OK
* checking package dependencies ... OK
* checking if this is a source package ... OK
* checking if there is a namespace ... OK
* checking for hidden files and directories ... OK
* checking for portable file names ... OK
* checking for sufficient/correct file permissions ... OK
* checking whether package ‘fcoex’ can be installed ... WARNING
Found the following significant warnings:
Warning: replacing previous import ‘Matrix::head’ by ‘utils::head’ when loading ‘fcoex’
See ‘/home/biocbuild/bbs-3.17-bioc/meat/fcoex.Rcheck/00install.out’ for details.
* checking installed package size ... OK
* checking package directory ... OK
* checking ‘build’ directory ... OK
* checking DESCRIPTION meta-information ... OK
* checking top-level files ... OK
* checking for left-over files ... OK
* checking index information ... OK
* checking package subdirectories ... OK
* checking R files for non-ASCII characters ... OK
* checking R files for syntax errors ... OK
* checking whether the package can be loaded ... OK
* checking whether the package can be loaded with stated dependencies ... OK
* checking whether the package can be unloaded cleanly ... OK
* checking whether the namespace can be loaded with stated dependencies ... OK
* checking whether the namespace can be unloaded cleanly ... OK
* checking dependencies in R code ... OK
* checking S3 generic/method consistency ... OK
* checking replacement functions ... OK
* checking foreign function calls ... OK
* checking R code for possible problems ... NOTE
discretize,fcoex: no visible global function definition for ‘as’
initialize,fcoex: no visible global function definition for ‘as’
mod_ora,fcoex: no visible global function definition for ‘is’
Undefined global functions or variables:
as is
Consider adding
importFrom("methods", "as", "is")
to your NAMESPACE file (and ensure that your DESCRIPTION Imports field
contains 'methods').
* checking Rd files ... OK
* checking Rd metadata ... OK
* checking Rd cross-references ... OK
* checking for missing documentation entries ... OK
* checking for code/documentation mismatches ... OK
* checking Rd \usage sections ... WARNING
Documented arguments not in \usage in documentation object '.plot_one_interaction':
‘...’
Functions with \usage entries need to have the appropriate \alias
entries, and all their arguments documented.
The \usage entries must correspond to syntactically valid R code.
See chapter ‘Writing R documentation files’ in the ‘Writing R
Extensions’ manual.
* checking Rd contents ... OK
* checking for unstated dependencies in examples ... OK
* checking contents of ‘data’ directory ... OK
* checking data for non-ASCII characters ... OK
* checking LazyData ... OK
* checking data for ASCII and uncompressed saves ... OK
* checking files in ‘vignettes’ ... OK
* checking examples ... OK
Examples with CPU (user + system) or elapsed time > 5s
user system elapsed
get_nets 16.453 0.252 16.704
find_cbf_modules 15.366 0.164 15.530
* checking for unstated dependencies in ‘tests’ ... OK
* checking tests ...
Running ‘testthat.R’
OK
* checking for unstated dependencies in vignettes ... OK
* checking package vignettes in ‘inst/doc’ ... OK
* checking running R code from vignettes ...
‘fcoex.Rmd’ using ‘UTF-8’... OK
‘fcoex_and_seurat.Rmd’ using ‘UTF-8’... OK
NONE
* checking re-building of vignette outputs ... OK
* checking PDF version of manual ... OK
* DONE
Status: 2 WARNINGs, 1 NOTE
See
‘/home/biocbuild/bbs-3.17-bioc/meat/fcoex.Rcheck/00check.log’
for details.
fcoex.Rcheck/00install.out
############################################################################## ############################################################################## ### ### Running command: ### ### /home/biocbuild/bbs-3.17-bioc/R/bin/R CMD INSTALL fcoex ### ############################################################################## ############################################################################## * installing to library ‘/home/biocbuild/bbs-3.17-bioc/R/library’ * installing *source* package ‘fcoex’ ... ** using staged installation ** R ** data *** moving datasets to lazyload DB Warning: replacing previous import ‘Matrix::head’ by ‘utils::head’ when loading ‘fcoex’ in method for ‘mod_ora’ with signature ‘"fcoex"’: no definition for class “fcoex” ** byte-compile and prepare package for lazy loading Warning: replacing previous import ‘Matrix::head’ by ‘utils::head’ when loading ‘fcoex’ in method for ‘mod_ora’ with signature ‘"fcoex"’: no definition for class “fcoex” ** help *** installing help indices ** building package indices ** installing vignettes ** testing if installed package can be loaded from temporary location Warning: replacing previous import ‘Matrix::head’ by ‘utils::head’ when loading ‘fcoex’ ** testing if installed package can be loaded from final location Warning: replacing previous import ‘Matrix::head’ by ‘utils::head’ when loading ‘fcoex’ ** testing if installed package keeps a record of temporary installation path * DONE (fcoex)
fcoex.Rcheck/tests/testthat.Rout
R Under development (unstable) (2023-01-10 r83596) -- "Unsuffered Consequences"
Copyright (C) 2023 The R Foundation for Statistical Computing
Platform: x86_64-pc-linux-gnu (64-bit)
R is free software and comes with ABSOLUTELY NO WARRANTY.
You are welcome to redistribute it under certain conditions.
Type 'license()' or 'licence()' for distribution details.
R is a collaborative project with many contributors.
Type 'contributors()' for more information and
'citation()' on how to cite R or R packages in publications.
Type 'demo()' for some demos, 'help()' for on-line help, or
'help.start()' for an HTML browser interface to help.
Type 'q()' to quit R.
> library(testthat)
> library(fcoex)
Warning message:
replacing previous import 'Matrix::head' by 'utils::head' when loading 'fcoex'
>
> test_check("fcoex")
[1] "Number of features features = 40"
[1] "Number of prospective features = 14"
[1] "Number of final features = 7"
[ FAIL 0 | WARN 14 | SKIP 0 | PASS 4 ]
[ FAIL 0 | WARN 14 | SKIP 0 | PASS 4 ]
>
> proc.time()
user system elapsed
15.069 0.764 16.098
fcoex.Rcheck/fcoex-Ex.timings
| name | user | system | elapsed | |
| discretize | 3.241 | 0.156 | 3.396 | |
| fc | 0.215 | 0.032 | 0.246 | |
| find_cbf_modules | 15.366 | 0.164 | 15.530 | |
| get_nets | 16.453 | 0.252 | 16.704 | |
| idents | 0.223 | 0.032 | 0.255 | |
| mini_pbmc3k | 0.424 | 0.016 | 0.440 | |
| mod_colors | 0.234 | 0.027 | 0.262 | |
| mod_gene_num | 0.255 | 0.001 | 0.255 | |
| mod_names | 1.022 | 0.132 | 1.154 | |
| mod_ora | 2.682 | 0.068 | 2.751 | |
| module_genes | 0.249 | 0.015 | 0.265 | |
| new_fcoex | 0.310 | 0.009 | 0.318 | |
| nmodules | 0.231 | 0.003 | 0.236 | |
| ora_data | 0.276 | 0.032 | 0.308 | |
| plot_ora | 2.104 | 0.048 | 2.154 | |
| recluster | 0.521 | 0.031 | 0.553 | |
| save_plots | 0 | 0 | 0 | |
| show-fcoex-method | 1.039 | 0.036 | 1.075 | |
| show_net | 0.000 | 0.000 | 0.001 | |
| show_ora | 0.208 | 0.036 | 0.243 | |