| Back to Multiple platform build/check report for BioC 3.17 |
|
This page was generated on 2023-02-14 10:55:40 -0500 (Tue, 14 Feb 2023).
| Hostname | OS | Arch (*) | R version | Installed pkgs |
|---|---|---|---|---|
| nebbiolo1 | Linux (Ubuntu 22.04.1 LTS) | x86_64 | R Under development (unstable) (2023-01-10 r83596) -- "Unsuffered Consequences" | 4489 |
| nebbiolo2 | Linux (Ubuntu 20.04.5 LTS) | x86_64 | R Under development (unstable) (2022-12-12 r83438) -- "Unsuffered Consequences" | 4255 |
| Click on any hostname to see more info about the system (e.g. compilers) (*) as reported by 'uname -p', except on Windows and Mac OS X | ||||
|
To the developers/maintainers of the dce package: - Please allow up to 24 hours (and sometimes 48 hours) for your latest push to git@git.bioconductor.org:packages/dce.git to reflect on this report. See How and When does the builder pull? When will my changes propagate? for more information. - Make sure to use the following settings in order to reproduce any error or warning you see on this page. |
| Package 472/2164 | Hostname | OS / Arch | INSTALL | BUILD | CHECK | BUILD BIN | ||||||||
| dce 1.7.0 (landing page) Kim Philipp Jablonski
| nebbiolo1 | Linux (Ubuntu 22.04.1 LTS) / x86_64 | OK | OK | OK | |||||||||
| nebbiolo2 | Linux (Ubuntu 20.04.5 LTS) / x86_64 | OK | OK | ERROR | ||||||||||
| Package: dce |
| Version: 1.7.0 |
| Command: /home/biocbuild/bbs-3.17-bioc/R/bin/R CMD check --install=check:dce.install-out.txt --library=/home/biocbuild/bbs-3.17-bioc/R/library --timings dce_1.7.0.tar.gz |
| StartedAt: 2023-02-14 05:07:11 -0500 (Tue, 14 Feb 2023) |
| EndedAt: 2023-02-14 05:11:00 -0500 (Tue, 14 Feb 2023) |
| EllapsedTime: 229.0 seconds |
| RetCode: 1 |
| Status: ERROR |
| CheckDir: dce.Rcheck |
| Warnings: NA |
##############################################################################
##############################################################################
###
### Running command:
###
### /home/biocbuild/bbs-3.17-bioc/R/bin/R CMD check --install=check:dce.install-out.txt --library=/home/biocbuild/bbs-3.17-bioc/R/library --timings dce_1.7.0.tar.gz
###
##############################################################################
##############################################################################
* using log directory ‘/home/biocbuild/bbs-3.17-bioc/meat/dce.Rcheck’
* using R Under development (unstable) (2022-12-12 r83438)
* using platform: x86_64-pc-linux-gnu (64-bit)
* using session charset: UTF-8
* checking for file ‘dce/DESCRIPTION’ ... OK
* checking extension type ... Package
* this is package ‘dce’ version ‘1.7.0’
* package encoding: UTF-8
* checking package namespace information ... OK
* checking package dependencies ... OK
* checking if this is a source package ... OK
* checking if there is a namespace ... OK
* checking for hidden files and directories ... OK
* checking for portable file names ... OK
* checking for sufficient/correct file permissions ... OK
* checking whether package ‘dce’ can be installed ... OK
* checking package directory ... OK
* checking ‘build’ directory ... OK
* checking DESCRIPTION meta-information ... OK
* checking top-level files ... OK
* checking for left-over files ... OK
* checking index information ... OK
* checking package subdirectories ... WARNING
Invalid citation information in ‘inst/CITATION’:
Warning message:
In utils::packageDescription(basename(dir), dirname(dir)) :
no package 'dce' was found
* checking R files for non-ASCII characters ... OK
* checking R files for syntax errors ... OK
* checking whether the package can be loaded ... OK
* checking whether the package can be loaded with stated dependencies ... OK
* checking whether the package can be unloaded cleanly ... OK
* checking whether the namespace can be loaded with stated dependencies ... OK
* checking whether the namespace can be unloaded cleanly ... OK
* checking loading without being on the library search path ... WARNING
Error in library(dce, lib.loc = "/home/biocbuild/bbs-3.17-bioc/R/library") :
there is no package called ‘dce’
Execution halted
It looks like this package has a loading problem when not on .libPaths:
see the messages for details.
* checking dependencies in R code ... OK
* checking S3 generic/method consistency ... OK
* checking replacement functions ... OK
* checking foreign function calls ... OK
* checking R code for possible problems ... NOTE
plot_network: no visible binding for global variable ‘.’
Undefined global functions or variables:
.
* checking Rd files ... OK
* checking Rd metadata ... OK
* checking Rd cross-references ... OK
* checking for missing documentation entries ... OK
* checking for code/documentation mismatches ... OK
* checking Rd \usage sections ... OK
* checking Rd contents ... OK
* checking for unstated dependencies in examples ... OK
* checking contents of ‘data’ directory ... OK
* checking data for non-ASCII characters ... NOTE
Note: found 3 marked UTF-8 strings
* checking LazyData ... OK
* checking data for ASCII and uncompressed saves ... OK
* checking files in ‘vignettes’ ... OK
* checking examples ... SKIPPED
* checking for unstated dependencies in ‘tests’ ... OK
* checking tests ...
Running ‘testthat.R’
ERROR
Running the tests in ‘tests/testthat.R’ failed.
Last 13 lines of output:
edition_get, local_edition
The following object is masked from 'package:tidyr':
matches
The following object is masked from 'package:igraph':
compare
>
> library(dce)
Error in library(dce) : there is no package called 'dce'
Execution halted
* checking for unstated dependencies in vignettes ... OK
* checking package vignettes in ‘inst/doc’ ... OK
* checking running R code from vignettes ...
‘dce.Rmd’ using ‘UTF-8’... OK
‘pathway_databases.Rmd’ using ‘UTF-8’... OK
NONE
* checking re-building of vignette outputs ... ERROR
Error(s) in re-building vignettes:
...
--- re-building ‘dce.Rmd’ using rmarkdown
Quitting from lines 39-54 (dce.Rmd)
Error: processing vignette 'dce.Rmd' failed with diagnostics:
there is no package called 'dce'
--- failed re-building ‘dce.Rmd’
--- re-building ‘pathway_databases.Rmd’ using rmarkdown
Quitting from lines 21-27 (pathway_databases.Rmd)
Error: processing vignette 'pathway_databases.Rmd' failed with diagnostics:
there is no package called 'dce'
--- failed re-building ‘pathway_databases.Rmd’
SUMMARY: processing the following files failed:
‘dce.Rmd’ ‘pathway_databases.Rmd’
Error: Vignette re-building failed.
Execution halted
* checking PDF version of manual ... OK
* DONE
Status: 2 ERRORs, 2 WARNINGs, 2 NOTEs
See
‘/home/biocbuild/bbs-3.17-bioc/meat/dce.Rcheck/00check.log’
for details.
dce.Rcheck/00install.out
############################################################################## ############################################################################## ### ### Running command: ### ### /home/biocbuild/bbs-3.17-bioc/R/bin/R CMD INSTALL dce ### ############################################################################## ############################################################################## * installing to library ‘/home/biocbuild/bbs-3.17-bioc/R/site-library’ * installing *source* package ‘dce’ ... ** using staged installation ** R ** data *** moving datasets to lazyload DB ** inst ** byte-compile and prepare package for lazy loading ** help *** installing help indices *** copying figures ** building package indices ** installing vignettes ** testing if installed package can be loaded from temporary location ** testing if installed package can be loaded from final location ** testing if installed package keeps a record of temporary installation path * DONE (dce)
dce.Rcheck/tests/testthat.Rout.fail
R Under development (unstable) (2022-12-12 r83438) -- "Unsuffered Consequences"
Copyright (C) 2022 The R Foundation for Statistical Computing
Platform: x86_64-pc-linux-gnu (64-bit)
R is free software and comes with ABSOLUTELY NO WARRANTY.
You are welcome to redistribute it under certain conditions.
Type 'license()' or 'licence()' for distribution details.
R is a collaborative project with many contributors.
Type 'contributors()' for more information and
'citation()' on how to cite R or R packages in publications.
Type 'demo()' for some demos, 'help()' for on-line help, or
'help.start()' for an HTML browser interface to help.
Type 'q()' to quit R.
> library(igraph)
Attaching package: 'igraph'
The following objects are masked from 'package:stats':
decompose, spectrum
The following object is masked from 'package:base':
union
> library(tidyverse)
── Attaching packages ─────────────────────────────────────── tidyverse 1.3.2 ──
✔ ggplot2 3.4.1 ✔ purrr 1.0.1
✔ tibble 3.1.8 ✔ dplyr 1.1.0
✔ tidyr 1.3.0 ✔ stringr 1.5.0
✔ readr 2.1.4 ✔ forcats 1.0.0
── Conflicts ────────────────────────────────────────── tidyverse_conflicts() ──
✖ dplyr::as_data_frame() masks tibble::as_data_frame(), igraph::as_data_frame()
✖ purrr::compose() masks igraph::compose()
✖ tidyr::crossing() masks igraph::crossing()
✖ dplyr::filter() masks stats::filter()
✖ dplyr::lag() masks stats::lag()
✖ purrr::simplify() masks igraph::simplify()
>
> library(testthat)
Attaching package: 'testthat'
The following object is masked from 'package:dplyr':
matches
The following object is masked from 'package:purrr':
is_null
The following objects are masked from 'package:readr':
edition_get, local_edition
The following object is masked from 'package:tidyr':
matches
The following object is masked from 'package:igraph':
compare
>
> library(dce)
Error in library(dce) : there is no package called 'dce'
Execution halted