| Back to Build/check report for BioC 3.17 |
|
This page was generated on 2023-01-02 09:00:54 -0500 (Mon, 02 Jan 2023).
| Hostname | OS | Arch (*) | R version | Installed pkgs |
|---|---|---|---|---|
| palomino5 | Windows Server 2022 Datacenter | x64 | R Under development (unstable) (2022-12-25 r83502 ucrt) -- "Unsuffered Consequences" | 4165 |
| Click on any hostname to see more info about the system (e.g. compilers) (*) as reported by 'uname -p', except on Windows and Mac OS X | ||||
|
To the developers/maintainers of the treekoR package: Make sure to use the following settings in order to reproduce any error or warning you see on this page. |
| Package 2066/2158 | Hostname | OS / Arch | INSTALL | BUILD | CHECK | BUILD BIN | ||||||||
| treekoR 1.7.0 (landing page) Adam Chan
| palomino5 | Windows Server 2022 Datacenter / x64 | OK | OK | WARNINGS | OK | ||||||||
| Package: treekoR |
| Version: 1.7.0 |
| Command: F:\biocbuild\bbs-3.17-bioc\R\bin\R.exe CMD check --no-multiarch --install=check:treekoR.install-out.txt --library=F:\biocbuild\bbs-3.17-bioc\R\library --no-vignettes --timings treekoR_1.7.0.tar.gz |
| StartedAt: 2022-12-29 04:18:37 -0500 (Thu, 29 Dec 2022) |
| EndedAt: 2022-12-29 04:22:34 -0500 (Thu, 29 Dec 2022) |
| EllapsedTime: 237.7 seconds |
| RetCode: 0 |
| Status: WARNINGS |
| CheckDir: treekoR.Rcheck |
| Warnings: 1 |
##############################################################################
##############################################################################
###
### Running command:
###
### F:\biocbuild\bbs-3.17-bioc\R\bin\R.exe CMD check --no-multiarch --install=check:treekoR.install-out.txt --library=F:\biocbuild\bbs-3.17-bioc\R\library --no-vignettes --timings treekoR_1.7.0.tar.gz
###
##############################################################################
##############################################################################
* using log directory 'F:/biocbuild/bbs-3.17-bioc-rtools43/meat/treekoR.Rcheck'
* using R Under development (unstable) (2022-12-25 r83502 ucrt)
* using platform: x86_64-w64-mingw32 (64-bit)
* R was compiled by
gcc.exe (GCC) 10.4.0
GNU Fortran (GCC) 10.4.0
* running under: Windows Server x64 (build 20348)
* using session charset: UTF-8
* using option '--no-vignettes'
* checking for file 'treekoR/DESCRIPTION' ... OK
* checking extension type ... Package
* this is package 'treekoR' version '1.7.0'
* package encoding: UTF-8
* checking package namespace information ... OK
* checking package dependencies ... OK
* checking if this is a source package ... OK
* checking if there is a namespace ... OK
* checking for hidden files and directories ... OK
* checking for portable file names ... OK
* checking whether package 'treekoR' can be installed ... OK
* checking installed package size ... OK
* checking package directory ... OK
* checking 'build' directory ... OK
* checking DESCRIPTION meta-information ... OK
* checking top-level files ... OK
* checking for left-over files ... OK
* checking index information ... OK
* checking package subdirectories ... OK
* checking R files for non-ASCII characters ... OK
* checking R files for syntax errors ... OK
* checking whether the package can be loaded ... OK
* checking whether the package can be loaded with stated dependencies ... OK
* checking whether the package can be unloaded cleanly ... OK
* checking whether the namespace can be loaded with stated dependencies ... OK
* checking whether the namespace can be unloaded cleanly ... OK
* checking dependencies in R code ... OK
* checking S3 generic/method consistency ... OK
* checking replacement functions ... OK
* checking foreign function calls ... OK
* checking R code for possible problems ... NOTE
addFreqBars: no visible binding for global variable 'freq'
addFreqBars: no visible binding for global variable 'xmax'
addFreqBars: no visible binding for global variable 'y'
addFreqBars: no visible binding for global variable 'xmin'
addFreqBars: no visible binding for global variable 'ymin'
addFreqBars: no visible binding for global variable 'ymax'
addFreqBars: no visible binding for global variable 'x_label'
addFreqBars: no visible binding for global variable 'freq_label'
addHeatMap: no visible binding for global variable 'variable'
addHeatMap: no visible binding for global variable 'value'
addHeatMap: no visible binding for global variable 'y'
addHeatMap: no visible binding for global variable 'label'
addHeatMap: no visible binding for global variable '.'
addHeatMap: no visible binding for global variable 'x'
colourTree: no visible binding for global variable 'stat_parent'
colourTree: no visible binding for global variable 'x'
colourTree: no visible binding for global variable 'y'
colourTree: no visible binding for global variable 'stat_total'
colourTree: no visible binding for global variable 'label'
getCellGMeans: no visible binding for global variable 'cluster_id'
getCellGMeans: no visible binding for global variable 'sample_id'
getCellProp: no visible binding for global variable 'cluster_id'
getCellProp: no visible binding for global variable 'sample_id'
getCellProp: no visible binding for global variable '.'
getClusterTree: no visible binding for global variable 'cluster_id'
plotInteractiveHeatmap: no visible binding for global variable 'label'
plotInteractiveHeatmap: no visible binding for global variable 'node'
plotSigScatter: no visible binding for global variable 'stat_total'
plotSigScatter: no visible binding for global variable 'stat_parent'
plotSigScatter: no visible binding for global variable 'isTip'
plotSigScatter: no visible binding for global variable 'label'
runEdgeRTests: no visible binding for global variable 'PValue'
runEdgeRTests: no visible binding for global variable 'logFC'
runEdgeRTests: no visible binding for global variable 'node'
runEdgeRTests: no visible binding for global variable 'stat_parent'
runEdgeRTests: no visible binding for global variable 'pval_parent'
runEdgeRTests: no visible binding for global variable 'FDR_parent'
runEdgeRTests: no visible binding for global variable 'PValue_total'
runEdgeRTests: no visible binding for global variable 'logFC_total'
runEdgeRTests: no visible binding for global variable 'stat_total'
runEdgeRTests: no visible binding for global variable 'pval_total'
runEdgeRTests: no visible binding for global variable 'FDR_total'
runGLMMTests: no visible binding for global variable 'isTip'
runGLMMTests: no visible binding for global variable 'node'
Undefined global functions or variables:
. FDR_parent FDR_total PValue PValue_total cluster_id freq freq_label
isTip label logFC logFC_total node pval_parent pval_total sample_id
stat_parent stat_total value variable x x_label xmax xmin y ymax ymin
* checking Rd files ... OK
* checking Rd metadata ... OK
* checking Rd cross-references ... OK
* checking for missing documentation entries ... OK
* checking for code/documentation mismatches ... OK
* checking Rd \usage sections ... WARNING
Undocumented arguments in documentation object 'runEdgeRTests'
'pos_class_name'
Undocumented arguments in documentation object 'runGLMMTests'
'pos_class_name' 'neg_class_name'
Functions with \usage entries need to have the appropriate \alias
entries, and all their arguments documented.
The \usage entries must correspond to syntactically valid R code.
See chapter 'Writing R documentation files' in the 'Writing R
Extensions' manual.
* checking Rd contents ... OK
* checking for unstated dependencies in examples ... OK
* checking contents of 'data' directory ... OK
* checking data for non-ASCII characters ... OK
* checking data for ASCII and uncompressed saves ... OK
* checking files in 'vignettes' ... OK
* checking examples ... OK
* checking for unstated dependencies in 'tests' ... OK
* checking tests ...
Running 'testthat.R'
OK
* checking for unstated dependencies in vignettes ... OK
* checking package vignettes in 'inst/doc' ... OK
* checking running R code from vignettes ... SKIPPED
* checking re-building of vignette outputs ... SKIPPED
* checking PDF version of manual ... OK
* DONE
Status: 1 WARNING, 1 NOTE
See
'F:/biocbuild/bbs-3.17-bioc-rtools43/meat/treekoR.Rcheck/00check.log'
for details.
treekoR.Rcheck/00install.out
############################################################################## ############################################################################## ### ### Running command: ### ### F:\biocbuild\bbs-3.17-bioc\R\bin\R.exe CMD INSTALL treekoR ### ############################################################################## ############################################################################## * installing to library 'F:/biocbuild/bbs-3.17-bioc/R/library' * installing *source* package 'treekoR' ... ** using staged installation ** R ** data ** inst ** byte-compile and prepare package for lazy loading ** help *** installing help indices ** building package indices ** installing vignettes ** testing if installed package can be loaded from temporary location ** testing if installed package can be loaded from final location ** testing if installed package keeps a record of temporary installation path * DONE (treekoR)
treekoR.Rcheck/tests/testthat.Rout
R Under development (unstable) (2022-12-25 r83502 ucrt) -- "Unsuffered Consequences"
Copyright (C) 2022 The R Foundation for Statistical Computing
Platform: x86_64-w64-mingw32/x64 (64-bit)
R is free software and comes with ABSOLUTELY NO WARRANTY.
You are welcome to redistribute it under certain conditions.
Type 'license()' or 'licence()' for distribution details.
R is a collaborative project with many contributors.
Type 'contributors()' for more information and
'citation()' on how to cite R or R packages in publications.
Type 'demo()' for some demos, 'help()' for on-line help, or
'help.start()' for an HTML browser interface to help.
Type 'q()' to quit R.
> library(testthat)
> library(treekoR)
>
> test_check("treekoR")
[ FAIL 0 | WARN 0 | SKIP 0 | PASS 40 ]
>
> proc.time()
user system elapsed
18.42 0.89 19.29
treekoR.Rcheck/treekoR-Ex.timings
| name | user | system | elapsed | |
| DeBiasi_COVID_CD8_samp | 1.32 | 0.11 | 1.44 | |
| colourTree | 2.52 | 0.20 | 2.72 | |
| getCellGMeans | 2.31 | 0.06 | 2.38 | |
| getCellProp | 1.16 | 0.02 | 1.17 | |
| getClusterTree | 1.36 | 0.01 | 1.37 | |
| getTreeResults | 1.64 | 0.05 | 1.69 | |
| hopachToPhylo | 0.75 | 0.03 | 0.78 | |
| plotInteractiveHeatmap | 2.71 | 0.16 | 3.12 | |
| runHOPACH | 0.8 | 0.0 | 0.8 | |
| testTree | 1.72 | 0.16 | 1.87 | |