| Back to Build/check report for BioC 3.17 |
|
This page was generated on 2023-01-02 09:00:53 -0500 (Mon, 02 Jan 2023).
| Hostname | OS | Arch (*) | R version | Installed pkgs |
|---|---|---|---|---|
| palomino5 | Windows Server 2022 Datacenter | x64 | R Under development (unstable) (2022-12-25 r83502 ucrt) -- "Unsuffered Consequences" | 4165 |
| Click on any hostname to see more info about the system (e.g. compilers) (*) as reported by 'uname -p', except on Windows and Mac OS X | ||||
|
To the developers/maintainers of the synergyfinder package: Make sure to use the following settings in order to reproduce any error or warning you see on this page. |
| Package 1990/2158 | Hostname | OS / Arch | INSTALL | BUILD | CHECK | BUILD BIN | ||||||||
| synergyfinder 3.7.2 (landing page) Shuyu Zheng
| palomino5 | Windows Server 2022 Datacenter / x64 | OK | OK | WARNINGS | OK | ||||||||
| Package: synergyfinder |
| Version: 3.7.2 |
| Command: F:\biocbuild\bbs-3.17-bioc\R\bin\R.exe CMD check --no-multiarch --install=check:synergyfinder.install-out.txt --library=F:\biocbuild\bbs-3.17-bioc\R\library --no-vignettes --timings synergyfinder_3.7.2.tar.gz |
| StartedAt: 2022-12-29 04:05:11 -0500 (Thu, 29 Dec 2022) |
| EndedAt: 2022-12-29 04:06:42 -0500 (Thu, 29 Dec 2022) |
| EllapsedTime: 91.6 seconds |
| RetCode: 0 |
| Status: WARNINGS |
| CheckDir: synergyfinder.Rcheck |
| Warnings: 1 |
##############################################################################
##############################################################################
###
### Running command:
###
### F:\biocbuild\bbs-3.17-bioc\R\bin\R.exe CMD check --no-multiarch --install=check:synergyfinder.install-out.txt --library=F:\biocbuild\bbs-3.17-bioc\R\library --no-vignettes --timings synergyfinder_3.7.2.tar.gz
###
##############################################################################
##############################################################################
* using log directory 'F:/biocbuild/bbs-3.17-bioc-rtools43/meat/synergyfinder.Rcheck'
* using R Under development (unstable) (2022-12-25 r83502 ucrt)
* using platform: x86_64-w64-mingw32 (64-bit)
* R was compiled by
gcc.exe (GCC) 10.4.0
GNU Fortran (GCC) 10.4.0
* running under: Windows Server x64 (build 20348)
* using session charset: UTF-8
* using option '--no-vignettes'
* checking for file 'synergyfinder/DESCRIPTION' ... OK
* checking extension type ... Package
* this is package 'synergyfinder' version '3.7.2'
* package encoding: UTF-8
* checking package namespace information ... OK
* checking package dependencies ... OK
* checking if this is a source package ... OK
* checking if there is a namespace ... OK
* checking for hidden files and directories ... OK
* checking for portable file names ... OK
* checking whether package 'synergyfinder' can be installed ... OK
* checking installed package size ... OK
* checking package directory ... OK
* checking 'build' directory ... OK
* checking DESCRIPTION meta-information ... OK
* checking top-level files ... OK
* checking for left-over files ... OK
* checking index information ... OK
* checking package subdirectories ... OK
* checking R files for non-ASCII characters ... OK
* checking R files for syntax errors ... OK
* checking whether the package can be loaded ... OK
* checking whether the package can be loaded with stated dependencies ... OK
* checking whether the package can be unloaded cleanly ... OK
* checking whether the namespace can be loaded with stated dependencies ... OK
* checking whether the namespace can be unloaded cleanly ... OK
* checking dependencies in R code ... WARNING
'::' or ':::' import not declared from: 'scales'
Namespaces in Imports field not imported from:
'future' 'gstat' 'nleqslv' 'sp' 'tidyverse'
All declared Imports should be used.
* checking S3 generic/method consistency ... OK
* checking replacement functions ... OK
* checking foreign function calls ... OK
* checking R code for possible problems ... NOTE
.Extract2DrugPlotData: no visible binding for global variable
'input_type'
.Extract2DrugPlotData: no visible binding for global variable
'block_id'
.Extract2DrugPlotData: no visible binding for global variable 'value'
.Extract2DrugPlotData: no visible binding for global variable 'left'
.Extract2DrugPlotData: no visible binding for global variable 'right'
.Extract2DrugPlotData: no visible binding for global variable 'conc1'
.Extract2DrugPlotData: no visible binding for global variable 'conc2'
.Extract2DrugPlotData: no visible binding for global variable 'text'
.ExtractMultiDrugPlotData: no visible binding for global variable
'block_id'
Bliss: no visible binding for global variable 'Bliss_ref'
CalculateCSS: no visible binding for global variable 'data'
CalculateSensitivity: no visible binding for global variable
'response_origin'
CalculateSensitivity: no visible binding for global variable 'block_id'
CalculateSynergy: no visible binding for global variable
'response_origin'
CalculateSynergy: no visible binding for global variable 'block_id'
HSA: no visible binding for global variable 'HSA_ref'
HighlightBarPlot: no visible binding for global variable 'id'
HighlightBarPlot: no visible binding for global variable 'value'
HighlightBarPlot: no visible binding for global variable 'color'
Plot2DrugHeatmap: no visible binding for global variable 'text'
PlotBarometer: no visible binding for global variable 'block_id'
PlotBarometer: no visible binding for global variable 'response_mean'
PlotBarometer: no visible binding for global variable 'response'
PlotBarometer: no visible binding for global variable 'r'
PlotBarometer: no visible binding for global variable 'theta'
PlotBarometer: no visible binding for global variable 'value'
PlotBarometer: no visible binding for global variable 'start'
PlotBarometer: no visible binding for global variable 'end'
PlotBarometer: no visible binding for global variable 'label'
PlotBarometer: no visible binding for global variable 'x'
PlotBarometer: no visible binding for global variable 'y'
PlotBarometer: no visible binding for global variable 'adjust'
PlotBarometer: no visible binding for global variable 'angle'
PlotDoseResponseCurve: no visible binding for global variable
'response_origin'
PlotDoseResponseCurve: no visible binding for global variable
'block_id'
PlotMultiDrugBar: no visible binding for global variable 'id'
PlotMultiDrugBar: no visible binding for global variable 'value'
PlotMultiDrugBar: no visible binding for global variable 'color'
PlotMultiDrugBar: no visible binding for global variable 'metric'
PlotSensitivitySynergy: no visible binding for global variable
'block_id'
PlotSensitivitySynergy: no visible binding for global variable 'css'
PlotSensitivitySynergy: no visible binding for global variable 'label'
PlotSensitivitySynergy: no visible binding for global variable
'synergy'
ReshapeData: no visible binding for global variable 'block_id'
ReshapeData: no visible binding for global variable 'n'
ReshapeData: no visible global function definition for 'head'
ReshapeData: no visible binding for global variable 'response_origin'
ReshapeData: no visible binding for global variable 'nn'
ReshapeData: no visible binding for global variable 'maxn'
ReshapeData: no visible binding for global variable 'response_sd'
ReshapeData: no visible binding for global variable 'response_sem'
ReshapeData: no visible binding for global variable 'response_mean'
ReshapeData: no visible binding for global variable 'response_CI95'
ReshapeData: no visible binding for global variable
'response_origin_sd'
ReshapeData: no visible binding for global variable
'response_origin_sem'
ReshapeData: no visible binding for global variable
'response_origin_mean'
ReshapeData: no visible binding for global variable
'response_origin_CI95'
ZIP : <anonymous>: no visible binding for global variable 'data'
ZIP : <anonymous>: no visible binding for global variable 'pred'
ZIP : <anonymous>: no visible global function definition for ':='
ZIP: no visible binding for global variable '.'
ZIP: no visible binding for global variable 'ZIP_fit'
ZIP: no visible binding for global variable 'ZIP_ref'
ZIP: no visible binding for global variable 'ZIP_synergy'
Undefined global functions or variables:
. := Bliss_ref HSA_ref ZIP_fit ZIP_ref ZIP_synergy adjust angle
block_id color conc1 conc2 css data end head id input_type label left
maxn metric n nn pred r response response_CI95 response_mean
response_origin response_origin_CI95 response_origin_mean
response_origin_sd response_origin_sem response_sd response_sem right
start synergy text theta value x y
Consider adding
importFrom("graphics", "text")
importFrom("stats", "end", "start")
importFrom("utils", "data", "head")
to your NAMESPACE file.
* checking Rd files ... NOTE
checkRd: (-1) FitDoseResponse.Rd:55: Escaped LaTeX specials: \&
* checking Rd metadata ... OK
* checking Rd cross-references ... OK
* checking for missing documentation entries ... OK
* checking for code/documentation mismatches ... OK
* checking Rd \usage sections ... OK
* checking Rd contents ... OK
* checking for unstated dependencies in examples ... OK
* checking contents of 'data' directory ... OK
* checking data for non-ASCII characters ... OK
* checking data for ASCII and uncompressed saves ... OK
* checking files in 'vignettes' ... OK
* checking examples ... OK
Examples with CPU (user + system) or elapsed time > 5s
user system elapsed
CalculateSensitivity 17.30 0.24 17.53
PlotMultiDrugSurface 7.99 0.11 8.11
* checking for unstated dependencies in vignettes ... OK
* checking package vignettes in 'inst/doc' ... OK
* checking running R code from vignettes ... SKIPPED
* checking re-building of vignette outputs ... SKIPPED
* checking PDF version of manual ... OK
* DONE
Status: 1 WARNING, 2 NOTEs
See
'F:/biocbuild/bbs-3.17-bioc-rtools43/meat/synergyfinder.Rcheck/00check.log'
for details.
synergyfinder.Rcheck/00install.out
############################################################################## ############################################################################## ### ### Running command: ### ### F:\biocbuild\bbs-3.17-bioc\R\bin\R.exe CMD INSTALL synergyfinder ### ############################################################################## ############################################################################## * installing to library 'F:/biocbuild/bbs-3.17-bioc/R/library' * installing *source* package 'synergyfinder' ... ** using staged installation ** R ** data ** inst ** byte-compile and prepare package for lazy loading ** help *** installing help indices ** building package indices ** installing vignettes ** testing if installed package can be loaded from temporary location ** testing if installed package can be loaded from final location ** testing if installed package keeps a record of temporary installation path * DONE (synergyfinder)
synergyfinder.Rcheck/synergyfinder-Ex.timings
| name | user | system | elapsed | |
| Bliss | 0.28 | 0.03 | 0.31 | |
| CalculateRI | 0.86 | 0.11 | 0.97 | |
| CalculateSensitivity | 17.30 | 0.24 | 17.53 | |
| CalculateSynergy | 1.26 | 0.00 | 1.27 | |
| CorrectBaseLine | 0.2 | 0.0 | 0.2 | |
| ExtractSingleDrug | 0.24 | 0.01 | 0.25 | |
| FindModelType | 0.01 | 0.00 | 0.02 | |
| FitDoseResponse | 0.02 | 0.00 | 0.01 | |
| HSA | 0.20 | 0.01 | 0.22 | |
| Loewe | 0.25 | 0.00 | 0.25 | |
| Plot2DrugContour | 0.94 | 0.10 | 1.03 | |
| Plot2DrugHeatmap | 0.38 | 0.00 | 0.37 | |
| Plot2DrugSurface | 0.46 | 0.07 | 0.55 | |
| PlotBarometer | 1.52 | 0.07 | 1.58 | |
| PlotDoseResponse | 0 | 0 | 0 | |
| PlotDoseResponseCurve | 0.23 | 0.01 | 0.25 | |
| PlotMultiDrugBar | 1.95 | 0.14 | 2.09 | |
| PlotMultiDrugSurface | 7.99 | 0.11 | 8.11 | |
| PlotSensitivitySynergy | 2.61 | 0.11 | 2.72 | |
| PlotSynergy | 1.36 | 0.03 | 1.39 | |
| ReshapeData | 0.21 | 0.02 | 0.23 | |
| ZIP | 0.50 | 0.01 | 0.52 | |